INSERT INTO `xio8d_product_lang` (`id_product`, `id_shop`, `id_lang`, `description`, `description_short`, `link_rewrite`, `meta_description`, `meta_title`, `name`, `available_now`, `available_later`, `delivery_in_stock`, `delivery_out_stock`, `supplement_facts`) VALUES
(195, 1, 5, '<div class=\"page\" title=\"Page 19\">\n<div class=\"section\">\n<div class=\"layoutArea\">\n<div class=\"column\">\n<p><span style=\"font-size:13pt;font-family:Avenir;font-weight:500;color:rgb(100%,48%,0%);\">THE USANA DIFFERENCE with USANA </span><span style=\"font-size:13pt;font-family:Avenir;font-weight:500;color:rgb(100%,48%,0%);\">BiOmega</span><span style=\"color:#ff7a00;font-family:Avenir;font-size:16px;\">®</span><span style=\"color:#ff7a00;font-family:Avenir;font-size:16px;\"> </span></p>\n<p><span style=\"font-size:12pt;font-family:AvenirLTStd;font-weight:300;color:rgb(20%,20%,20%);\">Produced from sustainably raised, cold-water, deep-sea fish oil, USANA’s BiOmega includes a careful balance of DHA and EPA at a more potent dose than many competitors. </span></p>\n<br />\n<p><span style=\"font-size:12pt;font-family:AvenirLTStd;font-weight:300;color:rgb(20%,20%,20%);\">USANA BiOmega is purified to be virtually free of contaminants.</span></p>\n<br />\n<p></p>\n</div>\n</div>\n</div>\n</div>\n<div class=\"page\" title=\"Page 19\">\n<div class=\"section\">\n<div class=\"layoutArea\">\n<div class=\"column\">\n<p><span style=\"font-size:12pt;font-family:AvenirLTStd;font-weight:300;color:rgb(20%,20%,20%);\">Your cells have a phospholipid bilayer that acts as a gatekeeper - keeping things out or letting them in. Key components of that bilayer, omega-3 and omega-6 fatty acids play a significant role in maintaining our good health at the most fundamental level. A 1:1 ratio of omega-3 and omega-6 is ideal, as they work together to promote health. </span></p>\n<br />\n<p><span style=\"font-size:12pt;font-family:AvenirLTStd;font-weight:300;color:rgb(20%,20%,20%);\">However, average diets contain significantly more omega-6. Eating fatty fish and supplementing with USANA BiOmega are effective ways to increase omega-3 levels to help maintain a proper balance and support healthy cellular functions. </span></p>\n</div>\n</div>\n</div>\n</div>\n<div class=\"page\" title=\"Page 19\">\n<div class=\"section\">\n<div class=\"layoutArea\">\n<div class=\"column\">\n<ul>\n<li>\n<ul>\n<li style=\"font-size:12pt;font-family:AvenirLTStd;color:#ffd468;vertical-align:-1pt;\">\n<p><span style=\"font-size:12pt;color:#333333;\">Contains eicosapentaenoic acid (EPA) and docosahexaenoic acid (DHA) </span><span style=\"font-size:12pt;color:#333333;\">that contribute to the normal function of the heart.</span><span style=\"font-size:6pt;color:#333333;vertical-align:3pt;\">1 </span></p>\n</li>\n</ul>\n</li>\n</ul>\n<br />\n<ul>\n<li>\n<ul>\n<li style=\"font-size:12pt;font-family:AvenirLTStd;color:#ffd468;vertical-align:-1pt;\">\n<p><span style=\"font-size:12pt;color:#333333;\">DHA specifically contributes to the maintenance of normal brain function. </span></p>\n</li>\n</ul>\n</li>\n</ul>\n<br />\n<ul>\n<li>\n<ul>\n<li style=\"font-size:12pt;font-family:AvenirLTStd;color:#ffd468;vertical-align:-1pt;\">\n<p><span style=\"font-size:12pt;color:#333333;\">Contains vitamin D </span><span style=\"font-size:12pt;color:#333333;\">that contributes to the maintenance of normal muscle function. </span></p>\n</li>\n</ul>\n</li>\n</ul>\n<br />\n<ul>\n<li style=\"font-size:12pt;font-family:AvenirLTStd;color:#ffd468;vertical-align:-1pt;\">\n<p><span style=\"font-size:12pt;color:#333333;\">Enhanced with lemon </span><span style=\"font-size:12pt;color:#333333;\">oil to eliminate fishy aftertaste. </span></p>\n</li>\n</ul>\n</div>\n</div>\n</div>\n</div>\n<p></p>', '<p><span style=\"color:#292b2c;font-family:arial, helvetica, clean, sans-serif;font-size:13px;text-align:center;\">USANA\'s high-quality fish oil food supplement. </span></p>', 'usana-biomega', 'High-quality, ultra-pure fish oil supplement.', 'USANA® BiOmega', 'copy of USANA BiOmega®', '', '', NULL, NULL, NULL),
(195, 1, 6, '<div class=\"page\" title=\"Page 19\">\n<div class=\"section\">\n<div class=\"layoutArea\">\n<div class=\"column\">\n<p><span style=\"font-size:13pt;font-family:Avenir;font-weight:500;color:rgb(100%,48%,0%);\">THE USANA DIFFERENCE with USANA </span><span style=\"font-size:13pt;font-family:Avenir;font-weight:500;color:rgb(100%,48%,0%);\">BiOmega</span><span style=\"color:#ff7a00;font-family:Avenir;font-size:16px;\">®</span><span style=\"color:#ff7a00;font-family:Avenir;font-size:16px;\"> </span></p>\n<p><span style=\"font-size:12pt;font-family:AvenirLTStd;font-weight:300;color:rgb(20%,20%,20%);\">Produced from sustainably raised, cold-water, deep-sea fish oil, USANA’s BiOmega includes a careful balance of DHA and EPA at a more potent dose than many competitors. </span></p>\n<br />\n<p><span style=\"font-size:12pt;font-family:AvenirLTStd;font-weight:300;color:rgb(20%,20%,20%);\">USANA BiOmega is purified to be virtually free of contaminants.</span></p>\n<br />\n<p></p>\n</div>\n</div>\n</div>\n</div>\n<div class=\"page\" title=\"Page 19\">\n<div class=\"section\">\n<div class=\"layoutArea\">\n<div class=\"column\">\n<p><span style=\"font-size:12pt;font-family:AvenirLTStd;font-weight:300;color:rgb(20%,20%,20%);\">Your cells have a phospholipid bilayer that acts as a gatekeeper - keeping things out or letting them in. Key components of that bilayer, omega-3 and omega-6 fatty acids play a significant role in maintaining our good health at the most fundamental level. A 1:1 ratio of omega-3 and omega-6 is ideal, as they work together to promote health. </span></p>\n<br />\n<p><span style=\"font-size:12pt;font-family:AvenirLTStd;font-weight:300;color:rgb(20%,20%,20%);\">However, average diets contain significantly more omega-6. Eating fatty fish and supplementing with USANA BiOmega are effective ways to increase omega-3 levels to help maintain a proper balance and support healthy cellular functions. </span></p>\n</div>\n</div>\n</div>\n</div>\n<div class=\"page\" title=\"Page 19\">\n<div class=\"section\">\n<div class=\"layoutArea\">\n<div class=\"column\">\n<ul>\n<li>\n<ul>\n<li style=\"font-size:12pt;font-family:AvenirLTStd;color:#ffd468;vertical-align:-1pt;\">\n<p><span style=\"font-size:12pt;color:#333333;\">Contains eicosapentaenoic acid (EPA) and docosahexaenoic acid (DHA) </span><span style=\"font-size:12pt;color:#333333;\">that contribute to the normal function of the heart.</span><span style=\"font-size:6pt;color:#333333;vertical-align:3pt;\">1 </span></p>\n</li>\n</ul>\n</li>\n</ul>\n<br />\n<ul>\n<li>\n<ul>\n<li style=\"font-size:12pt;font-family:AvenirLTStd;color:#ffd468;vertical-align:-1pt;\">\n<p><span style=\"font-size:12pt;color:#333333;\">DHA specifically contributes to the maintenance of normal brain function. </span></p>\n</li>\n</ul>\n</li>\n</ul>\n<br />\n<ul>\n<li>\n<ul>\n<li style=\"font-size:12pt;font-family:AvenirLTStd;color:#ffd468;vertical-align:-1pt;\">\n<p><span style=\"font-size:12pt;color:#333333;\">Contains vitamin D </span><span style=\"font-size:12pt;color:#333333;\">that contributes to the maintenance of normal muscle function. </span></p>\n</li>\n</ul>\n</li>\n</ul>\n<br />\n<ul>\n<li style=\"font-size:12pt;font-family:AvenirLTStd;color:#ffd468;vertical-align:-1pt;\">\n<p><span style=\"font-size:12pt;color:#333333;\">Enhanced with lemon </span><span style=\"font-size:12pt;color:#333333;\">oil to eliminate fishy aftertaste. </span></p>\n</li>\n</ul>\n</div>\n</div>\n</div>\n</div>\n<p></p>', '<p><span style=\"color:#292b2c;font-family:arial, helvetica, clean, sans-serif;font-size:13px;text-align:center;\">USANA\'s high-quality fish oil food supplement. </span></p>', 'usana-biomega', 'High-quality, ultra-pure fish oil supplement.', 'USANA® BiOmega', 'copy of USANA BiOmega®', '', '', NULL, NULL, NULL),
(195, 2, 1, '<div class=\"page\" title=\"Page 19\">\n<div class=\"section\">\n<div class=\"layoutArea\">\n<div class=\"column\">\n<p><span style=\"font-size:13pt;font-family:Avenir;font-weight:500;color:rgb(100%,48%,0%);\">THE USANA DIFFERENCE with USANA </span><span style=\"font-size:13pt;font-family:Avenir;font-weight:500;color:rgb(100%,48%,0%);\">BiOmega</span><span style=\"color:#ff7a00;font-family:Avenir;font-size:16px;\">®</span><span style=\"color:#ff7a00;font-family:Avenir;font-size:16px;\"> </span></p>\n<p><span style=\"font-size:12pt;font-family:AvenirLTStd;font-weight:300;color:rgb(20%,20%,20%);\">Produced from sustainably raised, cold-water, deep-sea fish oil, USANA’s BiOmega includes a careful balance of DHA and EPA at a more potent dose than many competitors. </span></p>\n<br />\n<p><span style=\"font-size:12pt;font-family:AvenirLTStd;font-weight:300;color:rgb(20%,20%,20%);\">USANA BiOmega is purified to be virtually free of contaminants.</span></p>\n<br />\n<p></p>\n</div>\n</div>\n</div>\n</div>\n<div class=\"page\" title=\"Page 19\">\n<div class=\"section\">\n<div class=\"layoutArea\">\n<div class=\"column\">\n<p><span style=\"font-size:12pt;font-family:AvenirLTStd;font-weight:300;color:rgb(20%,20%,20%);\">Your cells have a phospholipid bilayer that acts as a gatekeeper - keeping things out or letting them in. Key components of that bilayer, omega-3 and omega-6 fatty acids play a significant role in maintaining our good health at the most fundamental level. A 1:1 ratio of omega-3 and omega-6 is ideal, as they work together to promote health. </span></p>\n<br />\n<p><span style=\"font-size:12pt;font-family:AvenirLTStd;font-weight:300;color:rgb(20%,20%,20%);\">However, average diets contain significantly more omega-6. Eating fatty fish and supplementing with USANA BiOmega are effective ways to increase omega-3 levels to help maintain a proper balance and support healthy cellular functions. </span></p>\n</div>\n</div>\n</div>\n</div>\n<div class=\"page\" title=\"Page 19\">\n<div class=\"section\">\n<div class=\"layoutArea\">\n<div class=\"column\">\n<ul>\n<li>\n<ul>\n<li style=\"font-size:12pt;font-family:AvenirLTStd;color:#ffd468;vertical-align:-1pt;\">\n<p><span style=\"font-size:12pt;color:#333333;\">Contains eicosapentaenoic acid (EPA) and docosahexaenoic acid (DHA) </span><span style=\"font-size:12pt;color:#333333;\">that contribute to the normal function of the heart.</span><span style=\"font-size:6pt;color:#333333;vertical-align:3pt;\">1 </span></p>\n</li>\n</ul>\n</li>\n</ul>\n<br />\n<ul>\n<li>\n<ul>\n<li style=\"font-size:12pt;font-family:AvenirLTStd;color:#ffd468;vertical-align:-1pt;\">\n<p><span style=\"font-size:12pt;color:#333333;\">DHA specifically contributes to the maintenance of normal brain function. </span></p>\n</li>\n</ul>\n</li>\n</ul>\n<br />\n<ul>\n<li>\n<ul>\n<li style=\"font-size:12pt;font-family:AvenirLTStd;color:#ffd468;vertical-align:-1pt;\">\n<p><span style=\"font-size:12pt;color:#333333;\">Contains vitamin D </span><span style=\"font-size:12pt;color:#333333;\">that contributes to the maintenance of normal muscle function. </span></p>\n</li>\n</ul>\n</li>\n</ul>\n<br />\n<ul>\n<li style=\"font-size:12pt;font-family:AvenirLTStd;color:#ffd468;vertical-align:-1pt;\">\n<p><span style=\"font-size:12pt;color:#333333;\">Enhanced with lemon </span><span style=\"font-size:12pt;color:#333333;\">oil to eliminate fishy aftertaste. </span></p>\n</li>\n</ul>\n</div>\n</div>\n</div>\n</div>\n<p></p>', '<p><span style=\"color:#292b2c;font-family:arial, helvetica, clean, sans-serif;font-size:13px;text-align:center;\">USANA\'s high-quality fish oil food supplement. </span></p>', 'usana-biomega', 'High-quality, ultra-pure fish oil supplement.', 'USANA® BiOmega', 'copy of USANA BiOmega®', '', '', NULL, NULL, NULL),
(195, 2, 2, '', '', '', '', '', '', '', '', '', '', NULL),
(195, 2, 3, '', '', '', '', '', '', '', '', '', '', NULL),
(195, 2, 4, '', '', '', '', '', '', '', '', '', '', NULL),
(195, 2, 5, '<div class=\"page\" title=\"Page 19\">\n<div class=\"section\">\n<div class=\"layoutArea\">\n<div class=\"column\">\n<p><span style=\"font-size:13pt;font-family:Avenir;font-weight:500;color:rgb(100%,48%,0%);\">THE USANA DIFFERENCE with USANA </span><span style=\"font-size:13pt;font-family:Avenir;font-weight:500;color:rgb(100%,48%,0%);\">BiOmega</span><span style=\"color:#ff7a00;font-family:Avenir;font-size:16px;\">®</span><span style=\"color:#ff7a00;font-family:Avenir;font-size:16px;\"> </span></p>\n<p><span style=\"font-size:12pt;font-family:AvenirLTStd;font-weight:300;color:rgb(20%,20%,20%);\">Produced from sustainably raised, cold-water, deep-sea fish oil, USANA’s BiOmega includes a careful balance of DHA and EPA at a more potent dose than many competitors. </span></p>\n<br />\n<p><span style=\"font-size:12pt;font-family:AvenirLTStd;font-weight:300;color:rgb(20%,20%,20%);\">USANA BiOmega is purified to be virtually free of contaminants.</span></p>\n<br />\n<p></p>\n</div>\n</div>\n</div>\n</div>\n<div class=\"page\" title=\"Page 19\">\n<div class=\"section\">\n<div class=\"layoutArea\">\n<div class=\"column\">\n<p><span style=\"font-size:12pt;font-family:AvenirLTStd;font-weight:300;color:rgb(20%,20%,20%);\">Your cells have a phospholipid bilayer that acts as a gatekeeper - keeping things out or letting them in. Key components of that bilayer, omega-3 and omega-6 fatty acids play a significant role in maintaining our good health at the most fundamental level. A 1:1 ratio of omega-3 and omega-6 is ideal, as they work together to promote health. </span></p>\n<br />\n<p><span style=\"font-size:12pt;font-family:AvenirLTStd;font-weight:300;color:rgb(20%,20%,20%);\">However, average diets contain significantly more omega-6. Eating fatty fish and supplementing with USANA BiOmega are effective ways to increase omega-3 levels to help maintain a proper balance and support healthy cellular functions. </span></p>\n</div>\n</div>\n</div>\n</div>\n<div class=\"page\" title=\"Page 19\">\n<div class=\"section\">\n<div class=\"layoutArea\">\n<div class=\"column\">\n<ul>\n<li>\n<ul>\n<li style=\"font-size:12pt;font-family:AvenirLTStd;color:#ffd468;vertical-align:-1pt;\">\n<p><span style=\"font-size:12pt;color:#333333;\">Contains eicosapentaenoic acid (EPA) and docosahexaenoic acid (DHA) </span><span style=\"font-size:12pt;color:#333333;\">that contribute to the normal function of the heart.</span><span style=\"font-size:6pt;color:#333333;vertical-align:3pt;\">1 </span></p>\n</li>\n</ul>\n</li>\n</ul>\n<br />\n<ul>\n<li>\n<ul>\n<li style=\"font-size:12pt;font-family:AvenirLTStd;color:#ffd468;vertical-align:-1pt;\">\n<p><span style=\"font-size:12pt;color:#333333;\">DHA specifically contributes to the maintenance of normal brain function. </span></p>\n</li>\n</ul>\n</li>\n</ul>\n<br />\n<ul>\n<li>\n<ul>\n<li style=\"font-size:12pt;font-family:AvenirLTStd;color:#ffd468;vertical-align:-1pt;\">\n<p><span style=\"font-size:12pt;color:#333333;\">Contains vitamin D </span><span style=\"font-size:12pt;color:#333333;\">that contributes to the maintenance of normal muscle function. </span></p>\n</li>\n</ul>\n</li>\n</ul>\n<br />\n<ul>\n<li style=\"font-size:12pt;font-family:AvenirLTStd;color:#ffd468;vertical-align:-1pt;\">\n<p><span style=\"font-size:12pt;color:#333333;\">Enhanced with lemon </span><span style=\"font-size:12pt;color:#333333;\">oil to eliminate fishy aftertaste. </span></p>\n</li>\n</ul>\n</div>\n</div>\n</div>\n</div>\n<p></p>', '<p><span style=\"color:#292b2c;font-family:arial, helvetica, clean, sans-serif;font-size:13px;text-align:center;\">USANA\'s high-quality fish oil food supplement. </span></p>', 'usana-biomega', 'High-quality, ultra-pure fish oil supplement.', 'USANA® BiOmega', 'copy of USANA BiOmega®', '', '', NULL, NULL, NULL),
(195, 2, 6, '<div class=\"page\" title=\"Page 19\">\n<div class=\"section\">\n<div class=\"layoutArea\">\n<div class=\"column\">\n<p><span style=\"font-size:13pt;font-family:Avenir;font-weight:500;color:rgb(100%,48%,0%);\">THE USANA DIFFERENCE with USANA </span><span style=\"font-size:13pt;font-family:Avenir;font-weight:500;color:rgb(100%,48%,0%);\">BiOmega</span><span style=\"color:#ff7a00;font-family:Avenir;font-size:16px;\">®</span><span style=\"color:#ff7a00;font-family:Avenir;font-size:16px;\"> </span></p>\n<p><span style=\"font-size:12pt;font-family:AvenirLTStd;font-weight:300;color:rgb(20%,20%,20%);\">Produced from sustainably raised, cold-water, deep-sea fish oil, USANA’s BiOmega includes a careful balance of DHA and EPA at a more potent dose than many competitors. </span></p>\n<br />\n<p><span style=\"font-size:12pt;font-family:AvenirLTStd;font-weight:300;color:rgb(20%,20%,20%);\">USANA BiOmega is purified to be virtually free of contaminants.</span></p>\n<br />\n<p></p>\n</div>\n</div>\n</div>\n</div>\n<div class=\"page\" title=\"Page 19\">\n<div class=\"section\">\n<div class=\"layoutArea\">\n<div class=\"column\">\n<p><span style=\"font-size:12pt;font-family:AvenirLTStd;font-weight:300;color:rgb(20%,20%,20%);\">Your cells have a phospholipid bilayer that acts as a gatekeeper - keeping things out or letting them in. Key components of that bilayer, omega-3 and omega-6 fatty acids play a significant role in maintaining our good health at the most fundamental level. A 1:1 ratio of omega-3 and omega-6 is ideal, as they work together to promote health. </span></p>\n<br />\n<p><span style=\"font-size:12pt;font-family:AvenirLTStd;font-weight:300;color:rgb(20%,20%,20%);\">However, average diets contain significantly more omega-6. Eating fatty fish and supplementing with USANA BiOmega are effective ways to increase omega-3 levels to help maintain a proper balance and support healthy cellular functions. </span></p>\n</div>\n</div>\n</div>\n</div>\n<div class=\"page\" title=\"Page 19\">\n<div class=\"section\">\n<div class=\"layoutArea\">\n<div class=\"column\">\n<ul>\n<li>\n<ul>\n<li style=\"font-size:12pt;font-family:AvenirLTStd;color:#ffd468;vertical-align:-1pt;\">\n<p><span style=\"font-size:12pt;color:#333333;\">Contains eicosapentaenoic acid (EPA) and docosahexaenoic acid (DHA) </span><span style=\"font-size:12pt;color:#333333;\">that contribute to the normal function of the heart.</span><span style=\"font-size:6pt;color:#333333;vertical-align:3pt;\">1 </span></p>\n</li>\n</ul>\n</li>\n</ul>\n<br />\n<ul>\n<li>\n<ul>\n<li style=\"font-size:12pt;font-family:AvenirLTStd;color:#ffd468;vertical-align:-1pt;\">\n<p><span style=\"font-size:12pt;color:#333333;\">DHA specifically contributes to the maintenance of normal brain function. </span></p>\n</li>\n</ul>\n</li>\n</ul>\n<br />\n<ul>\n<li>\n<ul>\n<li style=\"font-size:12pt;font-family:AvenirLTStd;color:#ffd468;vertical-align:-1pt;\">\n<p><span style=\"font-size:12pt;color:#333333;\">Contains vitamin D </span><span style=\"font-size:12pt;color:#333333;\">that contributes to the maintenance of normal muscle function. </span></p>\n</li>\n</ul>\n</li>\n</ul>\n<br />\n<ul>\n<li style=\"font-size:12pt;font-family:AvenirLTStd;color:#ffd468;vertical-align:-1pt;\">\n<p><span style=\"font-size:12pt;color:#333333;\">Enhanced with lemon </span><span style=\"font-size:12pt;color:#333333;\">oil to eliminate fishy aftertaste. </span></p>\n</li>\n</ul>\n</div>\n</div>\n</div>\n</div>\n<p></p>', '<p><span style=\"color:#292b2c;font-family:arial, helvetica, clean, sans-serif;font-size:13px;text-align:center;\">USANA\'s high-quality fish oil food supplement. </span></p>', 'usana-biomega', 'High-quality, ultra-pure fish oil supplement.', 'USANA® BiOmega', 'copy of USANA BiOmega®', '', '', NULL, NULL, NULL),
(196, 1, 1, '', '', '', '', '', '', '', '', NULL, NULL, NULL),
(196, 1, 2, '', '', '', '', '', '', '', '', '', '', NULL),
(196, 1, 3, '', '', '', '', '', '', '', '', '', '', NULL),
(196, 1, 4, '', '', '', '', '', '', '', '', '', '', NULL),
(196, 1, 5, '', '', '', '', '', '', '', '', NULL, NULL, NULL),
(196, 1, 6, '', '', '', '', '', '', '', '', NULL, NULL, NULL),
(196, 2, 1, '<p style=\"font-size:16px;margin-top:0px;margin-bottom:1rem;color:#131e29;font-family:Lato;background-color:#ffffff;\"><span>Save your skin with a daily, cloud-like cream to support and boost your skin\'s moisture barrier. This lightweight, non-comedogenic, cooling moisturiser is ultra hydrating and contains powerful postbiotic technology to nourish your skin and reduce the appearance of redness due to dryness.</span></p>\n<p style=\"font-size:16px;margin-top:0px;margin-bottom:1rem;color:#131e29;font-family:Lato;background-color:#ffffff;\"><span><strong><span style=\"line-height:1;\">Good For:</span></strong> All Skin Types + Impaired Moisture Barrier + Redness Due to Dryness or Sensitivity + Everyday Hydration</span></p>\n<p style=\"font-size:16px;margin-top:0px;margin-bottom:1rem;color:#131e29;font-family:Lato;background-color:#ffffff;\"><span><strong><span style=\"line-height:1;\">How it Works:</span></strong> Postbiotics—a natural by-product of probiotic fermentation—lock in moisture, replenish the skin’s moisture barrier, and defend against environmental irritants. USANA’s postbiotic skincare works in harmony with your skin to promote a happy, well-balanced complexion. </span></p>\n<p style=\"font-size:16px;margin-top:0px;margin-bottom:1rem;color:#131e29;font-family:Lato;background-color:#ffffff;\"><span><span style=\"line-height:1;\"><strong>Clinical Results:</strong> </span>Based on a 28-day clinical study* of Celavive Postbiotic Soothing Moisturizer, participants noticed significant improvement in the following areas:</span></p>\n<ul style=\"font-size:16px;padding-left:2rem;margin-top:0px;margin-bottom:1rem;color:#131e29;font-family:Lato;background-color:#ffffff;\">\n<li><span>More glowing skin</span>\n<ul style=\"padding-left:2rem;margin-top:0px;margin-bottom:0px;\">\n<li><span>Even-looking complexion</span></li>\n<li><span>Less blotchy looking</span></li>\n<li><span>Less visibly enlarged pores</span></li>\n</ul>\n</li>\n</ul>\n<p style=\"font-size:16px;margin-top:0px;margin-bottom:1rem;color:#131e29;font-family:Lato;background-color:#ffffff;\"><span>*In Vivo study SSGM-US-001 by Sequential Skin Inc. 2023.</span></p>\n<p style=\"font-size:16px;margin-top:0px;margin-bottom:1rem;color:#131e29;font-family:Lato;background-color:#ffffff;\"><span><span style=\"line-height:1;\">How to Use:</span> After serum, apply to face and neck. Follow with Celavive Postbiotic Barrier Balm for more hydration.</span></p>\n<p style=\"font-size:16px;margin-top:0px;margin-bottom:1rem;color:#131e29;font-family:Lato;background-color:#ffffff;\"><strong><span><span style=\"line-height:1;\">Inside Our Formula: </span></span></strong></p>\n<ul style=\"font-size:16px;padding-left:2rem;margin-top:0px;margin-bottom:1rem;color:#131e29;font-family:Lato;background-color:#ffffff;\">\n<li><span><span style=\"line-height:1;\">Yeast Extract Postbiotic</span> (nectar postbiotic)—made from the porcelain flower </span><i>Hoya carnosa</i><span>, it rebalances your skin’s moisture barrier with intense hydration.</span></li>\n<li><i><span><span style=\"line-height:1;\">Ophiopogon japonicus</span></span></i><span><span style=\"line-height:1;\"> Root Extract</span>—its soothing benefits help to improve your skin moisture barrier and reduce visible redness and sensitivity.</span></li>\n<li><span><span style=\"line-height:1;\">Olivol Botanical Blend (olive fruit extract, watermelon rind (</span></span><i><span><span style=\"line-height:1;\">Citrullus lanatus</span></span></i><span><span style=\"line-height:1;\">), lentil (</span></span><i><span><span style=\"line-height:1;\">Lens esculenta</span></span></i><span><span style=\"line-height:1;\">), and apple (</span></span><i><span><span style=\"line-height:1;\">Pyrus malus</span></span></i><span><span style=\"line-height:1;\">) fruit extracts.)</span>—our unique blend of botanicals delivers 24 hours of hydration and restores a radiant glow.</span></li>\n</ul>\n<p style=\"font-size:16px;margin-top:0px;margin-bottom:1rem;color:#131e29;font-family:Lato;background-color:#ffffff;\"><span><span style=\"line-height:1;\"><strong>Benefits:</strong> </span></span></p>\n<p style=\"font-size:16px;margin-top:0px;margin-bottom:1rem;color:#131e29;font-family:Lato;background-color:#ffffff;\"><span>• Supports your skin’s moisture barrier </span></p>\n<p style=\"font-size:16px;margin-top:0px;margin-bottom:1rem;color:#131e29;font-family:Lato;background-color:#ffffff;\"><span>• Hydrates skin for a radiant glow </span></p>\n<p style=\"font-size:16px;margin-top:0px;margin-bottom:1rem;color:#131e29;font-family:Lato;background-color:#ffffff;\"><span>• Visibly calms redness due to dryness for a visibly balanced complexion </span></p>\n<p style=\"font-size:16px;margin-top:0px;margin-bottom:1rem;color:#131e29;font-family:Lato;background-color:#ffffff;\"><span>• Microbiome-friendly postbiotics lock in moisture, replenish the skin’s moisture barrier, and defend against environmental irritants</span></p>\n<p style=\"font-size:16px;margin-top:0px;margin-bottom:1rem;color:#131e29;font-family:Lato;background-color:#ffffff;\"><span>Free of harsh chemicals, fragrance, parabens, formaldehydes, phenoxyethanol, mineral oil, phthalates, hydroquinone, sulfates, and other unwanted ingredients. Each product is tested for safety and sensitivity and reviewed by a board-certified dermatologist. This product is vegan and cruelty-free. </span></p>', '<p><span style=\"font-size:16px;color:#131e29;font-family:Lato;background-color:#ffffff;\">Hydrates and cools skin for a beautiful-looking, balanced complexion</span></p>', 'usana-celavive-postbiotic-soothing-moisturizer', '', '', 'Celavive Postbiotic Soothing Moisturizer', '', '', NULL, NULL, NULL),
(196, 2, 2, '', '', '', '', '', '', '', '', '', '', NULL),
(196, 2, 3, '', '', '', '', '', '', '', '', '', '', NULL),
(196, 2, 4, '', '', '', '', '', '', '', '', '', '', NULL),
(196, 2, 5, '<p style=\"font-size:16px;margin-top:0px;margin-bottom:1rem;color:#131e29;font-family:Lato;background-color:#ffffff;\"><span>Save your skin with a daily, cloud-like cream to support and boost your skin\'s moisture barrier. This lightweight, non-comedogenic, cooling moisturiser is ultra hydrating and contains powerful postbiotic technology to nourish your skin and reduce the appearance of redness due to dryness.</span></p>\n<p style=\"font-size:16px;margin-top:0px;margin-bottom:1rem;color:#131e29;font-family:Lato;background-color:#ffffff;\"><span><strong><span style=\"line-height:1;\">Good For:</span></strong> All Skin Types + Impaired Moisture Barrier + Redness Due to Dryness or Sensitivity + Everyday Hydration</span></p>\n<p style=\"font-size:16px;margin-top:0px;margin-bottom:1rem;color:#131e29;font-family:Lato;background-color:#ffffff;\"><span><strong><span style=\"line-height:1;\">How it Works:</span></strong> Postbiotics—a natural by-product of probiotic fermentation—lock in moisture, replenish the skin’s moisture barrier, and defend against environmental irritants. USANA’s postbiotic skincare works in harmony with your skin to promote a happy, well-balanced complexion. </span></p>\n<p style=\"font-size:16px;margin-top:0px;margin-bottom:1rem;color:#131e29;font-family:Lato;background-color:#ffffff;\"><span><span style=\"line-height:1;\"><strong>Clinical Results:</strong> </span>Based on a 28-day clinical study* of Celavive Postbiotic Soothing Moisturizer, participants noticed significant improvement in the following areas:</span></p>\n<ul style=\"font-size:16px;padding-left:2rem;margin-top:0px;margin-bottom:1rem;color:#131e29;font-family:Lato;background-color:#ffffff;\">\n<li><span>More glowing skin</span>\n<ul style=\"padding-left:2rem;margin-top:0px;margin-bottom:0px;\">\n<li><span>Even-looking complexion</span></li>\n<li><span>Less blotchy looking</span></li>\n<li><span>Less visibly enlarged pores</span></li>\n</ul>\n</li>\n</ul>\n<p style=\"font-size:16px;margin-top:0px;margin-bottom:1rem;color:#131e29;font-family:Lato;background-color:#ffffff;\"><span>*In Vivo study SSGM-US-001 by Sequential Skin Inc. 2023.</span></p>\n<p style=\"font-size:16px;margin-top:0px;margin-bottom:1rem;color:#131e29;font-family:Lato;background-color:#ffffff;\"><span><span style=\"line-height:1;\">How to Use:</span> After serum, apply to face and neck. Follow with Celavive Postbiotic Barrier Balm for more hydration.</span></p>\n<p style=\"font-size:16px;margin-top:0px;margin-bottom:1rem;color:#131e29;font-family:Lato;background-color:#ffffff;\"><strong><span><span style=\"line-height:1;\">Inside Our Formula: </span></span></strong></p>\n<ul style=\"font-size:16px;padding-left:2rem;margin-top:0px;margin-bottom:1rem;color:#131e29;font-family:Lato;background-color:#ffffff;\">\n<li><span><span style=\"line-height:1;\">Yeast Extract Postbiotic</span> (nectar postbiotic)—made from the porcelain flower </span><i>Hoya carnosa</i><span>, it rebalances your skin’s moisture barrier with intense hydration.</span></li>\n<li><i><span><span style=\"line-height:1;\">Ophiopogon japonicus</span></span></i><span><span style=\"line-height:1;\"> Root Extract</span>—its soothing benefits help to improve your skin moisture barrier and reduce visible redness and sensitivity.</span></li>\n<li><span><span style=\"line-height:1;\">Olivol Botanical Blend (olive fruit extract, watermelon rind (</span></span><i><span><span style=\"line-height:1;\">Citrullus lanatus</span></span></i><span><span style=\"line-height:1;\">), lentil (</span></span><i><span><span style=\"line-height:1;\">Lens esculenta</span></span></i><span><span style=\"line-height:1;\">), and apple (</span></span><i><span><span style=\"line-height:1;\">Pyrus malus</span></span></i><span><span style=\"line-height:1;\">) fruit extracts.)</span>—our unique blend of botanicals delivers 24 hours of hydration and restores a radiant glow.</span></li>\n</ul>\n<p style=\"font-size:16px;margin-top:0px;margin-bottom:1rem;color:#131e29;font-family:Lato;background-color:#ffffff;\"><span><span style=\"line-height:1;\"><strong>Benefits:</strong> </span></span></p>\n<p style=\"font-size:16px;margin-top:0px;margin-bottom:1rem;color:#131e29;font-family:Lato;background-color:#ffffff;\"><span>• Supports your skin’s moisture barrier </span></p>\n<p style=\"font-size:16px;margin-top:0px;margin-bottom:1rem;color:#131e29;font-family:Lato;background-color:#ffffff;\"><span>• Hydrates skin for a radiant glow </span></p>\n<p style=\"font-size:16px;margin-top:0px;margin-bottom:1rem;color:#131e29;font-family:Lato;background-color:#ffffff;\"><span>• Visibly calms redness due to dryness for a visibly balanced complexion </span></p>\n<p style=\"font-size:16px;margin-top:0px;margin-bottom:1rem;color:#131e29;font-family:Lato;background-color:#ffffff;\"><span>• Microbiome-friendly postbiotics lock in moisture, replenish the skin’s moisture barrier, and defend against environmental irritants</span></p>\n<p style=\"font-size:16px;margin-top:0px;margin-bottom:1rem;color:#131e29;font-family:Lato;background-color:#ffffff;\"><span>Free of harsh chemicals, fragrance, parabens, formaldehydes, phenoxyethanol, mineral oil, phthalates, hydroquinone, sulfates, and other unwanted ingredients. Each product is tested for safety and sensitivity and reviewed by a board-certified dermatologist. This product is vegan and cruelty-free. </span></p>', '<p><span style=\"font-size:16px;color:#131e29;font-family:Lato;background-color:#ffffff;\">Hydrates and cools skin for a beautiful-looking, balanced complexion</span></p>', 'usana-celavive-postbiotic-soothing-moisturizer', '', '', 'Celavive Postbiotic Soothing Moisturizer', '', '', NULL, NULL, NULL),
(196, 2, 6, '<p style=\"font-size:16px;margin-top:0px;margin-bottom:1rem;color:#131e29;font-family:Lato;background-color:#ffffff;\"><span>Save your skin with a daily, cloud-like cream to support and boost your skin\'s moisture barrier. This lightweight, non-comedogenic, cooling moisturiser is ultra hydrating and contains powerful postbiotic technology to nourish your skin and reduce the appearance of redness due to dryness.</span></p>\n<p style=\"font-size:16px;margin-top:0px;margin-bottom:1rem;color:#131e29;font-family:Lato;background-color:#ffffff;\"><span><strong><span style=\"line-height:1;\">Good For:</span></strong> All Skin Types + Impaired Moisture Barrier + Redness Due to Dryness or Sensitivity + Everyday Hydration</span></p>\n<p style=\"font-size:16px;margin-top:0px;margin-bottom:1rem;color:#131e29;font-family:Lato;background-color:#ffffff;\"><span><strong><span style=\"line-height:1;\">How it Works:</span></strong> Postbiotics—a natural by-product of probiotic fermentation—lock in moisture, replenish the skin’s moisture barrier, and defend against environmental irritants. USANA’s postbiotic skincare works in harmony with your skin to promote a happy, well-balanced complexion. </span></p>\n<p style=\"font-size:16px;margin-top:0px;margin-bottom:1rem;color:#131e29;font-family:Lato;background-color:#ffffff;\"><span><span style=\"line-height:1;\"><strong>Clinical Results:</strong> </span>Based on a 28-day clinical study* of Celavive Postbiotic Soothing Moisturizer, participants noticed significant improvement in the following areas:</span></p>\n<ul style=\"font-size:16px;padding-left:2rem;margin-top:0px;margin-bottom:1rem;color:#131e29;font-family:Lato;background-color:#ffffff;\">\n<li><span>More glowing skin</span>\n<ul style=\"padding-left:2rem;margin-top:0px;margin-bottom:0px;\">\n<li><span>Even-looking complexion</span></li>\n<li><span>Less blotchy looking</span></li>\n<li><span>Less visibly enlarged pores</span></li>\n</ul>\n</li>\n</ul>\n<p style=\"font-size:16px;margin-top:0px;margin-bottom:1rem;color:#131e29;font-family:Lato;background-color:#ffffff;\"><span>*In Vivo study SSGM-US-001 by Sequential Skin Inc. 2023.</span></p>\n<p style=\"font-size:16px;margin-top:0px;margin-bottom:1rem;color:#131e29;font-family:Lato;background-color:#ffffff;\"><span><span style=\"line-height:1;\">How to Use:</span> After serum, apply to face and neck. Follow with Celavive Postbiotic Barrier Balm for more hydration.</span></p>\n<p style=\"font-size:16px;margin-top:0px;margin-bottom:1rem;color:#131e29;font-family:Lato;background-color:#ffffff;\"><strong><span><span style=\"line-height:1;\">Inside Our Formula: </span></span></strong></p>\n<ul style=\"font-size:16px;padding-left:2rem;margin-top:0px;margin-bottom:1rem;color:#131e29;font-family:Lato;background-color:#ffffff;\">\n<li><span><span style=\"line-height:1;\">Yeast Extract Postbiotic</span> (nectar postbiotic)—made from the porcelain flower </span><i>Hoya carnosa</i><span>, it rebalances your skin’s moisture barrier with intense hydration.</span></li>\n<li><i><span><span style=\"line-height:1;\">Ophiopogon japonicus</span></span></i><span><span style=\"line-height:1;\"> Root Extract</span>—its soothing benefits help to improve your skin moisture barrier and reduce visible redness and sensitivity.</span></li>\n<li><span><span style=\"line-height:1;\">Olivol Botanical Blend (olive fruit extract, watermelon rind (</span></span><i><span><span style=\"line-height:1;\">Citrullus lanatus</span></span></i><span><span style=\"line-height:1;\">), lentil (</span></span><i><span><span style=\"line-height:1;\">Lens esculenta</span></span></i><span><span style=\"line-height:1;\">), and apple (</span></span><i><span><span style=\"line-height:1;\">Pyrus malus</span></span></i><span><span style=\"line-height:1;\">) fruit extracts.)</span>—our unique blend of botanicals delivers 24 hours of hydration and restores a radiant glow.</span></li>\n</ul>\n<p style=\"font-size:16px;margin-top:0px;margin-bottom:1rem;color:#131e29;font-family:Lato;background-color:#ffffff;\"><span><span style=\"line-height:1;\"><strong>Benefits:</strong> </span></span></p>\n<p style=\"font-size:16px;margin-top:0px;margin-bottom:1rem;color:#131e29;font-family:Lato;background-color:#ffffff;\"><span>• Supports your skin’s moisture barrier </span></p>\n<p style=\"font-size:16px;margin-top:0px;margin-bottom:1rem;color:#131e29;font-family:Lato;background-color:#ffffff;\"><span>• Hydrates skin for a radiant glow </span></p>\n<p style=\"font-size:16px;margin-top:0px;margin-bottom:1rem;color:#131e29;font-family:Lato;background-color:#ffffff;\"><span>• Visibly calms redness due to dryness for a visibly balanced complexion </span></p>\n<p style=\"font-size:16px;margin-top:0px;margin-bottom:1rem;color:#131e29;font-family:Lato;background-color:#ffffff;\"><span>• Microbiome-friendly postbiotics lock in moisture, replenish the skin’s moisture barrier, and defend against environmental irritants</span></p>\n<p style=\"font-size:16px;margin-top:0px;margin-bottom:1rem;color:#131e29;font-family:Lato;background-color:#ffffff;\"><span>Free of harsh chemicals, fragrance, parabens, formaldehydes, phenoxyethanol, mineral oil, phthalates, hydroquinone, sulfates, and other unwanted ingredients. Each product is tested for safety and sensitivity and reviewed by a board-certified dermatologist. This product is vegan and cruelty-free. </span></p>', '<p><span style=\"font-size:16px;color:#131e29;font-family:Lato;background-color:#ffffff;\">Hydrates and cools skin for a beautiful-looking, balanced complexion</span></p>', 'usana-celavive-postbiotic-soothing-moisturizer', '', '', 'Celavive Postbiotic Soothing Moisturizer', '', '', NULL, NULL, NULL),
(197, 1, 1, '<p style=\"font-size:16px;margin-top:0px;margin-bottom:1rem;color:#131e29;font-family:Lato;background-color:#ffffff;\">This ultra-hydrating cream acts like a second skin to replenish your skin’s moisture barrier. <span>Its rich, creamy texture gently melts into a balm-like finish—with no greasy feel, harsh chemicals, or pore-clogging ingredients.</span> Features postbiotic <span>Lactobacillus ferment</span>, cupuacu butter, and five different ceramides to promote a hydrated, visibly soothed complexion.</p>\n<p style=\"font-size:16px;margin-top:0px;margin-bottom:1rem;color:#131e29;font-family:Lato;background-color:#ffffff;\"><strong><span style=\"line-height:1;\">Good For:</span></strong> All Skin Types + Improved Moisture Barrier + Blemish-Prone Skin + Soothing Hydration</p>\n<p style=\"font-size:16px;margin-top:0px;margin-bottom:1rem;color:#131e29;font-family:Lato;background-color:#ffffff;\"><strong><span style=\"line-height:1;\">How it Works:</span></strong> Postbiotics—a natural by-product of probiotic fermentation—lock in moisture, replenish the skin’s moisture barrier, and defend against environmental irritants. USANA’s postbiotic skincare works in harmony with your skin to promote a happy, well-balanced complexion. Barrier Balm offers cooling, gentle relief from dryness or skin sensitivity as it seals in hydration and helps to visibly restore moisture levels. </p>\n<p style=\"font-size:16px;margin-top:0px;margin-bottom:1rem;color:#131e29;font-family:Lato;background-color:#ffffff;\"><span style=\"line-height:1;\">How to Use:</span> Can be used morning and night after moisturiser for added hydration or as a spot treatment. Apply to clean face and neck, or other areas of skin that are dry, flaking, or irritated. </p>\n<p style=\"font-size:16px;margin-top:0px;margin-bottom:1rem;color:#131e29;font-family:Lato;background-color:#ffffff;\"><span style=\"line-height:1;\"><strong>Inside Our Formula:</strong> </span></p>\n<ul style=\"font-size:16px;padding-left:2rem;margin-top:0px;margin-bottom:1rem;color:#131e29;font-family:Lato;background-color:#ffffff;\">\n<li><span><span style=\"line-height:1;\">Lactobacillus Ferment</span>—postbiotic to target the appearance of dry skin and replenish your skin’s moisture barrier.</span></li>\n<li><span><span style=\"line-height:1;\">Cupuacu Butter</span>—rich antioxidant emollient for locked-in moisture and bounce for a smooth, supple complexion.</span></li>\n<li><span><span style=\"line-height:1;\">Olivol Botanical Blend (olive fruit extract, watermelon rind (</span></span><i><span><span style=\"line-height:1;\">Citrullus lanatus</span></span></i><span><span style=\"line-height:1;\">), lentil (</span></span><i><span><span style=\"line-height:1;\">Lens esculenta</span></span></i><span><span style=\"line-height:1;\">), and apple (</span></span><i><span><span style=\"line-height:1;\">Pyrus malus</span></span></i><span><span style=\"line-height:1;\">) fruit extracts)</span>—our unique blend of botanicals delivers 24 hours of hydration and restores a radiant glow. </span></li>\n<li><span style=\"line-height:1;\">Borage Oil</span>—soothing antioxidant and GLA-rich oil nourishes your skin’s moisture barrier.</li>\n<li><span style=\"line-height:1;\">Ceramide EOP, NS, NP, AS, AP</span>—fatty acid lipids help to lock in moisture and prevent dryness at the epidermis level.</li>\n</ul>\n<p style=\"font-size:16px;margin-top:0px;margin-bottom:1rem;color:#131e29;font-family:Lato;background-color:#ffffff;\"><strong><span><span style=\"line-height:1;\">Benefits</span></span></strong></p>\n<ul style=\"font-size:16px;padding-left:2rem;margin-top:0px;margin-bottom:1rem;color:#131e29;font-family:Lato;background-color:#ffffff;\">\n<li><span>Supports and replenishes your skin’s moisture barrier</span></li>\n<li><span>Hydrates even the driest, most sensitive skin</span></li>\n<li><span>Visibly balances the look of your skin with microbiome-friendly ingredients</span></li>\n<li><span>Postbiotics lock in moisture and defend against environmental irritants</span></li>\n</ul>\n<p style=\"font-size:16px;margin-top:0px;margin-bottom:1rem;color:#131e29;font-family:Lato;background-color:#ffffff;\"><span>Free of harsh chemicals, fragrance, parabens, formaldehydes, phenoxyethanol, mineral oil, phthalates, hydroquinone, sulfates, and other unwanted ingredients. Each product is tested for safety and sensitivity and is reviewed by a board-certified dermatologist. This product is vegan and cruelty free.</span></p>\n<p style=\"font-size:16px;margin-top:0px;margin-bottom:1rem;color:#131e29;font-family:Lato;background-color:#ffffff;\"><span style=\"line-height:1;\">How to Recycle:</span> The carton, bottle, and cap are fully recyclable. <span>Upon unboxing, flatten the carton and place in the recycling bin. Once you finish your product clean and dry the bottle, replace the cap, and recycle.</span></p>', '<p><span style=\"font-size:16px;color:#131e29;font-family:Lato;background-color:#ffffff;\">Ultra-hydrating cream soothes your skin, supports its moisture barrier, and locks in moisture</span></p>', 'usana-celavive-postbiotic-barrier-balm', '', '', 'Celavive Postbiotic Barrier Balm', '', '', NULL, NULL, NULL),
(197, 1, 2, '', '', '', '', '', '', '', '', '', '', NULL),
(197, 1, 3, '', '', '', '', '', '', '', '', '', '', NULL),
(197, 1, 4, '', '', '', '', '', '', '', '', '', '', NULL),
(197, 1, 5, '<p style=\"font-size:16px;margin-top:0px;margin-bottom:1rem;color:#131e29;font-family:Lato;background-color:#ffffff;\">This ultra-hydrating cream acts like a second skin to replenish your skin’s moisture barrier. <span>Its rich, creamy texture gently melts into a balm-like finish—with no greasy feel, harsh chemicals, or pore-clogging ingredients.</span> Features postbiotic <span>Lactobacillus ferment</span>, cupuacu butter, and five different ceramides to promote a hydrated, visibly soothed complexion.</p>\n<p style=\"font-size:16px;margin-top:0px;margin-bottom:1rem;color:#131e29;font-family:Lato;background-color:#ffffff;\"><strong><span style=\"line-height:1;\">Good For:</span></strong> All Skin Types + Improved Moisture Barrier + Blemish-Prone Skin + Soothing Hydration</p>\n<p style=\"font-size:16px;margin-top:0px;margin-bottom:1rem;color:#131e29;font-family:Lato;background-color:#ffffff;\"><strong><span style=\"line-height:1;\">How it Works:</span></strong> Postbiotics—a natural by-product of probiotic fermentation—lock in moisture, replenish the skin’s moisture barrier, and defend against environmental irritants. USANA’s postbiotic skincare works in harmony with your skin to promote a happy, well-balanced complexion. Barrier Balm offers cooling, gentle relief from dryness or skin sensitivity as it seals in hydration and helps to visibly restore moisture levels. </p>\n<p style=\"font-size:16px;margin-top:0px;margin-bottom:1rem;color:#131e29;font-family:Lato;background-color:#ffffff;\"><span style=\"line-height:1;\">How to Use:</span> Can be used morning and night after moisturiser for added hydration or as a spot treatment. Apply to clean face and neck, or other areas of skin that are dry, flaking, or irritated. </p>\n<p style=\"font-size:16px;margin-top:0px;margin-bottom:1rem;color:#131e29;font-family:Lato;background-color:#ffffff;\"><span style=\"line-height:1;\"><strong>Inside Our Formula:</strong> </span></p>\n<ul style=\"font-size:16px;padding-left:2rem;margin-top:0px;margin-bottom:1rem;color:#131e29;font-family:Lato;background-color:#ffffff;\">\n<li><span><span style=\"line-height:1;\">Lactobacillus Ferment</span>—postbiotic to target the appearance of dry skin and replenish your skin’s moisture barrier.</span></li>\n<li><span><span style=\"line-height:1;\">Cupuacu Butter</span>—rich antioxidant emollient for locked-in moisture and bounce for a smooth, supple complexion.</span></li>\n<li><span><span style=\"line-height:1;\">Olivol Botanical Blend (olive fruit extract, watermelon rind (</span></span><i><span><span style=\"line-height:1;\">Citrullus lanatus</span></span></i><span><span style=\"line-height:1;\">), lentil (</span></span><i><span><span style=\"line-height:1;\">Lens esculenta</span></span></i><span><span style=\"line-height:1;\">), and apple (</span></span><i><span><span style=\"line-height:1;\">Pyrus malus</span></span></i><span><span style=\"line-height:1;\">) fruit extracts)</span>—our unique blend of botanicals delivers 24 hours of hydration and restores a radiant glow. </span></li>\n<li><span style=\"line-height:1;\">Borage Oil</span>—soothing antioxidant and GLA-rich oil nourishes your skin’s moisture barrier.</li>\n<li><span style=\"line-height:1;\">Ceramide EOP, NS, NP, AS, AP</span>—fatty acid lipids help to lock in moisture and prevent dryness at the epidermis level.</li>\n</ul>\n<p style=\"font-size:16px;margin-top:0px;margin-bottom:1rem;color:#131e29;font-family:Lato;background-color:#ffffff;\"><strong><span><span style=\"line-height:1;\">Benefits</span></span></strong></p>\n<ul style=\"font-size:16px;padding-left:2rem;margin-top:0px;margin-bottom:1rem;color:#131e29;font-family:Lato;background-color:#ffffff;\">\n<li><span>Supports and replenishes your skin’s moisture barrier</span></li>\n<li><span>Hydrates even the driest, most sensitive skin</span></li>\n<li><span>Visibly balances the look of your skin with microbiome-friendly ingredients</span></li>\n<li><span>Postbiotics lock in moisture and defend against environmental irritants</span></li>\n</ul>\n<p style=\"font-size:16px;margin-top:0px;margin-bottom:1rem;color:#131e29;font-family:Lato;background-color:#ffffff;\"><span>Free of harsh chemicals, fragrance, parabens, formaldehydes, phenoxyethanol, mineral oil, phthalates, hydroquinone, sulfates, and other unwanted ingredients. Each product is tested for safety and sensitivity and is reviewed by a board-certified dermatologist. This product is vegan and cruelty free.</span></p>\n<p style=\"font-size:16px;margin-top:0px;margin-bottom:1rem;color:#131e29;font-family:Lato;background-color:#ffffff;\"><span style=\"line-height:1;\">How to Recycle:</span> The carton, bottle, and cap are fully recyclable. <span>Upon unboxing, flatten the carton and place in the recycling bin. Once you finish your product clean and dry the bottle, replace the cap, and recycle.</span></p>', '<p><span style=\"font-size:16px;color:#131e29;font-family:Lato;background-color:#ffffff;\">Ultra-hydrating cream soothes your skin, supports its moisture barrier, and locks in moisture</span></p>', 'usana-celavive-postbiotic-barrier-balm', '', '', 'Celavive Postbiotic Barrier Balm', '', '', NULL, NULL, NULL);
INSERT INTO `xio8d_product_lang` (`id_product`, `id_shop`, `id_lang`, `description`, `description_short`, `link_rewrite`, `meta_description`, `meta_title`, `name`, `available_now`, `available_later`, `delivery_in_stock`, `delivery_out_stock`, `supplement_facts`) VALUES
(197, 1, 6, '<p style=\"font-size:16px;margin-top:0px;margin-bottom:1rem;color:#131e29;font-family:Lato;background-color:#ffffff;\">This ultra-hydrating cream acts like a second skin to replenish your skin’s moisture barrier. <span>Its rich, creamy texture gently melts into a balm-like finish—with no greasy feel, harsh chemicals, or pore-clogging ingredients.</span> Features postbiotic <span>Lactobacillus ferment</span>, cupuacu butter, and five different ceramides to promote a hydrated, visibly soothed complexion.</p>\n<p style=\"font-size:16px;margin-top:0px;margin-bottom:1rem;color:#131e29;font-family:Lato;background-color:#ffffff;\"><strong><span style=\"line-height:1;\">Good For:</span></strong> All Skin Types + Improved Moisture Barrier + Blemish-Prone Skin + Soothing Hydration</p>\n<p style=\"font-size:16px;margin-top:0px;margin-bottom:1rem;color:#131e29;font-family:Lato;background-color:#ffffff;\"><strong><span style=\"line-height:1;\">How it Works:</span></strong> Postbiotics—a natural by-product of probiotic fermentation—lock in moisture, replenish the skin’s moisture barrier, and defend against environmental irritants. USANA’s postbiotic skincare works in harmony with your skin to promote a happy, well-balanced complexion. Barrier Balm offers cooling, gentle relief from dryness or skin sensitivity as it seals in hydration and helps to visibly restore moisture levels. </p>\n<p style=\"font-size:16px;margin-top:0px;margin-bottom:1rem;color:#131e29;font-family:Lato;background-color:#ffffff;\"><span style=\"line-height:1;\">How to Use:</span> Can be used morning and night after moisturiser for added hydration or as a spot treatment. Apply to clean face and neck, or other areas of skin that are dry, flaking, or irritated. </p>\n<p style=\"font-size:16px;margin-top:0px;margin-bottom:1rem;color:#131e29;font-family:Lato;background-color:#ffffff;\"><span style=\"line-height:1;\"><strong>Inside Our Formula:</strong> </span></p>\n<ul style=\"font-size:16px;padding-left:2rem;margin-top:0px;margin-bottom:1rem;color:#131e29;font-family:Lato;background-color:#ffffff;\">\n<li><span><span style=\"line-height:1;\">Lactobacillus Ferment</span>—postbiotic to target the appearance of dry skin and replenish your skin’s moisture barrier.</span></li>\n<li><span><span style=\"line-height:1;\">Cupuacu Butter</span>—rich antioxidant emollient for locked-in moisture and bounce for a smooth, supple complexion.</span></li>\n<li><span><span style=\"line-height:1;\">Olivol Botanical Blend (olive fruit extract, watermelon rind (</span></span><i><span><span style=\"line-height:1;\">Citrullus lanatus</span></span></i><span><span style=\"line-height:1;\">), lentil (</span></span><i><span><span style=\"line-height:1;\">Lens esculenta</span></span></i><span><span style=\"line-height:1;\">), and apple (</span></span><i><span><span style=\"line-height:1;\">Pyrus malus</span></span></i><span><span style=\"line-height:1;\">) fruit extracts)</span>—our unique blend of botanicals delivers 24 hours of hydration and restores a radiant glow. </span></li>\n<li><span style=\"line-height:1;\">Borage Oil</span>—soothing antioxidant and GLA-rich oil nourishes your skin’s moisture barrier.</li>\n<li><span style=\"line-height:1;\">Ceramide EOP, NS, NP, AS, AP</span>—fatty acid lipids help to lock in moisture and prevent dryness at the epidermis level.</li>\n</ul>\n<p style=\"font-size:16px;margin-top:0px;margin-bottom:1rem;color:#131e29;font-family:Lato;background-color:#ffffff;\"><strong><span><span style=\"line-height:1;\">Benefits</span></span></strong></p>\n<ul style=\"font-size:16px;padding-left:2rem;margin-top:0px;margin-bottom:1rem;color:#131e29;font-family:Lato;background-color:#ffffff;\">\n<li><span>Supports and replenishes your skin’s moisture barrier</span></li>\n<li><span>Hydrates even the driest, most sensitive skin</span></li>\n<li><span>Visibly balances the look of your skin with microbiome-friendly ingredients</span></li>\n<li><span>Postbiotics lock in moisture and defend against environmental irritants</span></li>\n</ul>\n<p style=\"font-size:16px;margin-top:0px;margin-bottom:1rem;color:#131e29;font-family:Lato;background-color:#ffffff;\"><span>Free of harsh chemicals, fragrance, parabens, formaldehydes, phenoxyethanol, mineral oil, phthalates, hydroquinone, sulfates, and other unwanted ingredients. Each product is tested for safety and sensitivity and is reviewed by a board-certified dermatologist. This product is vegan and cruelty free.</span></p>\n<p style=\"font-size:16px;margin-top:0px;margin-bottom:1rem;color:#131e29;font-family:Lato;background-color:#ffffff;\"><span style=\"line-height:1;\">How to Recycle:</span> The carton, bottle, and cap are fully recyclable. <span>Upon unboxing, flatten the carton and place in the recycling bin. Once you finish your product clean and dry the bottle, replace the cap, and recycle.</span></p>', '<p><span style=\"font-size:16px;color:#131e29;font-family:Lato;background-color:#ffffff;\">Ultra-hydrating cream soothes your skin, supports its moisture barrier, and locks in moisture</span></p>', 'usana-celavive-postbiotic-barrier-balm', '', '', 'Celavive Postbiotic Barrier Balm', '', '', NULL, NULL, NULL),
(197, 2, 1, '<p style=\"font-size:16px;margin-top:0px;margin-bottom:1rem;color:#131e29;font-family:Lato;background-color:#ffffff;\">This ultra-hydrating cream acts like a second skin to replenish your skin’s moisture barrier. <span>Its rich, creamy texture gently melts into a balm-like finish—with no greasy feel, harsh chemicals, or pore-clogging ingredients.</span> Features postbiotic <span>Lactobacillus ferment</span>, cupuacu butter, and five different ceramides to promote a hydrated, visibly soothed complexion.</p>\n<p style=\"font-size:16px;margin-top:0px;margin-bottom:1rem;color:#131e29;font-family:Lato;background-color:#ffffff;\"><strong><span style=\"line-height:1;\">Good For:</span></strong> All Skin Types + Improved Moisture Barrier + Blemish-Prone Skin + Soothing Hydration</p>\n<p style=\"font-size:16px;margin-top:0px;margin-bottom:1rem;color:#131e29;font-family:Lato;background-color:#ffffff;\"><strong><span style=\"line-height:1;\">How it Works:</span></strong> Postbiotics—a natural by-product of probiotic fermentation—lock in moisture, replenish the skin’s moisture barrier, and defend against environmental irritants. USANA’s postbiotic skincare works in harmony with your skin to promote a happy, well-balanced complexion. Barrier Balm offers cooling, gentle relief from dryness or skin sensitivity as it seals in hydration and helps to visibly restore moisture levels. </p>\n<p style=\"font-size:16px;margin-top:0px;margin-bottom:1rem;color:#131e29;font-family:Lato;background-color:#ffffff;\"><span style=\"line-height:1;\">How to Use:</span> Can be used morning and night after moisturiser for added hydration or as a spot treatment. Apply to clean face and neck, or other areas of skin that are dry, flaking, or irritated. </p>\n<p style=\"font-size:16px;margin-top:0px;margin-bottom:1rem;color:#131e29;font-family:Lato;background-color:#ffffff;\"><span style=\"line-height:1;\"><strong>Inside Our Formula:</strong> </span></p>\n<ul style=\"font-size:16px;padding-left:2rem;margin-top:0px;margin-bottom:1rem;color:#131e29;font-family:Lato;background-color:#ffffff;\">\n<li><span><span style=\"line-height:1;\">Lactobacillus Ferment</span>—postbiotic to target the appearance of dry skin and replenish your skin’s moisture barrier.</span></li>\n<li><span><span style=\"line-height:1;\">Cupuacu Butter</span>—rich antioxidant emollient for locked-in moisture and bounce for a smooth, supple complexion.</span></li>\n<li><span><span style=\"line-height:1;\">Olivol Botanical Blend (olive fruit extract, watermelon rind (</span></span><i><span><span style=\"line-height:1;\">Citrullus lanatus</span></span></i><span><span style=\"line-height:1;\">), lentil (</span></span><i><span><span style=\"line-height:1;\">Lens esculenta</span></span></i><span><span style=\"line-height:1;\">), and apple (</span></span><i><span><span style=\"line-height:1;\">Pyrus malus</span></span></i><span><span style=\"line-height:1;\">) fruit extracts)</span>—our unique blend of botanicals delivers 24 hours of hydration and restores a radiant glow. </span></li>\n<li><span style=\"line-height:1;\">Borage Oil</span>—soothing antioxidant and GLA-rich oil nourishes your skin’s moisture barrier.</li>\n<li><span style=\"line-height:1;\">Ceramide EOP, NS, NP, AS, AP</span>—fatty acid lipids help to lock in moisture and prevent dryness at the epidermis level.</li>\n</ul>\n<p style=\"font-size:16px;margin-top:0px;margin-bottom:1rem;color:#131e29;font-family:Lato;background-color:#ffffff;\"><strong><span><span style=\"line-height:1;\">Benefits</span></span></strong></p>\n<ul style=\"font-size:16px;padding-left:2rem;margin-top:0px;margin-bottom:1rem;color:#131e29;font-family:Lato;background-color:#ffffff;\">\n<li><span>Supports and replenishes your skin’s moisture barrier</span></li>\n<li><span>Hydrates even the driest, most sensitive skin</span></li>\n<li><span>Visibly balances the look of your skin with microbiome-friendly ingredients</span></li>\n<li><span>Postbiotics lock in moisture and defend against environmental irritants</span></li>\n</ul>\n<p style=\"font-size:16px;margin-top:0px;margin-bottom:1rem;color:#131e29;font-family:Lato;background-color:#ffffff;\"><span>Free of harsh chemicals, fragrance, parabens, formaldehydes, phenoxyethanol, mineral oil, phthalates, hydroquinone, sulfates, and other unwanted ingredients. Each product is tested for safety and sensitivity and is reviewed by a board-certified dermatologist. This product is vegan and cruelty free.</span></p>\n<p style=\"font-size:16px;margin-top:0px;margin-bottom:1rem;color:#131e29;font-family:Lato;background-color:#ffffff;\"><span style=\"line-height:1;\">How to Recycle:</span> The carton, bottle, and cap are fully recyclable. <span>Upon unboxing, flatten the carton and place in the recycling bin. Once you finish your product clean and dry the bottle, replace the cap, and recycle.</span></p>', '<p><span style=\"font-size:16px;color:#131e29;font-family:Lato;background-color:#ffffff;\">Ultra-hydrating cream soothes your skin, supports its moisture barrier, and locks in moisture</span></p>', 'usana-celavive-postbiotic-barrier-balm', '', '', 'Celavive Postbiotic Barrier Balm', '', '', NULL, NULL, NULL),
(197, 2, 2, '', '', '', '', '', '', '', '', '', '', NULL),
(197, 2, 3, '', '', '', '', '', '', '', '', '', '', NULL),
(197, 2, 4, '', '', '', '', '', '', '', '', '', '', NULL),
(197, 2, 5, '<p style=\"font-size:16px;margin-top:0px;margin-bottom:1rem;color:#131e29;font-family:Lato;background-color:#ffffff;\">This ultra-hydrating cream acts like a second skin to replenish your skin’s moisture barrier. <span>Its rich, creamy texture gently melts into a balm-like finish—with no greasy feel, harsh chemicals, or pore-clogging ingredients.</span> Features postbiotic <span>Lactobacillus ferment</span>, cupuacu butter, and five different ceramides to promote a hydrated, visibly soothed complexion.</p>\n<p style=\"font-size:16px;margin-top:0px;margin-bottom:1rem;color:#131e29;font-family:Lato;background-color:#ffffff;\"><strong><span style=\"line-height:1;\">Good For:</span></strong> All Skin Types + Improved Moisture Barrier + Blemish-Prone Skin + Soothing Hydration</p>\n<p style=\"font-size:16px;margin-top:0px;margin-bottom:1rem;color:#131e29;font-family:Lato;background-color:#ffffff;\"><strong><span style=\"line-height:1;\">How it Works:</span></strong> Postbiotics—a natural by-product of probiotic fermentation—lock in moisture, replenish the skin’s moisture barrier, and defend against environmental irritants. USANA’s postbiotic skincare works in harmony with your skin to promote a happy, well-balanced complexion. Barrier Balm offers cooling, gentle relief from dryness or skin sensitivity as it seals in hydration and helps to visibly restore moisture levels. </p>\n<p style=\"font-size:16px;margin-top:0px;margin-bottom:1rem;color:#131e29;font-family:Lato;background-color:#ffffff;\"><span style=\"line-height:1;\">How to Use:</span> Can be used morning and night after moisturiser for added hydration or as a spot treatment. Apply to clean face and neck, or other areas of skin that are dry, flaking, or irritated. </p>\n<p style=\"font-size:16px;margin-top:0px;margin-bottom:1rem;color:#131e29;font-family:Lato;background-color:#ffffff;\"><span style=\"line-height:1;\"><strong>Inside Our Formula:</strong> </span></p>\n<ul style=\"font-size:16px;padding-left:2rem;margin-top:0px;margin-bottom:1rem;color:#131e29;font-family:Lato;background-color:#ffffff;\">\n<li><span><span style=\"line-height:1;\">Lactobacillus Ferment</span>—postbiotic to target the appearance of dry skin and replenish your skin’s moisture barrier.</span></li>\n<li><span><span style=\"line-height:1;\">Cupuacu Butter</span>—rich antioxidant emollient for locked-in moisture and bounce for a smooth, supple complexion.</span></li>\n<li><span><span style=\"line-height:1;\">Olivol Botanical Blend (olive fruit extract, watermelon rind (</span></span><i><span><span style=\"line-height:1;\">Citrullus lanatus</span></span></i><span><span style=\"line-height:1;\">), lentil (</span></span><i><span><span style=\"line-height:1;\">Lens esculenta</span></span></i><span><span style=\"line-height:1;\">), and apple (</span></span><i><span><span style=\"line-height:1;\">Pyrus malus</span></span></i><span><span style=\"line-height:1;\">) fruit extracts)</span>—our unique blend of botanicals delivers 24 hours of hydration and restores a radiant glow. </span></li>\n<li><span style=\"line-height:1;\">Borage Oil</span>—soothing antioxidant and GLA-rich oil nourishes your skin’s moisture barrier.</li>\n<li><span style=\"line-height:1;\">Ceramide EOP, NS, NP, AS, AP</span>—fatty acid lipids help to lock in moisture and prevent dryness at the epidermis level.</li>\n</ul>\n<p style=\"font-size:16px;margin-top:0px;margin-bottom:1rem;color:#131e29;font-family:Lato;background-color:#ffffff;\"><strong><span><span style=\"line-height:1;\">Benefits</span></span></strong></p>\n<ul style=\"font-size:16px;padding-left:2rem;margin-top:0px;margin-bottom:1rem;color:#131e29;font-family:Lato;background-color:#ffffff;\">\n<li><span>Supports and replenishes your skin’s moisture barrier</span></li>\n<li><span>Hydrates even the driest, most sensitive skin</span></li>\n<li><span>Visibly balances the look of your skin with microbiome-friendly ingredients</span></li>\n<li><span>Postbiotics lock in moisture and defend against environmental irritants</span></li>\n</ul>\n<p style=\"font-size:16px;margin-top:0px;margin-bottom:1rem;color:#131e29;font-family:Lato;background-color:#ffffff;\"><span>Free of harsh chemicals, fragrance, parabens, formaldehydes, phenoxyethanol, mineral oil, phthalates, hydroquinone, sulfates, and other unwanted ingredients. Each product is tested for safety and sensitivity and is reviewed by a board-certified dermatologist. This product is vegan and cruelty free.</span></p>\n<p style=\"font-size:16px;margin-top:0px;margin-bottom:1rem;color:#131e29;font-family:Lato;background-color:#ffffff;\"><span style=\"line-height:1;\">How to Recycle:</span> The carton, bottle, and cap are fully recyclable. <span>Upon unboxing, flatten the carton and place in the recycling bin. Once you finish your product clean and dry the bottle, replace the cap, and recycle.</span></p>', '<p><span style=\"font-size:16px;color:#131e29;font-family:Lato;background-color:#ffffff;\">Ultra-hydrating cream soothes your skin, supports its moisture barrier, and locks in moisture</span></p>', 'usana-celavive-postbiotic-barrier-balm', '', '', 'Celavive Postbiotic Barrier Balm', '', '', NULL, NULL, NULL),
(197, 2, 6, '<p style=\"font-size:16px;margin-top:0px;margin-bottom:1rem;color:#131e29;font-family:Lato;background-color:#ffffff;\">This ultra-hydrating cream acts like a second skin to replenish your skin’s moisture barrier. <span>Its rich, creamy texture gently melts into a balm-like finish—with no greasy feel, harsh chemicals, or pore-clogging ingredients.</span> Features postbiotic <span>Lactobacillus ferment</span>, cupuacu butter, and five different ceramides to promote a hydrated, visibly soothed complexion.</p>\n<p style=\"font-size:16px;margin-top:0px;margin-bottom:1rem;color:#131e29;font-family:Lato;background-color:#ffffff;\"><strong><span style=\"line-height:1;\">Good For:</span></strong> All Skin Types + Improved Moisture Barrier + Blemish-Prone Skin + Soothing Hydration</p>\n<p style=\"font-size:16px;margin-top:0px;margin-bottom:1rem;color:#131e29;font-family:Lato;background-color:#ffffff;\"><strong><span style=\"line-height:1;\">How it Works:</span></strong> Postbiotics—a natural by-product of probiotic fermentation—lock in moisture, replenish the skin’s moisture barrier, and defend against environmental irritants. USANA’s postbiotic skincare works in harmony with your skin to promote a happy, well-balanced complexion. Barrier Balm offers cooling, gentle relief from dryness or skin sensitivity as it seals in hydration and helps to visibly restore moisture levels. </p>\n<p style=\"font-size:16px;margin-top:0px;margin-bottom:1rem;color:#131e29;font-family:Lato;background-color:#ffffff;\"><span style=\"line-height:1;\">How to Use:</span> Can be used morning and night after moisturiser for added hydration or as a spot treatment. Apply to clean face and neck, or other areas of skin that are dry, flaking, or irritated. </p>\n<p style=\"font-size:16px;margin-top:0px;margin-bottom:1rem;color:#131e29;font-family:Lato;background-color:#ffffff;\"><span style=\"line-height:1;\"><strong>Inside Our Formula:</strong> </span></p>\n<ul style=\"font-size:16px;padding-left:2rem;margin-top:0px;margin-bottom:1rem;color:#131e29;font-family:Lato;background-color:#ffffff;\">\n<li><span><span style=\"line-height:1;\">Lactobacillus Ferment</span>—postbiotic to target the appearance of dry skin and replenish your skin’s moisture barrier.</span></li>\n<li><span><span style=\"line-height:1;\">Cupuacu Butter</span>—rich antioxidant emollient for locked-in moisture and bounce for a smooth, supple complexion.</span></li>\n<li><span><span style=\"line-height:1;\">Olivol Botanical Blend (olive fruit extract, watermelon rind (</span></span><i><span><span style=\"line-height:1;\">Citrullus lanatus</span></span></i><span><span style=\"line-height:1;\">), lentil (</span></span><i><span><span style=\"line-height:1;\">Lens esculenta</span></span></i><span><span style=\"line-height:1;\">), and apple (</span></span><i><span><span style=\"line-height:1;\">Pyrus malus</span></span></i><span><span style=\"line-height:1;\">) fruit extracts)</span>—our unique blend of botanicals delivers 24 hours of hydration and restores a radiant glow. </span></li>\n<li><span style=\"line-height:1;\">Borage Oil</span>—soothing antioxidant and GLA-rich oil nourishes your skin’s moisture barrier.</li>\n<li><span style=\"line-height:1;\">Ceramide EOP, NS, NP, AS, AP</span>—fatty acid lipids help to lock in moisture and prevent dryness at the epidermis level.</li>\n</ul>\n<p style=\"font-size:16px;margin-top:0px;margin-bottom:1rem;color:#131e29;font-family:Lato;background-color:#ffffff;\"><strong><span><span style=\"line-height:1;\">Benefits</span></span></strong></p>\n<ul style=\"font-size:16px;padding-left:2rem;margin-top:0px;margin-bottom:1rem;color:#131e29;font-family:Lato;background-color:#ffffff;\">\n<li><span>Supports and replenishes your skin’s moisture barrier</span></li>\n<li><span>Hydrates even the driest, most sensitive skin</span></li>\n<li><span>Visibly balances the look of your skin with microbiome-friendly ingredients</span></li>\n<li><span>Postbiotics lock in moisture and defend against environmental irritants</span></li>\n</ul>\n<p style=\"font-size:16px;margin-top:0px;margin-bottom:1rem;color:#131e29;font-family:Lato;background-color:#ffffff;\"><span>Free of harsh chemicals, fragrance, parabens, formaldehydes, phenoxyethanol, mineral oil, phthalates, hydroquinone, sulfates, and other unwanted ingredients. Each product is tested for safety and sensitivity and is reviewed by a board-certified dermatologist. This product is vegan and cruelty free.</span></p>\n<p style=\"font-size:16px;margin-top:0px;margin-bottom:1rem;color:#131e29;font-family:Lato;background-color:#ffffff;\"><span style=\"line-height:1;\">How to Recycle:</span> The carton, bottle, and cap are fully recyclable. <span>Upon unboxing, flatten the carton and place in the recycling bin. Once you finish your product clean and dry the bottle, replace the cap, and recycle.</span></p>', '<p><span style=\"font-size:16px;color:#131e29;font-family:Lato;background-color:#ffffff;\">Ultra-hydrating cream soothes your skin, supports its moisture barrier, and locks in moisture</span></p>', 'usana-celavive-postbiotic-barrier-balm', '', '', 'Celavive Postbiotic Barrier Balm', '', '', NULL, NULL, NULL),
(198, 1, 1, '', '', '', '', '', '', '', '', NULL, NULL, NULL),
(198, 1, 2, '', '', '', '', '', '', '', '', '', '', NULL),
(198, 1, 3, '', '', '', '', '', '', '', '', '', '', NULL),
(198, 1, 4, '', '', '', '', '', '', '', '', '', '', NULL),
(198, 1, 5, '', '', '', '', '', '', '', '', NULL, NULL, NULL),
(198, 1, 6, '', '', '', '', '', '', '', '', NULL, NULL, NULL),
(198, 2, 1, '<p style=\"font-size:16px;margin-top:0px;margin-bottom:1rem;color:#131e29;font-family:Lato;background-color:#ffffff;\">Nourish and cleanse with ingredients that leave your skin feeling soft and smooth—never stripped or visibly irritated. This lightweight microfoaming cleanser gently dissolves dirt while postbiotics help to balance and support your skin\'s natural moisture barrier.</p>\n<p style=\"font-size:16px;margin-top:0px;margin-bottom:1rem;color:#131e29;font-family:Lato;background-color:#ffffff;\"><strong><span style=\"line-height:1;\">Good For:</span></strong> All Skin Types + Gentle Cleansing + Stressed or Blemish-Prone Skin + Breakouts + Impaired Moisture Barrier + Drynes<span>s</span></p>\n<p style=\"font-size:16px;margin-top:0px;margin-bottom:1rem;color:#131e29;font-family:Lato;background-color:#ffffff;\"><strong><span style=\"line-height:1;\">How it Works:</span></strong> Postbiotics—a natural by-product of probiotic fermentation—lock in moisture, replenish the skin’s moisture barrier, and defend against environmental irritants. USANA’s postbiotic skincare works in harmony with your skin to hydrate and cleanse a happy, well-balanced complexion. </p>\n<p style=\"font-size:16px;margin-top:0px;margin-bottom:1rem;color:#131e29;font-family:Lato;background-color:#ffffff;\"><strong><span style=\"line-height:1;\">How to Use:</span></strong> Apply to damp skin, massage onto face and neck, and rinse with warm water.</p>\n<p style=\"font-size:16px;margin-top:0px;margin-bottom:1rem;color:#131e29;font-family:Lato;background-color:#ffffff;\"><strong><span style=\"line-height:1;\">Inside Our Formula: </span></strong></p>\n<ul style=\"font-size:16px;padding-left:2rem;margin-top:0px;margin-bottom:1rem;color:#131e29;font-family:Lato;background-color:#ffffff;\">\n<li><span style=\"line-height:1;\">Lactobacillus Ferment</span>—<span>p</span>ostbiotic to target the appearance of dry skin and replenish your skin moisture barrier.</li>\n<li><span><span style=\"line-height:1;\">Sweet Almond Oil</span>—</span>a lightweight emollient oil infuses vitamin-rich and antioxidant properties to hydrate, soothe, and smooth your complexion.</li>\n<li><span style=\"line-height:1;\">Olivol Botanical Blend </span><span><span style=\"line-height:1;\">(olive fruit extract, watermelon rind (</span></span><i><span><span style=\"line-height:1;\">Citrullus lanatus</span></span></i><span><span style=\"line-height:1;\">), lentil (</span></span><i><span><span style=\"line-height:1;\">Lens esculenta</span></span></i><span><span style=\"line-height:1;\">), and apple (</span></span><i><span><span style=\"line-height:1;\">Pyrus malus</span></span></i><span><span style=\"line-height:1;\">) fruit extracts)</span></span>—<span>our unique blend of botanicals delivers 24 hours of hydration and restores a radiant glow.</span></li>\n</ul>\n<p style=\"font-size:16px;margin-top:0px;margin-bottom:1rem;color:#131e29;font-family:Lato;background-color:#ffffff;\"><strong><span><span style=\"line-height:1;\">Benefits</span></span></strong></p>\n<ul style=\"font-size:16px;padding-left:2rem;margin-top:0px;margin-bottom:1rem;color:#131e29;font-family:Lato;background-color:#ffffff;\">\n<li><span>Supports your skin’s moisture barrier</span></li>\n<li><span>Dissolves dirt without irritation </span></li>\n<li><span>Hydrates even the driest, most sensitive skin</span></li>\n<li><span>Postbiotics lock in moisture, replenish the skin’s moisture barrier, and defend against environmental irritants</span></li>\n</ul>\n<p style=\"font-size:16px;margin-top:0px;margin-bottom:1rem;color:#131e29;font-family:Lato;background-color:#ffffff;\"><span>Free of harsh chemicals, fragrance, parabens, formaldehydes, phenoxyethanol, mineral oil, phthalates, hydroquinone, sulfates, and other unwanted ingredients. Each product is tested for safety and sensitivity and is reviewed by a board-certified dermatologist. This product is vegan and cruelty free.</span></p>\n<p style=\"font-size:16px;margin-top:0px;margin-bottom:1rem;color:#131e29;font-family:Lato;background-color:#ffffff;\"><span><span style=\"line-height:1;\">How to Recycle:</span> The product carton, bottle, and cap are fully recyclable. Upon unboxing, flatten the carton and place in the recycling bin. Once you finish your product, clean and dry the bottle, then recycle the bottle and cap.</span></p>', '<p class=\"short-description\" style=\"font-size:16px;margin:2px 0px 0px;color:#131e29;font-family:Lato;background-color:#ffffff;\">Microfoam with hydrating sweet almond oil gently dissolves dirt and impurities</p>\n<div class=\"product-review-static ng-star-inserted\" style=\"font-size:14px;margin:10px 0px 8px;\"><span class=\"product-review-stars\"><span class=\"fa-regular fa-star\" style=\"line-height:1;font-family:\'Font Awesome 6 Pro\';font-size:16px;margin-right:8px;\"></span></span></div>', 'usana-celavive-postbiotic-calming-cleanser', '', '', 'Celavive Postbiotic Calming Cleanser', '', '', NULL, NULL, NULL),
(198, 2, 2, '', '', '', '', '', '', '', '', '', '', NULL),
(198, 2, 3, '', '', '', '', '', '', '', '', '', '', NULL),
(198, 2, 4, '', '', '', '', '', '', '', '', '', '', NULL),
(198, 2, 5, '<p style=\"font-size:16px;margin-top:0px;margin-bottom:1rem;color:#131e29;font-family:Lato;background-color:#ffffff;\">Nourish and cleanse with ingredients that leave your skin feeling soft and smooth—never stripped or visibly irritated. This lightweight microfoaming cleanser gently dissolves dirt while postbiotics help to balance and support your skin\'s natural moisture barrier.</p>\n<p style=\"font-size:16px;margin-top:0px;margin-bottom:1rem;color:#131e29;font-family:Lato;background-color:#ffffff;\"><strong><span style=\"line-height:1;\">Good For:</span></strong> All Skin Types + Gentle Cleansing + Stressed or Blemish-Prone Skin + Breakouts + Impaired Moisture Barrier + Drynes<span>s</span></p>\n<p style=\"font-size:16px;margin-top:0px;margin-bottom:1rem;color:#131e29;font-family:Lato;background-color:#ffffff;\"><strong><span style=\"line-height:1;\">How it Works:</span></strong> Postbiotics—a natural by-product of probiotic fermentation—lock in moisture, replenish the skin’s moisture barrier, and defend against environmental irritants. USANA’s postbiotic skincare works in harmony with your skin to hydrate and cleanse a happy, well-balanced complexion. </p>\n<p style=\"font-size:16px;margin-top:0px;margin-bottom:1rem;color:#131e29;font-family:Lato;background-color:#ffffff;\"><strong><span style=\"line-height:1;\">How to Use:</span></strong> Apply to damp skin, massage onto face and neck, and rinse with warm water.</p>\n<p style=\"font-size:16px;margin-top:0px;margin-bottom:1rem;color:#131e29;font-family:Lato;background-color:#ffffff;\"><strong><span style=\"line-height:1;\">Inside Our Formula: </span></strong></p>\n<ul style=\"font-size:16px;padding-left:2rem;margin-top:0px;margin-bottom:1rem;color:#131e29;font-family:Lato;background-color:#ffffff;\">\n<li><span style=\"line-height:1;\">Lactobacillus Ferment</span>—<span>p</span>ostbiotic to target the appearance of dry skin and replenish your skin moisture barrier.</li>\n<li><span><span style=\"line-height:1;\">Sweet Almond Oil</span>—</span>a lightweight emollient oil infuses vitamin-rich and antioxidant properties to hydrate, soothe, and smooth your complexion.</li>\n<li><span style=\"line-height:1;\">Olivol Botanical Blend </span><span><span style=\"line-height:1;\">(olive fruit extract, watermelon rind (</span></span><i><span><span style=\"line-height:1;\">Citrullus lanatus</span></span></i><span><span style=\"line-height:1;\">), lentil (</span></span><i><span><span style=\"line-height:1;\">Lens esculenta</span></span></i><span><span style=\"line-height:1;\">), and apple (</span></span><i><span><span style=\"line-height:1;\">Pyrus malus</span></span></i><span><span style=\"line-height:1;\">) fruit extracts)</span></span>—<span>our unique blend of botanicals delivers 24 hours of hydration and restores a radiant glow.</span></li>\n</ul>\n<p style=\"font-size:16px;margin-top:0px;margin-bottom:1rem;color:#131e29;font-family:Lato;background-color:#ffffff;\"><strong><span><span style=\"line-height:1;\">Benefits</span></span></strong></p>\n<ul style=\"font-size:16px;padding-left:2rem;margin-top:0px;margin-bottom:1rem;color:#131e29;font-family:Lato;background-color:#ffffff;\">\n<li><span>Supports your skin’s moisture barrier</span></li>\n<li><span>Dissolves dirt without irritation </span></li>\n<li><span>Hydrates even the driest, most sensitive skin</span></li>\n<li><span>Postbiotics lock in moisture, replenish the skin’s moisture barrier, and defend against environmental irritants</span></li>\n</ul>\n<p style=\"font-size:16px;margin-top:0px;margin-bottom:1rem;color:#131e29;font-family:Lato;background-color:#ffffff;\"><span>Free of harsh chemicals, fragrance, parabens, formaldehydes, phenoxyethanol, mineral oil, phthalates, hydroquinone, sulfates, and other unwanted ingredients. Each product is tested for safety and sensitivity and is reviewed by a board-certified dermatologist. This product is vegan and cruelty free.</span></p>\n<p style=\"font-size:16px;margin-top:0px;margin-bottom:1rem;color:#131e29;font-family:Lato;background-color:#ffffff;\"><span><span style=\"line-height:1;\">How to Recycle:</span> The product carton, bottle, and cap are fully recyclable. Upon unboxing, flatten the carton and place in the recycling bin. Once you finish your product, clean and dry the bottle, then recycle the bottle and cap.</span></p>', '<p class=\"short-description\" style=\"font-size:16px;margin:2px 0px 0px;color:#131e29;font-family:Lato;background-color:#ffffff;\">Microfoam with hydrating sweet almond oil gently dissolves dirt and impurities</p>\n<div class=\"product-review-static ng-star-inserted\" style=\"font-size:14px;margin:10px 0px 8px;\"><span class=\"product-review-stars\"><span class=\"fa-regular fa-star\" style=\"line-height:1;font-family:\'Font Awesome 6 Pro\';font-size:16px;margin-right:8px;\"></span></span></div>', 'usana-celavive-postbiotic-calming-cleanser', '', '', 'Celavive Postbiotic Calming Cleanser', '', '', NULL, NULL, NULL),
(198, 2, 6, '<p style=\"font-size:16px;margin-top:0px;margin-bottom:1rem;color:#131e29;font-family:Lato;background-color:#ffffff;\">Nourish and cleanse with ingredients that leave your skin feeling soft and smooth—never stripped or visibly irritated. This lightweight microfoaming cleanser gently dissolves dirt while postbiotics help to balance and support your skin\'s natural moisture barrier.</p>\n<p style=\"font-size:16px;margin-top:0px;margin-bottom:1rem;color:#131e29;font-family:Lato;background-color:#ffffff;\"><strong><span style=\"line-height:1;\">Good For:</span></strong> All Skin Types + Gentle Cleansing + Stressed or Blemish-Prone Skin + Breakouts + Impaired Moisture Barrier + Drynes<span>s</span></p>\n<p style=\"font-size:16px;margin-top:0px;margin-bottom:1rem;color:#131e29;font-family:Lato;background-color:#ffffff;\"><strong><span style=\"line-height:1;\">How it Works:</span></strong> Postbiotics—a natural by-product of probiotic fermentation—lock in moisture, replenish the skin’s moisture barrier, and defend against environmental irritants. USANA’s postbiotic skincare works in harmony with your skin to hydrate and cleanse a happy, well-balanced complexion. </p>\n<p style=\"font-size:16px;margin-top:0px;margin-bottom:1rem;color:#131e29;font-family:Lato;background-color:#ffffff;\"><strong><span style=\"line-height:1;\">How to Use:</span></strong> Apply to damp skin, massage onto face and neck, and rinse with warm water.</p>\n<p style=\"font-size:16px;margin-top:0px;margin-bottom:1rem;color:#131e29;font-family:Lato;background-color:#ffffff;\"><strong><span style=\"line-height:1;\">Inside Our Formula: </span></strong></p>\n<ul style=\"font-size:16px;padding-left:2rem;margin-top:0px;margin-bottom:1rem;color:#131e29;font-family:Lato;background-color:#ffffff;\">\n<li><span style=\"line-height:1;\">Lactobacillus Ferment</span>—<span>p</span>ostbiotic to target the appearance of dry skin and replenish your skin moisture barrier.</li>\n<li><span><span style=\"line-height:1;\">Sweet Almond Oil</span>—</span>a lightweight emollient oil infuses vitamin-rich and antioxidant properties to hydrate, soothe, and smooth your complexion.</li>\n<li><span style=\"line-height:1;\">Olivol Botanical Blend </span><span><span style=\"line-height:1;\">(olive fruit extract, watermelon rind (</span></span><i><span><span style=\"line-height:1;\">Citrullus lanatus</span></span></i><span><span style=\"line-height:1;\">), lentil (</span></span><i><span><span style=\"line-height:1;\">Lens esculenta</span></span></i><span><span style=\"line-height:1;\">), and apple (</span></span><i><span><span style=\"line-height:1;\">Pyrus malus</span></span></i><span><span style=\"line-height:1;\">) fruit extracts)</span></span>—<span>our unique blend of botanicals delivers 24 hours of hydration and restores a radiant glow.</span></li>\n</ul>\n<p style=\"font-size:16px;margin-top:0px;margin-bottom:1rem;color:#131e29;font-family:Lato;background-color:#ffffff;\"><strong><span><span style=\"line-height:1;\">Benefits</span></span></strong></p>\n<ul style=\"font-size:16px;padding-left:2rem;margin-top:0px;margin-bottom:1rem;color:#131e29;font-family:Lato;background-color:#ffffff;\">\n<li><span>Supports your skin’s moisture barrier</span></li>\n<li><span>Dissolves dirt without irritation </span></li>\n<li><span>Hydrates even the driest, most sensitive skin</span></li>\n<li><span>Postbiotics lock in moisture, replenish the skin’s moisture barrier, and defend against environmental irritants</span></li>\n</ul>\n<p style=\"font-size:16px;margin-top:0px;margin-bottom:1rem;color:#131e29;font-family:Lato;background-color:#ffffff;\"><span>Free of harsh chemicals, fragrance, parabens, formaldehydes, phenoxyethanol, mineral oil, phthalates, hydroquinone, sulfates, and other unwanted ingredients. Each product is tested for safety and sensitivity and is reviewed by a board-certified dermatologist. This product is vegan and cruelty free.</span></p>\n<p style=\"font-size:16px;margin-top:0px;margin-bottom:1rem;color:#131e29;font-family:Lato;background-color:#ffffff;\"><span><span style=\"line-height:1;\">How to Recycle:</span> The product carton, bottle, and cap are fully recyclable. Upon unboxing, flatten the carton and place in the recycling bin. Once you finish your product, clean and dry the bottle, then recycle the bottle and cap.</span></p>', '<p class=\"short-description\" style=\"font-size:16px;margin:2px 0px 0px;color:#131e29;font-family:Lato;background-color:#ffffff;\">Microfoam with hydrating sweet almond oil gently dissolves dirt and impurities</p>\n<div class=\"product-review-static ng-star-inserted\" style=\"font-size:14px;margin:10px 0px 8px;\"><span class=\"product-review-stars\"><span class=\"fa-regular fa-star\" style=\"line-height:1;font-family:\'Font Awesome 6 Pro\';font-size:16px;margin-right:8px;\"></span></span></div>', 'usana-celavive-postbiotic-calming-cleanser', '', '', 'Celavive Postbiotic Calming Cleanser', '', '', NULL, NULL, NULL),
(199, 1, 1, '<p style=\"font-size:16px;margin-top:0px;margin-bottom:1rem;color:#131e29;font-family:Lato;background-color:#ffffff;\">This calming daily serum helps to visibly reset and balance your skin for a soothed, hydrated, and glowing complexion. Its lightweight formula features microbiome-friendly postbiotics and soothing botanicals to improve the look of stressed skin and help replenish moisture. Settle in to a visibly calm, recharged complexion without sensitivity or dryness.<br /><br /><span style=\"line-height:1;\">Good For:</span> All Skin Types + Stressed or Blemish-Prone Skin + Breakouts + Impaired Moisture Barrier + Redness or Sensitivity<br /><br /><span style=\"line-height:1;\">How it Works:</span> Postbiotics—a natural by-product of probiotic fermentation—lock in moisture, replenish the skin’s moisture barrier, and defend against environmental irritants. USANA’s postbiotic skincare works in harmony with your skin to promote a happy, well-balanced complexion. <br /><br /><span style=\"line-height:1;\">28-Day Clinical Study Results*</span><br /><br />Participants noticed significant improvement in the following areas:<span> </span></p>\n<ul style=\"font-size:16px;padding-left:2rem;margin-top:0px;margin-bottom:1rem;color:#131e29;font-family:Lato;background-color:#ffffff;\">\n<li>More glowing skin</li>\n<li>Even-looking complexion</li>\n<li>More calm-looking and less visible redness</li>\n<li>Less blotchy-looking skin</li>\n<li>Less visibly enlarged pores</li>\n</ul>\n<p style=\"font-size:16px;margin-top:0px;margin-bottom:1rem;color:#131e29;font-family:Lato;background-color:#ffffff;\"> </p>\n<p style=\"font-size:16px;margin-top:0px;margin-bottom:1rem;color:#131e29;font-family:Lato;background-color:#ffffff;\"><span>*</span><i> </i><span>The effects of this product may vary among individuals. </span><i>In Vivo</i><span> study </span>SSGM-US-001 by Sequential Skin Inc. 2023.<br /><br /><strong><span style=\"line-height:1;\">How to Use:</span></strong> After cleansing and toning, gently massage or pat on face and neck. Can be applied both morning and night.<br /><br /><span style=\"line-height:1;\">Inside Our Formula: </span></p>\n<ul style=\"font-size:16px;padding-left:2rem;margin-top:0px;margin-bottom:1rem;color:#131e29;font-family:Lato;background-color:#ffffff;\">\n<li><span><span style=\"line-height:1;\">Saccharide Isomerate—</span>soothing marine postbiotic helps lock in hydration to maintain your skin’s natural moisture barrier while promoting optimal balance.</span></li>\n<li><span><span style=\"line-height:1;\">Olivol Botanical Blend (olive fruit extract, watermelon rind (</span></span><i><span><span style=\"line-height:1;\">Citrullus lanatus</span></span></i><span><span style=\"line-height:1;\">), lentil (</span></span><i><span><span style=\"line-height:1;\">Lens esculenta</span></span></i><span><span style=\"line-height:1;\">), and apple (</span></span><i><span><span style=\"line-height:1;\">Pyrus malus</span></span></i><span><span style=\"line-height:1;\">) fruit extracts)—</span>Our unique blend of botanicals delivers 24 hours of hydration and restores a radiant glow.</span></li>\n<li><i><span style=\"line-height:1;\">Punica granatum pericarp</span></i><span style=\"line-height:1;\"> Extract—</span>powerful antioxidant that helps protect skin from dryness and environmental stressors. </li>\n<li><span style=\"line-height:1;\">Menthyl Lactate—</span>provides a gentle cooling and refreshing feeling to the skin.</li>\n</ul>\n<p style=\"font-size:16px;margin-top:0px;margin-bottom:1rem;color:#131e29;font-family:Lato;background-color:#ffffff;\"><br /><span>Free of harsh chemicals, fragrance, parabens, formaldehydes, phenoxyethanol, mineral oil, phthalates, hydroquinone, sulfates, and other unwanted ingredients. Each product is tested for safety and sensitivity and is reviewed by a board-certified dermatologist. This product isvegan and cruelty-free.</span><br /><br /><strong><span style=\"line-height:1;\">How to </span></strong><span><strong><span style=\"line-height:1;\">Recycle:</span></strong> The product carton is fully recyclable. Upon unboxing, flatten the carton and place in the recycling bin. </span></p>', '<p><span style=\"font-size:16px;color:#131e29;font-family:Lato;background-color:#ffffff;\">Hero serum supports your skin barrier for more youthful-looking skin—all powered by postbiotics</span></p>', 'usana-celavive-postbiotic-rescue-serum', '', '', 'Celavive Postbiotic Rescue Serum', '', '', NULL, NULL, NULL),
(199, 1, 2, '', '', '', '', '', '', '', '', '', '', NULL),
(199, 1, 3, '', '', '', '', '', '', '', '', '', '', NULL),
(199, 1, 4, '', '', '', '', '', '', '', '', '', '', NULL),
(199, 1, 5, '<p style=\"font-size:16px;margin-top:0px;margin-bottom:1rem;color:#131e29;font-family:Lato;background-color:#ffffff;\">This calming daily serum helps to visibly reset and balance your skin for a soothed, hydrated, and glowing complexion. Its lightweight formula features microbiome-friendly postbiotics and soothing botanicals to improve the look of stressed skin and help replenish moisture. Settle in to a visibly calm, recharged complexion without sensitivity or dryness.<br /><br /><span style=\"line-height:1;\">Good For:</span> All Skin Types + Stressed or Blemish-Prone Skin + Breakouts + Impaired Moisture Barrier + Redness or Sensitivity<br /><br /><span style=\"line-height:1;\">How it Works:</span> Postbiotics—a natural by-product of probiotic fermentation—lock in moisture, replenish the skin’s moisture barrier, and defend against environmental irritants. USANA’s postbiotic skincare works in harmony with your skin to promote a happy, well-balanced complexion. <br /><br /><span style=\"line-height:1;\">28-Day Clinical Study Results*</span><br /><br />Participants noticed significant improvement in the following areas:<span> </span></p>\n<ul style=\"font-size:16px;padding-left:2rem;margin-top:0px;margin-bottom:1rem;color:#131e29;font-family:Lato;background-color:#ffffff;\">\n<li>More glowing skin</li>\n<li>Even-looking complexion</li>\n<li>More calm-looking and less visible redness</li>\n<li>Less blotchy-looking skin</li>\n<li>Less visibly enlarged pores</li>\n</ul>\n<p style=\"font-size:16px;margin-top:0px;margin-bottom:1rem;color:#131e29;font-family:Lato;background-color:#ffffff;\"> </p>\n<p style=\"font-size:16px;margin-top:0px;margin-bottom:1rem;color:#131e29;font-family:Lato;background-color:#ffffff;\"><span>*</span><i> </i><span>The effects of this product may vary among individuals. </span><i>In Vivo</i><span> study </span>SSGM-US-001 by Sequential Skin Inc. 2023.<br /><br /><strong><span style=\"line-height:1;\">How to Use:</span></strong> After cleansing and toning, gently massage or pat on face and neck. Can be applied both morning and night.<br /><br /><span style=\"line-height:1;\">Inside Our Formula: </span></p>\n<ul style=\"font-size:16px;padding-left:2rem;margin-top:0px;margin-bottom:1rem;color:#131e29;font-family:Lato;background-color:#ffffff;\">\n<li><span><span style=\"line-height:1;\">Saccharide Isomerate—</span>soothing marine postbiotic helps lock in hydration to maintain your skin’s natural moisture barrier while promoting optimal balance.</span></li>\n<li><span><span style=\"line-height:1;\">Olivol Botanical Blend (olive fruit extract, watermelon rind (</span></span><i><span><span style=\"line-height:1;\">Citrullus lanatus</span></span></i><span><span style=\"line-height:1;\">), lentil (</span></span><i><span><span style=\"line-height:1;\">Lens esculenta</span></span></i><span><span style=\"line-height:1;\">), and apple (</span></span><i><span><span style=\"line-height:1;\">Pyrus malus</span></span></i><span><span style=\"line-height:1;\">) fruit extracts)—</span>Our unique blend of botanicals delivers 24 hours of hydration and restores a radiant glow.</span></li>\n<li><i><span style=\"line-height:1;\">Punica granatum pericarp</span></i><span style=\"line-height:1;\"> Extract—</span>powerful antioxidant that helps protect skin from dryness and environmental stressors. </li>\n<li><span style=\"line-height:1;\">Menthyl Lactate—</span>provides a gentle cooling and refreshing feeling to the skin.</li>\n</ul>\n<p style=\"font-size:16px;margin-top:0px;margin-bottom:1rem;color:#131e29;font-family:Lato;background-color:#ffffff;\"><br /><span>Free of harsh chemicals, fragrance, parabens, formaldehydes, phenoxyethanol, mineral oil, phthalates, hydroquinone, sulfates, and other unwanted ingredients. Each product is tested for safety and sensitivity and is reviewed by a board-certified dermatologist. This product isvegan and cruelty-free.</span><br /><br /><strong><span style=\"line-height:1;\">How to </span></strong><span><strong><span style=\"line-height:1;\">Recycle:</span></strong> The product carton is fully recyclable. Upon unboxing, flatten the carton and place in the recycling bin. </span></p>', '<p><span style=\"font-size:16px;color:#131e29;font-family:Lato;background-color:#ffffff;\">Hero serum supports your skin barrier for more youthful-looking skin—all powered by postbiotics</span></p>', 'usana-celavive-postbiotic-rescue-serum', '', '', 'Celavive Postbiotic Rescue Serum', '', '', NULL, NULL, NULL);
INSERT INTO `xio8d_product_lang` (`id_product`, `id_shop`, `id_lang`, `description`, `description_short`, `link_rewrite`, `meta_description`, `meta_title`, `name`, `available_now`, `available_later`, `delivery_in_stock`, `delivery_out_stock`, `supplement_facts`) VALUES
(199, 1, 6, '<p style=\"font-size:16px;margin-top:0px;margin-bottom:1rem;color:#131e29;font-family:Lato;background-color:#ffffff;\">This calming daily serum helps to visibly reset and balance your skin for a soothed, hydrated, and glowing complexion. Its lightweight formula features microbiome-friendly postbiotics and soothing botanicals to improve the look of stressed skin and help replenish moisture. Settle in to a visibly calm, recharged complexion without sensitivity or dryness.<br /><br /><span style=\"line-height:1;\">Good For:</span> All Skin Types + Stressed or Blemish-Prone Skin + Breakouts + Impaired Moisture Barrier + Redness or Sensitivity<br /><br /><span style=\"line-height:1;\">How it Works:</span> Postbiotics—a natural by-product of probiotic fermentation—lock in moisture, replenish the skin’s moisture barrier, and defend against environmental irritants. USANA’s postbiotic skincare works in harmony with your skin to promote a happy, well-balanced complexion. <br /><br /><span style=\"line-height:1;\">28-Day Clinical Study Results*</span><br /><br />Participants noticed significant improvement in the following areas:<span> </span></p>\n<ul style=\"font-size:16px;padding-left:2rem;margin-top:0px;margin-bottom:1rem;color:#131e29;font-family:Lato;background-color:#ffffff;\">\n<li>More glowing skin</li>\n<li>Even-looking complexion</li>\n<li>More calm-looking and less visible redness</li>\n<li>Less blotchy-looking skin</li>\n<li>Less visibly enlarged pores</li>\n</ul>\n<p style=\"font-size:16px;margin-top:0px;margin-bottom:1rem;color:#131e29;font-family:Lato;background-color:#ffffff;\"> </p>\n<p style=\"font-size:16px;margin-top:0px;margin-bottom:1rem;color:#131e29;font-family:Lato;background-color:#ffffff;\"><span>*</span><i> </i><span>The effects of this product may vary among individuals. </span><i>In Vivo</i><span> study </span>SSGM-US-001 by Sequential Skin Inc. 2023.<br /><br /><strong><span style=\"line-height:1;\">How to Use:</span></strong> After cleansing and toning, gently massage or pat on face and neck. Can be applied both morning and night.<br /><br /><span style=\"line-height:1;\">Inside Our Formula: </span></p>\n<ul style=\"font-size:16px;padding-left:2rem;margin-top:0px;margin-bottom:1rem;color:#131e29;font-family:Lato;background-color:#ffffff;\">\n<li><span><span style=\"line-height:1;\">Saccharide Isomerate—</span>soothing marine postbiotic helps lock in hydration to maintain your skin’s natural moisture barrier while promoting optimal balance.</span></li>\n<li><span><span style=\"line-height:1;\">Olivol Botanical Blend (olive fruit extract, watermelon rind (</span></span><i><span><span style=\"line-height:1;\">Citrullus lanatus</span></span></i><span><span style=\"line-height:1;\">), lentil (</span></span><i><span><span style=\"line-height:1;\">Lens esculenta</span></span></i><span><span style=\"line-height:1;\">), and apple (</span></span><i><span><span style=\"line-height:1;\">Pyrus malus</span></span></i><span><span style=\"line-height:1;\">) fruit extracts)—</span>Our unique blend of botanicals delivers 24 hours of hydration and restores a radiant glow.</span></li>\n<li><i><span style=\"line-height:1;\">Punica granatum pericarp</span></i><span style=\"line-height:1;\"> Extract—</span>powerful antioxidant that helps protect skin from dryness and environmental stressors. </li>\n<li><span style=\"line-height:1;\">Menthyl Lactate—</span>provides a gentle cooling and refreshing feeling to the skin.</li>\n</ul>\n<p style=\"font-size:16px;margin-top:0px;margin-bottom:1rem;color:#131e29;font-family:Lato;background-color:#ffffff;\"><br /><span>Free of harsh chemicals, fragrance, parabens, formaldehydes, phenoxyethanol, mineral oil, phthalates, hydroquinone, sulfates, and other unwanted ingredients. Each product is tested for safety and sensitivity and is reviewed by a board-certified dermatologist. This product isvegan and cruelty-free.</span><br /><br /><strong><span style=\"line-height:1;\">How to </span></strong><span><strong><span style=\"line-height:1;\">Recycle:</span></strong> The product carton is fully recyclable. Upon unboxing, flatten the carton and place in the recycling bin. </span></p>', '<p><span style=\"font-size:16px;color:#131e29;font-family:Lato;background-color:#ffffff;\">Hero serum supports your skin barrier for more youthful-looking skin—all powered by postbiotics</span></p>', 'usana-celavive-postbiotic-rescue-serum', '', '', 'Celavive Postbiotic Rescue Serum', '', '', NULL, NULL, NULL),
(199, 2, 1, '<p style=\"font-size:16px;margin-top:0px;margin-bottom:1rem;color:#131e29;font-family:Lato;background-color:#ffffff;\">This calming daily serum helps to visibly reset and balance your skin for a soothed, hydrated, and glowing complexion. Its lightweight formula features microbiome-friendly postbiotics and soothing botanicals to improve the look of stressed skin and help replenish moisture. Settle in to a visibly calm, recharged complexion without sensitivity or dryness.<br /><br /><span style=\"line-height:1;\">Good For:</span> All Skin Types + Stressed or Blemish-Prone Skin + Breakouts + Impaired Moisture Barrier + Redness or Sensitivity<br /><br /><span style=\"line-height:1;\">How it Works:</span> Postbiotics—a natural by-product of probiotic fermentation—lock in moisture, replenish the skin’s moisture barrier, and defend against environmental irritants. USANA’s postbiotic skincare works in harmony with your skin to promote a happy, well-balanced complexion. <br /><br /><span style=\"line-height:1;\">28-Day Clinical Study Results*</span><br /><br />Participants noticed significant improvement in the following areas:<span> </span></p>\n<ul style=\"font-size:16px;padding-left:2rem;margin-top:0px;margin-bottom:1rem;color:#131e29;font-family:Lato;background-color:#ffffff;\">\n<li>More glowing skin</li>\n<li>Even-looking complexion</li>\n<li>More calm-looking and less visible redness</li>\n<li>Less blotchy-looking skin</li>\n<li>Less visibly enlarged pores</li>\n</ul>\n<p style=\"font-size:16px;margin-top:0px;margin-bottom:1rem;color:#131e29;font-family:Lato;background-color:#ffffff;\"> </p>\n<p style=\"font-size:16px;margin-top:0px;margin-bottom:1rem;color:#131e29;font-family:Lato;background-color:#ffffff;\"><span>*</span><i> </i><span>The effects of this product may vary among individuals. </span><i>In Vivo</i><span> study </span>SSGM-US-001 by Sequential Skin Inc. 2023.<br /><br /><strong><span style=\"line-height:1;\">How to Use:</span></strong> After cleansing and toning, gently massage or pat on face and neck. Can be applied both morning and night.<br /><br /><span style=\"line-height:1;\">Inside Our Formula: </span></p>\n<ul style=\"font-size:16px;padding-left:2rem;margin-top:0px;margin-bottom:1rem;color:#131e29;font-family:Lato;background-color:#ffffff;\">\n<li><span><span style=\"line-height:1;\">Saccharide Isomerate—</span>soothing marine postbiotic helps lock in hydration to maintain your skin’s natural moisture barrier while promoting optimal balance.</span></li>\n<li><span><span style=\"line-height:1;\">Olivol Botanical Blend (olive fruit extract, watermelon rind (</span></span><i><span><span style=\"line-height:1;\">Citrullus lanatus</span></span></i><span><span style=\"line-height:1;\">), lentil (</span></span><i><span><span style=\"line-height:1;\">Lens esculenta</span></span></i><span><span style=\"line-height:1;\">), and apple (</span></span><i><span><span style=\"line-height:1;\">Pyrus malus</span></span></i><span><span style=\"line-height:1;\">) fruit extracts)—</span>Our unique blend of botanicals delivers 24 hours of hydration and restores a radiant glow.</span></li>\n<li><i><span style=\"line-height:1;\">Punica granatum pericarp</span></i><span style=\"line-height:1;\"> Extract—</span>powerful antioxidant that helps protect skin from dryness and environmental stressors. </li>\n<li><span style=\"line-height:1;\">Menthyl Lactate—</span>provides a gentle cooling and refreshing feeling to the skin.</li>\n</ul>\n<p style=\"font-size:16px;margin-top:0px;margin-bottom:1rem;color:#131e29;font-family:Lato;background-color:#ffffff;\"><br /><span>Free of harsh chemicals, fragrance, parabens, formaldehydes, phenoxyethanol, mineral oil, phthalates, hydroquinone, sulfates, and other unwanted ingredients. Each product is tested for safety and sensitivity and is reviewed by a board-certified dermatologist. This product isvegan and cruelty-free.</span><br /><br /><strong><span style=\"line-height:1;\">How to </span></strong><span><strong><span style=\"line-height:1;\">Recycle:</span></strong> The product carton is fully recyclable. Upon unboxing, flatten the carton and place in the recycling bin. </span></p>', '<p><span style=\"font-size:16px;color:#131e29;font-family:Lato;background-color:#ffffff;\">Hero serum supports your skin barrier for more youthful-looking skin—all powered by postbiotics</span></p>', 'usana-celavive-postbiotic-rescue-serum', '', '', 'Celavive Postbiotic Rescue Serum', '', '', NULL, NULL, NULL),
(199, 2, 2, '', '', '', '', '', '', '', '', '', '', NULL),
(199, 2, 3, '', '', '', '', '', '', '', '', '', '', NULL),
(199, 2, 4, '', '', '', '', '', '', '', '', '', '', NULL),
(199, 2, 5, '<p style=\"font-size:16px;margin-top:0px;margin-bottom:1rem;color:#131e29;font-family:Lato;background-color:#ffffff;\">This calming daily serum helps to visibly reset and balance your skin for a soothed, hydrated, and glowing complexion. Its lightweight formula features microbiome-friendly postbiotics and soothing botanicals to improve the look of stressed skin and help replenish moisture. Settle in to a visibly calm, recharged complexion without sensitivity or dryness.<br /><br /><span style=\"line-height:1;\">Good For:</span> All Skin Types + Stressed or Blemish-Prone Skin + Breakouts + Impaired Moisture Barrier + Redness or Sensitivity<br /><br /><span style=\"line-height:1;\">How it Works:</span> Postbiotics—a natural by-product of probiotic fermentation—lock in moisture, replenish the skin’s moisture barrier, and defend against environmental irritants. USANA’s postbiotic skincare works in harmony with your skin to promote a happy, well-balanced complexion. <br /><br /><span style=\"line-height:1;\">28-Day Clinical Study Results*</span><br /><br />Participants noticed significant improvement in the following areas:<span> </span></p>\n<ul style=\"font-size:16px;padding-left:2rem;margin-top:0px;margin-bottom:1rem;color:#131e29;font-family:Lato;background-color:#ffffff;\">\n<li>More glowing skin</li>\n<li>Even-looking complexion</li>\n<li>More calm-looking and less visible redness</li>\n<li>Less blotchy-looking skin</li>\n<li>Less visibly enlarged pores</li>\n</ul>\n<p style=\"font-size:16px;margin-top:0px;margin-bottom:1rem;color:#131e29;font-family:Lato;background-color:#ffffff;\"> </p>\n<p style=\"font-size:16px;margin-top:0px;margin-bottom:1rem;color:#131e29;font-family:Lato;background-color:#ffffff;\"><span>*</span><i> </i><span>The effects of this product may vary among individuals. </span><i>In Vivo</i><span> study </span>SSGM-US-001 by Sequential Skin Inc. 2023.<br /><br /><strong><span style=\"line-height:1;\">How to Use:</span></strong> After cleansing and toning, gently massage or pat on face and neck. Can be applied both morning and night.<br /><br /><span style=\"line-height:1;\">Inside Our Formula: </span></p>\n<ul style=\"font-size:16px;padding-left:2rem;margin-top:0px;margin-bottom:1rem;color:#131e29;font-family:Lato;background-color:#ffffff;\">\n<li><span><span style=\"line-height:1;\">Saccharide Isomerate—</span>soothing marine postbiotic helps lock in hydration to maintain your skin’s natural moisture barrier while promoting optimal balance.</span></li>\n<li><span><span style=\"line-height:1;\">Olivol Botanical Blend (olive fruit extract, watermelon rind (</span></span><i><span><span style=\"line-height:1;\">Citrullus lanatus</span></span></i><span><span style=\"line-height:1;\">), lentil (</span></span><i><span><span style=\"line-height:1;\">Lens esculenta</span></span></i><span><span style=\"line-height:1;\">), and apple (</span></span><i><span><span style=\"line-height:1;\">Pyrus malus</span></span></i><span><span style=\"line-height:1;\">) fruit extracts)—</span>Our unique blend of botanicals delivers 24 hours of hydration and restores a radiant glow.</span></li>\n<li><i><span style=\"line-height:1;\">Punica granatum pericarp</span></i><span style=\"line-height:1;\"> Extract—</span>powerful antioxidant that helps protect skin from dryness and environmental stressors. </li>\n<li><span style=\"line-height:1;\">Menthyl Lactate—</span>provides a gentle cooling and refreshing feeling to the skin.</li>\n</ul>\n<p style=\"font-size:16px;margin-top:0px;margin-bottom:1rem;color:#131e29;font-family:Lato;background-color:#ffffff;\"><br /><span>Free of harsh chemicals, fragrance, parabens, formaldehydes, phenoxyethanol, mineral oil, phthalates, hydroquinone, sulfates, and other unwanted ingredients. Each product is tested for safety and sensitivity and is reviewed by a board-certified dermatologist. This product isvegan and cruelty-free.</span><br /><br /><strong><span style=\"line-height:1;\">How to </span></strong><span><strong><span style=\"line-height:1;\">Recycle:</span></strong> The product carton is fully recyclable. Upon unboxing, flatten the carton and place in the recycling bin. </span></p>', '<p><span style=\"font-size:16px;color:#131e29;font-family:Lato;background-color:#ffffff;\">Hero serum supports your skin barrier for more youthful-looking skin—all powered by postbiotics</span></p>', 'usana-celavive-postbiotic-rescue-serum', '', '', 'Celavive Postbiotic Rescue Serum', '', '', NULL, NULL, NULL),
(199, 2, 6, '<p style=\"font-size:16px;margin-top:0px;margin-bottom:1rem;color:#131e29;font-family:Lato;background-color:#ffffff;\">This calming daily serum helps to visibly reset and balance your skin for a soothed, hydrated, and glowing complexion. Its lightweight formula features microbiome-friendly postbiotics and soothing botanicals to improve the look of stressed skin and help replenish moisture. Settle in to a visibly calm, recharged complexion without sensitivity or dryness.<br /><br /><span style=\"line-height:1;\">Good For:</span> All Skin Types + Stressed or Blemish-Prone Skin + Breakouts + Impaired Moisture Barrier + Redness or Sensitivity<br /><br /><span style=\"line-height:1;\">How it Works:</span> Postbiotics—a natural by-product of probiotic fermentation—lock in moisture, replenish the skin’s moisture barrier, and defend against environmental irritants. USANA’s postbiotic skincare works in harmony with your skin to promote a happy, well-balanced complexion. <br /><br /><span style=\"line-height:1;\">28-Day Clinical Study Results*</span><br /><br />Participants noticed significant improvement in the following areas:<span> </span></p>\n<ul style=\"font-size:16px;padding-left:2rem;margin-top:0px;margin-bottom:1rem;color:#131e29;font-family:Lato;background-color:#ffffff;\">\n<li>More glowing skin</li>\n<li>Even-looking complexion</li>\n<li>More calm-looking and less visible redness</li>\n<li>Less blotchy-looking skin</li>\n<li>Less visibly enlarged pores</li>\n</ul>\n<p style=\"font-size:16px;margin-top:0px;margin-bottom:1rem;color:#131e29;font-family:Lato;background-color:#ffffff;\"> </p>\n<p style=\"font-size:16px;margin-top:0px;margin-bottom:1rem;color:#131e29;font-family:Lato;background-color:#ffffff;\"><span>*</span><i> </i><span>The effects of this product may vary among individuals. </span><i>In Vivo</i><span> study </span>SSGM-US-001 by Sequential Skin Inc. 2023.<br /><br /><strong><span style=\"line-height:1;\">How to Use:</span></strong> After cleansing and toning, gently massage or pat on face and neck. Can be applied both morning and night.<br /><br /><span style=\"line-height:1;\">Inside Our Formula: </span></p>\n<ul style=\"font-size:16px;padding-left:2rem;margin-top:0px;margin-bottom:1rem;color:#131e29;font-family:Lato;background-color:#ffffff;\">\n<li><span><span style=\"line-height:1;\">Saccharide Isomerate—</span>soothing marine postbiotic helps lock in hydration to maintain your skin’s natural moisture barrier while promoting optimal balance.</span></li>\n<li><span><span style=\"line-height:1;\">Olivol Botanical Blend (olive fruit extract, watermelon rind (</span></span><i><span><span style=\"line-height:1;\">Citrullus lanatus</span></span></i><span><span style=\"line-height:1;\">), lentil (</span></span><i><span><span style=\"line-height:1;\">Lens esculenta</span></span></i><span><span style=\"line-height:1;\">), and apple (</span></span><i><span><span style=\"line-height:1;\">Pyrus malus</span></span></i><span><span style=\"line-height:1;\">) fruit extracts)—</span>Our unique blend of botanicals delivers 24 hours of hydration and restores a radiant glow.</span></li>\n<li><i><span style=\"line-height:1;\">Punica granatum pericarp</span></i><span style=\"line-height:1;\"> Extract—</span>powerful antioxidant that helps protect skin from dryness and environmental stressors. </li>\n<li><span style=\"line-height:1;\">Menthyl Lactate—</span>provides a gentle cooling and refreshing feeling to the skin.</li>\n</ul>\n<p style=\"font-size:16px;margin-top:0px;margin-bottom:1rem;color:#131e29;font-family:Lato;background-color:#ffffff;\"><br /><span>Free of harsh chemicals, fragrance, parabens, formaldehydes, phenoxyethanol, mineral oil, phthalates, hydroquinone, sulfates, and other unwanted ingredients. Each product is tested for safety and sensitivity and is reviewed by a board-certified dermatologist. This product isvegan and cruelty-free.</span><br /><br /><strong><span style=\"line-height:1;\">How to </span></strong><span><strong><span style=\"line-height:1;\">Recycle:</span></strong> The product carton is fully recyclable. Upon unboxing, flatten the carton and place in the recycling bin. </span></p>', '<p><span style=\"font-size:16px;color:#131e29;font-family:Lato;background-color:#ffffff;\">Hero serum supports your skin barrier for more youthful-looking skin—all powered by postbiotics</span></p>', 'usana-celavive-postbiotic-rescue-serum', '', '', 'Celavive Postbiotic Rescue Serum', '', '', NULL, NULL, NULL),
(203, 1, 1, '<p style=\"font-size:16px;margin-top:0px;margin-bottom:1rem;color:#131e29;font-family:Lato;background-color:#ffffff;\"><strong><span style=\"line-height:1;\">The USANA Difference</span></strong></p>\n<p style=\"font-size:16px;margin-top:0px;margin-bottom:1rem;color:#131e29;font-family:Lato;background-color:#ffffff;\">Sip back and smile! And enjoy confidence in your own skin with the <span style=\"line-height:1;\">Cranberry Collagen Protein Peptide Drink</span>.</p>\n<p style=\"font-size:16px;margin-top:0px;margin-bottom:1rem;color:#131e29;font-family:Lato;background-color:#ffffff;\">Each pouch contains specially formulated collagen to strengthen your skin, hair, and nails to help let the best you shine. Each pouch contains powerful antioxidants and Phyto-ingredients, including elderberry, acerola cherry, wolfberry, and green tea powder. Flavoured with cranberry, each tasty sip of this low-sugar formula refreshes and renews you from the inside out. It’s the on-the-go drink to replenish your body’s natural collagen production.</p>\n<p style=\"font-size:16px;margin-top:0px;margin-bottom:1rem;color:#131e29;font-family:Lato;background-color:#ffffff;\"><strong><span style=\"line-height:1;\">Health Benefits</span></strong></p>\n<ul style=\"font-size:16px;padding-left:2rem;margin-top:0px;margin-bottom:1rem;color:#131e29;font-family:Lato;background-color:#ffffff;list-style-type:disc;\">\n<li>Formulated with 3 g of fish collagen peptides to support healthy skin.</li>\n<li>Supports healthy collagen production to maintain healthy skin, hair, and nails.</li>\n<li>Phytonutrients to support antioxidation.</li>\n<li>Clinically proven, collagen helps improve the appearance of wrinkles and skin firmness.</li>\n</ul>', '<p><span style=\"font-size:16px;color:#131e29;font-family:Lato;background-color:#ffffff;\">Smooth and refine your skin—and more—with the power of collagen</span></p>', 'usana-cranberry-collagen-protein-peptide-drink', 'Each pouch contains specially formulated collagen to strengthen your skin, hair, and nails to help let the best you shine.', 'USANA Cranberry Collagen Protein Peptide Drink', 'USANA Cranberry Collagen Protein Peptide Drink', '', '', NULL, NULL, '<p><img src=\"https://www.buynutritionals.co.uk/img/cms/USANA%20Cranberry%20Collagen%20Protein%20Peptide%20Drink%20singapore%20supplement%20facts.png\" alt=\"USANA Cranberry Collagen Protein Peptide Drink Supplement Facts\" width=\"608\" height=\"794\" style=\"margin-left:auto;margin-right:auto;\" /></p>'),
(203, 1, 2, '', '', '', '', '', '', '', '', '', '', NULL),
(203, 1, 3, '', '', '', '', '', '', '', '', '', '', NULL),
(203, 1, 4, '', '', '', '', '', '', '', '', '', '', NULL),
(203, 1, 5, '<p style=\"font-size:16px;margin-top:0px;margin-bottom:1rem;color:#131e29;font-family:Lato;background-color:#ffffff;\"><strong><span style=\"line-height:1;\">The USANA Difference</span></strong></p>\n<p style=\"font-size:16px;margin-top:0px;margin-bottom:1rem;color:#131e29;font-family:Lato;background-color:#ffffff;\">Sip back and smile! And enjoy confidence in your own skin with the <span style=\"line-height:1;\">Cranberry Collagen Protein Peptide Drink</span>.</p>\n<p style=\"font-size:16px;margin-top:0px;margin-bottom:1rem;color:#131e29;font-family:Lato;background-color:#ffffff;\">Each pouch contains specially formulated collagen to strengthen your skin, hair, and nails to help let the best you shine. Each pouch contains powerful antioxidants and Phyto-ingredients, including elderberry, acerola cherry, wolfberry, and green tea powder. Flavoured with cranberry, each tasty sip of this low-sugar formula refreshes and renews you from the inside out. It’s the on-the-go drink to replenish your body’s natural collagen production.</p>\n<p style=\"font-size:16px;margin-top:0px;margin-bottom:1rem;color:#131e29;font-family:Lato;background-color:#ffffff;\"><strong><span style=\"line-height:1;\">Health Benefits</span></strong></p>\n<ul style=\"font-size:16px;padding-left:2rem;margin-top:0px;margin-bottom:1rem;color:#131e29;font-family:Lato;background-color:#ffffff;list-style-type:disc;\">\n<li>Formulated with 3 g of fish collagen peptides to support healthy skin.</li>\n<li>Supports healthy collagen production to maintain healthy skin, hair, and nails.</li>\n<li>Phytonutrients to support antioxidation.</li>\n<li>Clinically proven, collagen helps improve the appearance of wrinkles and skin firmness.</li>\n</ul>', '<p><span style=\"font-size:16px;color:#131e29;font-family:Lato;background-color:#ffffff;\">Smooth and refine your skin—and more—with the power of collagen</span></p>', 'usana-cranberry-collagen-protein-peptide-drink', 'Each pouch contains specially formulated collagen to strengthen your skin, hair, and nails to help let the best you shine.', 'USANA Cranberry Collagen Protein Peptide Drink', 'USANA Cranberry Collagen Protein Peptide Drink', '', '', NULL, NULL, NULL),
(203, 1, 6, '<p style=\"font-size:16px;margin-top:0px;margin-bottom:1rem;color:#131e29;font-family:Lato;background-color:#ffffff;\"><strong><span style=\"line-height:1;\">The USANA Difference</span></strong></p>\n<p style=\"font-size:16px;margin-top:0px;margin-bottom:1rem;color:#131e29;font-family:Lato;background-color:#ffffff;\">Sip back and smile! And enjoy confidence in your own skin with the <span style=\"line-height:1;\">Cranberry Collagen Protein Peptide Drink</span>.</p>\n<p style=\"font-size:16px;margin-top:0px;margin-bottom:1rem;color:#131e29;font-family:Lato;background-color:#ffffff;\">Each pouch contains specially formulated collagen to strengthen your skin, hair, and nails to help let the best you shine. Each pouch contains powerful antioxidants and Phyto-ingredients, including elderberry, acerola cherry, wolfberry, and green tea powder. Flavoured with cranberry, each tasty sip of this low-sugar formula refreshes and renews you from the inside out. It’s the on-the-go drink to replenish your body’s natural collagen production.</p>\n<p style=\"font-size:16px;margin-top:0px;margin-bottom:1rem;color:#131e29;font-family:Lato;background-color:#ffffff;\"><strong><span style=\"line-height:1;\">Health Benefits</span></strong></p>\n<ul style=\"font-size:16px;padding-left:2rem;margin-top:0px;margin-bottom:1rem;color:#131e29;font-family:Lato;background-color:#ffffff;list-style-type:disc;\">\n<li>Formulated with 3 g of fish collagen peptides to support healthy skin.</li>\n<li>Supports healthy collagen production to maintain healthy skin, hair, and nails.</li>\n<li>Phytonutrients to support antioxidation.</li>\n<li>Clinically proven, collagen helps improve the appearance of wrinkles and skin firmness.</li>\n</ul>', '<p><span style=\"font-size:16px;color:#131e29;font-family:Lato;background-color:#ffffff;\">Smooth and refine your skin—and more—with the power of collagen</span></p>', 'usana-cranberry-collagen-protein-peptide-drink', 'Each pouch contains specially formulated collagen to strengthen your skin, hair, and nails to help let the best you shine.', 'USANA Cranberry Collagen Protein Peptide Drink', 'USANA Cranberry Collagen Protein Peptide Drink', '', '', NULL, NULL, NULL),
(203, 2, 1, '', '', '', '', '', '', '', '', NULL, NULL, NULL),
(203, 2, 2, '', '', '', '', '', '', '', '', '', '', NULL),
(203, 2, 3, '', '', '', '', '', '', '', '', '', '', NULL),
(203, 2, 4, '', '', '', '', '', '', '', '', '', '', NULL),
(203, 2, 5, '', '', '', '', '', '', '', '', NULL, NULL, NULL),
(203, 2, 6, '', '', '', '', '', '', '', '', NULL, NULL, NULL),
(204, 1, 1, '<p style=\"font-size:16px;margin-top:0px;margin-bottom:1rem;color:#131e29;font-family:Lato;background-color:#ffffff;\"><strong><span style=\"line-height:1;\">Key Benefits:</span></strong></p>\n<ul style=\"font-size:16px;padding-left:2rem;margin-top:0px;margin-bottom:1rem;color:#131e29;font-family:Lato;background-color:#ffffff;list-style-type:disc;\"><li><strong><span style=\"line-height:1;\">AM (Morning Sachet):</span></strong>\n<ul style=\"padding-left:2rem;margin-top:0px;margin-bottom:0px;list-style-type:circle;\"><li><span style=\"line-height:1;\">Vita Antioxidant &amp; Core Minerals:</span> Provides a complete multivitamin foundation with antioxidants to protect cells.</li>\n<li><span style=\"line-height:1;\">CellSentials Booster:</span> Supports healthy ageing by activating key cells in the InCelligence Complex.</li>\n<li><span style=\"line-height:1;\">Proflavanol C<span style=\"font-size:0.75em;line-height:0;vertical-align:baseline;\">200</span>:</span> Combines powerful grape seed extract and vitamin C to support cardiovascular and skin health.<br /><br /></li>\n</ul></li>\n<li><strong><span style=\"line-height:1;\">PM (Evening Sachet):</span></strong>\n<ul style=\"padding-left:2rem;margin-top:0px;margin-bottom:0px;list-style-type:circle;\"><li><span style=\"line-height:1;\">Mind + Body Balance:</span> Promotes relaxation and helps manage stress to wind down after a long day.</li>\n<li><span style=\"line-height:1;\">MagneCal D:</span> Supports bone, muscle, and nerve health during rest periods.</li>\n<li><span style=\"line-height:1;\">Hepasil DTX:</span> Supports the body’s natural detoxification and liver health. </li>\n</ul></li>\n</ul><p style=\"font-size:16px;margin-top:0px;margin-bottom:1rem;color:#131e29;font-family:Lato;background-color:#ffffff;\"> <strong><span style=\"line-height:1;\">Each box contains 56 sachets – 28-day supply</span></strong></p>', '<p><span style=\"color:#131e29;font-family:Lato;font-size:medium;\"><span style=\"background-color:#ffffff;\">Take USANA AM and PM pockets with you on the go. The packets are a convenient way to support full body health</span></span></p>', 'usana-ampm-starterpak', 'Take USANA AM and PM pockets with you on the go. The packets are a convenient way to support full body health.', '', 'USANA AM+PM StarterPak', '', '', '', '', NULL),
(204, 1, 2, '', '', 'usana-ampm-starterpak', '', '', 'USANA AM+PM StarterPak', '', '', '', '', NULL),
(204, 1, 3, '', '', 'usana-ampm-starterpak', '', '', 'USANA AM+PM StarterPak', '', '', '', '', NULL),
(204, 1, 4, '', '', 'usana-ampm-starterpak', '', '', 'USANA AM+PM StarterPak', '', '', '', '', NULL),
(204, 1, 5, '<p style=\"font-size:16px;margin-top:0px;margin-bottom:1rem;color:#131e29;font-family:Lato;background-color:#ffffff;\"><strong><span style=\"line-height:1;\">Key Benefits:</span></strong></p>\n<ul style=\"font-size:16px;padding-left:2rem;margin-top:0px;margin-bottom:1rem;color:#131e29;font-family:Lato;background-color:#ffffff;list-style-type:disc;\"><li><strong><span style=\"line-height:1;\">AM (Morning Sachet):</span></strong>\n<ul style=\"padding-left:2rem;margin-top:0px;margin-bottom:0px;list-style-type:circle;\"><li><span style=\"line-height:1;\">Vita Antioxidant &amp; Core Minerals:</span> Provides a complete multivitamin foundation with antioxidants to protect cells.</li>\n<li><span style=\"line-height:1;\">CellSentials Booster:</span> Supports healthy ageing by activating key cells in the InCelligence Complex.</li>\n<li><span style=\"line-height:1;\">Proflavanol C<span style=\"font-size:0.75em;line-height:0;vertical-align:baseline;\">200</span>:</span> Combines powerful grape seed extract and vitamin C to support cardiovascular and skin health.<br /><br /></li>\n</ul></li>\n<li><strong><span style=\"line-height:1;\">PM (Evening Sachet):</span></strong>\n<ul style=\"padding-left:2rem;margin-top:0px;margin-bottom:0px;list-style-type:circle;\"><li><span style=\"line-height:1;\">Mind + Body Balance:</span> Promotes relaxation and helps manage stress to wind down after a long day.</li>\n<li><span style=\"line-height:1;\">MagneCal D:</span> Supports bone, muscle, and nerve health during rest periods.</li>\n<li><span style=\"line-height:1;\">Hepasil DTX:</span> Supports the body’s natural detoxification and liver health. </li>\n</ul></li>\n</ul><p style=\"font-size:16px;margin-top:0px;margin-bottom:1rem;color:#131e29;font-family:Lato;background-color:#ffffff;\"> <strong><span style=\"line-height:1;\">Each box contains 56 sachets – 28-day supply</span></strong></p>', '<p><span style=\"color:#131e29;font-family:Lato;font-size:medium;\"><span style=\"background-color:#ffffff;\">Take USANA AM and PM pockets with you on the go. The packets are a convenient way to support full body health</span></span></p>', 'usana-ampm-starterpak', 'Take USANA AM and PM pockets with you on the go. The packets are a convenient way to support full body health.', '', 'USANA AM+PM StarterPak', '', '', '', '', NULL),
(204, 1, 6, '<p style=\"font-size:16px;margin-top:0px;margin-bottom:1rem;color:#131e29;font-family:Lato;background-color:#ffffff;\"><strong><span style=\"line-height:1;\">Key Benefits:</span></strong></p>\n<ul style=\"font-size:16px;padding-left:2rem;margin-top:0px;margin-bottom:1rem;color:#131e29;font-family:Lato;background-color:#ffffff;list-style-type:disc;\"><li><strong><span style=\"line-height:1;\">AM (Morning Sachet):</span></strong>\n<ul style=\"padding-left:2rem;margin-top:0px;margin-bottom:0px;list-style-type:circle;\"><li><span style=\"line-height:1;\">Vita Antioxidant &amp; Core Minerals:</span> Provides a complete multivitamin foundation with antioxidants to protect cells.</li>\n<li><span style=\"line-height:1;\">CellSentials Booster:</span> Supports healthy ageing by activating key cells in the InCelligence Complex.</li>\n<li><span style=\"line-height:1;\">Proflavanol C<span style=\"font-size:0.75em;line-height:0;vertical-align:baseline;\">200</span>:</span> Combines powerful grape seed extract and vitamin C to support cardiovascular and skin health.<br /><br /></li>\n</ul></li>\n<li><strong><span style=\"line-height:1;\">PM (Evening Sachet):</span></strong>\n<ul style=\"padding-left:2rem;margin-top:0px;margin-bottom:0px;list-style-type:circle;\"><li><span style=\"line-height:1;\">Mind + Body Balance:</span> Promotes relaxation and helps manage stress to wind down after a long day.</li>\n<li><span style=\"line-height:1;\">MagneCal D:</span> Supports bone, muscle, and nerve health during rest periods.</li>\n<li><span style=\"line-height:1;\">Hepasil DTX:</span> Supports the body’s natural detoxification and liver health. </li>\n</ul></li>\n</ul><p style=\"font-size:16px;margin-top:0px;margin-bottom:1rem;color:#131e29;font-family:Lato;background-color:#ffffff;\"> <strong><span style=\"line-height:1;\">Each box contains 56 sachets – 28-day supply</span></strong></p>', '<p><span style=\"color:#131e29;font-family:Lato;font-size:medium;\"><span style=\"background-color:#ffffff;\">Take USANA AM and PM pockets with you on the go. The packets are a convenient way to support full body health</span></span></p>', 'usana-ampm-starterpak', 'Take USANA AM and PM pockets with you on the go. The packets are a convenient way to support full body health.', '', 'USANA AM+PM StarterPak', '', '', '', '', NULL),
(204, 2, 1, '', '', '', '', '', '', '', '', NULL, NULL, NULL),
(204, 2, 2, '', '', '', '', '', '', '', '', '', '', NULL),
(204, 2, 3, '', '', '', '', '', '', '', '', '', '', NULL),
(204, 2, 4, '', '', '', '', '', '', '', '', '', '', NULL),
(204, 2, 5, '', '', '', '', '', '', '', '', NULL, NULL, NULL),
(204, 2, 6, '', '', '', '', '', '', '', '', NULL, NULL, NULL);

-- --------------------------------------------------------

--
-- Table structure for table `xio8d_product_sale`
--

CREATE TABLE `xio8d_product_sale` (
  `id_product` int(10) UNSIGNED NOT NULL,
  `quantity` int(10) UNSIGNED NOT NULL DEFAULT 0,
  `sale_nbr` int(10) UNSIGNED NOT NULL DEFAULT 0,
  `date_upd` date DEFAULT NULL
) ENGINE=InnoDB DEFAULT CHARSET=utf8mb4 COLLATE=utf8mb4_general_ci;

-- --------------------------------------------------------

--
-- Table structure for table `xio8d_product_shop`
--

CREATE TABLE `xio8d_product_shop` (
  `id_product` int(10) UNSIGNED NOT NULL,
  `id_shop` int(10) UNSIGNED NOT NULL,
  `id_category_default` int(10) UNSIGNED DEFAULT NULL,
  `id_tax_rules_group` int(11) UNSIGNED NOT NULL,
  `on_sale` tinyint(1) UNSIGNED NOT NULL DEFAULT 0,
  `online_only` tinyint(1) UNSIGNED NOT NULL DEFAULT 0,
  `ecotax` decimal(17,6) NOT NULL DEFAULT 0.000000,
  `minimal_quantity` int(10) UNSIGNED NOT NULL DEFAULT 1,
  `low_stock_threshold` int(10) DEFAULT NULL,
  `low_stock_alert` tinyint(1) NOT NULL DEFAULT 0,
  `price` decimal(20,6) NOT NULL DEFAULT 0.000000,
  `wholesale_price` decimal(20,6) NOT NULL DEFAULT 0.000000,
  `unity` varchar(255) DEFAULT NULL,
  `unit_price` decimal(20,6) NOT NULL DEFAULT 0.000000,
  `unit_price_ratio` decimal(20,6) NOT NULL DEFAULT 0.000000,
  `additional_shipping_cost` decimal(20,6) NOT NULL DEFAULT 0.000000,
  `customizable` tinyint(2) NOT NULL DEFAULT 0,
  `uploadable_files` tinyint(4) NOT NULL DEFAULT 0,
  `text_fields` tinyint(4) NOT NULL DEFAULT 0,
  `active` tinyint(1) UNSIGNED NOT NULL DEFAULT 0,
  `redirect_type` enum('404','410','301-product','302-product','301-category','302-category','200-displayed','404-displayed','410-displayed','default') NOT NULL DEFAULT 'default',
  `id_type_redirected` int(10) UNSIGNED NOT NULL DEFAULT 0,
  `available_for_order` tinyint(1) NOT NULL DEFAULT 1,
  `available_date` date DEFAULT NULL,
  `show_condition` tinyint(1) NOT NULL DEFAULT 1,
  `condition` enum('new','used','refurbished') NOT NULL DEFAULT 'new',
  `show_price` tinyint(1) NOT NULL DEFAULT 1,
  `indexed` tinyint(1) NOT NULL DEFAULT 0,
  `visibility` enum('both','catalog','search','none') NOT NULL DEFAULT 'both',
  `cache_default_attribute` int(10) UNSIGNED DEFAULT NULL,
  `advanced_stock_management` tinyint(1) NOT NULL DEFAULT 0,
  `date_add` datetime NOT NULL,
  `date_upd` datetime NOT NULL,
  `pack_stock_type` int(11) UNSIGNED NOT NULL DEFAULT 3
) ENGINE=InnoDB DEFAULT CHARSET=utf8mb4 COLLATE=utf8mb4_general_ci;

--
-- Dumping data for table `xio8d_product_shop`
--

INSERT INTO `xio8d_product_shop` (`id_product`, `id_shop`, `id_category_default`, `id_tax_rules_group`, `on_sale`, `online_only`, `ecotax`, `minimal_quantity`, `low_stock_threshold`, `low_stock_alert`, `price`, `wholesale_price`, `unity`, `unit_price`, `unit_price_ratio`, `additional_shipping_cost`, `customizable`, `uploadable_files`, `text_fields`, `active`, `redirect_type`, `id_type_redirected`, `available_for_order`, `available_date`, `show_condition`, `condition`, `show_price`, `indexed`, `visibility`, `cache_default_attribute`, `advanced_stock_management`, `date_add`, `date_upd`, `pack_stock_type`) VALUES
(21, 2, 15, 0, 0, 0, 0.000000, 1, NULL, 0, 28.690000, 0.000000, '', 0.000000, 0.000000, 0.000000, 0, 0, 0, 1, '404', 0, 1, '0000-00-00', 0, 'new', 1, 0, 'both', 0, 0, '2018-08-06 07:30:13', '2026-06-24 11:45:07', 3),
(22, 2, 22, 0, 0, 0, 0.000000, 1, NULL, 0, 119.940000, 0.000000, '', 0.000000, 0.000000, 0.000000, 0, 0, 0, 1, '404', 0, 1, '0000-00-00', 0, 'new', 1, 0, 'both', 0, 0, '2018-08-06 07:31:35', '2026-06-24 11:45:07', 3),
(23, 2, 15, 0, 0, 0, 0.000000, 1, NULL, 0, 51.190000, 0.000000, '', 0.000000, 0.000000, 0.000000, 0, 0, 0, 1, '404', 0, 1, '0000-00-00', 0, 'new', 1, 0, 'both', 0, 0, '2018-08-06 07:32:40', '2026-06-24 11:45:07', 3),
(25, 2, 16, 0, 0, 0, 0.000000, 1, NULL, 0, 30.500000, 0.000000, '', 0.000000, 0.000000, 0.000000, 0, 0, 0, 0, '404', 0, 1, '0000-00-00', 0, 'new', 1, 0, 'both', 0, 0, '2018-08-13 02:28:23', '2026-06-24 11:45:07', 3),
(27, 2, 14, 0, 0, 0, 0.000000, 1, NULL, 0, 39.940000, 0.000000, '', 0.000000, 0.000000, 0.000000, 0, 0, 0, 1, '404', 0, 1, '0000-00-00', 0, 'new', 1, 0, 'both', 0, 0, '2018-08-31 14:57:13', '2026-06-24 11:45:07', 3),
(28, 2, 25, 0, 0, 0, 0.000000, 1, NULL, 0, 49.375000, 0.000000, '', 0.000000, 0.000000, 0.000000, 0, 0, 0, 0, '404', 0, 1, '0000-00-00', 0, 'new', 1, 0, 'both', 0, 0, '2018-08-31 15:20:29', '2026-06-24 11:45:07', 3),
(29, 2, 25, 0, 0, 0, 0.000000, 1, NULL, 0, 21.190000, 0.000000, '', 0.000000, 0.000000, 0.000000, 0, 0, 0, 1, '404', 0, 1, '0000-00-00', 0, 'new', 1, 0, 'both', 0, 0, '2018-08-31 15:25:18', '2026-06-24 11:45:07', 3),
(30, 2, 25, 0, 0, 0, 0.000000, 1, NULL, 0, 41.190000, 0.000000, '', 0.000000, 0.000000, 0.000000, 0, 0, 0, 1, '404', 0, 1, '0000-00-00', 0, 'new', 1, 0, 'both', 0, 0, '2018-08-31 15:28:34', '2026-06-24 11:45:07', 3),
(31, 2, 25, 0, 0, 0, 0.000000, 1, NULL, 0, 46.190000, 0.000000, '', 0.000000, 0.000000, 0.000000, 0, 0, 0, 1, '404', 0, 1, '0000-00-00', 0, 'new', 1, 0, 'both', 0, 0, '2018-08-31 15:31:07', '2026-06-24 11:45:07', 3),
(35, 2, 10, 0, 0, 0, 0.000000, 1, NULL, 0, 37.450000, 0.000000, '', 0.000000, 0.000000, 0.000000, 0, 0, 0, 0, '404', 0, 1, '0000-00-00', 0, 'new', 1, 0, 'both', 0, 0, '2018-09-02 17:54:50', '2026-06-24 11:45:07', 3),
(37, 2, 10, 0, 0, 0, 0.000000, 1, NULL, 0, 44.950000, 0.000000, '', 0.000000, 0.000000, 0.000000, 0, 0, 0, 0, '404', 0, 1, '0000-00-00', 0, 'new', 1, 0, 'both', 0, 0, '2018-09-02 19:19:40', '2026-06-24 11:45:07', 3),
(39, 2, 10, 0, 1, 0, 0.000000, 1, NULL, 0, 8.700000, 0.000000, '', 0.000000, 0.000000, 0.000000, 0, 0, 0, 0, '404', 0, 1, '0000-00-00', 0, 'new', 1, 0, 'both', 0, 0, '2018-09-03 02:54:31', '2026-06-24 11:45:07', 3),
(40, 2, 26, 0, 0, 0, 0.000000, 1, NULL, 0, 8.700000, 0.000000, '', 0.000000, 0.000000, 0.000000, 0, 0, 0, 0, '404', 0, 1, '0000-00-00', 0, 'new', 1, 0, 'both', 0, 0, '2018-09-03 02:55:58', '2026-06-24 11:45:07', 3),
(41, 2, 10, 0, 0, 0, 0.000000, 1, NULL, 0, 8.700000, 0.000000, '', 0.000000, 0.000000, 0.000000, 0, 0, 0, 0, '404', 0, 1, '0000-00-00', 0, 'new', 1, 0, 'both', 0, 0, '2018-09-03 02:57:07', '2026-06-24 11:45:07', 3),
(46, 2, 10, 0, 0, 0, 0.000000, 1, NULL, 0, 8.119999, 0.000000, '', 0.000000, 0.000000, 0.000000, 0, 0, 0, 0, '404', 0, 1, '0000-00-00', 0, 'new', 1, 0, 'both', 0, 0, '2018-09-03 20:03:20', '2026-06-24 11:45:07', 3),
(47, 2, 10, 0, 0, 0, 0.000000, 1, NULL, 0, 26.200000, 0.000000, '', 0.000000, 0.000000, 0.000000, 0, 0, 0, 0, '404', 0, 1, '0000-00-00', 0, 'new', 1, 0, 'both', 0, 0, '2018-09-03 20:07:39', '2026-06-24 11:45:07', 3),
(48, 2, 26, 0, 0, 0, 0.000000, 1, NULL, 0, 39.940000, 0.000000, '', 0.000000, 0.000000, 0.000000, 0, 0, 0, 1, '404', 0, 1, '0000-00-00', 0, 'new', 1, 0, 'both', 0, 0, '2018-09-03 20:09:31', '2026-06-24 11:45:07', 3),
(49, 2, 26, 0, 0, 0, 0.000000, 1, NULL, 0, 39.940000, 0.000000, '', 0.000000, 0.000000, 0.000000, 0, 0, 0, 1, '404', 0, 1, '0000-00-00', 0, 'new', 1, 0, 'both', 0, 0, '2018-09-03 20:13:45', '2026-06-24 11:45:07', 3),
(50, 2, 32, 0, 0, 0, 0.000000, 1, NULL, 0, 7.375000, 0.000000, '', 0.000000, 0.000000, 0.000000, 0, 0, 0, 0, '404', 0, 1, '0000-00-00', 0, 'new', 1, 0, 'both', 0, 0, '2018-09-03 20:20:45', '2026-06-24 11:45:07', 3),
(51, 2, 27, 0, 0, 0, 0.000000, 1, NULL, 0, 32.950000, 0.000000, '', 0.000000, 0.000000, 0.000000, 0, 0, 0, 0, '404', 0, 1, '0000-00-00', 0, 'new', 1, 0, 'both', 0, 0, '2018-09-04 01:35:57', '2026-06-24 11:45:07', 3),
(52, 2, 27, 0, 0, 0, 0.000000, 1, NULL, 0, 28.200000, 0.000000, '', 0.000000, 0.000000, 0.000000, 0, 0, 0, 0, '404', 0, 1, '0000-00-00', 0, 'new', 1, 0, 'both', 0, 0, '2018-09-04 01:40:23', '2026-06-24 11:45:07', 3),
(53, 2, 27, 0, 0, 0, 0.000000, 1, NULL, 0, 28.200000, 0.000000, '', 0.000000, 0.000000, 0.000000, 0, 0, 0, 0, '404', 0, 1, '0000-00-00', 0, 'new', 1, 0, 'both', 0, 0, '2018-09-04 01:44:01', '2026-06-24 11:45:07', 3),
(54, 2, 27, 0, 0, 0, 0.000000, 1, NULL, 0, 45.700000, 0.000000, '', 0.000000, 0.000000, 0.000000, 0, 0, 0, 0, '404', 0, 1, '0000-00-00', 0, 'new', 1, 0, 'both', 0, 0, '2018-09-04 01:49:25', '2026-06-24 11:45:07', 3),
(55, 2, 27, 0, 0, 0, 0.000000, 1, NULL, 0, 45.700000, 0.000000, '', 0.000000, 0.000000, 0.000000, 0, 0, 0, 0, '404', 0, 1, '0000-00-00', 0, 'new', 1, 0, 'both', 0, 0, '2018-09-04 01:51:37', '2026-06-24 11:45:07', 3),
(56, 2, 27, 0, 0, 0, 0.000000, 1, NULL, 0, 49.450000, 0.000000, '', 0.000000, 0.000000, 0.000000, 0, 0, 0, 0, '404', 0, 1, '0000-00-00', 0, 'new', 1, 0, 'both', 0, 0, '2018-09-04 01:53:33', '2026-06-24 11:45:07', 3),
(57, 2, 27, 0, 0, 0, 0.000000, 1, NULL, 0, 49.450000, 0.000000, '', 0.000000, 0.000000, 0.000000, 0, 0, 0, 0, '404', 0, 1, '0000-00-00', 0, 'new', 1, 0, 'both', 0, 0, '2018-09-04 01:56:06', '2026-06-24 11:45:07', 3),
(59, 2, 27, 0, 0, 0, 0.000000, 1, NULL, 0, 55.700000, 0.000000, '', 0.000000, 0.000000, 0.000000, 0, 0, 0, 0, '404', 0, 1, '0000-00-00', 0, 'new', 1, 0, 'both', 0, 0, '2018-09-04 01:59:54', '2026-06-24 11:45:07', 3),
(60, 2, 27, 0, 0, 0, 0.000000, 1, NULL, 0, 51.700000, 0.000000, '', 0.000000, 0.000000, 0.000000, 0, 0, 0, 0, '404', 0, 1, '0000-00-00', 0, 'new', 1, 0, 'both', 0, 0, '2018-09-04 02:01:58', '2026-06-24 11:45:07', 3),
(61, 2, 10, 0, 1, 0, 0.000000, 1, NULL, 0, 231.250000, 0.000000, '', 0.000000, 0.000000, 0.000000, 0, 0, 0, 0, '404', 0, 1, '0000-00-00', 0, 'new', 1, 0, 'both', 0, 0, '2018-09-04 02:13:17', '2026-06-24 11:45:07', 3),
(62, 2, 10, 0, 1, 0, 0.000000, 1, NULL, 0, 231.250000, 0.000000, '', 0.000000, 0.000000, 0.000000, 0, 0, 0, 0, '404', 0, 1, '0000-00-00', 0, 'new', 1, 0, 'both', 0, 0, '2018-09-04 02:15:33', '2026-06-24 11:45:07', 3),
(65, 2, 10, 0, 0, 0, 0.000000, 1, NULL, 0, 37.450000, 36.250000, '', 0.000000, 0.000000, 0.000000, 0, 0, 0, 0, '404', 0, 1, '0000-00-00', 0, 'new', 1, 0, 'both', 0, 0, '2018-09-13 01:58:15', '2026-06-24 11:45:07', 3),
(67, 1, 41, 0, 0, 0, 0.000000, 1, NULL, 0, 53.750000, 0.000000, '', 0.000000, 0.000000, 0.000000, 0, 0, 0, 1, '404', 0, 1, '0000-00-00', 0, 'new', 1, 0, 'both', 0, 0, '2019-03-04 00:17:20', '2026-06-24 11:45:07', 3),
(68, 1, 2, 0, 0, 0, 0.000000, 1, NULL, 0, 133.750000, 0.000000, '', 0.000000, 0.000000, 0.000000, 0, 0, 0, 1, '404', 0, 1, '0000-00-00', 0, 'new', 1, 0, 'both', 0, 0, '2019-03-04 00:43:53', '2026-06-24 11:45:07', 3),
(69, 1, 41, 0, 0, 0, 0.000000, 1, NULL, 0, 62.500000, 0.000000, '', 0.000000, 0.000000, 0.000000, 0, 0, 0, 1, '404', 0, 1, '0000-00-00', 0, 'new', 1, 0, 'both', 0, 0, '2019-03-04 00:55:41', '2026-06-24 11:45:07', 3),
(70, 1, 41, 0, 0, 0, 0.000000, 1, NULL, 0, 88.750000, 0.000000, '', 0.000000, 0.000000, 0.000000, 0, 0, 0, 1, '404', 0, 1, '0000-00-00', 0, 'new', 1, 0, 'both', 0, 0, '2019-03-04 01:30:35', '2026-06-24 11:45:07', 3),
(71, 1, 42, 0, 0, 0, 0.000000, 1, NULL, 0, 67.500000, 0.000000, '', 0.000000, 0.000000, 0.000000, 0, 0, 0, 1, '404', 0, 1, '0000-00-00', 0, 'new', 1, 0, 'both', 0, 0, '2019-03-04 01:41:01', '2026-06-24 11:45:07', 3),
(72, 1, 41, 0, 0, 0, 0.000000, 1, NULL, 0, 102.500000, 0.000000, '', 0.000000, 0.000000, 0.000000, 0, 0, 0, 1, '404', 0, 1, '0000-00-00', 0, 'new', 1, 0, 'both', 0, 0, '2019-03-04 01:51:45', '2026-06-24 11:45:08', 3),
(75, 1, 41, 0, 0, 0, 0.000000, 1, 0, 0, 83.750000, 0.000000, '', 0.000000, 0.000000, 0.000000, 0, 0, 0, 1, '404', 0, 1, '0000-00-00', 0, 'new', 1, 1, 'both', 0, 0, '2019-03-04 02:16:26', '2026-06-24 11:45:08', 3),
(76, 1, 45, 0, 0, 0, 0.000000, 1, 0, 0, 92.500000, 0.000000, '', 0.000000, 0.000000, 0.000000, 0, 0, 0, 1, '404', 0, 1, '0000-00-00', 0, 'new', 1, 1, 'both', 0, 0, '2019-03-04 02:20:53', '2026-06-24 11:45:08', 3),
(77, 1, 2, 0, 0, 0, 0.000000, 1, 0, 0, 38.750000, 0.000000, '', 0.000000, 0.000000, 0.000000, 0, 0, 0, 1, '404', 0, 1, '0000-00-00', 0, 'new', 1, 1, 'both', 0, 0, '2019-03-04 02:30:35', '2026-06-24 11:45:08', 3),
(78, 1, 41, 0, 0, 0, 0.000000, 1, NULL, 0, 105.000000, 0.000000, '', 0.000000, 0.000000, 0.000000, 0, 0, 0, 1, '404', 0, 1, '0000-00-00', 0, 'new', 1, 0, 'both', 0, 0, '2019-03-04 02:37:45', '2026-06-24 11:45:08', 3),
(80, 1, 41, 0, 0, 0, 0.000000, 1, NULL, 0, 58.750000, 0.000000, '', 0.000000, 0.000000, 0.000000, 0, 0, 0, 1, '404', 0, 1, '0000-00-00', 0, 'new', 1, 0, 'both', 0, 0, '2019-03-04 02:45:59', '2026-06-24 11:45:08', 3),
(82, 1, 2, 0, 0, 0, 0.000000, 1, NULL, 0, 93.750000, 0.000000, '', 0.000000, 0.000000, 0.000000, 0, 0, 0, 0, '404', 0, 1, '0000-00-00', 0, 'new', 1, 0, 'both', 0, 0, '2019-03-04 02:56:29', '2026-06-24 11:45:08', 3),
(83, 1, 45, 0, 0, 0, 0.000000, 1, NULL, 0, 58.750000, 0.000000, '', 0.000000, 0.000000, 0.000000, 0, 0, 0, 1, '404', 0, 1, '0000-00-00', 0, 'new', 1, 0, 'both', 0, 0, '2019-03-04 03:07:49', '2026-06-24 11:45:08', 3),
(84, 1, 45, 0, 0, 0, 0.000000, 1, NULL, 0, 66.250000, 0.000000, '', 0.000000, 0.000000, 0.000000, 0, 0, 0, 1, '404', 0, 1, '0000-00-00', 0, 'new', 1, 0, 'both', 0, 0, '2019-03-04 03:10:25', '2026-06-24 11:45:08', 3),
(87, 1, 2, 0, 0, 0, 0.000000, 1, NULL, 0, 69.000000, 0.000000, '', 0.000000, 0.000000, 0.000000, 0, 0, 0, 0, '404', 0, 1, '0000-00-00', 0, 'new', 1, 0, 'both', 0, 0, '2019-03-04 04:30:29', '2026-06-24 11:45:08', 3),
(89, 1, 2, 0, 0, 0, 0.000000, 1, NULL, 0, 69.000000, 0.000000, '', 0.000000, 0.000000, 0.000000, 0, 0, 0, 0, '404', 0, 1, '0000-00-00', 0, 'new', 1, 0, 'both', 0, 0, '2019-03-04 04:41:28', '2026-06-24 11:45:08', 3),
(91, 1, 2, 0, 0, 0, 0.000000, 1, NULL, 0, 38.000000, 0.000000, '', 0.000000, 0.000000, 0.000000, 0, 0, 0, 0, '404', 0, 1, '0000-00-00', 0, 'new', 1, 0, 'both', 0, 0, '2019-03-04 04:54:16', '2026-06-24 11:45:08', 3),
(92, 1, 43, 0, 0, 0, 0.000000, 1, 0, 0, 201.250000, 0.000000, '', 0.000000, 0.000000, 0.000000, 0, 0, 0, 1, '404', 0, 1, '0000-00-00', 0, 'new', 1, 1, 'both', 0, 0, '2019-03-04 05:00:47', '2026-07-02 02:00:51', 3),
(93, 1, 43, 0, 0, 0, 0.000000, 1, NULL, 0, 77.500000, 0.000000, '', 0.000000, 0.000000, 0.000000, 0, 0, 0, 1, '404', 0, 1, '0000-00-00', 0, 'new', 1, 0, 'both', 0, 0, '2019-03-04 05:06:15', '2026-06-24 11:45:08', 3),
(95, 1, 43, 0, 0, 0, 0.000000, 1, NULL, 0, 168.750000, 0.000000, '', 0.000000, 0.000000, 0.000000, 0, 0, 0, 1, '404', 0, 1, '0000-00-00', 0, 'new', 1, 0, 'both', 0, 0, '2019-03-04 05:15:33', '2026-06-24 11:45:08', 3),
(96, 1, 43, 0, 0, 0, 0.000000, 1, NULL, 0, 55.000000, 0.000000, '', 0.000000, 0.000000, 0.000000, 0, 0, 0, 1, '404', 0, 1, '0000-00-00', 0, 'new', 1, 0, 'both', 0, 0, '2019-03-04 05:22:40', '2026-06-24 11:45:08', 3),
(97, 1, 43, 0, 0, 0, 0.000000, 1, NULL, 0, 77.500000, 0.000000, '', 0.000000, 0.000000, 0.000000, 0, 0, 0, 1, '404', 0, 1, '0000-00-00', 0, 'new', 1, 0, 'both', 0, 0, '2019-03-04 05:35:58', '2026-06-24 11:45:08', 3),
(98, 1, 43, 0, 0, 0, 0.000000, 1, NULL, 0, 106.250000, 0.000000, '', 0.000000, 0.000000, 0.000000, 0, 0, 0, 0, '404', 0, 1, '0000-00-00', 0, 'new', 1, 0, 'both', 0, 0, '2019-03-04 05:45:32', '2026-06-24 11:45:08', 3),
(99, 1, 43, 0, 0, 0, 0.000000, 1, 0, 0, 55.000000, 0.000000, '', 0.000000, 0.000000, 0.000000, 0, 0, 0, 1, '404', 0, 1, '0000-00-00', 0, 'new', 1, 1, 'both', 0, 0, '2019-03-04 05:50:42', '2026-06-24 11:45:08', 3),
(100, 1, 43, 0, 0, 0, 0.000000, 1, NULL, 0, 106.250000, 0.000000, '', 0.000000, 0.000000, 0.000000, 0, 0, 0, 0, '404', 0, 1, '0000-00-00', 0, 'new', 1, 0, 'both', 0, 0, '2019-03-04 06:01:53', '2026-06-24 11:45:08', 3),
(101, 1, 43, 0, 0, 0, 0.000000, 1, NULL, 0, 88.750000, 0.000000, '', 0.000000, 0.000000, 0.000000, 0, 0, 0, 1, '404', 0, 1, '0000-00-00', 0, 'new', 1, 0, 'both', 0, 0, '2019-03-04 06:05:26', '2026-06-24 11:45:08', 3),
(102, 1, 2, 0, 0, 0, 0.000000, 1, NULL, 0, 77.500000, 0.000000, '', 0.000000, 0.000000, 0.000000, 0, 0, 0, 0, '404', 0, 1, '0000-00-00', 0, 'new', 1, 0, 'both', 0, 0, '2019-03-04 07:29:21', '2026-06-24 11:45:08', 3),
(103, 1, 2, 0, 0, 0, 0.000000, 1, NULL, 0, 62.000000, 0.000000, '', 0.000000, 0.000000, 0.000000, 0, 0, 0, 0, '404', 0, 1, '0000-00-00', 0, 'new', 1, 0, 'both', 0, 0, '2019-03-04 07:37:49', '2026-06-24 11:45:08', 3),
(104, 1, 42, 0, 0, 0, 0.000000, 1, NULL, 0, 16.160000, 0.000000, '', 0.000000, 0.000000, 0.000000, 0, 0, 0, 0, '404', 0, 1, '0000-00-00', 0, 'new', 1, 0, 'both', 0, 0, '2019-03-04 07:44:23', '2026-06-24 11:45:08', 3),
(109, 1, 2, 0, 0, 0, 0.000000, 1, NULL, 0, 47.500000, 0.000000, '', 0.000000, 0.000000, 0.000000, 0, 0, 0, 0, '404', 0, 1, '0000-00-00', 0, 'new', 1, 0, 'both', 0, 0, '2019-03-04 08:07:21', '2026-06-24 11:45:08', 3),
(110, 1, 2, 0, 0, 0, 0.000000, 1, NULL, 0, 210.000000, 0.000000, '', 0.000000, 0.000000, 0.000000, 0, 0, 0, 0, '404', 0, 1, '0000-00-00', 0, 'new', 1, 0, 'both', 0, 0, '2019-03-04 08:11:15', '2026-06-24 11:45:08', 3),
(111, 1, 2, 0, 0, 0, 0.000000, 1, NULL, 0, 210.000000, 0.000000, '', 0.000000, 0.000000, 0.000000, 0, 0, 0, 0, '404', 0, 1, '0000-00-00', 0, 'new', 1, 0, 'both', 0, 0, '2019-03-04 08:14:09', '2026-06-24 11:45:08', 3),
(112, 2, 25, 0, 1, 0, 0.000000, 1, NULL, 0, 51.190000, 0.000000, '', 0.000000, 0.000000, 0.000000, 0, 0, 0, 1, '404', 0, 1, '0000-00-00', 0, 'new', 1, 0, 'both', 0, 0, '2019-03-10 03:11:56', '2026-06-24 11:45:08', 3),
(114, 2, 10, 0, 1, 0, 0.000000, 1, NULL, 0, 223.750000, 0.000000, '', 0.000000, 0.000000, 0.000000, 0, 0, 0, 0, '404', 0, 1, '0000-00-00', 0, 'new', 1, 0, 'both', 0, 0, '2019-03-10 04:20:05', '2026-06-24 11:45:08', 3),
(117, 2, 27, 0, 0, 0, 0.000000, 1, NULL, 0, 29.950000, 0.000000, '', 0.000000, 0.000000, 0.000000, 0, 0, 0, 0, '404', 0, 1, '0000-00-00', 0, 'new', 1, 0, 'both', 0, 0, '2019-03-21 01:57:16', '2026-06-24 11:45:08', 3),
(118, 1, 43, 0, 0, 0, 0.000000, 1, NULL, 0, 47.500000, 0.000000, '', 0.000000, 0.000000, 0.000000, 0, 0, 0, 1, '404', 0, 1, '0000-00-00', 0, 'new', 1, 0, 'both', 0, 0, '2019-06-25 18:55:28', '2026-06-24 11:45:08', 3),
(119, 1, 43, 0, 0, 0, 0.000000, 1, NULL, 0, 55.000000, 0.000000, '', 0.000000, 0.000000, 0.000000, 0, 0, 0, 0, '404', 0, 1, '0000-00-00', 0, 'new', 1, 0, 'both', 0, 0, '2019-06-25 19:09:06', '2026-06-24 11:45:08', 3),
(121, 1, 2, 0, 0, 0, 0.000000, 1, NULL, 0, 1.000000, 0.000000, '', 0.000000, 0.000000, 0.000000, 0, 0, 0, 0, '404', 0, 1, '0000-00-00', 0, 'new', 1, 0, 'both', 0, 0, '2019-07-10 03:15:52', '2026-06-24 11:45:08', 3),
(122, 1, 41, 0, 0, 0, 0.000000, 1, NULL, 0, 88.750000, 0.000000, '', 0.000000, 0.000000, 0.000000, 0, 0, 0, 1, '404', 0, 1, '0000-00-00', 0, 'new', 1, 0, 'both', 0, 0, '2019-08-21 14:17:20', '2026-06-24 11:45:08', 3),
(123, 1, 2, 0, 0, 0, 0.000000, 1, NULL, 0, 93.750000, 0.000000, '', 0.000000, 0.000000, 0.000000, 0, 0, 0, 0, '404', 0, 1, '0000-00-00', 0, 'new', 1, 0, 'both', 0, 0, '2019-08-21 17:40:23', '2026-06-24 11:45:08', 3),
(124, 1, 2, 0, 0, 0, 0.000000, 1, NULL, 0, 93.750000, 0.000000, '', 0.000000, 0.000000, 0.000000, 0, 0, 0, 0, '404', 0, 1, '0000-00-00', 0, 'new', 1, 0, 'both', 0, 0, '2019-08-21 17:44:13', '2026-06-24 11:45:08', 3),
(125, 1, 2, 0, 0, 0, 0.000000, 1, NULL, 0, 56.000000, 0.000000, '', 0.000000, 0.000000, 0.000000, 0, 0, 0, 0, '404', 0, 1, '0000-00-00', 0, 'new', 1, 0, 'both', 0, 0, '2019-12-22 15:20:08', '2026-06-24 11:45:08', 3),
(127, 1, 40, 0, 0, 0, 0.000000, 1, NULL, 0, 33.000000, 0.000000, '', 0.000000, 0.000000, 0.000000, 0, 0, 0, 1, '404', 0, 1, '0000-00-00', 0, 'new', 1, 0, 'both', 0, 0, '2019-12-22 16:22:57', '2026-06-24 11:45:08', 3),
(128, 2, 10, 0, 0, 0, 0.000000, 1, NULL, 0, 74.900000, 0.000000, '', 0.000000, 0.000000, 0.000000, 0, 0, 0, 0, '404', 0, 1, '0000-00-00', 0, 'new', 1, 0, 'both', 0, 0, '2020-02-12 17:31:33', '2026-06-24 11:45:08', 3),
(129, 1, 41, 0, 0, 0, 0.000000, 1, NULL, 0, 83.750000, 0.000000, '', 0.000000, 0.000000, 0.000000, 0, 0, 0, 1, '404', 0, 1, '0000-00-00', 0, 'new', 1, 0, 'both', 0, 0, '2020-03-17 03:12:15', '2026-06-24 11:45:08', 3),
(130, 1, 41, 0, 0, 0, 0.000000, 1, NULL, 0, 45.000000, 0.000000, '', 0.000000, 0.000000, 0.000000, 0, 0, 0, 1, '404', 0, 1, '0000-00-00', 0, 'new', 1, 0, 'both', 0, 0, '2020-11-16 15:31:11', '2026-06-24 11:45:08', 3),
(130, 2, 25, 0, 0, 0, 0.000000, 1, NULL, 0, 23.690000, 0.000000, '', 0.000000, 0.000000, 0.000000, 0, 0, 0, 1, '404', 0, 1, '0000-00-00', 0, 'new', 1, 0, 'both', 0, 0, '2020-11-16 15:31:11', '2026-06-24 11:45:08', 3),
(131, 2, 25, 0, 0, 0, 0.000000, 1, NULL, 0, 67.440000, 0.000000, '', 0.000000, 0.000000, 0.000000, 0, 0, 0, 1, '404', 0, 1, '0000-00-00', 0, 'new', 1, 0, 'both', 0, 0, '2020-11-16 16:38:20', '2026-06-24 11:45:08', 3),
(133, 1, 2, 0, 0, 0, 0.000000, 1, NULL, 0, 32.500000, 0.000000, '', 0.000000, 0.000000, 0.000000, 0, 0, 0, 0, '404', 0, 1, '0000-00-00', 0, 'new', 1, 0, 'both', 0, 0, '2021-03-04 13:12:38', '2026-06-24 11:45:08', 3),
(134, 1, 41, 0, 0, 0, 0.000000, 1, NULL, 0, 56.250000, 0.000000, '', 0.000000, 0.000000, 0.000000, 0, 0, 0, 1, '404', 0, 1, '0000-00-00', 0, 'new', 1, 0, 'both', 0, 0, '2021-03-04 13:34:18', '2026-06-24 11:45:08', 3),
(135, 1, 2, 0, 0, 0, 0.000000, 1, NULL, 0, 122.500000, 0.000000, '', 0.000000, 0.000000, 0.000000, 0, 0, 0, 0, '404', 0, 1, '0000-00-00', 0, 'new', 1, 0, 'both', 0, 0, '2021-03-04 13:51:23', '2026-06-24 11:45:08', 3),
(136, 1, 2, 0, 0, 0, 0.000000, 1, NULL, 0, 50.000000, 0.000000, '', 0.000000, 0.000000, 0.000000, 0, 0, 0, 0, '404', 0, 1, '0000-00-00', 0, 'new', 1, 0, 'both', 0, 0, '2021-03-04 14:03:43', '2026-06-24 11:45:08', 3),
(137, 1, 2, 0, 0, 0, 0.000000, 1, NULL, 0, 72.500000, 0.000000, '', 0.000000, 0.000000, 0.000000, 0, 0, 0, 0, '404', 0, 1, '0000-00-00', 0, 'new', 1, 0, 'both', 0, 0, '2021-03-04 14:18:59', '2026-06-24 11:45:08', 3),
(138, 1, 43, 0, 0, 0, 0.000000, 1, NULL, 0, 51.250000, 0.000000, '', 0.000000, 0.000000, 0.000000, 0, 0, 0, 1, '404', 0, 1, '0000-00-00', 0, 'new', 1, 0, 'both', 0, 0, '2021-03-04 14:30:30', '2026-06-24 11:45:08', 3),
(139, 1, 43, 0, 0, 0, 0.000000, 1, NULL, 0, 90.000000, 0.000000, '', 0.000000, 0.000000, 0.000000, 0, 0, 0, 0, '404', 0, 1, '0000-00-00', 0, 'new', 1, 0, 'both', 0, 0, '2021-03-04 14:43:55', '2026-06-24 11:45:08', 3),
(140, 1, 2, 0, 0, 0, 0.000000, 1, NULL, 0, 93.750000, 0.000000, '', 0.000000, 0.000000, 0.000000, 0, 0, 0, 0, '404', 0, 1, '0000-00-00', 0, 'new', 1, 0, 'both', 0, 0, '2021-03-04 15:04:38', '2026-06-24 11:45:08', 3),
(142, 1, 41, 0, 0, 0, 0.000000, 1, NULL, 0, 140.000000, 0.000000, '', 0.000000, 0.000000, 0.000000, 0, 0, 0, 1, '404', 0, 1, '0000-00-00', 0, 'new', 1, 0, 'both', 0, 0, '2021-03-04 15:28:44', '2026-06-24 11:45:08', 3),
(143, 1, 41, 0, 0, 0, 0.000000, 1, NULL, 0, 85.000000, 0.000000, '', 0.000000, 0.000000, 0.000000, 0, 0, 0, 1, '404', 0, 1, '0000-00-00', 0, 'new', 1, 0, 'both', 0, 0, '2021-03-04 15:37:30', '2026-06-24 11:45:08', 3),
(144, 2, 25, 0, 0, 0, 0.000000, 1, NULL, 0, 67.440000, 0.000000, '', 0.000000, 0.000000, 0.000000, 0, 0, 0, 1, '404', 0, 1, '0000-00-00', 0, 'new', 1, 0, 'both', 0, 0, '2021-05-28 18:27:54', '2026-06-24 11:45:08', 3),
(145, 2, 26, 0, 0, 0, 0.000000, 1, NULL, 0, 61.000000, 0.000000, '', 0.000000, 0.000000, 0.000000, 0, 0, 0, 0, '404', 0, 1, '0000-00-00', 0, 'new', 1, 0, 'both', 0, 0, '2021-05-28 18:43:06', '2026-06-24 11:45:08', 3),
(146, 2, 26, 0, 0, 0, 0.000000, 1, NULL, 0, 61.000000, 0.000000, '', 0.000000, 0.000000, 0.000000, 0, 0, 0, 0, '404', 0, 1, '0000-00-00', 0, 'new', 1, 0, 'both', 0, 0, '2021-05-28 18:47:21', '2026-06-24 11:45:08', 3),
(147, 1, 41, 0, 0, 0, 0.000000, 1, NULL, 0, 70.000000, 0.000000, '', 0.000000, 0.000000, 0.000000, 0, 0, 0, 1, '404', 0, 1, '0000-00-00', 0, 'new', 1, 0, 'both', 0, 0, '2022-01-21 18:28:48', '2026-06-24 11:45:08', 3),
(148, 1, 45, 0, 0, 0, 0.000000, 1, NULL, 0, 46.250000, 0.000000, '', 0.000000, 0.000000, 0.000000, 0, 0, 0, 1, '404', 0, 1, '0000-00-00', 0, 'new', 1, 0, 'both', 0, 0, '2022-01-21 18:41:03', '2026-06-24 11:45:08', 3),
(149, 1, 2, 0, 0, 0, 0.000000, 1, 0, 0, 103.750000, 0.000000, '', 0.000000, 0.000000, 0.000000, 0, 0, 0, 1, '404', 0, 1, '0000-00-00', 0, 'new', 1, 1, 'both', 0, 0, '2022-01-21 18:48:42', '2026-06-24 03:08:42', 3),
(150, 1, 42, 0, 0, 0, 0.000000, 1, NULL, 0, 103.750000, 0.000000, '', 0.000000, 0.000000, 0.000000, 0, 0, 0, 1, '404', 0, 1, '0000-00-00', 0, 'new', 1, 0, 'both', 0, 0, '2022-01-21 18:51:43', '2026-06-24 11:45:08', 3),
(152, 2, 25, 0, 0, 0, 0.000000, 1, NULL, 0, 26.190000, 0.000000, '', 0.000000, 0.000000, 0.000000, 0, 0, 0, 1, '404', 0, 1, '0000-00-00', 0, 'new', 1, 0, 'both', 0, 0, '2022-02-09 11:42:13', '2026-06-24 11:45:08', 3),
(153, 2, 25, 0, 0, 0, 0.000000, 1, NULL, 0, 43.690000, 0.000000, '', 0.000000, 0.000000, 0.000000, 0, 0, 0, 1, '404', 0, 1, '0000-00-00', 0, 'new', 1, 0, 'both', 0, 0, '2022-02-09 11:51:47', '2026-06-24 11:45:08', 3),
(154, 2, 25, 0, 0, 0, 0.000000, 1, NULL, 0, 21.875000, 0.000000, '', 0.000000, 0.000000, 0.000000, 0, 0, 0, 0, '404', 0, 1, '0000-00-00', 0, 'new', 1, 0, 'both', 0, 0, '2022-02-09 11:58:00', '2026-06-24 11:45:08', 3),
(155, 2, 27, 0, 0, 0, 0.000000, 1, NULL, 0, 23.700000, 0.000000, '', 0.000000, 0.000000, 0.000000, 0, 0, 0, 0, '404', 0, 1, '0000-00-00', 0, 'new', 1, 0, 'both', 0, 0, '2022-02-09 12:16:53', '2026-06-24 11:45:08', 3),
(156, 2, 27, 0, 0, 0, 0.000000, 1, NULL, 0, 39.950000, 0.000000, '', 0.000000, 0.000000, 0.000000, 0, 0, 0, 0, '404', 0, 1, '0000-00-00', 0, 'new', 1, 0, 'both', 0, 0, '2022-02-09 12:34:27', '2026-06-24 11:45:08', 3),
(157, 1, 43, 0, 0, 0, 0.000000, 1, NULL, 0, 115.000000, 0.000000, '', 0.000000, 0.000000, 0.000000, 0, 0, 0, 1, '404', 0, 1, '0000-00-00', 0, 'new', 1, 0, 'both', 0, 0, '2022-04-18 15:19:47', '2026-06-24 11:45:08', 3),
(159, 1, 42, 0, 0, 0, 0.000000, 1, NULL, 0, 60.000000, 0.000000, '', 0.000000, 0.000000, 0.000000, 0, 0, 0, 0, '404', 0, 1, '0000-00-00', 0, 'new', 1, 0, 'both', 0, 0, '2022-04-18 15:33:17', '2026-06-24 11:45:08', 3),
(160, 1, 10, 0, 0, 0, 0.000000, 1, NULL, 0, 0.000000, 0.000000, '', 0.000000, 0.000000, 0.000000, 0, 0, 0, 0, '404', 0, 1, '0000-00-00', 0, 'new', 1, 0, 'both', 0, 0, '2022-11-10 13:19:31', '2026-06-24 11:45:08', 3),
(160, 2, 10, 0, 1, 0, 0.000000, 1, NULL, 0, 85.060000, 0.000000, '', 0.000000, 0.000000, 0.000000, 0, 0, 0, 0, '404', 0, 1, '0000-00-00', 0, 'new', 1, 0, 'both', 0, 0, '2022-11-10 13:19:31', '2026-06-24 11:45:08', 3),
(161, 2, 10, 0, 1, 0, 0.000000, 1, NULL, 0, 118.660000, 0.000000, '', 0.000000, 0.000000, 0.000000, 0, 0, 0, 0, '404', 0, 1, '0000-00-00', 0, 'new', 1, 0, 'both', 0, 0, '2022-11-10 13:38:31', '2026-06-24 11:45:08', 3),
(162, 2, 10, 0, 1, 0, 0.000000, 1, NULL, 0, 416.990000, 0.000000, '', 0.000000, 0.000000, 0.000000, 0, 0, 0, 0, '404', 0, 1, '0000-00-00', 0, 'new', 1, 0, 'both', 0, 0, '2022-11-10 13:57:56', '2026-06-24 11:45:08', 3),
(163, 2, 10, 0, 1, 0, 0.000000, 1, NULL, 0, 246.250000, 0.000000, '', 0.000000, 0.000000, 0.000000, 0, 0, 0, 0, '404', 0, 1, '0000-00-00', 0, 'new', 1, 0, 'both', 0, 0, '2022-11-12 21:48:54', '2026-06-24 11:45:08', 3),
(164, 2, 10, 0, 1, 0, 0.000000, 1, NULL, 0, 204.930000, 0.000000, '', 0.000000, 0.000000, 0.000000, 0, 0, 0, 0, '404', 0, 1, '0000-00-00', 0, 'new', 1, 0, 'both', 0, 0, '2022-11-13 21:18:04', '2026-06-24 11:45:08', 3),
(165, 2, 10, 0, 1, 0, 0.000000, 1, NULL, 0, 179.180000, 0.000000, '', 0.000000, 0.000000, 0.000000, 0, 0, 0, 0, '404', 0, 1, '0000-00-00', 0, 'new', 1, 0, 'both', 0, 0, '2022-11-13 21:33:13', '2026-06-24 11:45:08', 3),
(166, 2, 50, 0, 0, 0, 0.000000, 1, NULL, 0, 21.200000, 0.000000, '', 0.000000, 0.000000, 0.000000, 0, 0, 0, 0, '404', 0, 1, '0000-00-00', 0, 'new', 1, 0, 'both', 0, 0, '2022-11-14 01:48:41', '2026-06-24 11:45:08', 3),
(167, 2, 50, 0, 0, 0, 0.000000, 1, NULL, 0, 12.375000, 0.000000, '', 0.000000, 0.000000, 0.000000, 0, 0, 0, 0, '404', 0, 1, '0000-00-00', 0, 'new', 1, 0, 'both', 0, 0, '2022-11-14 01:56:24', '2026-06-24 11:45:08', 3),
(168, 2, 10, 0, 0, 0, 0.000000, 1, NULL, 0, 66.190000, 0.000000, '', 0.000000, 0.000000, 0.000000, 0, 0, 0, 1, '404', 0, 1, '0000-00-00', 0, 'new', 1, 0, 'both', 0, 0, '2023-10-08 19:02:50', '2026-06-24 11:45:08', 3),
(169, 2, 15, 0, 0, 0, 0.000000, 1, NULL, 0, 72.440000, 0.000000, '', 0.000000, 0.000000, 0.000000, 0, 0, 0, 1, '404', 0, 1, '0000-00-00', 0, 'new', 1, 0, 'both', 0, 0, '2024-06-18 20:54:33', '2026-06-24 11:45:08', 3),
(170, 2, 25, 0, 0, 0, 0.000000, 1, NULL, 0, 47.440000, 0.000000, '', 0.000000, 0.000000, 0.000000, 0, 0, 0, 1, '404', 0, 1, '0000-00-00', 0, 'new', 1, 0, 'both', 0, 0, '2024-07-17 17:07:25', '2026-06-24 11:45:08', 3),
(171, 1, 43, 0, 0, 0, 0.000000, 1, NULL, 0, 77.500000, 0.000000, '', 0.000000, 0.000000, 0.000000, 0, 0, 0, 1, '404', 0, 1, '0000-00-00', 0, 'new', 1, 0, 'both', 0, 0, '2024-09-18 19:07:22', '2026-06-24 11:45:08', 3),
(172, 1, 43, 0, 0, 0, 0.000000, 1, NULL, 0, 196.250000, 0.000000, '', 0.000000, 0.000000, 0.000000, 0, 0, 0, 1, '404', 0, 1, '0000-00-00', 0, 'new', 1, 0, 'both', 0, 0, '2024-09-27 05:42:01', '2026-06-24 11:45:08', 3),
(175, 1, 43, 0, 0, 0, 0.000000, 1, NULL, 0, 46.000000, 0.000000, '', 0.000000, 0.000000, 0.000000, 0, 0, 0, 1, '404', 0, 1, '0000-00-00', 0, 'new', 1, 0, 'both', 0, 0, '2024-09-27 06:39:22', '2026-06-24 11:45:08', 3),
(176, 1, 43, 0, 0, 0, 0.000000, 1, NULL, 0, 85.000000, 0.000000, '', 0.000000, 0.000000, 0.000000, 0, 0, 0, 1, '404', 0, 1, '0000-00-00', 0, 'new', 1, 0, 'both', 0, 0, '2024-09-27 07:40:00', '2026-06-24 11:45:08', 3),
(177, 1, 43, 0, 0, 0, 0.000000, 1, NULL, 0, 52.000000, 0.000000, '', 0.000000, 0.000000, 0.000000, 0, 0, 0, 1, '404', 0, 1, '0000-00-00', 0, 'new', 1, 0, 'both', 0, 0, '2024-09-27 07:51:52', '2026-06-24 11:45:09', 3),
(178, 1, 2, 0, 0, 0, 0.000000, 1, NULL, 0, 43.000000, 0.000000, '', 0.000000, 0.000000, 0.000000, 0, 0, 0, 0, '404', 0, 1, '0000-00-00', 0, 'new', 1, 0, 'both', 0, 0, '2024-09-27 07:54:32', '2026-06-24 11:45:09', 3),
(179, 1, 2, 0, 0, 0, 0.000000, 1, 0, 0, 210.000000, 0.000000, '', 0.000000, 0.000000, 0.000000, 0, 0, 0, 0, '404', 0, 1, '0000-00-00', 0, 'new', 1, 0, 'both', 0, 0, '2024-09-27 07:56:40', '2026-06-24 02:34:41', 3),
(180, 1, 2, 0, 0, 0, 0.000000, 1, NULL, 0, 231.000000, 0.000000, '', 0.000000, 0.000000, 0.000000, 0, 0, 0, 0, '404', 0, 1, '0000-00-00', 0, 'new', 1, 0, 'both', 0, 0, '2024-09-27 07:59:22', '2026-06-24 11:45:09', 3),
(181, 1, 2, 0, 0, 0, 0.000000, 1, NULL, 0, 83.000000, 0.000000, '', 0.000000, 0.000000, 0.000000, 0, 0, 0, 0, '404', 0, 1, '0000-00-00', 0, 'new', 1, 0, 'both', 0, 0, '2024-09-27 08:01:29', '2026-06-24 11:45:09', 3),
(182, 1, 2, 0, 0, 0, 0.000000, 1, NULL, 0, 138.000000, 0.000000, '', 0.000000, 0.000000, 0.000000, 0, 0, 0, 0, '404', 0, 1, '0000-00-00', 0, 'new', 1, 0, 'both', 0, 0, '2024-09-27 08:03:19', '2026-06-24 11:45:09', 3),
(183, 1, 2, 0, 0, 0, 0.000000, 1, NULL, 0, 138.000000, 0.000000, '', 0.000000, 0.000000, 0.000000, 0, 0, 0, 0, '404', 0, 1, '0000-00-00', 0, 'new', 1, 0, 'both', 0, 0, '2024-09-27 08:07:21', '2026-06-24 11:45:09', 3),
(184, 1, 2, 0, 0, 0, 0.000000, 1, NULL, 0, 83.000000, 0.000000, '', 0.000000, 0.000000, 0.000000, 0, 0, 0, 0, '404', 0, 1, '0000-00-00', 0, 'new', 1, 0, 'both', 0, 0, '2024-09-27 08:10:06', '2026-06-24 11:45:09', 3),
(185, 1, 41, 0, 0, 0, 0.000000, 1, NULL, 0, 102.500000, 0.000000, '', 0.000000, 0.000000, 0.000000, 0, 0, 0, 1, '404', 0, 1, '0000-00-00', 0, 'new', 1, 0, 'both', 0, 0, '2024-09-30 02:00:44', '2026-06-24 11:45:09', 3),
(189, 2, 26, 0, 0, 0, 0.000000, 1, NULL, 0, 33.690000, 0.000000, '', 0.000000, 0.000000, 0.000000, 0, 0, 0, 1, '404', 0, 1, '0000-00-00', 0, 'new', 1, 0, 'both', 0, 0, '2025-02-11 17:20:06', '2026-06-24 11:45:09', 3),
(190, 2, 10, 0, 0, 0, 0.000000, 1, NULL, 0, 169.950000, 0.000000, '', 0.000000, 0.000000, 0.000000, 0, 0, 0, 1, '404', 0, 1, '0000-00-00', 0, 'new', 1, 0, 'both', 0, 0, '2025-02-12 18:22:26', '2026-06-24 11:45:09', 3),
(191, 2, 10, 0, 0, 0, 0.000000, 1, NULL, 0, 46.190000, 0.000000, '', 0.000000, 0.000000, 0.000000, 0, 0, 0, 1, '404', 0, 1, '0000-00-00', 0, 'new', 1, 0, 'both', 0, 0, '2025-03-13 17:59:28', '2026-06-24 11:45:09', 3),
(194, 2, 10, 0, 0, 0, 0.000000, 1, NULL, 0, 41.190000, 0.000000, '', 0.000000, 0.000000, 0.000000, 0, 0, 0, 1, '404', 0, 1, '0000-00-00', 0, 'new', 1, 0, 'both', 0, 0, '2025-03-13 18:08:12', '2026-06-24 11:45:09', 3),
(195, 2, 25, 0, 0, 0, 0.000000, 1, NULL, 0, 34.950000, 0.000000, '', 0.000000, 0.000000, 0.000000, 0, 0, 0, 0, '404', 0, 1, '0000-00-00', 0, 'new', 1, 0, 'both', 0, 0, '2025-04-03 15:35:20', '2026-06-24 11:45:09', 3),
(196, 2, 10, 0, 0, 0, 0.000000, 1, NULL, 0, 47.440000, 0.000000, '', 0.000000, 0.000000, 0.000000, 0, 0, 0, 1, '404', 0, 1, '0000-00-00', 0, 'new', 1, 0, 'both', 0, 0, '2025-04-12 02:05:11', '2026-06-24 11:45:09', 3),
(197, 2, 10, 0, 0, 0, 0.000000, 1, NULL, 0, 44.940000, 0.000000, '', 0.000000, 0.000000, 0.000000, 0, 0, 0, 1, '404', 0, 1, '0000-00-00', 0, 'new', 1, 0, 'both', 0, 0, '2025-04-22 15:13:06', '2026-06-24 11:45:09', 3),
(198, 2, 10, 0, 0, 0, 0.000000, 1, NULL, 0, 29.940000, 0.000000, '', 0.000000, 0.000000, 0.000000, 0, 0, 0, 1, '404', 0, 1, '0000-00-00', 0, 'new', 1, 0, 'both', 0, 0, '2025-04-22 16:08:52', '2026-06-24 11:45:09', 3),
(199, 2, 10, 0, 0, 0, 0.000000, 1, NULL, 0, 57.440000, 0.000000, '', 0.000000, 0.000000, 0.000000, 0, 0, 0, 1, '404', 0, 1, '0000-00-00', 0, 'new', 1, 0, 'both', 0, 0, '2025-04-22 16:30:33', '2026-06-24 11:45:09', 3),
(203, 1, 2, 0, 0, 0, 0.000000, 1, NULL, 0, 71.250000, 0.000000, '', 0.000000, 0.000000, 0.000000, 0, 0, 0, 0, '404', 0, 1, '0000-00-00', 0, 'new', 1, 0, 'both', 0, 0, '2025-09-29 13:17:24', '2026-06-24 11:45:09', 3),
(204, 1, 41, 0, 0, 0, 0.000000, 1, 0, 0, 168.890000, 0.000000, '', 0.000000, 0.000000, 0.000000, 0, 0, 0, 0, '404', 0, 1, '0000-00-00', 0, 'new', 1, 0, 'both', 0, 0, '2025-10-04 02:22:06', '2026-06-24 11:45:09', 3);

-- --------------------------------------------------------

--
-- Table structure for table `xio8d_product_supplier`
--

CREATE TABLE `xio8d_product_supplier` (
  `id_product_supplier` int(11) UNSIGNED NOT NULL,
  `id_product` int(11) UNSIGNED NOT NULL,
  `id_product_attribute` int(11) UNSIGNED NOT NULL DEFAULT 0,
  `id_supplier` int(11) UNSIGNED NOT NULL,
  `product_supplier_reference` varchar(64) DEFAULT NULL,
  `product_supplier_price_te` decimal(20,6) NOT NULL DEFAULT 0.000000,
  `id_currency` int(11) UNSIGNED NOT NULL
) ENGINE=InnoDB DEFAULT CHARSET=utf8mb4 COLLATE=utf8mb4_general_ci;

-- --------------------------------------------------------

--
-- Table structure for table `xio8d_product_tag`
--

CREATE TABLE `xio8d_product_tag` (
  `id_product` int(10) UNSIGNED NOT NULL,
  `id_tag` int(10) UNSIGNED NOT NULL,
  `id_lang` int(10) UNSIGNED NOT NULL
) ENGINE=InnoDB DEFAULT CHARSET=utf8mb4 COLLATE=utf8mb4_general_ci;

-- --------------------------------------------------------

--
-- Table structure for table `xio8d_profile`
--

CREATE TABLE `xio8d_profile` (
  `id_profile` int(10) UNSIGNED NOT NULL
) ENGINE=InnoDB DEFAULT CHARSET=utf8mb4 COLLATE=utf8mb4_general_ci;

--
-- Dumping data for table `xio8d_profile`
--

INSERT INTO `xio8d_profile` (`id_profile`) VALUES
(1),
(2),
(3),
(4);

-- --------------------------------------------------------

--
-- Table structure for table `xio8d_profile_lang`
--

CREATE TABLE `xio8d_profile_lang` (
  `id_lang` int(10) UNSIGNED NOT NULL,
  `id_profile` int(10) UNSIGNED NOT NULL,
  `name` varchar(128) NOT NULL
) ENGINE=InnoDB DEFAULT CHARSET=utf8mb4 COLLATE=utf8mb4_general_ci;

--
-- Dumping data for table `xio8d_profile_lang`
--

INSERT INTO `xio8d_profile_lang` (`id_lang`, `id_profile`, `name`) VALUES
(1, 1, 'SuperAdmin'),
(2, 1, 'SuperAdmin'),
(3, 1, 'महाव्यवस्थापक'),
(4, 1, 'SuperAdmin'),
(5, 1, 'SuperAdmin'),
(6, 1, '超级管理员'),
(1, 2, 'Logistician'),
(2, 2, 'Logistician'),
(3, 2, 'प्रचालन तंत्र विशेषग्य'),
(4, 2, 'Logistician'),
(5, 2, 'Logistician'),
(6, 2, '物流员'),
(1, 3, 'Translator'),
(2, 3, 'Translator'),
(3, 3, 'अनुवादक'),
(4, 3, 'Translator'),
(5, 3, 'Translator'),
(6, 3, '翻译者'),
(1, 4, 'Salesman'),
(2, 4, 'Salesman'),
(3, 4, 'विक्रेता'),
(4, 4, 'Salesman'),
(5, 4, 'Salesman'),
(6, 4, '销售人员');

-- --------------------------------------------------------

--
-- Table structure for table `xio8d_pscheckout_authorization`
--

CREATE TABLE `xio8d_pscheckout_authorization` (
  `id` varchar(50) NOT NULL,
  `id_order` varchar(50) NOT NULL,
  `status` varchar(30) NOT NULL,
  `expiration_time` varchar(50) NOT NULL,
  `create_time` varchar(20) NOT NULL,
  `update_time` varchar(20) NOT NULL
) ENGINE=InnoDB DEFAULT CHARSET=utf8 COLLATE=utf8_general_ci;

-- --------------------------------------------------------

--
-- Table structure for table `xio8d_pscheckout_capture`
--

CREATE TABLE `xio8d_pscheckout_capture` (
  `id` varchar(50) NOT NULL,
  `id_order` varchar(50) NOT NULL,
  `status` varchar(30) NOT NULL,
  `final_capture` tinyint(1) NOT NULL,
  `created_at` varchar(50) NOT NULL,
  `updated_at` varchar(50) NOT NULL,
  `seller_protection` text DEFAULT NULL,
  `seller_receivable_breakdown` text DEFAULT NULL
) ENGINE=InnoDB DEFAULT CHARSET=utf8 COLLATE=utf8_general_ci;

-- --------------------------------------------------------

--
-- Table structure for table `xio8d_pscheckout_cart`
--

CREATE TABLE `xio8d_pscheckout_cart` (
  `id_pscheckout_cart` int(10) UNSIGNED NOT NULL,
  `id_cart` int(10) UNSIGNED NOT NULL,
  `paypal_intent` varchar(20) DEFAULT 'CAPTURE',
  `paypal_order` varchar(20) DEFAULT NULL,
  `paypal_status` varchar(30) DEFAULT NULL,
  `paypal_funding` varchar(20) DEFAULT NULL,
  `paypal_token` text DEFAULT NULL,
  `paypal_token_expire` datetime DEFAULT NULL,
  `paypal_authorization_expire` datetime DEFAULT NULL,
  `environment` varchar(20) DEFAULT NULL,
  `isExpressCheckout` tinyint(1) UNSIGNED NOT NULL DEFAULT 0,
  `isHostedFields` tinyint(1) UNSIGNED NOT NULL DEFAULT 0,
  `date_add` datetime NOT NULL,
  `date_upd` datetime NOT NULL
) ENGINE=InnoDB DEFAULT CHARSET=utf8 COLLATE=utf8_general_ci;

-- --------------------------------------------------------

--
-- Table structure for table `xio8d_pscheckout_customer`
--

CREATE TABLE `xio8d_pscheckout_customer` (
  `id_customer` int(10) UNSIGNED NOT NULL,
  `paypal_customer_id` varchar(50) NOT NULL
) ENGINE=InnoDB DEFAULT CHARSET=utf8 COLLATE=utf8_general_ci;

-- --------------------------------------------------------

--
-- Table structure for table `xio8d_pscheckout_funding_source`
--

CREATE TABLE `xio8d_pscheckout_funding_source` (
  `name` varchar(20) NOT NULL,
  `active` tinyint(1) UNSIGNED NOT NULL DEFAULT 0,
  `position` tinyint(2) UNSIGNED NOT NULL,
  `id_shop` int(10) UNSIGNED NOT NULL
) ENGINE=InnoDB DEFAULT CHARSET=utf8 COLLATE=utf8_general_ci;

--
-- Dumping data for table `xio8d_pscheckout_funding_source`
--

INSERT INTO `xio8d_pscheckout_funding_source` (`name`, `active`, `position`, `id_shop`) VALUES
('apple_pay', 0, 11, 1),
('apple_pay', 0, 11, 2),
('bancontact', 1, 4, 1),
('bancontact', 1, 4, 2),
('blik', 1, 9, 1),
('blik', 1, 9, 2),
('card', 1, 3, 1),
('card', 1, 3, 2),
('eps', 1, 5, 1),
('eps', 1, 5, 2),
('google_pay', 0, 10, 1),
('google_pay', 0, 10, 2),
('ideal', 1, 6, 1),
('ideal', 1, 6, 2),
('mybank', 1, 7, 1),
('mybank', 1, 7, 2),
('p24', 1, 8, 1),
('p24', 1, 8, 2),
('paylater', 1, 2, 1),
('paylater', 1, 2, 2),
('paypal', 1, 1, 1),
('paypal', 1, 1, 2),
('pay_upon_invoice', 0, 13, 1),
('pay_upon_invoice', 0, 13, 2),
('venmo', 0, 12, 1),
('venmo', 0, 12, 2);

-- --------------------------------------------------------

--
-- Table structure for table `xio8d_pscheckout_order`
--

CREATE TABLE `xio8d_pscheckout_order` (
  `id` varchar(50) NOT NULL,
  `id_cart` int(10) UNSIGNED NOT NULL,
  `status` varchar(30) NOT NULL,
  `intent` varchar(50) DEFAULT 'CAPTURE',
  `funding_source` varchar(50) NOT NULL,
  `payment_source` text DEFAULT NULL,
  `environment` varchar(50) NOT NULL,
  `is_card_fields` tinyint(1) NOT NULL,
  `is_express_checkout` tinyint(1) NOT NULL,
  `customer_intent` varchar(50) DEFAULT NULL,
  `payment_token_id` varchar(50) DEFAULT NULL,
  `tags` varchar(255) DEFAULT NULL
) ENGINE=InnoDB DEFAULT CHARSET=utf8 COLLATE=utf8_general_ci;

-- --------------------------------------------------------

--
-- Table structure for table `xio8d_pscheckout_order_matrice`
--

CREATE TABLE `xio8d_pscheckout_order_matrice` (
  `id_order_matrice` int(10) UNSIGNED NOT NULL,
  `id_order_prestashop` int(10) UNSIGNED NOT NULL,
  `id_order_paypal` varchar(20) NOT NULL
) ENGINE=InnoDB DEFAULT CHARSET=utf8 COLLATE=utf8_general_ci;

-- --------------------------------------------------------

--
-- Table structure for table `xio8d_pscheckout_payment_token`
--

CREATE TABLE `xio8d_pscheckout_payment_token` (
  `id` int(10) UNSIGNED NOT NULL,
  `token_id` varchar(50) NOT NULL,
  `paypal_customer_id` varchar(50) NOT NULL,
  `payment_source` varchar(50) NOT NULL,
  `data` text NOT NULL,
  `merchant_id` varchar(50) NOT NULL,
  `status` varchar(50) NOT NULL,
  `is_favorite` tinyint(1) UNSIGNED NOT NULL DEFAULT 0
) ENGINE=InnoDB DEFAULT CHARSET=utf8 COLLATE=utf8_general_ci;

-- --------------------------------------------------------

--
-- Table structure for table `xio8d_pscheckout_purchase_unit`
--

CREATE TABLE `xio8d_pscheckout_purchase_unit` (
  `id_order` varchar(50) NOT NULL,
  `checksum` varchar(50) NOT NULL,
  `reference_id` varchar(50) NOT NULL,
  `items` text DEFAULT NULL
) ENGINE=InnoDB DEFAULT CHARSET=utf8 COLLATE=utf8_general_ci;

-- --------------------------------------------------------

--
-- Table structure for table `xio8d_pscheckout_refund`
--

CREATE TABLE `xio8d_pscheckout_refund` (
  `id` varchar(50) NOT NULL,
  `id_order` varchar(50) NOT NULL,
  `status` varchar(30) NOT NULL,
  `invoice_id` varchar(50) NOT NULL,
  `custom_id` varchar(50) NOT NULL,
  `acquirer_reference_number` varchar(50) NOT NULL,
  `seller_payable_breakdown` text DEFAULT NULL,
  `id_order_slip` int(10) UNSIGNED DEFAULT NULL
) ENGINE=InnoDB DEFAULT CHARSET=utf8 COLLATE=utf8_general_ci;

-- --------------------------------------------------------

--
-- Table structure for table `xio8d_pscheckout_tracking`
--

CREATE TABLE `xio8d_pscheckout_tracking` (
  `id` int(10) UNSIGNED NOT NULL,
  `id_order` int(10) UNSIGNED NOT NULL,
  `tracking_number` varchar(64) NOT NULL,
  `carrier_id` int(10) UNSIGNED NOT NULL,
  `carrier_name` varchar(64) NOT NULL,
  `paypal_order_id` varchar(50) NOT NULL,
  `paypal_capture_id` varchar(50) NOT NULL,
  `tracker_id` varchar(64) DEFAULT NULL,
  `items` text DEFAULT NULL,
  `status` varchar(20) NOT NULL DEFAULT 'PENDING',
  `paypal_tracking_status` varchar(20) DEFAULT NULL,
  `payload_checksum` varchar(64) NOT NULL,
  `sent_to_paypal` tinyint(1) NOT NULL DEFAULT 0,
  `date_add` datetime NOT NULL,
  `date_upd` datetime NOT NULL
) ENGINE=InnoDB DEFAULT CHARSET=utf8 COLLATE=utf8_general_ci;

-- --------------------------------------------------------

--
-- Table structure for table `xio8d_psgdpr_consent`
--

CREATE TABLE `xio8d_psgdpr_consent` (
  `id_gdpr_consent` int(10) UNSIGNED NOT NULL,
  `id_module` int(10) UNSIGNED NOT NULL,
  `active` int(10) NOT NULL,
  `error` int(10) DEFAULT NULL,
  `error_message` text DEFAULT NULL,
  `date_add` datetime NOT NULL,
  `date_upd` datetime NOT NULL
) ENGINE=InnoDB DEFAULT CHARSET=utf8 COLLATE=utf8_general_ci;

-- --------------------------------------------------------

--
-- Table structure for table `xio8d_psgdpr_consent_lang`
--

CREATE TABLE `xio8d_psgdpr_consent_lang` (
  `id_gdpr_consent` int(10) UNSIGNED NOT NULL,
  `id_lang` int(10) UNSIGNED NOT NULL,
  `message` text DEFAULT NULL,
  `id_shop` int(10) UNSIGNED NOT NULL
) ENGINE=InnoDB DEFAULT CHARSET=utf8 COLLATE=utf8_general_ci;

-- --------------------------------------------------------

--
-- Table structure for table `xio8d_psgdpr_log`
--

CREATE TABLE `xio8d_psgdpr_log` (
  `id_gdpr_log` int(10) UNSIGNED NOT NULL,
  `id_customer` int(10) UNSIGNED DEFAULT NULL,
  `id_guest` int(10) UNSIGNED DEFAULT NULL,
  `client_name` varchar(250) DEFAULT NULL,
  `id_module` int(10) UNSIGNED NOT NULL,
  `request_type` int(10) NOT NULL,
  `date_add` datetime NOT NULL,
  `date_upd` datetime NOT NULL
) ENGINE=InnoDB DEFAULT CHARSET=utf8 COLLATE=utf8_general_ci;

--
-- Dumping data for table `xio8d_psgdpr_log`
--

INSERT INTO `xio8d_psgdpr_log` (`id_gdpr_log`, `id_customer`, `id_guest`, `client_name`, `id_module`, `request_type`, `date_add`, `date_upd`) VALUES
(1, 3, 0, 'John Doe', 0, 1, '2026-06-09 16:15:24', '2026-06-09 16:15:24'),
(2, 4, 0, 'John Doe', 0, 1, '2026-06-09 16:22:55', '2026-06-09 16:22:55'),
(3, 5, 0, 'John Doe', 0, 1, '2026-06-10 18:21:25', '2026-06-10 18:21:25'),
(4, 6, 0, 'John Doe', 0, 1, '2026-06-10 18:26:40', '2026-06-10 18:26:40'),
(5, 7, 0, 'John Doe', 0, 1, '2026-06-10 18:29:27', '2026-06-10 18:29:27'),
(6, 8, 0, 'John Doe', 0, 1, '2026-06-10 18:35:38', '2026-06-10 18:35:38'),
(7, 9, 0, 'John Doe', 0, 1, '2026-06-10 18:39:56', '2026-06-10 18:39:56'),
(8, 10, 0, 'John Doe', 0, 1, '2026-06-11 12:27:43', '2026-06-11 12:27:43'),
(9, 11, 0, 'John Doe', 0, 1, '2026-06-11 12:35:52', '2026-06-11 12:35:52'),
(10, 12, 0, 'John Doe', 0, 1, '2026-06-11 13:10:01', '2026-06-11 13:10:01'),
(11, 13, 0, 'John Doe', 0, 1, '2026-06-11 13:20:20', '2026-06-11 13:20:20'),
(12, 14, 0, 'John Doe', 0, 1, '2026-06-11 13:24:08', '2026-06-11 13:24:08'),
(13, 15, 0, 'John Doe', 0, 1, '2026-06-11 15:07:40', '2026-06-11 15:07:40'),
(14, 16, 0, 'John Doe', 0, 1, '2026-06-12 18:30:50', '2026-06-12 18:30:50'),
(15, 6290, 0, 'John Doe', 0, 1, '2026-06-19 10:40:29', '2026-06-19 10:40:29'),
(16, 6290, 0, 'John Doe', 0, 1, '2026-06-19 12:01:54', '2026-06-19 12:01:54'),
(17, 6291, 0, 'John Doe', 0, 1, '2026-06-19 12:08:26', '2026-06-19 12:08:26'),
(18, 6292, 0, 'John Doe', 0, 1, '2026-06-19 05:17:37', '2026-06-19 05:17:37'),
(19, 6293, 0, 'John Doe', 0, 1, '2026-06-19 05:24:04', '2026-06-19 05:24:04'),
(20, 6294, 0, 'John Doe', 0, 1, '2026-06-19 06:02:55', '2026-06-19 06:02:55'),
(21, 6295, 0, 'John Doe', 0, 1, '2026-06-22 02:06:31', '2026-06-22 02:06:31'),
(22, 6296, 0, 'John Doe', 0, 1, '2026-06-22 02:20:42', '2026-06-22 02:20:42'),
(23, 6297, 0, 'John Doe', 0, 1, '2026-06-22 02:42:58', '2026-06-22 02:42:58'),
(24, 6298, 0, 'John Doe', 0, 1, '2026-06-29 08:54:21', '2026-06-29 08:54:21');

-- --------------------------------------------------------

--
-- Table structure for table `xio8d_psreassurance`
--

CREATE TABLE `xio8d_psreassurance` (
  `id_psreassurance` int(10) UNSIGNED NOT NULL,
  `icon` varchar(255) DEFAULT NULL,
  `custom_icon` varchar(255) DEFAULT NULL,
  `status` int(10) UNSIGNED NOT NULL,
  `position` int(10) UNSIGNED NOT NULL,
  `type_link` int(10) UNSIGNED DEFAULT NULL,
  `id_cms` int(10) UNSIGNED DEFAULT NULL,
  `date_add` datetime NOT NULL,
  `date_upd` datetime DEFAULT NULL
) ENGINE=InnoDB DEFAULT CHARSET=utf8 COLLATE=utf8_general_ci;

--
-- Dumping data for table `xio8d_psreassurance`
--

INSERT INTO `xio8d_psreassurance` (`id_psreassurance`, `icon`, `custom_icon`, `status`, `position`, `type_link`, `id_cms`, `date_add`, `date_upd`) VALUES
(1, '/prestashop-9/modules/blockreassurance/views/img/reassurance/pack2/security.svg', NULL, 0, 1, NULL, NULL, '2026-06-09 13:18:06', '2026-06-29 07:14:28'),
(2, '/prestashop-9/modules/blockreassurance/views/img/reassurance/pack2/carrier.svg', NULL, 0, 2, NULL, NULL, '2026-06-09 13:18:06', '2026-06-29 07:14:30'),
(3, '/prestashop-9/modules/blockreassurance/views/img/reassurance/pack2/parcel.svg', NULL, 0, 3, NULL, NULL, '2026-06-09 13:18:06', '2026-06-29 07:14:31');

-- --------------------------------------------------------

--
-- Table structure for table `xio8d_psreassurance_lang`
--

CREATE TABLE `xio8d_psreassurance_lang` (
  `id_psreassurance` int(10) UNSIGNED NOT NULL,
  `id_lang` int(10) UNSIGNED NOT NULL,
  `title` varchar(255) NOT NULL,
  `description` varchar(255) NOT NULL,
  `link` varchar(255) NOT NULL
) ENGINE=InnoDB DEFAULT CHARSET=utf8 COLLATE=utf8_general_ci;

--
-- Dumping data for table `xio8d_psreassurance_lang`
--

INSERT INTO `xio8d_psreassurance_lang` (`id_psreassurance`, `id_lang`, `title`, `description`, `link`) VALUES
(1, 1, 'Security policy', '(edit with the Customer Reassurance module)', ''),
(1, 2, 'Security policy', '(edit with the Customer Reassurance module)', ''),
(1, 3, 'Security policy', '(edit with the Customer Reassurance module)', ''),
(1, 4, 'Security policy', '(edit with the Customer Reassurance module)', ''),
(1, 5, 'Security policy', '(edit with the Customer Reassurance module)', ''),
(1, 6, 'Security policy', '(edit with the Customer Reassurance module)', ''),
(2, 1, 'Delivery policy', '(edit with the Customer Reassurance module)', ''),
(2, 2, 'Delivery policy', '(edit with the Customer Reassurance module)', ''),
(2, 3, 'Delivery policy', '(edit with the Customer Reassurance module)', ''),
(2, 4, 'Delivery policy', '(edit with the Customer Reassurance module)', ''),
(2, 5, 'Delivery policy', '(edit with the Customer Reassurance module)', ''),
(2, 6, 'Delivery policy', '(edit with the Customer Reassurance module)', ''),
(3, 1, 'Return policy', '(edit with the Customer Reassurance module)', ''),
(3, 2, 'Return policy', '(edit with the Customer Reassurance module)', ''),
(3, 3, 'Return policy', '(edit with the Customer Reassurance module)', ''),
(3, 4, 'Return policy', '(edit with the Customer Reassurance module)', ''),
(3, 5, 'Return policy', '(edit with the Customer Reassurance module)', ''),
(3, 6, 'Return policy', '(edit with the Customer Reassurance module)', '');

-- --------------------------------------------------------

--
-- Table structure for table `xio8d_psshipping_address`
--

CREATE TABLE `xio8d_psshipping_address` (
  `id_address` int(11) NOT NULL,
  `pickup_point_id` int(11) NOT NULL,
  `network_code` varchar(20) NOT NULL,
  `code` varchar(255) NOT NULL,
  `description` varchar(255) DEFAULT NULL,
  `address` varchar(255) NOT NULL,
  `city` varchar(255) NOT NULL,
  `zip_code` varchar(255) NOT NULL,
  `department` varchar(255) DEFAULT NULL,
  `country` varchar(255) NOT NULL
) ENGINE=InnoDB DEFAULT CHARSET=utf8mb4 COLLATE=utf8mb4_unicode_ci;

-- --------------------------------------------------------

--
-- Table structure for table `xio8d_psshipping_address_orders`
--

CREATE TABLE `xio8d_psshipping_address_orders` (
  `id_order` int(11) NOT NULL,
  `id_shop` int(11) NOT NULL,
  `id_address` int(11) NOT NULL
) ENGINE=InnoDB DEFAULT CHARSET=utf8mb4 COLLATE=utf8mb4_unicode_ci;

-- --------------------------------------------------------

--
-- Table structure for table `xio8d_quick_access`
--

CREATE TABLE `xio8d_quick_access` (
  `id_quick_access` int(10) UNSIGNED NOT NULL,
  `new_window` tinyint(1) NOT NULL DEFAULT 0,
  `link` varchar(255) NOT NULL
) ENGINE=InnoDB DEFAULT CHARSET=utf8mb4 COLLATE=utf8mb4_general_ci;

--
-- Dumping data for table `xio8d_quick_access`
--

INSERT INTO `xio8d_quick_access` (`id_quick_access`, `new_window`, `link`) VALUES
(1, 0, 'index.php/sell/orders'),
(2, 0, 'index.php?controller=AdminCartRules&addcart_rule'),
(3, 0, 'index.php/sell/catalog/products/create'),
(4, 0, 'index.php/sell/catalog/categories/new'),
(5, 0, 'index.php/improve/modules/manage'),
(6, 0, 'index.php?controller=AdminStats&module=statscheckup');

-- --------------------------------------------------------

--
-- Table structure for table `xio8d_quick_access_lang`
--

CREATE TABLE `xio8d_quick_access_lang` (
  `id_quick_access` int(10) UNSIGNED NOT NULL,
  `id_lang` int(10) UNSIGNED NOT NULL,
  `name` varchar(32) NOT NULL
) ENGINE=InnoDB DEFAULT CHARSET=utf8mb4 COLLATE=utf8mb4_general_ci;

--
-- Dumping data for table `xio8d_quick_access_lang`
--

INSERT INTO `xio8d_quick_access_lang` (`id_quick_access`, `id_lang`, `name`) VALUES
(1, 1, 'Orders'),
(1, 2, 'Orders'),
(1, 3, 'Orders'),
(1, 4, 'ফরমায়েশ'),
(1, 5, 'Commandes'),
(1, 6, '订单'),
(2, 1, 'New voucher'),
(2, 2, 'New voucher'),
(2, 3, 'New voucher'),
(2, 4, 'নতুন চালান'),
(2, 5, 'New voucher'),
(2, 6, '新的优惠券'),
(3, 1, 'New product'),
(3, 2, 'New product'),
(3, 3, 'New product'),
(3, 4, 'New product'),
(3, 5, 'Produk baru'),
(3, 6, '新商品'),
(4, 1, 'New category'),
(4, 2, 'New category'),
(4, 3, 'New category'),
(4, 4, 'নতুন ক্যাটাগরি'),
(4, 5, 'New category'),
(4, 6, '新分类'),
(5, 1, 'Installed modules'),
(5, 2, 'Installed modules'),
(5, 3, 'स्थापित मॉड्यूल'),
(5, 4, 'Installed modules'),
(5, 5, 'Installed modules'),
(5, 6, '已安装的模块'),
(6, 1, 'Catalog evaluation'),
(6, 2, 'Catalog evaluation'),
(6, 3, 'Catalog evaluation'),
(6, 4, 'ক্যাটালগ মূল্যায়ন'),
(6, 5, 'Products penilaian'),
(6, 6, '产品评估');

-- --------------------------------------------------------

--
-- Table structure for table `xio8d_range_price`
--

CREATE TABLE `xio8d_range_price` (
  `id_range_price` int(10) UNSIGNED NOT NULL,
  `id_carrier` int(10) UNSIGNED NOT NULL,
  `delimiter1` decimal(20,6) NOT NULL,
  `delimiter2` decimal(20,6) NOT NULL
) ENGINE=InnoDB DEFAULT CHARSET=utf8mb4 COLLATE=utf8mb4_general_ci;

--
-- Dumping data for table `xio8d_range_price`
--

INSERT INTO `xio8d_range_price` (`id_range_price`, `id_carrier`, `delimiter1`, `delimiter2`) VALUES
(1, 15, 0.000000, 99.990000),
(2, 15, 100.000000, 100000.000000),
(3, 26, 0.000000, 99.000000),
(4, 26, 99.000000, 100000.000000),
(5, 49, 0.000000, 99.000000),
(6, 49, 99.000000, 100000.000000),
(7, 51, 0.000000, 99.000000),
(8, 51, 99.000000, 100000.000000),
(9, 52, 0.000000, 99.000000),
(10, 52, 99.000000, 100000.000000),
(11, 74, 0.000000, 99.000000),
(12, 74, 99.000000, 100000.000000);

-- --------------------------------------------------------

--
-- Table structure for table `xio8d_range_weight`
--

CREATE TABLE `xio8d_range_weight` (
  `id_range_weight` int(10) UNSIGNED NOT NULL,
  `id_carrier` int(10) UNSIGNED NOT NULL,
  `delimiter1` decimal(20,6) NOT NULL,
  `delimiter2` decimal(20,6) NOT NULL
) ENGINE=InnoDB DEFAULT CHARSET=utf8mb4 COLLATE=utf8mb4_general_ci;

--
-- Dumping data for table `xio8d_range_weight`
--

INSERT INTO `xio8d_range_weight` (`id_range_weight`, `id_carrier`, `delimiter1`, `delimiter2`) VALUES
(8, 5, 0.000000, 10000.000000),
(9, 8, 0.000000, 1.260000),
(10, 9, 0.000000, 1.000000),
(11, 13, 0.000000, 0.010000),
(12, 14, 0.000000, 0.020000),
(13, 21, 0.000000, 99.000000),
(14, 21, 99.000000, 100000.000000),
(4, 33, 0.000000, 1.010000),
(5, 33, 1.010000, 1.260000),
(6, 33, 1.260000, 4.010000),
(7, 33, 4.010000, 8.010000),
(1, 35, 0.000000, 1.260000),
(2, 35, 1.260000, 4.010000),
(3, 35, 4.010000, 8.010000),
(15, 47, 0.000000, 0.000000),
(16, 48, 0.000000, 0.000000),
(17, 53, 0.000000, 100.000000);

-- --------------------------------------------------------

--
-- Table structure for table `xio8d_request_sql`
--

CREATE TABLE `xio8d_request_sql` (
  `id_request_sql` int(11) NOT NULL,
  `name` varchar(200) NOT NULL,
  `sql` mediumtext NOT NULL
) ENGINE=InnoDB DEFAULT CHARSET=utf8mb4 COLLATE=utf8mb4_general_ci;

-- --------------------------------------------------------

--
-- Table structure for table `xio8d_required_field`
--

CREATE TABLE `xio8d_required_field` (
  `id_required_field` int(11) NOT NULL,
  `object_name` varchar(32) NOT NULL,
  `field_name` varchar(32) NOT NULL
) ENGINE=InnoDB DEFAULT CHARSET=utf8mb4 COLLATE=utf8mb4_general_ci;

-- --------------------------------------------------------

--
-- Table structure for table `xio8d_revslider_backup_slides`
--

CREATE TABLE `xio8d_revslider_backup_slides` (
  `id` int(9) NOT NULL,
  `slide_id` int(9) NOT NULL,
  `slider_id` int(9) NOT NULL,
  `slide_order` int(11) NOT NULL,
  `params` longtext NOT NULL,
  `layers` longtext NOT NULL,
  `settings` text NOT NULL,
  `created` datetime NOT NULL,
  `session` varchar(100) NOT NULL,
  `static` varchar(20) NOT NULL
) ENGINE=InnoDB DEFAULT CHARSET=utf8mb4 COLLATE=utf8mb4_general_ci;

-- --------------------------------------------------------

--
-- Table structure for table `xio8d_revslider_css`
--

CREATE TABLE `xio8d_revslider_css` (
  `id` int(9) NOT NULL,
  `handle` text NOT NULL,
  `settings` longtext DEFAULT NULL,
  `hover` longtext DEFAULT NULL,
  `advanced` longtext DEFAULT NULL,
  `params` longtext NOT NULL
) ENGINE=InnoDB DEFAULT CHARSET=utf8mb4 COLLATE=utf8mb4_general_ci;

-- --------------------------------------------------------

--
-- Table structure for table `xio8d_revslider_layer_animations`
--

CREATE TABLE `xio8d_revslider_layer_animations` (
  `id` int(9) NOT NULL,
  `handle` text NOT NULL,
  `params` text NOT NULL,
  `settings` text DEFAULT NULL
) ENGINE=InnoDB DEFAULT CHARSET=utf8mb4 COLLATE=utf8mb4_general_ci;

-- --------------------------------------------------------

--
-- Table structure for table `xio8d_revslider_navigations`
--

CREATE TABLE `xio8d_revslider_navigations` (
  `id` int(9) NOT NULL,
  `name` varchar(191) NOT NULL,
  `handle` varchar(191) NOT NULL,
  `type` varchar(191) NOT NULL,
  `css` longtext NOT NULL,
  `markup` longtext NOT NULL,
  `settings` longtext DEFAULT NULL
) ENGINE=InnoDB DEFAULT CHARSET=utf8mb4 COLLATE=utf8mb4_general_ci;

-- --------------------------------------------------------

--
-- Table structure for table `xio8d_revslider_options`
--

CREATE TABLE `xio8d_revslider_options` (
  `option_id` int(10) NOT NULL,
  `option_name` varchar(100) NOT NULL,
  `option_value` longtext NOT NULL
) ENGINE=InnoDB DEFAULT CHARSET=utf8mb4 COLLATE=utf8mb4_general_ci;

--
-- Dumping data for table `xio8d_revslider_options`
--

INSERT INTO `xio8d_revslider_options` (`option_id`, `option_name`, `option_value`) VALUES
(1, 'rs6_licence_date', '2026-06-24'),
(2, 'revslider-code', ''),
(3, 'revslider-valid', 'false'),
(4, 'rs6_licence_dataset', 'false'),
(5, 'rs6_licence_expires', 'false');

-- --------------------------------------------------------

--
-- Table structure for table `xio8d_revslider_sliders`
--

CREATE TABLE `xio8d_revslider_sliders` (
  `id` int(9) NOT NULL,
  `title` tinytext NOT NULL,
  `alias` tinytext DEFAULT NULL,
  `params` longtext NOT NULL,
  `settings` longtext DEFAULT NULL,
  `type` varchar(191) NOT NULL DEFAULT ''
) ENGINE=InnoDB DEFAULT CHARSET=utf8mb4 COLLATE=utf8mb4_general_ci;

--
-- Dumping data for table `xio8d_revslider_sliders`
--

INSERT INTO `xio8d_revslider_sliders` (`id`, `title`, `alias`, `params`, `settings`, `type`) VALUES
(1, 'Alysum', 'alysum', '{\"addOns\":[],\"version\":\"6.2.0\",\"shortcode\":\"[rev_slider alias=\\\"alysum\\\"]\",\"type\":\"standard\",\"layouttype\":\"auto\",\"sourcetype\":\"gallery\",\"googleFont\":[],\"id\":\"\",\"class\":\"\",\"wrapperclass\":\"\",\"snap\":{\"adjust\":\"none\",\"snap\":false,\"helpLines\":false,\"gap\":20},\"source\":{\"gallery\":[],\"post\":{\"excerptLimit\":55,\"maxPosts\":30,\"fetchType\":\"cat_tag\",\"category\":\"\",\"sortBy\":\"ID\",\"types\":\"post\",\"list\":\"\",\"sortDirection\":\"DESC\",\"subType\":\"post\"},\"woo\":{\"excerptLimit\":55,\"maxProducts\":30,\"featuredOnly\":false,\"inStockOnly\":false,\"category\":\"\",\"sortBy\":\"ID\",\"types\":\"product\",\"sortDirection\":\"DESC\",\"regPriceFrom\":\"\",\"regPriceTo\":\"\",\"salePriceFrom\":\"\",\"salePriceTo\":\"\"},\"woo_specific\":{\"excerptLimit\":55,\"maxProducts\":30,\"featuredOnly\":false,\"inStockOnly\":false,\"category\":\"\",\"sortBy\":\"ID\",\"types\":\"product\",\"sortDirection\":\"DESC\",\"regPriceFrom\":\"\",\"regPriceTo\":\"\",\"salePriceFrom\":\"\",\"salePriceTo\":\"\"},\"ps_category\":{\"excerptLimit\":55,\"maxProducts\":30,\"featuredOnly\":false,\"inStockOnly\":false,\"category\":\"\",\"sortBy\":\"ID\",\"types\":\"product\",\"sortDirection\":\"DESC\",\"regPriceFrom\":\"\",\"regPriceTo\":\"\",\"salePriceFrom\":\"\",\"salePriceTo\":\"\"},\"instagram\":{\"count\":8,\"hashTag\":\"\",\"transient\":1200,\"type\":\"user\",\"userId\":\"\"},\"facebook\":{\"album\":\"\",\"appId\":\"\",\"appSecret\":\"\",\"count\":8,\"pageURL\":\"\",\"transient\":1200,\"typeSource\":\"album\"},\"flickr\":{\"apiKey\":\"\",\"count\":8,\"galleryURL\":\"\",\"groupURL\":\"\",\"photoSet\":\"\",\"transient\":1200,\"type\":\"publicphotos\",\"userURL\":\"\"},\"twitter\":{\"accessSecret\":\"\",\"accessToken\":\"\",\"consumerKey\":\"\",\"consumerSecret\":\"\",\"count\":8,\"excludeReplies\":false,\"imageOnly\":false,\"includeRetweets\":false,\"transient\":1200,\"userId\":\"\"},\"vimeo\":{\"albumId\":\"\",\"channelName\":\"\",\"count\":8,\"transient\":1200,\"groupName\":\"\",\"typeSource\":\"user\",\"userName\":\"\"},\"youtube\":{\"api\":\"\",\"channelId\":\"\",\"count\":8,\"playList\":\"\",\"transient\":1200,\"typeSource\":\"channel\"}},\"def\":{\"intelligentInherit\":true,\"autoResponsive\":true,\"responsiveChilds\":true,\"responsiveOffset\":true,\"transition\":\"fade\",\"transitionDuration\":300,\"delay\":9000,\"background\":{\"fit\":\"cover\",\"fitX\":100,\"fitY\":100,\"position\":\"center center\",\"positionX\":0,\"positionY\":0,\"repeat\":\"no-repeat\",\"imageSourceType\":\"full\"},\"panZoom\":{\"set\":false,\"blurStart\":0,\"blurEnd\":0,\"duration\":10000,\"ease\":\"none\",\"fitEnd\":100,\"fitStart\":100,\"xEnd\":0,\"yEnd\":0,\"xStart\":0,\"yStart\":0,\"rotateStart\":0,\"rotateEnd\":0}},\"size\":{\"enableUpscaling\":false,\"respectAspectRatio\":false,\"disableForceFullWidth\":false,\"custom\":{\"d\":true,\"n\":false,\"t\":false,\"m\":false},\"minHeightFullScreen\":\"\",\"minHeight\":\"\",\"maxWidth\":\"1510px\",\"maxHeight\":\"768px\",\"fullScreenOffsetContainer\":\"\",\"fullScreenOffset\":\"\",\"width\":{\"d\":1240,\"n\":1024,\"t\":778,\"m\":480},\"height\":{\"d\":900,\"n\":768,\"t\":960,\"m\":720},\"editorCache\":{\"d\":900,\"n\":768,\"t\":960,\"m\":720},\"overflow\":false,\"useFullScreenHeight\":true,\"overflowHidden\":false,\"gridEQModule\":false,\"forceOverflow\":false,\"keepBPHeight\":false,\"ignoreHeightChanges\":true},\"codes\":{\"css\":\"\",\"javascript\":\"\"},\"carousel\":{\"justify\":false,\"justifyMaxWidth\":false,\"snap\":true,\"borderRadius\":0,\"borderRadiusUnit\":\"px\",\"ease\":\"power3.inOut\",\"fadeOut\":true,\"scale\":false,\"offsetScale\":false,\"horizontal\":\"center\",\"vertical\":\"center\",\"infinity\":false,\"maxItems\":3,\"maxRotation\":0,\"maxOpacity\":100,\"paddingTop\":0,\"paddingBottom\":0,\"rotation\":false,\"scaleDown\":50,\"space\":0,\"speed\":800,\"stretch\":false,\"varyFade\":false,\"varyRotate\":false,\"varyScale\":false,\"showAllLayers\":\"false\"},\"hero\":{\"activeSlide\":-1},\"layout\":{\"bg\":{\"color\":\"transparent\",\"padding\":0,\"dottedOverlay\":\"none\",\"shadow\":0,\"useImage\":false,\"image\":\"\",\"imageSourceType\":\"full\",\"fit\":\"cover\",\"position\":\"center center\",\"repeat\":\"no-repeat\"},\"spinner\":{\"color\":\"#ffffff\",\"type\":\"0\"},\"position\":{\"marginTop\":0,\"marginBottom\":0,\"marginLeft\":0,\"marginRight\":0,\"align\":\"center\",\"fixedOnTop\":false,\"addClear\":false}},\"visibility\":{\"hideSelectedLayersUnderLimit\":0,\"hideAllLayersUnderLimit\":0,\"hideSliderUnderLimit\":0},\"general\":{\"slideshow\":{\"slideShow\":true,\"stopOnHover\":false,\"stopSlider\":false,\"stopAfterLoops\":0,\"stopAtSlide\":1,\"shuffle\":false,\"loopSingle\":false,\"viewPort\":false,\"viewPortStart\":\"wait\",\"viewPortArea\":{\"d\":{\"v\":\"200px\",\"e\":false,\"u\":\"\"},\"n\":{\"v\":\"200px\",\"e\":false,\"u\":\"\"},\"t\":{\"v\":\"200px\",\"e\":false,\"u\":\"\"},\"m\":{\"v\":\"200px\",\"e\":false,\"u\":\"\"}},\"presetSliderHeight\":false,\"initDelay\":0,\"waitForInit\":false},\"progressbar\":{\"set\":false,\"alignby\":\"slider\",\"style\":\"horizontal\",\"size\":\"5px\",\"radius\":10,\"vertical\":\"bottom\",\"horizontal\":\"left\",\"x\":0,\"y\":0,\"color\":\"rgba(255,255,255,0.5)\",\"bgcolor\":\"transparent\",\"basedon\":\"slide\",\"gapsize\":0,\"gap\":false,\"gapcolor\":\"rgba(255,255,255,0.5)\",\"reset\":\"reset\",\"visibility\":{\"d\":true,\"m\":true,\"n\":true,\"t\":true}},\"firstSlide\":{\"set\":false,\"duration\":300,\"slotAmount\":7,\"type\":\"fade\",\"alternativeFirstSlideSet\":false,\"alternativeFirstSlide\":1},\"layerSelection\":false,\"lazyLoad\":\"none\",\"nextSlideOnFocus\":false,\"disableFocusListener\":false,\"disableOnMobile\":false,\"autoPlayVideoOnMobile\":true,\"disablePanZoomMobile\":false,\"useWPML\":false,\"perspective\":600,\"perspectiveType\":\"global\"},\"nav\":{\"preview\":{\"width\":50,\"height\":100},\"swipe\":{\"set\":false,\"setOnDesktop\":false,\"setMobileCarousel\":true,\"setDesktopCarousel\":true,\"blockDragVertical\":false,\"direction\":\"horizontal\",\"minTouch\":1,\"velocity\":75},\"keyboard\":{\"direction\":\"horizontal\",\"set\":false},\"mouse\":{\"set\":\"off\",\"reverse\":\"default\"},\"arrows\":{\"set\":false,\"rtl\":false,\"animSpeed\":\"1000ms\",\"animDelay\":\"1000ms\",\"style\":\"1000\",\"preset\":\"default\",\"presets\":[],\"alwaysOn\":true,\"hideDelay\":200,\"hideDelayMobile\":1200,\"hideOver\":false,\"hideOverLimit\":0,\"hideUnder\":false,\"hideUnderLimit\":778,\"left\":{\"anim\":\"fade\",\"horizontal\":\"left\",\"vertical\":\"center\",\"offsetX\":30,\"offsetY\":0,\"align\":\"slider\"},\"right\":{\"anim\":\"fade\",\"horizontal\":\"right\",\"vertical\":\"center\",\"offsetX\":30,\"offsetY\":0,\"align\":\"slider\"}},\"thumbs\":{\"anim\":\"fade\",\"animSpeed\":\"1000ms\",\"animDelay\":\"1000ms\",\"set\":false,\"rtl\":false,\"style\":\"2000\",\"preset\":\"default\",\"presets\":[],\"alwaysOn\":true,\"hideDelay\":200,\"hideDelayMobile\":1200,\"hideOver\":false,\"hideOverLimit\":0,\"hideUnder\":false,\"hideUnderLimit\":778,\"spanWrapper\":false,\"horizontal\":\"center\",\"vertical\":\"bottom\",\"amount\":5,\"direction\":\"horizontal\",\"height\":50,\"width\":100,\"widthMin\":100,\"innerOuter\":\"inner\",\"offsetX\":0,\"offsetY\":20,\"space\":5,\"align\":\"slider\",\"padding\":5,\"wrapperColor\":\"transparent\"},\"tabs\":{\"anim\":\"fade\",\"animSpeed\":\"1000ms\",\"animDelay\":\"1000ms\",\"set\":false,\"rtl\":false,\"style\":\"4000\",\"preset\":\"default\",\"presets\":[],\"alwaysOn\":true,\"hideDelay\":200,\"hideDelayMobile\":1200,\"hideOver\":false,\"hideOverLimit\":0,\"hideUnder\":false,\"hideUnderLimit\":778,\"spanWrapper\":false,\"horizontal\":\"center\",\"vertical\":\"bottom\",\"amount\":5,\"direction\":\"horizontal\",\"height\":50,\"width\":100,\"widthMin\":100,\"innerOuter\":\"inner\",\"offsetX\":0,\"offsetY\":20,\"space\":5,\"align\":\"slider\",\"padding\":5,\"wrapperColor\":\"transparent\"},\"bullets\":{\"anim\":\"fade\",\"animSpeed\":\"1000ms\",\"animDelay\":\"1000ms\",\"set\":false,\"rtl\":false,\"style\":\"3000\",\"preset\":\"default\",\"presets\":[],\"alwaysOn\":true,\"horizontal\":\"center\",\"vertical\":\"bottom\",\"direction\":\"horizontal\",\"offsetX\":0,\"offsetY\":20,\"align\":\"slider\",\"space\":5,\"hideDelay\":200,\"hideDelayMobile\":1200,\"hideOver\":false,\"hideOverLimit\":0,\"hideUnder\":false,\"hideUnderLimit\":778}},\"troubleshooting\":{\"alternateImageType\":\"off\",\"alternateURL\":\"\",\"jsNoConflict\":false,\"jsInBody\":false,\"outPutFilter\":\"none\",\"simplify_ie8_ios4\":false},\"parallax\":{\"set\":false,\"setDDD\":false,\"disableOnMobile\":false,\"levels\":[5,10,15,20,25,30,35,40,45,46,47,48,49,50,51,30],\"ddd\":{\"BGFreeze\":false,\"layerOverflow\":false,\"overflow\":false,\"shadow\":false,\"zCorrection\":65},\"mouse\":{\"speed\":0,\"bgSpeed\":0,\"layersSpeed\":0,\"origo\":\"slidercenter\",\"type\":\"scroll\"}},\"modal\":{\"bodyclass\":\"\",\"horizontal\":\"center\",\"vertical\":\"middle\",\"cover\":true,\"coverColor\":\"rgba(0,0,0,0.5)\"},\"scrolleffects\":{\"set\":false,\"setBlur\":false,\"setFade\":false,\"setGrayScale\":false,\"bg\":false,\"direction\":\"both\",\"layers\":false,\"maxBlur\":10,\"multiplicator\":\"1.3\",\"multiplicatorLayers\":\"1.3\",\"disableOnMobile\":false,\"parallaxLayers\":false,\"staticLayers\":false,\"staticParallaxLayers\":false,\"tilt\":30},\"scrolltimeline\":{\"set\":false,\"fixed\":false,\"fixedStart\":2000,\"fixedEnd\":4000,\"layers\":false,\"ease\":\"none\",\"speed\":500},\"skins\":{\"colorsAtStart\":false,\"cid\":2,\"colors\":[{\"alias\":\"Highlight\",\"v\":\"#ff0000\",\"ref\":[]},{\"alias\":\"Headline Text\",\"v\":\"#ffffff\",\"ref\":[]},{\"alias\":\"Content Text\",\"v\":\"#00ffff\",\"ref\":[]}]},\"modalshortcode\":\"[rev_slider usage=\\\"modal\\\" alias=\\\"alysum\\\"]\"}', '{\"version\":\"6.2.0\"}', ''),
(2, 'Alysum Banners', 'alysum-banners', '{\"id\":\"\",\"shortcode\":\"\",\"layouttype\":\"auto\",\"type\":\"standard\",\"sourcetype\":\"gallery\",\"googleFont\":[],\"addOns\":[],\"source\":{\"gallery\":[],\"post\":{\"excerptLimit\":\"55\",\"maxPosts\":\"30\",\"fetchType\":\"cat_tag\",\"category\":\"\",\"sortBy\":\"ID\",\"types\":\"post\",\"list\":\"\",\"sortDirection\":\"DESC\",\"subType\":\"post\"},\"woo\":{\"excerptLimit\":55,\"maxProducts\":30,\"featuredOnly\":false,\"inStockOnly\":false,\"category\":\"\",\"sortBy\":\"ID\",\"types\":\"product\",\"sortDirection\":\"DESC\",\"regPriceFrom\":\"\",\"regPriceTo\":\"\",\"salePriceFrom\":\"\",\"salePriceTo\":\"\"},\"instagram\":{\"count\":\"\",\"hashTag\":\"\",\"transient\":1200,\"type\":\"user\",\"userId\":\"\"},\"facebook\":{\"album\":\"\",\"appId\":\"\",\"appSecret\":\"\",\"count\":\"\",\"pageURL\":\"\",\"transient\":\"1200\",\"typeSource\":\"timeline\"},\"flickr\":{\"apiKey\":\"\",\"count\":\"\",\"galleryURL\":\"\",\"groupURL\":\"\",\"photoSet\":\"\",\"transient\":1200,\"type\":\"publicphotos\",\"userURL\":\"\"},\"twitter\":{\"accessSecret\":\"\",\"accessToken\":\"\",\"consumerKey\":\"\",\"consumerSecret\":\"\",\"count\":\"\",\"excludeReplies\":false,\"imageOnly\":false,\"includeRetweets\":false,\"transient\":\"1200\",\"userId\":\"\"},\"vimeo\":{\"albumId\":\"\",\"channelName\":\"\",\"count\":\"\",\"transient\":1200,\"groupName\":\"\",\"typeSource\":\"user\",\"userName\":\"\"},\"youtube\":{\"api\":\"\",\"channelId\":\"\",\"count\":\"\",\"playList\":\"\",\"transient\":1200,\"typeSource\":\"channel\"}},\"def\":{\"transition\":\"fade\",\"transitionDuration\":\"300\",\"delay\":\"9000\",\"background\":{\"fit\":\"cover\",\"fitX\":\"100\",\"fitY\":\"100\",\"position\":\"center center\",\"positionX\":\"0\",\"positionY\":\"0\",\"repeat\":\"no-repeat\",\"imageSourceType\":\"full\"},\"panZoom\":{\"set\":false,\"blurStart\":0,\"blurEnd\":0,\"duration\":\"\",\"ease\":\"none\",\"fitEnd\":\"100\",\"fitStart\":\"100\",\"xEnd\":\"0\",\"yEnd\":\"0\",\"xStart\":\"0\",\"yStart\":\"0\",\"rotateStart\":\"0\",\"rotateEnd\":\"0\"}},\"size\":{\"respectAspectRatio\":false,\"disableForceFullWidth\":false,\"gridEQModule\":false,\"custom\":{\"d\":true,\"n\":false,\"t\":false,\"m\":false},\"minHeightFullScreen\":\"\",\"minHeight\":\"\",\"fullScreenOffsetContainer\":\"\",\"fullScreenOffset\":\"\",\"width\":{\"d\":1500,\"n\":1024,\"t\":778,\"m\":480},\"height\":{\"d\":530,\"n\":768,\"t\":960,\"m\":720},\"overflow\":false,\"maxWidth\":\"\"},\"codes\":{\"css\":\"\",\"javascript\":\"\"},\"carousel\":{\"borderRadius\":\"0\",\"borderRadiusUnit\":\"px\",\"ease\":\"power3.inOut\",\"fadeOut\":true,\"scale\":false,\"horizontal\":\"center\",\"vertical\":\"center\",\"infinity\":false,\"maxItems\":\"3\",\"maxRotation\":\"0\",\"paddingTop\":\"0\",\"paddingBottom\":\"0\",\"rotation\":false,\"scaleDown\":50,\"space\":\"0\",\"speed\":800,\"stretch\":false,\"varyFade\":false,\"varyRotate\":false,\"varyScale\":false,\"showAllLayers\":false},\"hero\":{\"activeSlide\":\"-1\"},\"layout\":{\"bg\":{\"color\":\"transparent\",\"padding\":\"0\",\"dottedOverlay\":\"none\",\"shadow\":\"0\",\"useImage\":false,\"image\":\"\",\"fit\":\"cover\",\"position\":\"center center\",\"repeat\":\"no-repeat\"},\"spinner\":{\"color\":\"#FFFFFF\",\"type\":\"-1\"},\"position\":{\"marginTop\":\"0\",\"marginBottom\":\"0\",\"marginLeft\":\"0\",\"marginRight\":\"0\",\"align\":\"left\"}},\"visibility\":{\"hideSelectedLayersUnderLimit\":\"0\",\"hideAllLayersUnderLimit\":\"0\",\"hideSliderUnderLimit\":\"0\"},\"general\":{\"slideshow\":{\"stopOnHover\":false,\"stopSlider\":false,\"stopAfterLoops\":\"0\",\"stopAtSlide\":\"2\",\"shuffle\":false,\"loopSingle\":false,\"viewPort\":false,\"viewPortStart\":\"wait\",\"viewPortArea\":\"20%\",\"presetSliderHeight\":false,\"initDelay\":\"0\",\"waitForInit\":false,\"slideShow\":true},\"progressbar\":{\"set\":false,\"height\":\"5\",\"position\":\"top\",\"color\":\"rgba(0,0,0,0.15)\"},\"firstSlide\":{\"set\":false,\"duration\":\"300\",\"slotAmount\":\"7\",\"type\":\"fade\",\"alternativeFirstSlideSet\":false,\"alternativeFirstSlide\":\"1\"},\"layerSelection\":false,\"lazyLoad\":\"none\",\"nextSlideOnFocus\":false,\"disableFocusListener\":false,\"disableOnMobile\":false,\"autoPlayVideoOnMobile\":true,\"disablePanZoomMobile\":false,\"useWPML\":false},\"nav\":{\"preview\":{\"width\":\"100\",\"height\":\"50\"},\"swipe\":{\"set\":false,\"setOnDesktop\":false,\"blockDragVertical\":false,\"direction\":\"horizontal\",\"minTouch\":\"50\",\"velocity\":\"75\"},\"keyboard\":{\"set\":false,\"direction\":\"horizontal\"},\"mouse\":{\"set\":false,\"reverse\":\"default\"},\"arrows\":{\"set\":false,\"rtl\":false,\"style\":1000,\"preset\":\"default\",\"presets\":[],\"alwaysOn\":true,\"hideDelay\":\"200\",\"hideDelayMobile\":\"1200\",\"hideOver\":false,\"hideOverLimit\":\"0\",\"hideUnder\":false,\"hideUnderLimit\":\"0\",\"left\":{\"horizontal\":\"left\",\"vertical\":\"center\",\"offsetX\":\"20\",\"offsetY\":\"0\",\"align\":\"slider\"},\"right\":{\"horizontal\":\"right\",\"vertical\":\"center\",\"offsetX\":\"20\",\"offsetY\":\"0\",\"align\":\"slider\"}},\"thumbs\":{\"set\":false,\"rtl\":false,\"style\":2000,\"preset\":\"default\",\"presets\":[],\"alwaysOn\":true,\"hideDelay\":\"200\",\"hideDelayMobile\":\"1200\",\"hideOver\":false,\"hideOverLimit\":\"0\",\"hideUnder\":false,\"hideUnderLimit\":\"0\",\"spanWrapper\":false,\"horizontal\":\"center\",\"vertical\":\"bottom\",\"amount\":\"5\",\"direction\":\"horizontal\",\"height\":\"50\",\"width\":\"100\",\"widthMin\":\"100\",\"innerOuter\":\"inner\",\"offsetX\":\"0\",\"offsetY\":\"20\",\"space\":\"5\",\"align\":\"slider\",\"padding\":\"5\",\"wrapperColor\":\"transparent\"},\"tabs\":{\"set\":false,\"rtl\":false,\"style\":4000,\"preset\":\"default\",\"presets\":[],\"alwaysOn\":true,\"hideDelay\":\"200\",\"hideDelayMobile\":\"1200\",\"hideOver\":false,\"hideOverLimit\":\"0\",\"hideUnder\":false,\"hideUnderLimit\":\"0\",\"spanWrapper\":false,\"horizontal\":\"center\",\"vertical\":\"bottom\",\"amount\":\"5\",\"direction\":\"horizontal\",\"height\":\"50\",\"width\":\"100\",\"widthMin\":\"100\",\"innerOuter\":\"inner\",\"offsetX\":\"0\",\"offsetY\":\"20\",\"space\":\"5\",\"align\":\"slider\",\"padding\":\"5\",\"wrapperColor\":\"transparent\"},\"bullets\":{\"set\":false,\"rtl\":\"\",\"style\":3000,\"preset\":\"default\",\"presets\":[],\"alwaysOn\":true,\"horizontal\":\"center\",\"vertical\":\"bottom\",\"direction\":\"horizontal\",\"offsetX\":\"0\",\"offsetY\":\"20\",\"align\":\"slider\",\"space\":\"5\",\"hideDelay\":\"200\",\"hideDelayMobile\":\"1200\",\"hideOver\":false,\"hideOverLimit\":\"0\",\"hideUnder\":false,\"hideUnderLimit\":\"0\"}},\"troubleshooting\":{\"ignoreHeightChanges\":\"\",\"ignoreHeightChangesUnderLimit\":0,\"alternateImageType\":\"off\",\"alternateURL\":\"\",\"alternateURLId\":false,\"jsNoConflict\":\"\",\"jsInBody\":false,\"outPutFilter\":\"none\",\"debugMode\":false,\"simplify_ie8_ios4\":false},\"parallax\":{\"set\":false,\"setDDD\":false,\"disableOnMobile\":false,\"levels\":[\"5\",\"10\",\"15\",\"20\",\"25\",\"30\",\"35\",\"40\",\"45\",\"46\",\"47\",\"48\",\"49\",\"50\",\"51\",\"55\"],\"ddd\":{\"BGFreeze\":false,\"layerOverflow\":false,\"overflow\":false,\"shadow\":false,\"zCorrection\":\"65\"},\"mouse\":{\"speed\":\"400\",\"bgSpeed\":0,\"layersSpeed\":0,\"origo\":\"enterpoint\",\"type\":\"mouse\"}},\"scrolleffects\":{\"set\":false,\"setBlur\":false,\"setFade\":false,\"setGrayScale\":false,\"bg\":false,\"direction\":\"both\",\"maxBlur\":10,\"multiplicator\":\"1.35\",\"multiplicatorLayers\":\"1.3\",\"disableOnMobile\":false,\"tilt\":\"30\",\"layers\":false},\"version\":\"6.2.0\"}', '{\"version\":\"6.2.0\"}', '');

-- --------------------------------------------------------

--
-- Table structure for table `xio8d_revslider_slides`
--

CREATE TABLE `xio8d_revslider_slides` (
  `id` int(9) NOT NULL,
  `slider_id` int(9) NOT NULL,
  `slide_order` int(11) NOT NULL,
  `params` longtext NOT NULL,
  `layers` longtext NOT NULL,
  `settings` longtext NOT NULL DEFAULT ''
) ENGINE=InnoDB DEFAULT CHARSET=utf8mb4 COLLATE=utf8mb4_general_ci;

--
-- Dumping data for table `xio8d_revslider_slides`
--

INSERT INTO `xio8d_revslider_slides` (`id`, `slider_id`, `slide_order`, `params`, `layers`, `settings`) VALUES
(1, 1, 1, '{\"runtime\":{\"collapsedGroups\":[]},\"title\":\"Slide\",\"bg\":{\"type\":\"external\",\"color\":\"#E7E7E7\",\"externalSrc\":\"https:\\/\\/www.buynutritionals.sg\\/modules\\/sphomeslider\\/images\\/f456cf391aab418a25d459c60d0699d9d10825a4_2%20way%20payment2.jpg\",\"video\":{\"args\":\"hd=1&wmode=opaque&controls=1&showinfo=0;rel=0;\",\"argsVimeo\":\"title=0&byline=0&portrait=0;api=1\"}},\"thumb\":{\"dimension\":\"slider\"},\"info\":{\"params\":[{\"v\":\"\",\"l\":10},{\"v\":\"\",\"l\":10},{\"v\":\"\",\"l\":10},{\"v\":\"\",\"l\":10},{\"v\":\"\",\"l\":10},{\"v\":\"\",\"l\":10},{\"v\":\"\",\"l\":10},{\"v\":\"\",\"l\":10},{\"v\":\"\",\"l\":10},{\"v\":\"\",\"l\":10}]},\"timeline\":{\"delay\":\"\",\"transition\":[\"fade\"],\"slots\":[\"default\"],\"duration\":[600],\"easeIn\":[\"default\"],\"easeOut\":[\"default\"],\"rotation\":[0]},\"nav\":{\"arrows\":{\"presets\":{\"bg-color\":\"rgba(0,0,0,0.5)\",\"bg-color-def\":false,\"bg-size\":\"40\",\"bg-size-def\":false,\"arrow-color\":\"#ffffff\",\"arrow-color-def\":false,\"arrow-size\":\"20\",\"arrow-size-def\":false,\"hover-bg-color\":\"#000000\",\"hover-bg-color-def\":false,\"left-icon\":\"\\\\e82c\",\"left-icon-def\":false,\"right-icon\":\"\\\\e82d\",\"right-icon-def\":false}}}}', '{\"3\":{\"text\":\"USANA\'s Preferred Pricing offers customers <br>n discounts up to 20% You can save an additional <br>n10% by setting up a 4 or 8 week auto order.\",\"alias\":\"Aenean luctus vitae ...\",\"uid\":3,\"version\":\"6.2.0\",\"toggle\":{\"text\":\"\"},\"size\":{\"width\":{\"d\":{\"v\":\"699px\",\"e\":true},\"n\":{\"v\":\"699px\"},\"t\":{\"v\":\"699px\"},\"m\":{\"v\":\"699px\"}},\"height\":{\"d\":{\"e\":true}},\"maxWidth\":{\"d\":{\"e\":true}},\"maxHeight\":{\"d\":{\"e\":true}},\"minWidth\":{\"d\":{\"e\":true}},\"minHeight\":{\"d\":{\"e\":true}},\"originalWidth\":\"540px\",\"scaleProportional\":false},\"position\":{\"x\":{\"d\":{\"v\":\"37px\",\"e\":true},\"n\":{\"v\":\"37px\"},\"t\":{\"v\":\"37px\"},\"m\":{\"v\":\"37px\"}},\"y\":{\"d\":{\"v\":\"381px\",\"e\":true},\"n\":{\"v\":\"381px\"},\"t\":{\"v\":\"381px\"},\"m\":{\"v\":\"381px\"}},\"horizontal\":{\"d\":{\"e\":true}},\"vertical\":{\"d\":{\"e\":true}},\"zIndex\":9},\"behavior\":{\"intelligentInherit\":false},\"group\":{\"groupOrder\":4},\"timeline\":{\"frames\":{\"frame_0\":{\"transform\":{\"x\":{\"d\":{\"v\":\"inherit\",\"e\":true},\"n\":{\"v\":\"inherit\"},\"t\":{\"v\":\"inherit\"},\"m\":{\"v\":\"inherit\"}},\"y\":{\"d\":{\"v\":\"inherit\",\"e\":true},\"n\":{\"v\":\"inherit\"},\"t\":{\"v\":\"inherit\"},\"m\":{\"v\":\"inherit\"}}},\"mask\":{\"x\":{\"d\":{\"v\":\"0px\",\"e\":true},\"n\":{\"v\":\"0px\"},\"t\":{\"v\":\"0px\"},\"m\":{\"v\":\"0px\"}},\"y\":{\"d\":{\"v\":\"0px\",\"e\":true},\"n\":{\"v\":\"0px\"},\"t\":{\"v\":\"0px\"},\"m\":{\"v\":\"0px\"}}},\"timeline\":{\"ease\":\"power2.inOut\",\"start\":800,\"endWithSlide\":false},\"chars\":{\"delay\":\"10\",\"x\":{\"d\":{\"v\":\"0px\",\"e\":true},\"n\":{\"v\":\"0px\"},\"t\":{\"v\":\"0px\"},\"m\":{\"v\":\"0px\"}},\"y\":{\"d\":{\"v\":\"0px\",\"e\":true},\"n\":{\"v\":\"0px\"},\"t\":{\"v\":\"0px\"},\"m\":{\"v\":\"0px\"}}},\"words\":{\"delay\":\"10\",\"x\":{\"d\":{\"v\":\"0px\",\"e\":true},\"n\":{\"v\":\"0px\"},\"t\":{\"v\":\"0px\"},\"m\":{\"v\":\"0px\"}},\"y\":{\"d\":{\"v\":\"0px\",\"e\":true},\"n\":{\"v\":\"0px\"},\"t\":{\"v\":\"0px\"},\"m\":{\"v\":\"0px\"}}},\"lines\":{\"delay\":\"10\",\"x\":{\"d\":{\"v\":\"0px\",\"e\":true},\"n\":{\"v\":\"0px\"},\"t\":{\"v\":\"0px\"},\"m\":{\"v\":\"0px\"}},\"y\":{\"d\":{\"v\":\"0px\",\"e\":true},\"n\":{\"v\":\"0px\"},\"t\":{\"v\":\"0px\"},\"m\":{\"v\":\"0px\"}}}},\"frame_1\":{\"transform\":{\"x\":{\"d\":{\"v\":\"0px\",\"e\":true},\"n\":{\"v\":\"0px\"},\"t\":{\"v\":\"0px\"},\"m\":{\"v\":\"0px\"}},\"y\":{\"d\":{\"v\":\"0px\",\"e\":true},\"n\":{\"v\":\"0px\"},\"t\":{\"v\":\"0px\"},\"m\":{\"v\":\"0px\"}}},\"mask\":{\"x\":{\"d\":{\"v\":\"0px\",\"e\":true},\"n\":{\"v\":\"0px\"},\"t\":{\"v\":\"0px\"},\"m\":{\"v\":\"0px\"}},\"y\":{\"d\":{\"v\":\"0px\",\"e\":true},\"n\":{\"v\":\"0px\"},\"t\":{\"v\":\"0px\"},\"m\":{\"v\":\"0px\"}}},\"timeline\":{\"ease\":\"power2.inOut\",\"start\":800,\"endWithSlide\":false,\"frameLength\":300},\"chars\":{\"delay\":\"10\",\"x\":{\"d\":{\"v\":\"0px\",\"e\":true},\"n\":{\"v\":\"0px\"},\"t\":{\"v\":\"0px\"},\"m\":{\"v\":\"0px\"}},\"y\":{\"d\":{\"v\":\"0px\",\"e\":true},\"n\":{\"v\":\"0px\"},\"t\":{\"v\":\"0px\"},\"m\":{\"v\":\"0px\"}}},\"words\":{\"delay\":\"10\",\"x\":{\"d\":{\"v\":\"0px\",\"e\":true},\"n\":{\"v\":\"0px\"},\"t\":{\"v\":\"0px\"},\"m\":{\"v\":\"0px\"}},\"y\":{\"d\":{\"v\":\"0px\",\"e\":true},\"n\":{\"v\":\"0px\"},\"t\":{\"v\":\"0px\"},\"m\":{\"v\":\"0px\"}}},\"lines\":{\"delay\":\"10\",\"x\":{\"d\":{\"v\":\"0px\",\"e\":true},\"n\":{\"v\":\"0px\"},\"t\":{\"v\":\"0px\"},\"m\":{\"v\":\"0px\"}},\"y\":{\"d\":{\"v\":\"0px\",\"e\":true},\"n\":{\"v\":\"0px\"},\"t\":{\"v\":\"0px\"},\"m\":{\"v\":\"0px\"}}}},\"frame_999\":{\"transform\":{\"x\":{\"d\":{\"e\":true}},\"y\":{\"d\":{\"e\":true}},\"opacity\":\"0\"},\"mask\":{\"x\":{\"d\":{\"e\":true}},\"y\":{\"d\":{\"e\":true}}},\"timeline\":{\"ease\":\"nothing\",\"start\":9000,\"endWithSlide\":true,\"frameLength\":300},\"chars\":{\"delay\":\"10\",\"x\":{\"d\":{\"e\":true}},\"y\":{\"d\":{\"e\":true}}},\"words\":{\"delay\":\"10\",\"x\":{\"d\":{\"e\":true}},\"y\":{\"d\":{\"e\":true}}},\"lines\":{\"delay\":\"10\",\"x\":{\"d\":{\"e\":true}},\"y\":{\"d\":{\"e\":true}}}}},\"loop\":{\"speed\":4000,\"yoyo_move\":true},\"frameOrder\":[{\"id\":\"frame_0\",\"start\":-1},{\"id\":\"frame_1\",\"start\":800},{\"id\":\"frame_999\",\"start\":9000}],\"hoverFilterUsed\":false,\"split\":false,\"sessionFilterUsed\":false},\"idle\":{\"color\":{\"d\":{\"e\":true}},\"margin\":{\"d\":{\"v\":[0,0,0,0],\"e\":false},\"n\":{\"v\":[0,0,0,0],\"e\":false},\"t\":{\"v\":[0,0,0,0],\"e\":false},\"m\":{\"v\":[0,0,0,0],\"e\":false}},\"padding\":{\"d\":{\"v\":[0,0,0,0],\"e\":true},\"n\":{\"v\":[0,0,0,0],\"e\":false},\"t\":{\"v\":[0,0,0,0],\"e\":false},\"m\":{\"v\":[0,0,0,0],\"e\":false}},\"autolinebreak\":false,\"fontSize\":{\"d\":{\"v\":\"17px\",\"e\":true},\"n\":{\"v\":\"17px\"},\"t\":{\"v\":\"17px\"},\"m\":{\"v\":\"17px\"}},\"fontWeight\":{\"d\":{\"e\":true}},\"letterSpacing\":{\"d\":{\"e\":true}},\"lineHeight\":{\"d\":{\"v\":\"29px\",\"e\":true},\"n\":{\"v\":\"29px\"},\"t\":{\"v\":\"29px\"},\"m\":{\"v\":\"29px\"}},\"textAlign\":{\"d\":{\"v\":\"center\",\"e\":true},\"n\":{\"v\":\"center\"},\"t\":{\"v\":\"center\"},\"m\":{\"v\":\"center\"}},\"borderRadius\":{\"v\":[\"0\",\"0\",\"0\",\"0\"]},\"borderWidth\":[\"0\",\"0\",\"0\",\"0\"],\"whiteSpace\":{\"d\":{\"e\":true}},\"svg\":{\"color\":{\"d\":{\"v\":\"rgba(90,90,90,1)\",\"e\":true},\"n\":{\"v\":\"rgba(90,90,90,1)\"},\"t\":{\"v\":\"rgba(90,90,90,1)\"},\"m\":{\"v\":\"rgba(90,90,90,1)\"}}}},\"hover\":{\"color\":\"rgba(0,0,0,1)\",\"borderRadius\":{\"v\":[\"0px\",\"0px\",\"0px\",\"0px\"],\"u\":\"px\"},\"borderWidth\":[\"0\",\"0\",\"0\",\"0\"],\"originX\":50,\"originY\":50,\"speed\":\"0\",\"ease\":\"none\",\"svg\":{\"color\":\"#000000\"}},\"actions\":{\"triggerMemory\":\"keep\",\"action\":[],\"animationoverwrite\":\"wait\"},\"type\":\"text\"},\"4\":{\"text\":\"<a href=\'\\/content\\/40-2-ways-to-save\' class=\'btn\'>LEARN MORE<\\/a>\",\"alias\":\"Shop all\",\"uid\":4,\"version\":\"6.2.0\",\"toggle\":{\"text\":\"\"},\"size\":{\"width\":{\"d\":{\"v\":\"150px\",\"e\":true},\"n\":{\"v\":\"150px\"},\"t\":{\"v\":\"150px\"},\"m\":{\"v\":\"150px\"}},\"height\":{\"d\":{\"e\":true}},\"originalWidth\":\"540px\",\"scaleProportional\":false},\"position\":{\"x\":{\"d\":{\"v\":\"-235px\",\"e\":true},\"n\":{\"v\":\"-235px\"},\"t\":{\"v\":\"-235px\"},\"m\":{\"v\":\"-235px\"}},\"y\":{\"d\":{\"v\":\"476px\",\"e\":true},\"n\":{\"v\":\"476px\"},\"t\":{\"v\":\"476px\"},\"m\":{\"v\":\"476px\"}},\"horizontal\":{\"d\":{\"v\":\"center\",\"e\":true},\"n\":{\"v\":\"center\"},\"t\":{\"v\":\"center\"},\"m\":{\"v\":\"center\"}},\"vertical\":{\"d\":{\"e\":true}},\"zIndex\":10},\"behavior\":{\"intelligentInherit\":false},\"group\":{\"groupOrder\":5},\"timeline\":{\"frames\":{\"frame_0\":{\"transform\":{\"x\":{\"d\":{\"v\":\"inherit\"},\"n\":{\"v\":\"inherit\"},\"t\":{\"v\":\"inherit\"},\"m\":{\"v\":\"inherit\"}},\"y\":{\"d\":{\"v\":\"inherit\"},\"n\":{\"v\":\"inherit\"},\"t\":{\"v\":\"inherit\"},\"m\":{\"v\":\"inherit\"}}},\"timeline\":{\"ease\":\"power2.inOut\",\"start\":1000,\"endWithSlide\":false},\"chars\":{\"delay\":\"10\"},\"words\":{\"delay\":\"10\"},\"lines\":{\"delay\":\"10\"}},\"frame_1\":{\"timeline\":{\"ease\":\"power2.inOut\",\"start\":1000,\"endWithSlide\":false,\"frameLength\":300},\"chars\":{\"delay\":\"10\"},\"words\":{\"delay\":\"10\"},\"lines\":{\"delay\":\"10\"}},\"frame_999\":{\"transform\":{\"opacity\":\"0\"},\"timeline\":{\"ease\":\"nothing\",\"start\":9000,\"endWithSlide\":true,\"frameLength\":300},\"chars\":{\"delay\":\"10\"},\"words\":{\"delay\":\"10\"},\"lines\":{\"delay\":\"10\"}}},\"loop\":{\"speed\":4000,\"yoyo_move\":true},\"frameOrder\":[{\"id\":\"frame_0\",\"start\":-1},{\"id\":\"frame_1\",\"start\":1000},{\"id\":\"frame_999\",\"start\":9000}],\"hoverFilterUsed\":false,\"split\":false,\"sessionFilterUsed\":false},\"idle\":{\"color\":{\"d\":{\"e\":true}},\"margin\":{\"d\":{\"v\":[0,0,0,0],\"e\":false},\"n\":{\"v\":[0,0,0,0],\"e\":false},\"t\":{\"v\":[0,0,0,0],\"e\":false},\"m\":{\"v\":[0,0,0,0],\"e\":false}},\"padding\":{\"d\":{\"v\":[0,0,0,0],\"e\":false},\"n\":{\"v\":[0,0,0,0],\"e\":false},\"t\":{\"v\":[0,0,0,0],\"e\":false},\"m\":{\"v\":[0,0,0,0],\"e\":false}},\"autolinebreak\":false,\"fontSize\":{\"d\":{\"v\":\"33px\",\"e\":true},\"n\":{\"v\":\"33px\"},\"t\":{\"v\":\"33px\"},\"m\":{\"v\":\"33px\"}},\"fontWeight\":{\"d\":{\"v\":\"500\",\"e\":true},\"n\":{\"v\":\"500\"},\"t\":{\"v\":\"500\"},\"m\":{\"v\":\"500\"}},\"letterSpacing\":{\"d\":{\"v\":\"2px\",\"e\":true},\"n\":{\"v\":\"2px\"},\"t\":{\"v\":\"2px\"},\"m\":{\"v\":\"2px\"}},\"lineHeight\":{\"d\":{\"v\":\"22\",\"e\":true},\"n\":{\"v\":\"22\"},\"t\":{\"v\":\"22\"},\"m\":{\"v\":\"22\"}},\"textAlign\":{\"d\":{\"v\":\"center\",\"e\":true},\"n\":{\"v\":\"center\"},\"t\":{\"v\":\"center\"},\"m\":{\"v\":\"center\"}},\"backgroundColor\":\"#ffcc00\",\"borderRadius\":{\"v\":[\"0\",\"0\",\"0\",\"0\"]},\"borderWidth\":[\"0\",\"0\",\"0\",\"0\"],\"whiteSpace\":{\"d\":{\"e\":true}},\"svg\":{\"color\":{\"d\":{\"v\":\"rgba(255,255,255,1)\",\"e\":true},\"n\":{\"v\":\"rgba(255,255,255,1)\"},\"t\":{\"v\":\"rgba(255,255,255,1)\"},\"m\":{\"v\":\"rgba(255,255,255,1)\"}}}},\"hover\":{\"color\":\"rgba(0,0,0,1)\",\"borderRadius\":{\"v\":[\"0px\",\"0px\",\"0px\",\"0px\"],\"u\":\"px\"},\"borderWidth\":[\"0\",\"0\",\"0\",\"0\"],\"originX\":50,\"originY\":50,\"speed\":\"0\",\"ease\":\"none\",\"svg\":{\"color\":\"#000000\"}},\"actions\":{\"triggerMemory\":\"keep\",\"action\":[],\"animationoverwrite\":\"wait\"},\"type\":\"text\"},\"5\":{\"text\":\"2 Ways to Save\",\"alias\":\"Arrivals\",\"uid\":5,\"version\":\"6.2.0\",\"toggle\":{\"text\":\"\"},\"size\":{\"width\":{\"d\":{\"e\":true}},\"height\":{\"d\":{\"e\":true}},\"scaleProportional\":false},\"position\":{\"x\":{\"d\":{\"v\":\"222px\",\"e\":true},\"n\":{\"v\":\"222px\"},\"t\":{\"v\":\"222px\"},\"m\":{\"v\":\"222px\"}},\"y\":{\"d\":{\"v\":\"335px\",\"e\":true},\"n\":{\"v\":\"335px\"},\"t\":{\"v\":\"335px\"},\"m\":{\"v\":\"335px\"}},\"horizontal\":{\"d\":{\"e\":true}},\"vertical\":{\"d\":{\"e\":true}},\"zIndex\":7},\"behavior\":{\"intelligentInherit\":false},\"group\":{\"groupOrder\":2},\"timeline\":{\"frames\":{\"frame_0\":{\"transform\":{\"x\":{\"d\":{\"v\":\"inherit\"},\"n\":{\"v\":\"inherit\"},\"t\":{\"v\":\"inherit\"},\"m\":{\"v\":\"inherit\"}},\"y\":{\"d\":{\"v\":\"100%\"},\"n\":{\"v\":\"100%\"},\"t\":{\"v\":\"100%\"},\"m\":{\"v\":\"100%\"}},\"rotationX\":\"0deg\"},\"mask\":{\"use\":true,\"x\":{\"d\":{\"v\":\"0px\"},\"n\":{\"v\":\"0px\"},\"t\":{\"v\":\"0px\"},\"m\":{\"v\":\"0px\"}},\"y\":{\"d\":{\"v\":\"100%\"},\"n\":{\"v\":\"100%\"},\"t\":{\"v\":\"100%\"},\"m\":{\"v\":\"100%\"}}},\"timeline\":{\"ease\":\"power2.inOut\",\"speed\":500,\"start\":700,\"endWithSlide\":false}},\"frame_1\":{\"mask\":{\"use\":true},\"timeline\":{\"ease\":\"power2.inOut\",\"speed\":500,\"start\":700,\"endWithSlide\":false,\"frameLength\":500}},\"frame_999\":{\"transform\":{\"opacity\":\"0\"},\"timeline\":{\"ease\":\"nothing\",\"start\":9000,\"endWithSlide\":true,\"frameLength\":300},\"chars\":{\"delay\":\"10\"},\"words\":{\"delay\":\"10\"},\"lines\":{\"delay\":\"10\"}}},\"loop\":{\"speed\":4000,\"yoyo_move\":true},\"frameOrder\":[{\"id\":\"frame_0\",\"start\":-1},{\"id\":\"frame_1\",\"start\":700},{\"id\":\"frame_999\",\"start\":9000}],\"hoverFilterUsed\":false,\"split\":false,\"sessionFilterUsed\":false},\"idle\":{\"color\":{\"d\":{\"e\":true}},\"margin\":{\"d\":{\"v\":[0,0,0,0],\"e\":false},\"n\":{\"v\":[0,0,0,0],\"e\":false},\"t\":{\"v\":[0,0,0,0],\"e\":false},\"m\":{\"v\":[0,0,0,0],\"e\":false}},\"padding\":{\"d\":{\"v\":[0,0,0,0],\"e\":false},\"n\":{\"v\":[0,0,0,0],\"e\":false},\"t\":{\"v\":[0,0,0,0],\"e\":false},\"m\":{\"v\":[0,0,0,0],\"e\":false}},\"autolinebreak\":false,\"fontSize\":{\"d\":{\"v\":\"45px\",\"e\":true},\"n\":{\"v\":\"45px\"},\"t\":{\"v\":\"45px\"},\"m\":{\"v\":\"45px\"}},\"fontWeight\":{\"d\":{\"v\":\"900\",\"e\":true},\"n\":{\"v\":\"900\"},\"t\":{\"v\":\"900\"},\"m\":{\"v\":\"900\"}},\"letterSpacing\":{\"d\":{\"v\":\"0.035em\"},\"n\":{\"v\":\"0.035em\"},\"t\":{\"v\":\"0.035em\"},\"m\":{\"v\":\"0.035em\"}},\"lineHeight\":{\"d\":{\"v\":\"35px\",\"e\":true},\"n\":{\"v\":\"35px\"},\"t\":{\"v\":\"35px\"},\"m\":{\"v\":\"35px\"}},\"borderRadius\":{\"v\":[\"0\",\"0\",\"0\",\"0\"]},\"borderWidth\":[\"0\",\"0\",\"0\",\"0\"],\"boxShadow\":{\"color\":\"#ffffff\"},\"textStroke\":{\"color\":\"rgba(255, 255, 255, 0.25)\"},\"whiteSpace\":{\"d\":{\"e\":true}},\"svg\":{\"color\":{\"d\":{\"v\":\"rgba(68,68,68,1)\",\"e\":true},\"n\":{\"v\":\"rgba(68,68,68,1)\"},\"t\":{\"v\":\"rgba(68,68,68,1)\"},\"m\":{\"v\":\"rgba(68,68,68,1)\"}}}},\"hover\":{\"color\":\"rgba(0,0,0,1)\",\"borderRadius\":{\"v\":[\"0px\",\"0px\",\"0px\",\"0px\"],\"u\":\"px\"},\"borderWidth\":[\"0\",\"0\",\"0\",\"0\"],\"originX\":50,\"originY\":50,\"speed\":\"0\",\"ease\":\"none\",\"svg\":{\"color\":\"#000000\"}},\"actions\":{\"triggerMemory\":\"keep\",\"action\":[],\"animationoverwrite\":\"wait\"},\"type\":\"text\"},\"top\":{\"uid\":\"top\",\"group\":{\"puid\":-1,\"groupOrder\":0},\"type\":\"zone\",\"alias\":\"TOP ROWS\",\"position\":{\"zIndex\":0}},\"middle\":{\"uid\":\"middle\",\"group\":{\"puid\":-1,\"groupOrder\":0},\"type\":\"zone\",\"alias\":\"MID ROWS\",\"position\":{\"zIndex\":0}},\"bottom\":{\"uid\":\"bottom\",\"group\":{\"puid\":-1,\"groupOrder\":0},\"type\":\"zone\",\"alias\":\"BOTTOM ROWS\",\"position\":{\"zIndex\":0}}}', '{\"version\":\"6.2.0\"}'),
(2, 1, 2, '{\"runtime\":{\"collapsedGroups\":[]},\"title\":\"Slide\",\"bg\":{\"type\":\"external\",\"color\":\"#E7E7E7\",\"externalSrc\":\"https:\\/\\/ik.imagekit.io\\/promokit\\/alysum_slider01_slide02_R3sEsvwP-.webp\",\"image\":\"\",\"video\":{\"args\":\"hd=1&wmode=opaque&controls=1&showinfo=0;rel=0;\",\"argsVimeo\":\"title=0&byline=0&portrait=0;api=1\"}},\"thumb\":{\"dimension\":\"slider\"},\"info\":{\"params\":[{\"v\":\"\",\"l\":10},{\"v\":\"\",\"l\":10},{\"v\":\"\",\"l\":10},{\"v\":\"\",\"l\":10},{\"v\":\"\",\"l\":10},{\"v\":\"\",\"l\":10},{\"v\":\"\",\"l\":10},{\"v\":\"\",\"l\":10},{\"v\":\"\",\"l\":10},{\"v\":\"\",\"l\":10}]},\"timeline\":{\"delay\":\"\",\"transition\":[\"fade\"],\"slots\":[\"default\"],\"duration\":[600],\"easeIn\":[\"default\"],\"easeOut\":[\"default\"],\"rotation\":[0]},\"nav\":{\"arrows\":{\"presets\":{\"bg-color\":\"rgba(0,0,0,0.5)\",\"bg-color-def\":false,\"bg-size\":\"40\",\"bg-size-def\":false,\"arrow-color\":\"#ffffff\",\"arrow-color-def\":false,\"arrow-size\":\"20\",\"arrow-size-def\":false,\"hover-bg-color\":\"#000000\",\"hover-bg-color-def\":false,\"left-icon\":\"\\\\e82c\",\"left-icon-def\":false,\"right-icon\":\"\\\\e82d\",\"right-icon-def\":false}}}}', '{\"1\":{\"text\":\"CREATE YOUR STYLE\",\"alias\":\"Create your style\",\"uid\":1,\"version\":\"6.2.0\",\"toggle\":{\"text\":\"\"},\"size\":{\"width\":{\"d\":{\"v\":\"540px\",\"e\":true},\"n\":{\"v\":\"540px\"},\"t\":{\"v\":\"540px\"},\"m\":{\"v\":\"540px\"}},\"height\":{\"d\":{\"e\":true}},\"originalWidth\":\"540px\",\"scaleProportional\":false},\"position\":{\"x\":{\"d\":{\"e\":true}},\"y\":{\"d\":{\"v\":\"245px\",\"e\":true},\"n\":{\"v\":\"245px\"},\"t\":{\"v\":\"245px\"},\"m\":{\"v\":\"245px\"}},\"horizontal\":{\"d\":{\"e\":true}},\"vertical\":{\"d\":{\"e\":true}},\"zIndex\":5},\"behavior\":{\"intelligentInherit\":false},\"group\":{\"groupOrder\":0},\"timeline\":{\"frames\":{\"frame_0\":{\"transform\":{\"opacity\":1},\"mask\":{\"use\":true,\"x\":{\"d\":{\"v\":\"0px\"},\"n\":{\"v\":\"0px\"},\"t\":{\"v\":\"0px\"},\"m\":{\"v\":\"0px\"}},\"y\":{\"d\":{\"v\":\"0px\"},\"n\":{\"v\":\"0px\"},\"t\":{\"v\":\"0px\"},\"m\":{\"v\":\"0px\"}}},\"timeline\":{\"ease\":\"power4.inOut\",\"speed\":1000,\"start\":1000,\"endWithSlide\":false},\"chars\":{\"use\":true,\"y\":{\"d\":{\"v\":\"-100%\"},\"n\":{\"v\":\"-100%\"},\"t\":{\"v\":\"-100%\"},\"m\":{\"v\":\"-100%\"}},\"opacity\":\"1\",\"rotationZ\":\"35deg\"}},\"frame_1\":{\"mask\":{\"use\":true},\"timeline\":{\"ease\":\"power4.inOut\",\"speed\":1000,\"start\":1000,\"endWithSlide\":false,\"frameLength\":1750},\"chars\":{\"use\":true}},\"frame_999\":{\"transform\":{\"opacity\":\"0\"},\"timeline\":{\"ease\":\"nothing\",\"start\":9000,\"endWithSlide\":true,\"frameLength\":300},\"chars\":{\"delay\":\"10\"},\"words\":{\"delay\":\"10\"},\"lines\":{\"delay\":\"10\"}}},\"loop\":{\"speed\":4000,\"yoyo_move\":true},\"frameOrder\":[{\"id\":\"frame_0\",\"start\":-1},{\"id\":\"frame_1\",\"start\":1000},{\"id\":\"frame_999\",\"start\":9000}],\"hoverFilterUsed\":false,\"split\":true,\"sessionFilterUsed\":false},\"idle\":{\"color\":{\"d\":{\"v\":\"rgba(68,68,68,1)\",\"e\":true},\"n\":{\"v\":\"rgba(68,68,68,1)\"},\"t\":{\"v\":\"rgba(68,68,68,1)\"},\"m\":{\"v\":\"rgba(68,68,68,1)\"}},\"margin\":{\"d\":{\"v\":[0,0,0,0],\"e\":false},\"n\":{\"v\":[0,0,0,0],\"e\":false},\"t\":{\"v\":[0,0,0,0],\"e\":false},\"m\":{\"v\":[0,0,0,0],\"e\":false}},\"padding\":{\"d\":{\"v\":[0,0,0,0],\"e\":false},\"n\":{\"v\":[0,0,0,0],\"e\":false},\"t\":{\"v\":[0,0,0,0],\"e\":false},\"m\":{\"v\":[0,0,0,0],\"e\":false}},\"autolinebreak\":false,\"fontSize\":{\"d\":{\"v\":\"14px\",\"e\":true},\"n\":{\"v\":\"14px\"},\"t\":{\"v\":\"14px\"},\"m\":{\"v\":\"14px\"}},\"fontWeight\":{\"d\":{\"e\":true}},\"letterSpacing\":{\"d\":{\"v\":\"0.3em\"},\"n\":{\"v\":\"0.3em\"},\"t\":{\"v\":\"0.3em\"},\"m\":{\"v\":\"0.3em\"}},\"lineHeight\":{\"d\":{\"v\":\"22px\",\"e\":true},\"n\":{\"v\":\"22px\"},\"t\":{\"v\":\"22px\"},\"m\":{\"v\":\"22px\"}},\"textAlign\":{\"d\":{\"v\":\"right\"},\"n\":{\"v\":\"right\"},\"t\":{\"v\":\"right\"},\"m\":{\"v\":\"right\"}},\"borderRadius\":{\"v\":[\"0\",\"0\",\"0\",\"0\"]},\"borderWidth\":[\"0\",\"0\",\"0\",\"0\"],\"whiteSpace\":{\"d\":{\"e\":true}},\"svg\":{\"color\":{\"d\":{\"v\":\"rgba(68,68,68,1)\",\"e\":true},\"n\":{\"v\":\"rgba(68,68,68,1)\"},\"t\":{\"v\":\"rgba(68,68,68,1)\"},\"m\":{\"v\":\"rgba(68,68,68,1)\"}}}},\"hover\":{\"color\":\"rgba(0,0,0,1)\",\"borderRadius\":{\"v\":[\"0px\",\"0px\",\"0px\",\"0px\"],\"u\":\"px\"},\"borderWidth\":[\"0\",\"0\",\"0\",\"0\"],\"originX\":50,\"originY\":50,\"speed\":\"0\",\"ease\":\"none\",\"svg\":{\"color\":\"#000000\"}},\"actions\":{\"triggerMemory\":\"keep\",\"action\":[],\"animationoverwrite\":\"wait\"},\"type\":\"text\"},\"2\":{\"text\":\"with our hottest\",\"alias\":\"With our hottest\",\"uid\":2,\"version\":\"6.2.0\",\"toggle\":{\"text\":\"\"},\"size\":{\"width\":{\"d\":{\"v\":\"540px\",\"e\":true},\"n\":{\"v\":\"540px\"},\"t\":{\"v\":\"540px\"},\"m\":{\"v\":\"540px\"}},\"height\":{\"d\":{\"e\":true}},\"originalWidth\":\"540px\",\"scaleProportional\":false},\"position\":{\"x\":{\"d\":{\"e\":true}},\"y\":{\"d\":{\"v\":\"300px\",\"e\":true},\"n\":{\"v\":\"300px\"},\"t\":{\"v\":\"300px\"},\"m\":{\"v\":\"300px\"}},\"horizontal\":{\"d\":{\"e\":true}},\"vertical\":{\"d\":{\"e\":true}},\"zIndex\":6},\"behavior\":{\"intelligentInherit\":false},\"group\":{\"groupOrder\":1},\"timeline\":{\"frames\":{\"frame_0\":{\"transform\":{\"x\":{\"d\":{\"v\":\"inherit\"},\"n\":{\"v\":\"inherit\"},\"t\":{\"v\":\"inherit\"},\"m\":{\"v\":\"inherit\"}},\"y\":{\"d\":{\"v\":\"-100%\"},\"n\":{\"v\":\"-100%\"},\"t\":{\"v\":\"-100%\"},\"m\":{\"v\":\"-100%\"}},\"opacity\":\"1\",\"rotationX\":\"0deg\"},\"mask\":{\"use\":true,\"x\":{\"d\":{\"v\":\"0px\"},\"n\":{\"v\":\"0px\"},\"t\":{\"v\":\"0px\"},\"m\":{\"v\":\"0px\"}},\"y\":{\"d\":{\"v\":\"0px\"},\"n\":{\"v\":\"0px\"},\"t\":{\"v\":\"0px\"},\"m\":{\"v\":\"0px\"}}},\"timeline\":{\"speed\":500,\"start\":600,\"endWithSlide\":false},\"chars\":{\"delay\":\"10\"},\"words\":{\"delay\":\"10\"},\"lines\":{\"delay\":\"10\"}},\"frame_1\":{\"mask\":{\"use\":true},\"timeline\":{\"speed\":500,\"start\":600,\"endWithSlide\":false,\"frameLength\":500},\"chars\":{\"delay\":\"10\"},\"words\":{\"delay\":\"10\"},\"lines\":{\"delay\":\"10\"}},\"frame_999\":{\"transform\":{\"opacity\":\"0\"},\"timeline\":{\"ease\":\"nothing\",\"start\":9000,\"endWithSlide\":true,\"frameLength\":300},\"chars\":{\"delay\":\"10\"},\"words\":{\"delay\":\"10\"},\"lines\":{\"delay\":\"10\"}}},\"loop\":{\"speed\":4000,\"yoyo_move\":true},\"frameOrder\":[{\"id\":\"frame_0\",\"start\":-1},{\"id\":\"frame_1\",\"start\":600},{\"id\":\"frame_999\",\"start\":9000}],\"hoverFilterUsed\":false,\"split\":false,\"sessionFilterUsed\":false},\"idle\":{\"color\":{\"d\":{\"v\":\"rgba(49,53,55,1)\",\"e\":true},\"n\":{\"v\":\"rgba(49,53,55,1)\"},\"t\":{\"v\":\"rgba(49,53,55,1)\"},\"m\":{\"v\":\"rgba(49,53,55,1)\"}},\"margin\":{\"d\":{\"v\":[0,0,0,0],\"e\":false},\"n\":{\"v\":[0,0,0,0],\"e\":false},\"t\":{\"v\":[0,0,0,0],\"e\":false},\"m\":{\"v\":[0,0,0,0],\"e\":false}},\"padding\":{\"d\":{\"v\":[0,0,0,0],\"e\":false},\"n\":{\"v\":[0,0,0,0],\"e\":false},\"t\":{\"v\":[0,0,0,0],\"e\":false},\"m\":{\"v\":[0,0,0,0],\"e\":false}},\"autolinebreak\":false,\"fontSize\":{\"d\":{\"v\":\"45px\",\"e\":true},\"n\":{\"v\":\"45px\"},\"t\":{\"v\":\"45px\"},\"m\":{\"v\":\"45px\"}},\"fontWeight\":{\"d\":{\"v\":\"100\",\"e\":true},\"n\":{\"v\":\"100\"},\"t\":{\"v\":\"100\"},\"m\":{\"v\":\"100\"}},\"letterSpacing\":{\"d\":{\"v\":\"0.035em\"},\"n\":{\"v\":\"0.035em\"},\"t\":{\"v\":\"0.035em\"},\"m\":{\"v\":\"0.035em\"}},\"lineHeight\":{\"d\":{\"v\":\"35px\",\"e\":true},\"n\":{\"v\":\"35px\"},\"t\":{\"v\":\"35px\"},\"m\":{\"v\":\"35px\"}},\"textAlign\":{\"d\":{\"v\":\"right\"},\"n\":{\"v\":\"right\"},\"t\":{\"v\":\"right\"},\"m\":{\"v\":\"right\"}},\"borderRadius\":{\"v\":[\"0\",\"0\",\"0\",\"0\"]},\"borderWidth\":[\"0\",\"0\",\"0\",\"0\"],\"whiteSpace\":{\"d\":{\"e\":true}},\"svg\":{\"color\":{\"d\":{\"v\":\"rgba(49,53,55,1)\",\"e\":true},\"n\":{\"v\":\"rgba(49,53,55,1)\"},\"t\":{\"v\":\"rgba(49,53,55,1)\"},\"m\":{\"v\":\"rgba(49,53,55,1)\"}}}},\"hover\":{\"color\":\"rgba(0,0,0,1)\",\"borderRadius\":{\"v\":[\"0px\",\"0px\",\"0px\",\"0px\"],\"u\":\"px\"},\"borderWidth\":[\"0\",\"0\",\"0\",\"0\"],\"originX\":50,\"originY\":50,\"speed\":\"0\",\"ease\":\"none\",\"svg\":{\"color\":\"#000000\"}},\"actions\":{\"triggerMemory\":\"keep\",\"action\":[],\"animationoverwrite\":\"wait\"},\"type\":\"text\"},\"3\":{\"text\":\"Aenean luctus vitae diam sit amet finibus<br>nsuspendisse dignissim iaculis\",\"alias\":\"Aenean luctus vitae ...\",\"uid\":3,\"version\":\"6.2.0\",\"toggle\":{\"text\":\"\"},\"size\":{\"width\":{\"d\":{\"v\":\"540px\",\"e\":true},\"n\":{\"v\":\"540px\"},\"t\":{\"v\":\"540px\"},\"m\":{\"v\":\"540px\"}},\"height\":{\"d\":{\"e\":true}},\"originalWidth\":\"540px\",\"scaleProportional\":false},\"position\":{\"x\":{\"d\":{\"e\":true}},\"y\":{\"d\":{\"v\":\"400px\",\"e\":true},\"n\":{\"v\":\"400px\"},\"t\":{\"v\":\"400px\"},\"m\":{\"v\":\"400px\"}},\"horizontal\":{\"d\":{\"e\":true}},\"vertical\":{\"d\":{\"e\":true}},\"zIndex\":9},\"behavior\":{\"intelligentInherit\":false},\"group\":{\"groupOrder\":4},\"timeline\":{\"frames\":{\"frame_0\":{\"transform\":{\"x\":{\"d\":{\"v\":\"inherit\"},\"n\":{\"v\":\"inherit\"},\"t\":{\"v\":\"inherit\"},\"m\":{\"v\":\"inherit\"}},\"y\":{\"d\":{\"v\":\"inherit\"},\"n\":{\"v\":\"inherit\"},\"t\":{\"v\":\"inherit\"},\"m\":{\"v\":\"inherit\"}}},\"timeline\":{\"ease\":\"power2.inOut\",\"start\":800,\"endWithSlide\":false},\"chars\":{\"delay\":\"10\"},\"words\":{\"delay\":\"10\"},\"lines\":{\"delay\":\"10\"}},\"frame_1\":{\"timeline\":{\"ease\":\"power2.inOut\",\"start\":800,\"endWithSlide\":false,\"frameLength\":300},\"chars\":{\"delay\":\"10\"},\"words\":{\"delay\":\"10\"},\"lines\":{\"delay\":\"10\"}},\"frame_999\":{\"transform\":{\"opacity\":\"0\"},\"timeline\":{\"ease\":\"nothing\",\"start\":9000,\"endWithSlide\":true,\"frameLength\":300},\"chars\":{\"delay\":\"10\"},\"words\":{\"delay\":\"10\"},\"lines\":{\"delay\":\"10\"}}},\"loop\":{\"speed\":4000,\"yoyo_move\":true},\"frameOrder\":[{\"id\":\"frame_0\",\"start\":-1},{\"id\":\"frame_1\",\"start\":800},{\"id\":\"frame_999\",\"start\":9000}],\"hoverFilterUsed\":false,\"split\":false,\"sessionFilterUsed\":false},\"idle\":{\"color\":{\"d\":{\"v\":\"rgba(90,90,90,1)\",\"e\":true},\"n\":{\"v\":\"rgba(90,90,90,1)\"},\"t\":{\"v\":\"rgba(90,90,90,1)\"},\"m\":{\"v\":\"rgba(90,90,90,1)\"}},\"margin\":{\"d\":{\"v\":[0,0,0,0],\"e\":false},\"n\":{\"v\":[0,0,0,0],\"e\":false},\"t\":{\"v\":[0,0,0,0],\"e\":false},\"m\":{\"v\":[0,0,0,0],\"e\":false}},\"padding\":{\"d\":{\"v\":[0,0,0,0],\"e\":false},\"n\":{\"v\":[0,0,0,0],\"e\":false},\"t\":{\"v\":[0,0,0,0],\"e\":false},\"m\":{\"v\":[0,0,0,0],\"e\":false}},\"autolinebreak\":false,\"fontSize\":{\"d\":{\"v\":\"15px\",\"e\":true},\"n\":{\"v\":\"15px\"},\"t\":{\"v\":\"15px\"},\"m\":{\"v\":\"15px\"}},\"fontWeight\":{\"d\":{\"e\":true}},\"lineHeight\":{\"d\":{\"v\":\"21px\",\"e\":true},\"n\":{\"v\":\"21px\"},\"t\":{\"v\":\"21px\"},\"m\":{\"v\":\"21px\"}},\"textAlign\":{\"d\":{\"v\":\"right\"},\"n\":{\"v\":\"right\"},\"t\":{\"v\":\"right\"},\"m\":{\"v\":\"right\"}},\"borderRadius\":{\"v\":[\"0\",\"0\",\"0\",\"0\"]},\"borderWidth\":[\"0\",\"0\",\"0\",\"0\"],\"whiteSpace\":{\"d\":{\"e\":true}},\"svg\":{\"color\":{\"d\":{\"v\":\"rgba(90,90,90,1)\",\"e\":true},\"n\":{\"v\":\"rgba(90,90,90,1)\"},\"t\":{\"v\":\"rgba(90,90,90,1)\"},\"m\":{\"v\":\"rgba(90,90,90,1)\"}}}},\"hover\":{\"color\":\"rgba(0,0,0,1)\",\"borderRadius\":{\"v\":[\"0px\",\"0px\",\"0px\",\"0px\"],\"u\":\"px\"},\"borderWidth\":[\"0\",\"0\",\"0\",\"0\"],\"originX\":50,\"originY\":50,\"speed\":\"0\",\"ease\":\"none\",\"svg\":{\"color\":\"#000000\"}},\"actions\":{\"triggerMemory\":\"keep\",\"action\":[],\"animationoverwrite\":\"wait\"},\"type\":\"text\"},\"4\":{\"text\":\"<a href=\'#\' class=\'btn\'>SHOP ALL<\\/a>\",\"alias\":\"<a href=\'#\' class=\'btn\'>shop all<\\/a>\",\"uid\":4,\"version\":\"6.2.0\",\"toggle\":{\"text\":\"\"},\"size\":{\"width\":{\"d\":{\"v\":\"540px\",\"e\":true},\"n\":{\"v\":\"540px\"},\"t\":{\"v\":\"540px\"},\"m\":{\"v\":\"540px\"}},\"height\":{\"d\":{\"e\":true}},\"originalWidth\":\"540px\",\"scaleProportional\":false},\"position\":{\"x\":{\"d\":{\"e\":true}},\"y\":{\"d\":{\"v\":\"470px\",\"e\":true},\"n\":{\"v\":\"470px\"},\"t\":{\"v\":\"470px\"},\"m\":{\"v\":\"470px\"}},\"horizontal\":{\"d\":{\"e\":true}},\"vertical\":{\"d\":{\"e\":true}},\"zIndex\":10},\"behavior\":{\"intelligentInherit\":false},\"group\":{\"groupOrder\":5},\"timeline\":{\"frames\":{\"frame_0\":{\"transform\":{\"x\":{\"d\":{\"v\":\"inherit\"},\"n\":{\"v\":\"inherit\"},\"t\":{\"v\":\"inherit\"},\"m\":{\"v\":\"inherit\"}},\"y\":{\"d\":{\"v\":\"inherit\"},\"n\":{\"v\":\"inherit\"},\"t\":{\"v\":\"inherit\"},\"m\":{\"v\":\"inherit\"}}},\"timeline\":{\"ease\":\"power2.inOut\",\"start\":1000,\"endWithSlide\":false},\"chars\":{\"delay\":\"10\"},\"words\":{\"delay\":\"10\"},\"lines\":{\"delay\":\"10\"}},\"frame_1\":{\"timeline\":{\"ease\":\"power2.inOut\",\"start\":1000,\"endWithSlide\":false,\"frameLength\":300},\"chars\":{\"delay\":\"10\"},\"words\":{\"delay\":\"10\"},\"lines\":{\"delay\":\"10\"}},\"frame_999\":{\"transform\":{\"opacity\":\"0\"},\"timeline\":{\"ease\":\"nothing\",\"start\":9000,\"endWithSlide\":true,\"frameLength\":300},\"chars\":{\"delay\":\"10\"},\"words\":{\"delay\":\"10\"},\"lines\":{\"delay\":\"10\"}}},\"loop\":{\"speed\":4000,\"yoyo_move\":true},\"frameOrder\":[{\"id\":\"frame_0\",\"start\":-1},{\"id\":\"frame_1\",\"start\":1000},{\"id\":\"frame_999\",\"start\":9000}],\"hoverFilterUsed\":false,\"split\":false,\"sessionFilterUsed\":false},\"idle\":{\"color\":{\"d\":{\"v\":\"rgba(255,255,255,1)\",\"e\":true},\"n\":{\"v\":\"rgba(255,255,255,1)\"},\"t\":{\"v\":\"rgba(255,255,255,1)\"},\"m\":{\"v\":\"rgba(255,255,255,1)\"}},\"margin\":{\"d\":{\"v\":[0,0,0,0],\"e\":false},\"n\":{\"v\":[0,0,0,0],\"e\":false},\"t\":{\"v\":[0,0,0,0],\"e\":false},\"m\":{\"v\":[0,0,0,0],\"e\":false}},\"padding\":{\"d\":{\"v\":[0,0,0,0],\"e\":false},\"n\":{\"v\":[0,0,0,0],\"e\":false},\"t\":{\"v\":[0,0,0,0],\"e\":false},\"m\":{\"v\":[0,0,0,0],\"e\":false}},\"autolinebreak\":false,\"fontSize\":{\"d\":{\"e\":true}},\"fontWeight\":{\"d\":{\"e\":true}},\"lineHeight\":{\"d\":{\"v\":\"22\",\"e\":true},\"n\":{\"v\":\"22\"},\"t\":{\"v\":\"22\"},\"m\":{\"v\":\"22\"}},\"textAlign\":{\"d\":{\"v\":\"right\"},\"n\":{\"v\":\"right\"},\"t\":{\"v\":\"right\"},\"m\":{\"v\":\"right\"}},\"borderRadius\":{\"v\":[\"0\",\"0\",\"0\",\"0\"]},\"borderWidth\":[\"0\",\"0\",\"0\",\"0\"],\"whiteSpace\":{\"d\":{\"e\":true}},\"svg\":{\"color\":{\"d\":{\"v\":\"rgba(255,255,255,1)\",\"e\":true},\"n\":{\"v\":\"rgba(255,255,255,1)\"},\"t\":{\"v\":\"rgba(255,255,255,1)\"},\"m\":{\"v\":\"rgba(255,255,255,1)\"}}}},\"hover\":{\"color\":\"rgba(0,0,0,1)\",\"borderRadius\":{\"v\":[\"0px\",\"0px\",\"0px\",\"0px\"],\"u\":\"px\"},\"borderWidth\":[\"0\",\"0\",\"0\",\"0\"],\"originX\":50,\"originY\":50,\"speed\":\"0\",\"ease\":\"none\",\"svg\":{\"color\":\"#000000\"}},\"actions\":{\"triggerMemory\":\"keep\",\"action\":[],\"animationoverwrite\":\"wait\"},\"type\":\"text\"},\"5\":{\"text\":\"ARRIVALS\",\"alias\":\"Arrivals\",\"uid\":5,\"version\":\"6.2.0\",\"toggle\":{\"text\":\"\"},\"size\":{\"width\":{\"d\":{\"e\":true}},\"height\":{\"d\":{\"e\":true}},\"scaleProportional\":false},\"position\":{\"x\":{\"d\":{\"v\":\"176px\",\"e\":true},\"n\":{\"v\":\"176px\"},\"t\":{\"v\":\"176px\"},\"m\":{\"v\":\"176px\"}},\"y\":{\"d\":{\"v\":\"345px\",\"e\":true},\"n\":{\"v\":\"345px\"},\"t\":{\"v\":\"345px\"},\"m\":{\"v\":\"345px\"}},\"horizontal\":{\"d\":{\"e\":true}},\"vertical\":{\"d\":{\"e\":true}},\"zIndex\":7},\"behavior\":{\"intelligentInherit\":false},\"group\":{\"groupOrder\":2},\"timeline\":{\"frames\":{\"frame_0\":{\"transform\":{\"x\":{\"d\":{\"v\":\"inherit\"},\"n\":{\"v\":\"inherit\"},\"t\":{\"v\":\"inherit\"},\"m\":{\"v\":\"inherit\"}},\"y\":{\"d\":{\"v\":\"100%\"},\"n\":{\"v\":\"100%\"},\"t\":{\"v\":\"100%\"},\"m\":{\"v\":\"100%\"}},\"rotationX\":\"0deg\"},\"mask\":{\"use\":true,\"x\":{\"d\":{\"v\":\"0px\"},\"n\":{\"v\":\"0px\"},\"t\":{\"v\":\"0px\"},\"m\":{\"v\":\"0px\"}},\"y\":{\"d\":{\"v\":\"100%\"},\"n\":{\"v\":\"100%\"},\"t\":{\"v\":\"100%\"},\"m\":{\"v\":\"100%\"}}},\"timeline\":{\"ease\":\"power2.inOut\",\"speed\":500,\"start\":700,\"endWithSlide\":false}},\"frame_1\":{\"mask\":{\"use\":true},\"timeline\":{\"ease\":\"power2.inOut\",\"speed\":500,\"start\":700,\"endWithSlide\":false,\"frameLength\":500}},\"frame_999\":{\"transform\":{\"opacity\":\"0\"},\"timeline\":{\"ease\":\"nothing\",\"start\":9000,\"endWithSlide\":true,\"frameLength\":300},\"chars\":{\"delay\":\"10\"},\"words\":{\"delay\":\"10\"},\"lines\":{\"delay\":\"10\"}}},\"loop\":{\"speed\":4000,\"yoyo_move\":true},\"frameOrder\":[{\"id\":\"frame_0\",\"start\":-1},{\"id\":\"frame_1\",\"start\":700},{\"id\":\"frame_999\",\"start\":9000}],\"hoverFilterUsed\":false,\"split\":false,\"sessionFilterUsed\":false},\"idle\":{\"color\":{\"d\":{\"v\":\"rgba(68,68,68,1)\",\"e\":true},\"n\":{\"v\":\"rgba(68,68,68,1)\"},\"t\":{\"v\":\"rgba(68,68,68,1)\"},\"m\":{\"v\":\"rgba(68,68,68,1)\"}},\"margin\":{\"d\":{\"v\":[0,0,0,0],\"e\":false},\"n\":{\"v\":[0,0,0,0],\"e\":false},\"t\":{\"v\":[0,0,0,0],\"e\":false},\"m\":{\"v\":[0,0,0,0],\"e\":false}},\"padding\":{\"d\":{\"v\":[0,0,0,0],\"e\":false},\"n\":{\"v\":[0,0,0,0],\"e\":false},\"t\":{\"v\":[0,0,0,0],\"e\":false},\"m\":{\"v\":[0,0,0,0],\"e\":false}},\"autolinebreak\":false,\"fontSize\":{\"d\":{\"v\":\"45px\",\"e\":true},\"n\":{\"v\":\"45px\"},\"t\":{\"v\":\"45px\"},\"m\":{\"v\":\"45px\"}},\"fontWeight\":{\"d\":{\"v\":\"900\",\"e\":true},\"n\":{\"v\":\"900\"},\"t\":{\"v\":\"900\"},\"m\":{\"v\":\"900\"}},\"letterSpacing\":{\"d\":{\"v\":\"0.035em\"},\"n\":{\"v\":\"0.035em\"},\"t\":{\"v\":\"0.035em\"},\"m\":{\"v\":\"0.035em\"}},\"lineHeight\":{\"d\":{\"v\":\"35px\",\"e\":true},\"n\":{\"v\":\"35px\"},\"t\":{\"v\":\"35px\"},\"m\":{\"v\":\"35px\"}},\"borderRadius\":{\"v\":[\"0\",\"0\",\"0\",\"0\"]},\"borderWidth\":[\"0\",\"0\",\"0\",\"0\"],\"whiteSpace\":{\"d\":{\"e\":true}},\"svg\":{\"color\":{\"d\":{\"v\":\"rgba(68,68,68,1)\",\"e\":true},\"n\":{\"v\":\"rgba(68,68,68,1)\"},\"t\":{\"v\":\"rgba(68,68,68,1)\"},\"m\":{\"v\":\"rgba(68,68,68,1)\"}}}},\"hover\":{\"color\":\"rgba(0,0,0,1)\",\"borderRadius\":{\"v\":[\"0px\",\"0px\",\"0px\",\"0px\"],\"u\":\"px\"},\"borderWidth\":[\"0\",\"0\",\"0\",\"0\"],\"originX\":50,\"originY\":50,\"speed\":\"0\",\"ease\":\"none\",\"svg\":{\"color\":\"#000000\"}},\"actions\":{\"triggerMemory\":\"keep\",\"action\":[],\"animationoverwrite\":\"wait\"},\"type\":\"text\"},\"6\":{\"text\":\"for her\",\"alias\":\"For her\",\"uid\":6,\"version\":\"6.2.0\",\"toggle\":{\"text\":\"\"},\"size\":{\"width\":{\"d\":{\"e\":true}},\"height\":{\"d\":{\"e\":true}},\"scaleProportional\":false},\"position\":{\"x\":{\"d\":{\"v\":\"410px\",\"e\":true},\"n\":{\"v\":\"410px\"},\"t\":{\"v\":\"410px\"},\"m\":{\"v\":\"410px\"}},\"y\":{\"d\":{\"v\":\"342px\",\"e\":true},\"n\":{\"v\":\"342px\"},\"t\":{\"v\":\"342px\"},\"m\":{\"v\":\"342px\"}},\"horizontal\":{\"d\":{\"e\":true}},\"vertical\":{\"d\":{\"e\":true}},\"zIndex\":8},\"behavior\":{\"intelligentInherit\":false},\"group\":{\"groupOrder\":3},\"timeline\":{\"frames\":{\"frame_0\":{\"transform\":{\"x\":{\"d\":{\"v\":\"inherit\"},\"n\":{\"v\":\"inherit\"},\"t\":{\"v\":\"inherit\"},\"m\":{\"v\":\"inherit\"}},\"y\":{\"d\":{\"v\":\"100%\"},\"n\":{\"v\":\"100%\"},\"t\":{\"v\":\"100%\"},\"m\":{\"v\":\"100%\"}},\"rotationX\":\"0deg\"},\"mask\":{\"use\":true,\"x\":{\"d\":{\"v\":\"0px\"},\"n\":{\"v\":\"0px\"},\"t\":{\"v\":\"0px\"},\"m\":{\"v\":\"0px\"}},\"y\":{\"d\":{\"v\":\"100%\"},\"n\":{\"v\":\"100%\"},\"t\":{\"v\":\"100%\"},\"m\":{\"v\":\"100%\"}}},\"timeline\":{\"ease\":\"power2.inOut\",\"speed\":500,\"start\":750,\"endWithSlide\":false}},\"frame_1\":{\"mask\":{\"use\":true},\"timeline\":{\"ease\":\"power2.inOut\",\"speed\":500,\"start\":750,\"endWithSlide\":false,\"frameLength\":500}},\"frame_999\":{\"transform\":{\"opacity\":\"0\"},\"timeline\":{\"ease\":\"nothing\",\"start\":9000,\"endWithSlide\":true,\"frameLength\":300},\"chars\":{\"delay\":\"10\"},\"words\":{\"delay\":\"10\"},\"lines\":{\"delay\":\"10\"}}},\"loop\":{\"speed\":4000,\"yoyo_move\":true},\"frameOrder\":[{\"id\":\"frame_0\",\"start\":-1},{\"id\":\"frame_1\",\"start\":750},{\"id\":\"frame_999\",\"start\":9000}],\"hoverFilterUsed\":false,\"split\":false,\"sessionFilterUsed\":false},\"idle\":{\"color\":{\"d\":{\"v\":\"rgba(68,68,68,1)\",\"e\":true},\"n\":{\"v\":\"rgba(68,68,68,1)\"},\"t\":{\"v\":\"rgba(68,68,68,1)\"},\"m\":{\"v\":\"rgba(68,68,68,1)\"}},\"margin\":{\"d\":{\"v\":[0,0,0,0],\"e\":false},\"n\":{\"v\":[0,0,0,0],\"e\":false},\"t\":{\"v\":[0,0,0,0],\"e\":false},\"m\":{\"v\":[0,0,0,0],\"e\":false}},\"padding\":{\"d\":{\"v\":[0,0,0,0],\"e\":false},\"n\":{\"v\":[0,0,0,0],\"e\":false},\"t\":{\"v\":[0,0,0,0],\"e\":false},\"m\":{\"v\":[0,0,0,0],\"e\":false}},\"autolinebreak\":false,\"fontSize\":{\"d\":{\"v\":\"45px\",\"e\":true},\"n\":{\"v\":\"45px\"},\"t\":{\"v\":\"45px\"},\"m\":{\"v\":\"45px\"}},\"fontWeight\":{\"d\":{\"v\":\"100\",\"e\":true},\"n\":{\"v\":\"100\"},\"t\":{\"v\":\"100\"},\"m\":{\"v\":\"100\"}},\"letterSpacing\":{\"d\":{\"v\":\"0.035em\"},\"n\":{\"v\":\"0.035em\"},\"t\":{\"v\":\"0.035em\"},\"m\":{\"v\":\"0.035em\"}},\"lineHeight\":{\"d\":{\"v\":\"41px\",\"e\":true},\"n\":{\"v\":\"41px\"},\"t\":{\"v\":\"41px\"},\"m\":{\"v\":\"41px\"}},\"borderRadius\":{\"v\":[\"0\",\"0\",\"0\",\"0\"]},\"borderWidth\":[\"0\",\"0\",\"0\",\"0\"],\"whiteSpace\":{\"d\":{\"e\":true}},\"svg\":{\"color\":{\"d\":{\"v\":\"rgba(68,68,68,1)\",\"e\":true},\"n\":{\"v\":\"rgba(68,68,68,1)\"},\"t\":{\"v\":\"rgba(68,68,68,1)\"},\"m\":{\"v\":\"rgba(68,68,68,1)\"}}}},\"hover\":{\"color\":\"rgba(0,0,0,1)\",\"borderRadius\":{\"v\":[\"0px\",\"0px\",\"0px\",\"0px\"],\"u\":\"px\"},\"borderWidth\":[\"0\",\"0\",\"0\",\"0\"],\"originX\":50,\"originY\":50,\"speed\":\"0\",\"ease\":\"none\",\"svg\":{\"color\":\"#000000\"}},\"actions\":{\"triggerMemory\":\"keep\",\"action\":[],\"animationoverwrite\":\"wait\"},\"type\":\"text\"},\"top\":{\"uid\":\"top\",\"group\":{\"puid\":-1,\"groupOrder\":0},\"type\":\"zone\",\"alias\":\"TOP ROWS\",\"position\":{\"zIndex\":0}},\"middle\":{\"uid\":\"middle\",\"group\":{\"puid\":-1,\"groupOrder\":0},\"type\":\"zone\",\"alias\":\"MID ROWS\",\"position\":{\"zIndex\":0}},\"bottom\":{\"uid\":\"bottom\",\"group\":{\"puid\":-1,\"groupOrder\":0},\"type\":\"zone\",\"alias\":\"BOTTOM ROWS\",\"position\":{\"zIndex\":0}}}', '{\"version\":\"6.2.0\"}');
INSERT INTO `xio8d_revslider_slides` (`id`, `slider_id`, `slide_order`, `params`, `layers`, `settings`) VALUES
(3, 2, 1, '{\"title\":\"Slide\",\"bg\":{\"color\":\"#E7E7E7\",\"image\":\"https:\\/\\/ik.imagekit.io\\/promokit\\/txt-01-2_vRPOHIwFE.webp\",\"video\":{\"args\":\"hd=1&wmode=opaque&controls=1&showinfo=0;rel=0;\",\"argsVimeo\":\"title=0&byline=0&portrait=0;api=1\",\"volume\":\"\"}},\"thumb\":{\"dimension\":\"slider\"},\"timeline\":{\"delay\":\"\",\"slots\":[\"default\"],\"duration\":[600]},\"panzoom\":{\"ease\":\"none\"},\"version\":\"6.2.0\"}', '{\"3\":{\"text\":\"Image 3\",\"alias\":\"Image 3\",\"uid\":3,\"media\":{\"imageUrl\":\"https:\\/\\/ik.imagekit.io\\/promokit\\/txt-01-2_vRPOHIwFE.webp\"},\"size\":{\"width\":{\"d\":{\"v\":\"450px\",\"e\":true},\"n\":{\"v\":\"450px\"},\"t\":{\"v\":\"450px\"},\"m\":{\"v\":\"450px\"}},\"height\":{\"d\":{\"v\":\"530px\",\"e\":true},\"n\":{\"v\":\"530px\"},\"t\":{\"v\":\"530px\"},\"m\":{\"v\":\"530px\"}},\"originalWidth\":450,\"originalHeight\":530,\"scaleProportional\":false,\"aspectRatio\":{\"d\":{\"v\":0.8490566037735849},\"n\":{\"v\":0.8490566037735849},\"t\":{\"v\":0.8490566037735849},\"m\":{\"v\":0.8490566037735849}}},\"position\":{\"x\":{\"d\":{\"e\":true}},\"y\":{\"d\":{\"e\":true}},\"horizontal\":{\"d\":{\"e\":true}},\"vertical\":{\"d\":{\"e\":true}},\"zIndex\":5},\"behavior\":{\"intelligentInherit\":false},\"group\":{\"groupOrder\":0},\"timeline\":{\"frameOrder\":[{\"id\":\"frame_1\",\"start\":500},{\"id\":\"frame_999\",\"start\":9300}],\"frames\":{\"frame_0\":{\"alias\":\"Anim From\",\"transform\":{\"x\":{\"d\":{\"v\":\"inherit\"},\"n\":{\"v\":\"inherit\"},\"t\":{\"v\":\"inherit\"},\"m\":{\"v\":\"inherit\"}},\"y\":{\"d\":{\"v\":\"inherit\"},\"n\":{\"v\":\"inherit\"},\"t\":{\"v\":\"inherit\"},\"m\":{\"v\":\"inherit\"}},\"z\":0,\"scaleX\":\"1\",\"scaleY\":\"1\",\"opacity\":\"0\",\"rotationX\":0,\"rotationY\":0,\"rotationZ\":0,\"skewX\":\"0\",\"skewY\":\"0\",\"transformPerspective\":\"600\"},\"timeline\":{\"ease\":\"power2.inOut\",\"start\":500},\"chars\":{\"delay\":\"10\"},\"words\":{\"delay\":\"10\"},\"lines\":{\"delay\":\"10\"}},\"frame_1\":{\"alias\":\"Anim To\",\"transform\":{\"x\":{\"d\":{\"v\":0},\"n\":{\"v\":0},\"t\":{\"v\":0},\"m\":{\"v\":0}},\"y\":{\"d\":{\"v\":0},\"n\":{\"v\":0},\"t\":{\"v\":0},\"m\":{\"v\":0}},\"z\":0,\"scaleX\":\"1\",\"scaleY\":\"1\",\"opacity\":\"1\",\"rotationX\":0,\"rotationY\":0,\"rotationZ\":0,\"skewX\":\"0\",\"skewY\":\"0\",\"transformPerspective\":\"600\"},\"timeline\":{\"ease\":\"power2.inOut\",\"start\":500},\"chars\":{\"delay\":\"10\"},\"words\":{\"delay\":\"10\"},\"lines\":{\"delay\":\"10\"}},\"frame_999\":{\"alias\":\"Anim To\",\"transform\":{\"x\":{\"d\":{\"v\":\"inherit\"},\"n\":{\"v\":\"inherit\"},\"t\":{\"v\":\"inherit\"},\"m\":{\"v\":\"inherit\"}},\"y\":{\"d\":{\"v\":\"inherit\"},\"n\":{\"v\":\"inherit\"},\"t\":{\"v\":\"inherit\"},\"m\":{\"v\":\"inherit\"}},\"z\":\"inherit\",\"scaleX\":\"inherit\",\"scaleY\":\"inherit\",\"opacity\":\"0\",\"rotationX\":\"inherit\",\"rotationY\":\"inherit\",\"rotationZ\":\"inherit\",\"skewX\":\"inherit\",\"skewY\":\"inherit\",\"transformPerspective\":\"600\"},\"timeline\":{\"ease\":\"nothing\",\"start\":9000,\"endWithSlide\":true},\"chars\":{\"delay\":\"10\"},\"words\":{\"delay\":\"10\"},\"lines\":{\"delay\":\"10\"}}},\"loop\":{\"yoyo_move\":true,\"speed\":4000}},\"idle\":{\"color\":{\"d\":{\"v\":\"rgba(255,255,255,1)\",\"e\":true},\"n\":{\"v\":\"rgba(255,255,255,1)\"},\"t\":{\"v\":\"rgba(255,255,255,1)\"},\"m\":{\"v\":\"rgba(255,255,255,1)\"}},\"padding\":{\"d\":{\"v\":[\"0\",\"0\",\"0\",\"0\"]},\"n\":{\"v\":[\"0\",\"0\",\"0\",\"0\"]},\"t\":{\"v\":[\"0\",\"0\",\"0\",\"0\"]},\"m\":{\"v\":[\"0\",\"0\",\"0\",\"0\"]}},\"autolinebreak\":false,\"fontFamily\":\"\",\"fontSize\":{\"d\":{\"e\":true}},\"fontWeight\":{\"d\":{\"v\":\"100\",\"e\":true},\"n\":{\"v\":\"100\"},\"t\":{\"v\":\"100\"},\"m\":{\"v\":\"100\"}},\"lineHeight\":{\"d\":{\"v\":\"22\",\"e\":true},\"n\":{\"v\":\"22\"},\"t\":{\"v\":\"22\"},\"m\":{\"v\":\"22\"}},\"backgroundColor\":\"transparent\",\"borderRadius\":{\"v\":[\"0\",\"0\",\"0\",\"0\"]},\"borderWidth\":[\"0\",\"0\",\"0\",\"0\"],\"whiteSpace\":{\"d\":{\"e\":true}},\"svg\":{\"color\":{\"d\":{\"v\":\"rgba(255,255,255,1)\",\"e\":true},\"n\":{\"v\":\"rgba(255,255,255,1)\"},\"t\":{\"v\":\"rgba(255,255,255,1)\"},\"m\":{\"v\":\"rgba(255,255,255,1)\"}}}},\"hover\":{\"color\":\"rgba(255,255,255,1)\",\"borderRadius\":{\"v\":[\"0\",\"0\",\"0\",\"0\"]},\"borderWidth\":[\"0\",\"0\",\"0\",\"0\"],\"originX\":50,\"originY\":50,\"speed\":\"0\",\"ease\":\"none\"},\"type\":\"image\",\"version\":\"6.2.0\"},\"4\":{\"text\":\"Image 4\",\"alias\":\"Image 4\",\"uid\":4,\"media\":{\"imageUrl\":\"https:\\/\\/ik.imagekit.io\\/promokit\\/txt-02-2_ZQ7Atg5RX.webp\"},\"size\":{\"width\":{\"d\":{\"v\":470,\"e\":true},\"n\":{\"v\":470},\"t\":{\"v\":470},\"m\":{\"v\":470}},\"height\":{\"d\":{\"v\":530,\"e\":true},\"n\":{\"v\":530},\"t\":{\"v\":530},\"m\":{\"v\":530}},\"originalWidth\":470,\"originalHeight\":530,\"scaleProportional\":false,\"aspectRatio\":{\"d\":{\"v\":0.8867924528301887},\"n\":{\"v\":0.8867924528301887},\"t\":{\"v\":0.8867924528301887},\"m\":{\"v\":0.8867924528301887}}},\"position\":{\"x\":{\"d\":{\"v\":\"480px\",\"e\":true},\"n\":{\"v\":\"480px\"},\"t\":{\"v\":\"480px\"},\"m\":{\"v\":\"480px\"}},\"y\":{\"d\":{\"e\":true}},\"horizontal\":{\"d\":{\"e\":true}},\"vertical\":{\"d\":{\"e\":true}},\"zIndex\":6},\"behavior\":{\"intelligentInherit\":false},\"group\":{\"groupOrder\":1},\"timeline\":{\"frameOrder\":[{\"id\":\"frame_1\",\"start\":500},{\"id\":\"frame_999\",\"start\":9300}],\"frames\":{\"frame_0\":{\"alias\":\"Anim From\",\"transform\":{\"x\":{\"d\":{\"v\":\"inherit\"},\"n\":{\"v\":\"inherit\"},\"t\":{\"v\":\"inherit\"},\"m\":{\"v\":\"inherit\"}},\"y\":{\"d\":{\"v\":\"inherit\"},\"n\":{\"v\":\"inherit\"},\"t\":{\"v\":\"inherit\"},\"m\":{\"v\":\"inherit\"}},\"z\":0,\"scaleX\":\"1\",\"scaleY\":\"1\",\"opacity\":\"0\",\"rotationX\":0,\"rotationY\":0,\"rotationZ\":0,\"skewX\":\"0\",\"skewY\":\"0\",\"transformPerspective\":\"600\"},\"timeline\":{\"ease\":\"power2.inOut\",\"start\":500},\"chars\":{\"delay\":\"10\"},\"words\":{\"delay\":\"10\"},\"lines\":{\"delay\":\"10\"}},\"frame_1\":{\"alias\":\"Anim To\",\"transform\":{\"x\":{\"d\":{\"v\":0},\"n\":{\"v\":0},\"t\":{\"v\":0},\"m\":{\"v\":0}},\"y\":{\"d\":{\"v\":0},\"n\":{\"v\":0},\"t\":{\"v\":0},\"m\":{\"v\":0}},\"z\":0,\"scaleX\":\"1\",\"scaleY\":\"1\",\"opacity\":\"1\",\"rotationX\":0,\"rotationY\":0,\"rotationZ\":0,\"skewX\":\"0\",\"skewY\":\"0\",\"transformPerspective\":\"600\"},\"timeline\":{\"ease\":\"power2.inOut\",\"start\":500},\"chars\":{\"delay\":\"10\"},\"words\":{\"delay\":\"10\"},\"lines\":{\"delay\":\"10\"}},\"frame_999\":{\"alias\":\"Anim To\",\"transform\":{\"x\":{\"d\":{\"v\":\"inherit\"},\"n\":{\"v\":\"inherit\"},\"t\":{\"v\":\"inherit\"},\"m\":{\"v\":\"inherit\"}},\"y\":{\"d\":{\"v\":\"inherit\"},\"n\":{\"v\":\"inherit\"},\"t\":{\"v\":\"inherit\"},\"m\":{\"v\":\"inherit\"}},\"z\":\"inherit\",\"scaleX\":\"inherit\",\"scaleY\":\"inherit\",\"opacity\":\"0\",\"rotationX\":\"inherit\",\"rotationY\":\"inherit\",\"rotationZ\":\"inherit\",\"skewX\":\"inherit\",\"skewY\":\"inherit\",\"transformPerspective\":\"600\"},\"timeline\":{\"ease\":\"nothing\",\"start\":9000,\"endWithSlide\":true},\"chars\":{\"delay\":\"10\"},\"words\":{\"delay\":\"10\"},\"lines\":{\"delay\":\"10\"}}},\"loop\":{\"yoyo_move\":true,\"speed\":4000}},\"idle\":{\"color\":{\"d\":{\"v\":\"rgba(255,255,255,1)\",\"e\":true},\"n\":{\"v\":\"rgba(255,255,255,1)\"},\"t\":{\"v\":\"rgba(255,255,255,1)\"},\"m\":{\"v\":\"rgba(255,255,255,1)\"}},\"padding\":{\"d\":{\"v\":[\"0\",\"0\",\"0\",\"0\"]},\"n\":{\"v\":[\"0\",\"0\",\"0\",\"0\"]},\"t\":{\"v\":[\"0\",\"0\",\"0\",\"0\"]},\"m\":{\"v\":[\"0\",\"0\",\"0\",\"0\"]}},\"autolinebreak\":false,\"fontFamily\":\"\",\"fontSize\":{\"d\":{\"e\":true}},\"fontWeight\":{\"d\":{\"v\":\"100\",\"e\":true},\"n\":{\"v\":\"100\"},\"t\":{\"v\":\"100\"},\"m\":{\"v\":\"100\"}},\"lineHeight\":{\"d\":{\"v\":\"22\",\"e\":true},\"n\":{\"v\":\"22\"},\"t\":{\"v\":\"22\"},\"m\":{\"v\":\"22\"}},\"backgroundColor\":\"transparent\",\"borderRadius\":{\"v\":[\"0\",\"0\",\"0\",\"0\"]},\"borderWidth\":[\"0\",\"0\",\"0\",\"0\"],\"whiteSpace\":{\"d\":{\"e\":true}},\"svg\":{\"color\":{\"d\":{\"v\":\"rgba(255,255,255,1)\",\"e\":true},\"n\":{\"v\":\"rgba(255,255,255,1)\"},\"t\":{\"v\":\"rgba(255,255,255,1)\"},\"m\":{\"v\":\"rgba(255,255,255,1)\"}}}},\"hover\":{\"color\":\"rgba(255,255,255,1)\",\"borderRadius\":{\"v\":[\"0\",\"0\",\"0\",\"0\"]},\"borderWidth\":[\"0\",\"0\",\"0\",\"0\"],\"originX\":50,\"originY\":50,\"speed\":\"0\",\"ease\":\"none\"},\"type\":\"image\",\"version\":\"6.2.0\"},\"5\":{\"text\":\"Image 5\",\"alias\":\"Image 5\",\"uid\":5,\"media\":{\"imageUrl\":\"https:\\/\\/ik.imagekit.io\\/promokit\\/txt-03-2_TkyNqqvpn.webp\"},\"size\":{\"width\":{\"d\":{\"v\":520,\"e\":true},\"n\":{\"v\":520},\"t\":{\"v\":520},\"m\":{\"v\":520}},\"height\":{\"d\":{\"v\":250,\"e\":true},\"n\":{\"v\":250},\"t\":{\"v\":250},\"m\":{\"v\":250}},\"originalWidth\":520,\"originalHeight\":250,\"scaleProportional\":false,\"aspectRatio\":{\"d\":{\"v\":2.08},\"n\":{\"v\":2.08},\"t\":{\"v\":2.08},\"m\":{\"v\":2.08}}},\"position\":{\"x\":{\"d\":{\"e\":true}},\"y\":{\"d\":{\"e\":true}},\"horizontal\":{\"d\":{\"v\":\"right\",\"e\":true},\"n\":{\"v\":\"right\"},\"t\":{\"v\":\"right\"},\"m\":{\"v\":\"right\"}},\"vertical\":{\"d\":{\"e\":true}},\"zIndex\":7},\"behavior\":{\"intelligentInherit\":false},\"group\":{\"groupOrder\":2},\"timeline\":{\"frameOrder\":[{\"id\":\"frame_1\",\"start\":500},{\"id\":\"frame_999\",\"start\":9300}],\"frames\":{\"frame_0\":{\"alias\":\"Anim From\",\"transform\":{\"x\":{\"d\":{\"v\":\"inherit\"},\"n\":{\"v\":\"inherit\"},\"t\":{\"v\":\"inherit\"},\"m\":{\"v\":\"inherit\"}},\"y\":{\"d\":{\"v\":\"inherit\"},\"n\":{\"v\":\"inherit\"},\"t\":{\"v\":\"inherit\"},\"m\":{\"v\":\"inherit\"}},\"z\":0,\"scaleX\":\"1\",\"scaleY\":\"1\",\"opacity\":\"0\",\"rotationX\":0,\"rotationY\":0,\"rotationZ\":0,\"skewX\":\"0\",\"skewY\":\"0\",\"transformPerspective\":\"600\"},\"timeline\":{\"ease\":\"power2.inOut\",\"start\":500},\"chars\":{\"delay\":\"10\"},\"words\":{\"delay\":\"10\"},\"lines\":{\"delay\":\"10\"}},\"frame_1\":{\"alias\":\"Anim To\",\"transform\":{\"x\":{\"d\":{\"v\":0},\"n\":{\"v\":0},\"t\":{\"v\":0},\"m\":{\"v\":0}},\"y\":{\"d\":{\"v\":0},\"n\":{\"v\":0},\"t\":{\"v\":0},\"m\":{\"v\":0}},\"z\":0,\"scaleX\":\"1\",\"scaleY\":\"1\",\"opacity\":\"1\",\"rotationX\":0,\"rotationY\":0,\"rotationZ\":0,\"skewX\":\"0\",\"skewY\":\"0\",\"transformPerspective\":\"600\"},\"timeline\":{\"ease\":\"power2.inOut\",\"start\":500},\"chars\":{\"delay\":\"10\"},\"words\":{\"delay\":\"10\"},\"lines\":{\"delay\":\"10\"}},\"frame_999\":{\"alias\":\"Anim To\",\"transform\":{\"x\":{\"d\":{\"v\":\"inherit\"},\"n\":{\"v\":\"inherit\"},\"t\":{\"v\":\"inherit\"},\"m\":{\"v\":\"inherit\"}},\"y\":{\"d\":{\"v\":\"inherit\"},\"n\":{\"v\":\"inherit\"},\"t\":{\"v\":\"inherit\"},\"m\":{\"v\":\"inherit\"}},\"z\":\"inherit\",\"scaleX\":\"inherit\",\"scaleY\":\"inherit\",\"opacity\":\"0\",\"rotationX\":\"inherit\",\"rotationY\":\"inherit\",\"rotationZ\":\"inherit\",\"skewX\":\"inherit\",\"skewY\":\"inherit\",\"transformPerspective\":\"600\"},\"timeline\":{\"ease\":\"nothing\",\"start\":9000,\"endWithSlide\":true},\"chars\":{\"delay\":\"10\"},\"words\":{\"delay\":\"10\"},\"lines\":{\"delay\":\"10\"}}},\"loop\":{\"yoyo_move\":true,\"speed\":4000}},\"idle\":{\"color\":{\"d\":{\"v\":\"rgba(255,255,255,1)\",\"e\":true},\"n\":{\"v\":\"rgba(255,255,255,1)\"},\"t\":{\"v\":\"rgba(255,255,255,1)\"},\"m\":{\"v\":\"rgba(255,255,255,1)\"}},\"padding\":{\"d\":{\"v\":[\"0\",\"0\",\"0\",\"0\"]},\"n\":{\"v\":[\"0\",\"0\",\"0\",\"0\"]},\"t\":{\"v\":[\"0\",\"0\",\"0\",\"0\"]},\"m\":{\"v\":[\"0\",\"0\",\"0\",\"0\"]}},\"autolinebreak\":false,\"fontFamily\":\"\",\"fontSize\":{\"d\":{\"e\":true}},\"fontWeight\":{\"d\":{\"v\":\"100\",\"e\":true},\"n\":{\"v\":\"100\"},\"t\":{\"v\":\"100\"},\"m\":{\"v\":\"100\"}},\"lineHeight\":{\"d\":{\"v\":\"22\",\"e\":true},\"n\":{\"v\":\"22\"},\"t\":{\"v\":\"22\"},\"m\":{\"v\":\"22\"}},\"backgroundColor\":\"transparent\",\"borderRadius\":{\"v\":[\"0\",\"0\",\"0\",\"0\"]},\"borderWidth\":[\"0\",\"0\",\"0\",\"0\"],\"whiteSpace\":{\"d\":{\"e\":true}},\"svg\":{\"color\":{\"d\":{\"v\":\"rgba(255,255,255,1)\",\"e\":true},\"n\":{\"v\":\"rgba(255,255,255,1)\"},\"t\":{\"v\":\"rgba(255,255,255,1)\"},\"m\":{\"v\":\"rgba(255,255,255,1)\"}}}},\"hover\":{\"color\":\"rgba(255,255,255,1)\",\"borderRadius\":{\"v\":[\"0\",\"0\",\"0\",\"0\"]},\"borderWidth\":[\"0\",\"0\",\"0\",\"0\"],\"originX\":50,\"originY\":50,\"speed\":\"0\",\"ease\":\"none\"},\"type\":\"image\",\"version\":\"6.2.0\"},\"6\":{\"text\":\"Image 6\",\"alias\":\"Image 6\",\"uid\":6,\"media\":{\"imageUrl\":\"https:\\/\\/ik.imagekit.io\\/promokit\\/txt-04-2_hebpGYSLf.webp\"},\"size\":{\"width\":{\"d\":{\"v\":520,\"e\":true},\"n\":{\"v\":520},\"t\":{\"v\":520},\"m\":{\"v\":520}},\"height\":{\"d\":{\"v\":250,\"e\":true},\"n\":{\"v\":250},\"t\":{\"v\":250},\"m\":{\"v\":250}},\"originalWidth\":520,\"originalHeight\":250,\"scaleProportional\":false,\"aspectRatio\":{\"d\":{\"v\":2.08},\"n\":{\"v\":2.08},\"t\":{\"v\":2.08},\"m\":{\"v\":2.08}}},\"position\":{\"x\":{\"d\":{\"e\":true}},\"y\":{\"d\":{\"v\":\"-7px\",\"e\":true},\"n\":{\"v\":\"-7px\"},\"t\":{\"v\":\"-7px\"},\"m\":{\"v\":\"-7px\"}},\"horizontal\":{\"d\":{\"v\":\"right\",\"e\":true},\"n\":{\"v\":\"right\"},\"t\":{\"v\":\"right\"},\"m\":{\"v\":\"right\"}},\"vertical\":{\"d\":{\"v\":\"bottom\",\"e\":true},\"n\":{\"v\":\"bottom\"},\"t\":{\"v\":\"bottom\"},\"m\":{\"v\":\"bottom\"}},\"zIndex\":8},\"behavior\":{\"intelligentInherit\":false},\"group\":{\"groupOrder\":3},\"timeline\":{\"frameOrder\":[{\"id\":\"frame_1\",\"start\":500},{\"id\":\"frame_999\",\"start\":9300}],\"frames\":{\"frame_0\":{\"alias\":\"Anim From\",\"transform\":{\"x\":{\"d\":{\"v\":\"inherit\"},\"n\":{\"v\":\"inherit\"},\"t\":{\"v\":\"inherit\"},\"m\":{\"v\":\"inherit\"}},\"y\":{\"d\":{\"v\":\"inherit\"},\"n\":{\"v\":\"inherit\"},\"t\":{\"v\":\"inherit\"},\"m\":{\"v\":\"inherit\"}},\"z\":0,\"scaleX\":\"1\",\"scaleY\":\"1\",\"opacity\":\"0\",\"rotationX\":0,\"rotationY\":0,\"rotationZ\":0,\"skewX\":\"0\",\"skewY\":\"0\",\"transformPerspective\":\"600\"},\"timeline\":{\"ease\":\"power2.inOut\",\"start\":500},\"chars\":{\"delay\":\"10\"},\"words\":{\"delay\":\"10\"},\"lines\":{\"delay\":\"10\"}},\"frame_1\":{\"alias\":\"Anim To\",\"transform\":{\"x\":{\"d\":{\"v\":0},\"n\":{\"v\":0},\"t\":{\"v\":0},\"m\":{\"v\":0}},\"y\":{\"d\":{\"v\":0},\"n\":{\"v\":0},\"t\":{\"v\":0},\"m\":{\"v\":0}},\"z\":0,\"scaleX\":\"1\",\"scaleY\":\"1\",\"opacity\":\"1\",\"rotationX\":0,\"rotationY\":0,\"rotationZ\":0,\"skewX\":\"0\",\"skewY\":\"0\",\"transformPerspective\":\"600\"},\"timeline\":{\"ease\":\"power2.inOut\",\"start\":500},\"chars\":{\"delay\":\"10\"},\"words\":{\"delay\":\"10\"},\"lines\":{\"delay\":\"10\"}},\"frame_999\":{\"alias\":\"Anim To\",\"transform\":{\"x\":{\"d\":{\"v\":\"inherit\"},\"n\":{\"v\":\"inherit\"},\"t\":{\"v\":\"inherit\"},\"m\":{\"v\":\"inherit\"}},\"y\":{\"d\":{\"v\":\"inherit\"},\"n\":{\"v\":\"inherit\"},\"t\":{\"v\":\"inherit\"},\"m\":{\"v\":\"inherit\"}},\"z\":\"inherit\",\"scaleX\":\"inherit\",\"scaleY\":\"inherit\",\"opacity\":\"0\",\"rotationX\":\"inherit\",\"rotationY\":\"inherit\",\"rotationZ\":\"inherit\",\"skewX\":\"inherit\",\"skewY\":\"inherit\",\"transformPerspective\":\"600\"},\"timeline\":{\"ease\":\"nothing\",\"start\":9000,\"endWithSlide\":true},\"chars\":{\"delay\":\"10\"},\"words\":{\"delay\":\"10\"},\"lines\":{\"delay\":\"10\"}}},\"loop\":{\"yoyo_move\":true,\"speed\":4000}},\"idle\":{\"color\":{\"d\":{\"v\":\"rgba(255,255,255,1)\",\"e\":true},\"n\":{\"v\":\"rgba(255,255,255,1)\"},\"t\":{\"v\":\"rgba(255,255,255,1)\"},\"m\":{\"v\":\"rgba(255,255,255,1)\"}},\"padding\":{\"d\":{\"v\":[\"0\",\"0\",\"0\",\"0\"]},\"n\":{\"v\":[\"0\",\"0\",\"0\",\"0\"]},\"t\":{\"v\":[\"0\",\"0\",\"0\",\"0\"]},\"m\":{\"v\":[\"0\",\"0\",\"0\",\"0\"]}},\"autolinebreak\":false,\"fontFamily\":\"\",\"fontSize\":{\"d\":{\"e\":true}},\"fontWeight\":{\"d\":{\"v\":\"100\",\"e\":true},\"n\":{\"v\":\"100\"},\"t\":{\"v\":\"100\"},\"m\":{\"v\":\"100\"}},\"lineHeight\":{\"d\":{\"v\":\"22\",\"e\":true},\"n\":{\"v\":\"22\"},\"t\":{\"v\":\"22\"},\"m\":{\"v\":\"22\"}},\"backgroundColor\":\"transparent\",\"borderRadius\":{\"v\":[\"0\",\"0\",\"0\",\"0\"]},\"borderWidth\":[\"0\",\"0\",\"0\",\"0\"],\"whiteSpace\":{\"d\":{\"e\":true}},\"svg\":{\"color\":{\"d\":{\"v\":\"rgba(255,255,255,1)\",\"e\":true},\"n\":{\"v\":\"rgba(255,255,255,1)\"},\"t\":{\"v\":\"rgba(255,255,255,1)\"},\"m\":{\"v\":\"rgba(255,255,255,1)\"}}}},\"hover\":{\"color\":\"rgba(255,255,255,1)\",\"borderRadius\":{\"v\":[\"0\",\"0\",\"0\",\"0\"]},\"borderWidth\":[\"0\",\"0\",\"0\",\"0\"],\"originX\":50,\"originY\":50,\"speed\":\"0\",\"ease\":\"none\"},\"type\":\"image\",\"version\":\"6.2.0\"},\"2\":{\"text\":\"discounts\",\"alias\":\"Discounts& OFFERS\",\"uid\":2,\"size\":{\"width\":{\"d\":{\"e\":true}},\"height\":{\"d\":{\"e\":true}}},\"position\":{\"x\":{\"d\":{\"v\":\"1098px\",\"e\":true},\"n\":{\"v\":\"1098px\"},\"t\":{\"v\":\"1098px\"},\"m\":{\"v\":\"1098px\"}},\"y\":{\"d\":{\"v\":\"-16px\",\"e\":true},\"n\":{\"v\":\"-16px\"},\"t\":{\"v\":\"-16px\"},\"m\":{\"v\":\"-16px\"}},\"horizontal\":{\"d\":{\"v\":\"right\",\"e\":true},\"n\":{\"v\":\"right\"},\"t\":{\"v\":\"right\"},\"m\":{\"v\":\"right\"}},\"vertical\":{\"d\":{\"v\":\"middle\",\"e\":true},\"n\":{\"v\":\"middle\"},\"t\":{\"v\":\"middle\"},\"m\":{\"v\":\"middle\"}},\"zIndex\":9},\"behavior\":{\"intelligentInherit\":false},\"group\":{\"groupOrder\":4},\"timeline\":{\"frameOrder\":[{\"id\":\"frame_1\",\"start\":500},{\"id\":\"frame_999\",\"start\":9300}],\"frames\":{\"frame_0\":{\"alias\":\"Anim From\",\"transform\":{\"x\":{\"d\":{\"v\":\"inherit\"},\"n\":{\"v\":\"inherit\"},\"t\":{\"v\":\"inherit\"},\"m\":{\"v\":\"inherit\"}},\"y\":{\"d\":{\"v\":\"inherit\"},\"n\":{\"v\":\"inherit\"},\"t\":{\"v\":\"inherit\"},\"m\":{\"v\":\"inherit\"}},\"z\":0,\"scaleX\":\"1\",\"scaleY\":\"1\",\"opacity\":\"0\",\"rotationX\":0,\"rotationY\":0,\"rotationZ\":0,\"skewX\":\"0\",\"skewY\":\"0\",\"transformPerspective\":\"600\"},\"timeline\":{\"ease\":\"power2.inOut\",\"start\":500},\"chars\":{\"delay\":\"10\"},\"words\":{\"delay\":\"10\"},\"lines\":{\"delay\":\"10\"}},\"frame_1\":{\"alias\":\"Anim To\",\"transform\":{\"x\":{\"d\":{\"v\":0},\"n\":{\"v\":0},\"t\":{\"v\":0},\"m\":{\"v\":0}},\"y\":{\"d\":{\"v\":0},\"n\":{\"v\":0},\"t\":{\"v\":0},\"m\":{\"v\":0}},\"z\":0,\"scaleX\":\"1\",\"scaleY\":\"1\",\"opacity\":\"1\",\"rotationX\":0,\"rotationY\":0,\"rotationZ\":0,\"skewX\":\"0\",\"skewY\":\"0\",\"transformPerspective\":\"600\"},\"timeline\":{\"ease\":\"power2.inOut\",\"start\":500},\"chars\":{\"delay\":\"10\"},\"words\":{\"delay\":\"10\"},\"lines\":{\"delay\":\"10\"}},\"frame_999\":{\"alias\":\"Anim To\",\"transform\":{\"x\":{\"d\":{\"v\":\"inherit\"},\"n\":{\"v\":\"inherit\"},\"t\":{\"v\":\"inherit\"},\"m\":{\"v\":\"inherit\"}},\"y\":{\"d\":{\"v\":\"inherit\"},\"n\":{\"v\":\"inherit\"},\"t\":{\"v\":\"inherit\"},\"m\":{\"v\":\"inherit\"}},\"z\":\"inherit\",\"scaleX\":\"inherit\",\"scaleY\":\"inherit\",\"opacity\":\"0\",\"rotationX\":\"inherit\",\"rotationY\":\"inherit\",\"rotationZ\":\"inherit\",\"skewX\":\"inherit\",\"skewY\":\"inherit\",\"transformPerspective\":\"600\"},\"timeline\":{\"ease\":\"nothing\",\"start\":9000,\"endWithSlide\":true},\"chars\":{\"delay\":\"10\"},\"words\":{\"delay\":\"10\"},\"lines\":{\"delay\":\"10\"}}},\"loop\":{\"yoyo_move\":true,\"speed\":4000}},\"idle\":{\"color\":{\"d\":{\"v\":\"rgba(68,68,68,1)\",\"e\":true},\"n\":{\"v\":\"rgba(68,68,68,1)\"},\"t\":{\"v\":\"rgba(68,68,68,1)\"},\"m\":{\"v\":\"rgba(68,68,68,1)\"}},\"padding\":{\"d\":{\"v\":[\"0\",\"0\",\"0\",\"0\"]},\"n\":{\"v\":[\"0\",\"0\",\"0\",\"0\"]},\"t\":{\"v\":[\"0\",\"0\",\"0\",\"0\"]},\"m\":{\"v\":[\"0\",\"0\",\"0\",\"0\"]}},\"autolinebreak\":false,\"fontFamily\":\"\",\"fontSize\":{\"d\":{\"v\":\"65px\",\"e\":true},\"n\":{\"v\":\"65px\"},\"t\":{\"v\":\"65px\"},\"m\":{\"v\":\"65px\"}},\"fontWeight\":{\"d\":{\"v\":\"100\",\"e\":true},\"n\":{\"v\":\"100\"},\"t\":{\"v\":\"100\"},\"m\":{\"v\":\"100\"}},\"lineHeight\":{\"d\":{\"v\":\"60px\",\"e\":true},\"n\":{\"v\":\"60px\"},\"t\":{\"v\":\"60px\"},\"m\":{\"v\":\"60px\"}},\"backgroundColor\":\"transparent\",\"borderRadius\":{\"v\":[\"0\",\"0\",\"0\",\"0\"]},\"borderWidth\":[\"0\",\"0\",\"0\",\"0\"],\"whiteSpace\":{\"d\":{\"e\":true}},\"svg\":{\"color\":{\"d\":{\"v\":\"rgba(68,68,68,1)\",\"e\":true},\"n\":{\"v\":\"rgba(68,68,68,1)\"},\"t\":{\"v\":\"rgba(68,68,68,1)\"},\"m\":{\"v\":\"rgba(68,68,68,1)\"}}}},\"hover\":{\"color\":\"rgba(0,0,0,1)\",\"borderRadius\":{\"v\":[\"0px\",\"0px\",\"0px\",\"0px\"],\"u\":\"px\"},\"borderWidth\":[\"0\",\"0\",\"0\",\"0\"],\"originX\":50,\"originY\":50,\"speed\":\"0\",\"ease\":\"none\",\"svg\":{\"color\":\"#000000\"}},\"type\":\"text\",\"version\":\"6.2.0\"},\"1\":{\"text\":\"EXCLUSIVE\",\"alias\":\"EXCLUSIVE\",\"uid\":1,\"size\":{\"width\":{\"d\":{\"e\":true}},\"height\":{\"d\":{\"e\":true}}},\"position\":{\"x\":{\"d\":{\"v\":\"1099px\",\"e\":true},\"n\":{\"v\":\"1099px\"},\"t\":{\"v\":\"1099px\"},\"m\":{\"v\":\"1099px\"}},\"y\":{\"d\":{\"v\":\"185px\",\"e\":true},\"n\":{\"v\":\"185px\"},\"t\":{\"v\":\"185px\"},\"m\":{\"v\":\"185px\"}},\"horizontal\":{\"d\":{\"v\":\"right\",\"e\":true},\"n\":{\"v\":\"right\"},\"t\":{\"v\":\"right\"},\"m\":{\"v\":\"right\"}},\"vertical\":{\"d\":{\"e\":true}},\"zIndex\":10},\"attributes\":{\"classes\":\"archivo\"},\"behavior\":{\"intelligentInherit\":false},\"group\":{\"groupOrder\":5},\"timeline\":{\"frameOrder\":[{\"id\":\"frame_1\",\"start\":500},{\"id\":\"frame_999\",\"start\":9300}],\"frames\":{\"frame_0\":{\"alias\":\"Anim From\",\"transform\":{\"x\":{\"d\":{\"v\":\"inherit\"},\"n\":{\"v\":\"inherit\"},\"t\":{\"v\":\"inherit\"},\"m\":{\"v\":\"inherit\"}},\"y\":{\"d\":{\"v\":\"inherit\"},\"n\":{\"v\":\"inherit\"},\"t\":{\"v\":\"inherit\"},\"m\":{\"v\":\"inherit\"}},\"z\":0,\"scaleX\":\"1\",\"scaleY\":\"1\",\"opacity\":\"0\",\"rotationX\":0,\"rotationY\":0,\"rotationZ\":0,\"skewX\":\"0\",\"skewY\":\"0\",\"transformPerspective\":\"600\"},\"timeline\":{\"ease\":\"power2.inOut\",\"start\":500},\"chars\":{\"delay\":\"10\"},\"words\":{\"delay\":\"10\"},\"lines\":{\"delay\":\"10\"}},\"frame_1\":{\"alias\":\"Anim To\",\"transform\":{\"x\":{\"d\":{\"v\":0},\"n\":{\"v\":0},\"t\":{\"v\":0},\"m\":{\"v\":0}},\"y\":{\"d\":{\"v\":0},\"n\":{\"v\":0},\"t\":{\"v\":0},\"m\":{\"v\":0}},\"z\":0,\"scaleX\":\"1\",\"scaleY\":\"1\",\"opacity\":\"1\",\"rotationX\":0,\"rotationY\":0,\"rotationZ\":0,\"skewX\":\"0\",\"skewY\":\"0\",\"transformPerspective\":\"600\"},\"timeline\":{\"ease\":\"power2.inOut\",\"start\":500},\"chars\":{\"delay\":\"10\"},\"words\":{\"delay\":\"10\"},\"lines\":{\"delay\":\"10\"}},\"frame_999\":{\"alias\":\"Anim To\",\"transform\":{\"x\":{\"d\":{\"v\":\"inherit\"},\"n\":{\"v\":\"inherit\"},\"t\":{\"v\":\"inherit\"},\"m\":{\"v\":\"inherit\"}},\"y\":{\"d\":{\"v\":\"inherit\"},\"n\":{\"v\":\"inherit\"},\"t\":{\"v\":\"inherit\"},\"m\":{\"v\":\"inherit\"}},\"z\":\"inherit\",\"scaleX\":\"inherit\",\"scaleY\":\"inherit\",\"opacity\":\"0\",\"rotationX\":\"inherit\",\"rotationY\":\"inherit\",\"rotationZ\":\"inherit\",\"skewX\":\"inherit\",\"skewY\":\"inherit\",\"transformPerspective\":\"600\"},\"timeline\":{\"ease\":\"nothing\",\"start\":9000,\"endWithSlide\":true},\"chars\":{\"delay\":\"10\"},\"words\":{\"delay\":\"10\"},\"lines\":{\"delay\":\"10\"}}},\"loop\":{\"yoyo_move\":true,\"speed\":4000}},\"idle\":{\"color\":{\"d\":{\"v\":\"rgba(68,68,68,1)\",\"e\":true},\"n\":{\"v\":\"rgba(68,68,68,1)\"},\"t\":{\"v\":\"rgba(68,68,68,1)\"},\"m\":{\"v\":\"rgba(68,68,68,1)\"}},\"padding\":{\"d\":{\"v\":[\"0\",\"0\",\"0\",\"0\"]},\"n\":{\"v\":[\"0\",\"0\",\"0\",\"0\"]},\"t\":{\"v\":[\"0\",\"0\",\"0\",\"0\"]},\"m\":{\"v\":[\"0\",\"0\",\"0\",\"0\"]}},\"autolinebreak\":false,\"fontFamily\":\"\",\"fontSize\":{\"d\":{\"v\":\"16px\",\"e\":true},\"n\":{\"v\":\"16px\"},\"t\":{\"v\":\"16px\"},\"m\":{\"v\":\"16px\"}},\"fontWeight\":{\"d\":{\"e\":true}},\"lineHeight\":{\"d\":{\"v\":\"22px\",\"e\":true},\"n\":{\"v\":\"22px\"},\"t\":{\"v\":\"22px\"},\"m\":{\"v\":\"22px\"}},\"backgroundColor\":\"transparent\",\"borderRadius\":{\"v\":[\"0\",\"0\",\"0\",\"0\"]},\"borderWidth\":[\"0\",\"0\",\"0\",\"0\"],\"whiteSpace\":{\"d\":{\"e\":true}},\"svg\":{\"color\":{\"d\":{\"v\":\"rgba(68,68,68,1)\",\"e\":true},\"n\":{\"v\":\"rgba(68,68,68,1)\"},\"t\":{\"v\":\"rgba(68,68,68,1)\"},\"m\":{\"v\":\"rgba(68,68,68,1)\"}}}},\"hover\":{\"color\":\"rgba(0,0,0,1)\",\"borderRadius\":{\"v\":[\"0px\",\"0px\",\"0px\",\"0px\"],\"u\":\"px\"},\"borderWidth\":[\"0\",\"0\",\"0\",\"0\"],\"originX\":50,\"originY\":50,\"speed\":\"0\",\"ease\":\"none\",\"svg\":{\"color\":\"#000000\"}},\"customCSS\":\"letter-spacing:0.2em;\\n\",\"type\":\"text\",\"version\":\"6.2.0\"},\"7\":{\"text\":\"OFFERS\",\"alias\":\"OFFERS\",\"uid\":7,\"size\":{\"width\":{\"d\":{\"e\":true}},\"height\":{\"d\":{\"e\":true}}},\"position\":{\"x\":{\"d\":{\"v\":\"165px\",\"e\":true},\"n\":{\"v\":\"165px\"},\"t\":{\"v\":\"165px\"},\"m\":{\"v\":\"165px\"}},\"y\":{\"d\":{\"v\":\"280px\",\"e\":true},\"n\":{\"v\":\"280px\"},\"t\":{\"v\":\"280px\"},\"m\":{\"v\":\"280px\"}},\"horizontal\":{\"d\":{\"e\":true}},\"vertical\":{\"d\":{\"e\":true}},\"zIndex\":11},\"attributes\":{\"classes\":\"roboto\"},\"behavior\":{\"intelligentInherit\":false},\"group\":{\"groupOrder\":6},\"timeline\":{\"frameOrder\":[{\"id\":\"frame_1\",\"start\":500},{\"id\":\"frame_999\",\"start\":9300}],\"frames\":{\"frame_0\":{\"alias\":\"Anim From\",\"transform\":{\"x\":{\"d\":{\"v\":\"inherit\"},\"n\":{\"v\":\"inherit\"},\"t\":{\"v\":\"inherit\"},\"m\":{\"v\":\"inherit\"}},\"y\":{\"d\":{\"v\":\"inherit\"},\"n\":{\"v\":\"inherit\"},\"t\":{\"v\":\"inherit\"},\"m\":{\"v\":\"inherit\"}},\"z\":0,\"scaleX\":\"1\",\"scaleY\":\"1\",\"opacity\":\"0\",\"rotationX\":0,\"rotationY\":0,\"rotationZ\":0,\"skewX\":\"0\",\"skewY\":\"0\",\"transformPerspective\":\"600\"},\"timeline\":{\"ease\":\"power2.inOut\",\"start\":500},\"chars\":{\"delay\":\"10\"},\"words\":{\"delay\":\"10\"},\"lines\":{\"delay\":\"10\"}},\"frame_1\":{\"alias\":\"Anim To\",\"transform\":{\"x\":{\"d\":{\"v\":0},\"n\":{\"v\":0},\"t\":{\"v\":0},\"m\":{\"v\":0}},\"y\":{\"d\":{\"v\":0},\"n\":{\"v\":0},\"t\":{\"v\":0},\"m\":{\"v\":0}},\"z\":0,\"scaleX\":\"1\",\"scaleY\":\"1\",\"opacity\":\"1\",\"rotationX\":0,\"rotationY\":0,\"rotationZ\":0,\"skewX\":\"0\",\"skewY\":\"0\",\"transformPerspective\":\"600\"},\"timeline\":{\"ease\":\"power2.inOut\",\"start\":500},\"chars\":{\"delay\":\"10\"},\"words\":{\"delay\":\"10\"},\"lines\":{\"delay\":\"10\"}},\"frame_999\":{\"alias\":\"Anim To\",\"transform\":{\"x\":{\"d\":{\"v\":\"inherit\"},\"n\":{\"v\":\"inherit\"},\"t\":{\"v\":\"inherit\"},\"m\":{\"v\":\"inherit\"}},\"y\":{\"d\":{\"v\":\"inherit\"},\"n\":{\"v\":\"inherit\"},\"t\":{\"v\":\"inherit\"},\"m\":{\"v\":\"inherit\"}},\"z\":\"inherit\",\"scaleX\":\"inherit\",\"scaleY\":\"inherit\",\"opacity\":\"0\",\"rotationX\":\"inherit\",\"rotationY\":\"inherit\",\"rotationZ\":\"inherit\",\"skewX\":\"inherit\",\"skewY\":\"inherit\",\"transformPerspective\":\"600\"},\"timeline\":{\"ease\":\"nothing\",\"start\":9000,\"endWithSlide\":true},\"chars\":{\"delay\":\"10\"},\"words\":{\"delay\":\"10\"},\"lines\":{\"delay\":\"10\"}}},\"loop\":{\"yoyo_move\":true,\"speed\":4000}},\"idle\":{\"color\":{\"d\":{\"v\":\"rgba(68,68,68,1)\",\"e\":true},\"n\":{\"v\":\"rgba(68,68,68,1)\"},\"t\":{\"v\":\"rgba(68,68,68,1)\"},\"m\":{\"v\":\"rgba(68,68,68,1)\"}},\"padding\":{\"d\":{\"v\":[\"0\",\"0\",\"0\",\"0\"]},\"n\":{\"v\":[\"0\",\"0\",\"0\",\"0\"]},\"t\":{\"v\":[\"0\",\"0\",\"0\",\"0\"]},\"m\":{\"v\":[\"0\",\"0\",\"0\",\"0\"]}},\"autolinebreak\":false,\"fontSize\":{\"d\":{\"v\":\"62px\",\"e\":true},\"n\":{\"v\":\"62px\"},\"t\":{\"v\":\"62px\"},\"m\":{\"v\":\"62px\"}},\"fontWeight\":{\"d\":{\"v\":\"900\",\"e\":true},\"n\":{\"v\":\"900\"},\"t\":{\"v\":\"900\"},\"m\":{\"v\":\"900\"}},\"lineHeight\":{\"d\":{\"v\":\"60px\",\"e\":true},\"n\":{\"v\":\"60px\"},\"t\":{\"v\":\"60px\"},\"m\":{\"v\":\"60px\"}},\"backgroundColor\":\"transparent\",\"borderRadius\":{\"v\":[\"0\",\"0\",\"0\",\"0\"]},\"borderWidth\":[\"0\",\"0\",\"0\",\"0\"],\"whiteSpace\":{\"d\":{\"e\":true}},\"svg\":{\"color\":{\"d\":{\"v\":\"rgba(68,68,68,1)\",\"e\":true},\"n\":{\"v\":\"rgba(68,68,68,1)\"},\"t\":{\"v\":\"rgba(68,68,68,1)\"},\"m\":{\"v\":\"rgba(68,68,68,1)\"}}}},\"hover\":{\"color\":\"rgba(0,0,0,1)\",\"borderRadius\":{\"v\":[\"0px\",\"0px\",\"0px\",\"0px\"],\"u\":\"px\"},\"borderWidth\":[\"0\",\"0\",\"0\",\"0\"],\"originX\":50,\"originY\":50,\"speed\":\"0\",\"ease\":\"none\",\"svg\":{\"color\":\"#000000\"}},\"customCSS\":\"letter-spacing:0.045em;\\n\",\"type\":\"text\",\"version\":\"6.2.0\"},\"8\":{\"text\":\"SHOP NOW\",\"alias\":\"EXCLUSIVE\",\"uid\":8,\"size\":{\"width\":{\"d\":{\"e\":true}},\"height\":{\"d\":{\"e\":true}}},\"position\":{\"x\":{\"d\":{\"v\":\"597px\",\"e\":true},\"n\":{\"v\":\"597px\"},\"t\":{\"v\":\"597px\"},\"m\":{\"v\":\"597px\"}},\"y\":{\"d\":{\"v\":\"185px\",\"e\":true},\"n\":{\"v\":\"185px\"},\"t\":{\"v\":\"185px\"},\"m\":{\"v\":\"185px\"}},\"horizontal\":{\"d\":{\"v\":\"right\",\"e\":true},\"n\":{\"v\":\"right\"},\"t\":{\"v\":\"right\"},\"m\":{\"v\":\"right\"}},\"vertical\":{\"d\":{\"e\":true}},\"zIndex\":12},\"attributes\":{\"classes\":\"archivo\"},\"behavior\":{\"intelligentInherit\":false},\"group\":{\"groupOrder\":7},\"timeline\":{\"frameOrder\":[{\"id\":\"frame_1\",\"start\":500},{\"id\":\"frame_999\",\"start\":9300}],\"frames\":{\"frame_0\":{\"alias\":\"Anim From\",\"transform\":{\"x\":{\"d\":{\"v\":\"inherit\"},\"n\":{\"v\":\"inherit\"},\"t\":{\"v\":\"inherit\"},\"m\":{\"v\":\"inherit\"}},\"y\":{\"d\":{\"v\":\"inherit\"},\"n\":{\"v\":\"inherit\"},\"t\":{\"v\":\"inherit\"},\"m\":{\"v\":\"inherit\"}},\"z\":0,\"scaleX\":\"1\",\"scaleY\":\"1\",\"opacity\":\"0\",\"rotationX\":0,\"rotationY\":0,\"rotationZ\":0,\"skewX\":\"0\",\"skewY\":\"0\",\"transformPerspective\":\"600\"},\"timeline\":{\"ease\":\"power2.inOut\",\"start\":500},\"chars\":{\"delay\":\"10\"},\"words\":{\"delay\":\"10\"},\"lines\":{\"delay\":\"10\"}},\"frame_1\":{\"alias\":\"Anim To\",\"transform\":{\"x\":{\"d\":{\"v\":0},\"n\":{\"v\":0},\"t\":{\"v\":0},\"m\":{\"v\":0}},\"y\":{\"d\":{\"v\":0},\"n\":{\"v\":0},\"t\":{\"v\":0},\"m\":{\"v\":0}},\"z\":0,\"scaleX\":\"1\",\"scaleY\":\"1\",\"opacity\":\"1\",\"rotationX\":0,\"rotationY\":0,\"rotationZ\":0,\"skewX\":\"0\",\"skewY\":\"0\",\"transformPerspective\":\"600\"},\"timeline\":{\"ease\":\"power2.inOut\",\"start\":500},\"chars\":{\"delay\":\"10\"},\"words\":{\"delay\":\"10\"},\"lines\":{\"delay\":\"10\"}},\"frame_999\":{\"alias\":\"Anim To\",\"transform\":{\"x\":{\"d\":{\"v\":\"inherit\"},\"n\":{\"v\":\"inherit\"},\"t\":{\"v\":\"inherit\"},\"m\":{\"v\":\"inherit\"}},\"y\":{\"d\":{\"v\":\"inherit\"},\"n\":{\"v\":\"inherit\"},\"t\":{\"v\":\"inherit\"},\"m\":{\"v\":\"inherit\"}},\"z\":\"inherit\",\"scaleX\":\"inherit\",\"scaleY\":\"inherit\",\"opacity\":\"0\",\"rotationX\":\"inherit\",\"rotationY\":\"inherit\",\"rotationZ\":\"inherit\",\"skewX\":\"inherit\",\"skewY\":\"inherit\",\"transformPerspective\":\"600\"},\"timeline\":{\"ease\":\"nothing\",\"start\":9000,\"endWithSlide\":true},\"chars\":{\"delay\":\"10\"},\"words\":{\"delay\":\"10\"},\"lines\":{\"delay\":\"10\"}}},\"loop\":{\"yoyo_move\":true,\"speed\":4000}},\"idle\":{\"color\":{\"d\":{\"v\":\"rgba(68,68,68,1)\",\"e\":true},\"n\":{\"v\":\"rgba(68,68,68,1)\"},\"t\":{\"v\":\"rgba(68,68,68,1)\"},\"m\":{\"v\":\"rgba(68,68,68,1)\"}},\"padding\":{\"d\":{\"v\":[\"0\",\"0\",\"0\",\"0\"]},\"n\":{\"v\":[\"0\",\"0\",\"0\",\"0\"]},\"t\":{\"v\":[\"0\",\"0\",\"0\",\"0\"]},\"m\":{\"v\":[\"0\",\"0\",\"0\",\"0\"]}},\"autolinebreak\":false,\"fontFamily\":\"\",\"fontSize\":{\"d\":{\"v\":\"16px\",\"e\":true},\"n\":{\"v\":\"16px\"},\"t\":{\"v\":\"16px\"},\"m\":{\"v\":\"16px\"}},\"fontWeight\":{\"d\":{\"e\":true}},\"lineHeight\":{\"d\":{\"v\":\"22px\",\"e\":true},\"n\":{\"v\":\"22px\"},\"t\":{\"v\":\"22px\"},\"m\":{\"v\":\"22px\"}},\"backgroundColor\":\"transparent\",\"borderRadius\":{\"v\":[\"0\",\"0\",\"0\",\"0\"]},\"borderWidth\":[\"0\",\"0\",\"0\",\"0\"],\"whiteSpace\":{\"d\":{\"e\":true}},\"svg\":{\"color\":{\"d\":{\"v\":\"rgba(68,68,68,1)\",\"e\":true},\"n\":{\"v\":\"rgba(68,68,68,1)\"},\"t\":{\"v\":\"rgba(68,68,68,1)\"},\"m\":{\"v\":\"rgba(68,68,68,1)\"}}}},\"hover\":{\"color\":\"rgba(0,0,0,1)\",\"borderRadius\":{\"v\":[\"0px\",\"0px\",\"0px\",\"0px\"],\"u\":\"px\"},\"borderWidth\":[\"0\",\"0\",\"0\",\"0\"],\"originX\":50,\"originY\":50,\"speed\":\"0\",\"ease\":\"none\",\"svg\":{\"color\":\"#000000\"}},\"customCSS\":\"letter-spacing:0.2em;\\n\",\"type\":\"text\",\"version\":\"6.2.0\"},\"9\":{\"text\":\"hottest news\",\"alias\":\"Discounts& OFFERS\",\"uid\":9,\"size\":{\"width\":{\"d\":{\"e\":true}},\"height\":{\"d\":{\"e\":true}}},\"position\":{\"x\":{\"d\":{\"v\":\"596px\",\"e\":true},\"n\":{\"v\":\"596px\"},\"t\":{\"v\":\"596px\"},\"m\":{\"v\":\"596px\"}},\"y\":{\"d\":{\"v\":\"-15px\",\"e\":true},\"n\":{\"v\":\"-15px\"},\"t\":{\"v\":\"-15px\"},\"m\":{\"v\":\"-15px\"}},\"horizontal\":{\"d\":{\"v\":\"right\",\"e\":true},\"n\":{\"v\":\"right\"},\"t\":{\"v\":\"right\"},\"m\":{\"v\":\"right\"}},\"vertical\":{\"d\":{\"v\":\"middle\",\"e\":true},\"n\":{\"v\":\"middle\"},\"t\":{\"v\":\"middle\"},\"m\":{\"v\":\"middle\"}},\"zIndex\":13},\"behavior\":{\"intelligentInherit\":false},\"group\":{\"groupOrder\":8},\"timeline\":{\"frameOrder\":[{\"id\":\"frame_1\",\"start\":500},{\"id\":\"frame_999\",\"start\":9300}],\"frames\":{\"frame_0\":{\"alias\":\"Anim From\",\"transform\":{\"x\":{\"d\":{\"v\":\"inherit\"},\"n\":{\"v\":\"inherit\"},\"t\":{\"v\":\"inherit\"},\"m\":{\"v\":\"inherit\"}},\"y\":{\"d\":{\"v\":\"inherit\"},\"n\":{\"v\":\"inherit\"},\"t\":{\"v\":\"inherit\"},\"m\":{\"v\":\"inherit\"}},\"z\":0,\"scaleX\":\"1\",\"scaleY\":\"1\",\"opacity\":\"0\",\"rotationX\":0,\"rotationY\":0,\"rotationZ\":0,\"skewX\":\"0\",\"skewY\":\"0\",\"transformPerspective\":\"600\"},\"timeline\":{\"ease\":\"power2.inOut\",\"start\":500},\"chars\":{\"delay\":\"10\"},\"words\":{\"delay\":\"10\"},\"lines\":{\"delay\":\"10\"}},\"frame_1\":{\"alias\":\"Anim To\",\"transform\":{\"x\":{\"d\":{\"v\":0},\"n\":{\"v\":0},\"t\":{\"v\":0},\"m\":{\"v\":0}},\"y\":{\"d\":{\"v\":0},\"n\":{\"v\":0},\"t\":{\"v\":0},\"m\":{\"v\":0}},\"z\":0,\"scaleX\":\"1\",\"scaleY\":\"1\",\"opacity\":\"1\",\"rotationX\":0,\"rotationY\":0,\"rotationZ\":0,\"skewX\":\"0\",\"skewY\":\"0\",\"transformPerspective\":\"600\"},\"timeline\":{\"ease\":\"power2.inOut\",\"start\":500},\"chars\":{\"delay\":\"10\"},\"words\":{\"delay\":\"10\"},\"lines\":{\"delay\":\"10\"}},\"frame_999\":{\"alias\":\"Anim To\",\"transform\":{\"x\":{\"d\":{\"v\":\"inherit\"},\"n\":{\"v\":\"inherit\"},\"t\":{\"v\":\"inherit\"},\"m\":{\"v\":\"inherit\"}},\"y\":{\"d\":{\"v\":\"inherit\"},\"n\":{\"v\":\"inherit\"},\"t\":{\"v\":\"inherit\"},\"m\":{\"v\":\"inherit\"}},\"z\":\"inherit\",\"scaleX\":\"inherit\",\"scaleY\":\"inherit\",\"opacity\":\"0\",\"rotationX\":\"inherit\",\"rotationY\":\"inherit\",\"rotationZ\":\"inherit\",\"skewX\":\"inherit\",\"skewY\":\"inherit\",\"transformPerspective\":\"600\"},\"timeline\":{\"ease\":\"nothing\",\"start\":9000,\"endWithSlide\":true},\"chars\":{\"delay\":\"10\"},\"words\":{\"delay\":\"10\"},\"lines\":{\"delay\":\"10\"}}},\"loop\":{\"yoyo_move\":true,\"speed\":4000}},\"idle\":{\"color\":{\"d\":{\"v\":\"rgba(68,68,68,1)\",\"e\":true},\"n\":{\"v\":\"rgba(68,68,68,1)\"},\"t\":{\"v\":\"rgba(68,68,68,1)\"},\"m\":{\"v\":\"rgba(68,68,68,1)\"}},\"padding\":{\"d\":{\"v\":[\"0\",\"0\",\"0\",\"0\"]},\"n\":{\"v\":[\"0\",\"0\",\"0\",\"0\"]},\"t\":{\"v\":[\"0\",\"0\",\"0\",\"0\"]},\"m\":{\"v\":[\"0\",\"0\",\"0\",\"0\"]}},\"autolinebreak\":false,\"fontFamily\":\"\",\"fontSize\":{\"d\":{\"v\":\"65px\",\"e\":true},\"n\":{\"v\":\"65px\"},\"t\":{\"v\":\"65px\"},\"m\":{\"v\":\"65px\"}},\"fontWeight\":{\"d\":{\"v\":\"100\",\"e\":true},\"n\":{\"v\":\"100\"},\"t\":{\"v\":\"100\"},\"m\":{\"v\":\"100\"}},\"lineHeight\":{\"d\":{\"v\":\"60px\",\"e\":true},\"n\":{\"v\":\"60px\"},\"t\":{\"v\":\"60px\"},\"m\":{\"v\":\"60px\"}},\"backgroundColor\":\"transparent\",\"borderRadius\":{\"v\":[\"0\",\"0\",\"0\",\"0\"]},\"borderWidth\":[\"0\",\"0\",\"0\",\"0\"],\"whiteSpace\":{\"d\":{\"e\":true}},\"svg\":{\"color\":{\"d\":{\"v\":\"rgba(68,68,68,1)\",\"e\":true},\"n\":{\"v\":\"rgba(68,68,68,1)\"},\"t\":{\"v\":\"rgba(68,68,68,1)\"},\"m\":{\"v\":\"rgba(68,68,68,1)\"}}}},\"hover\":{\"color\":\"rgba(0,0,0,1)\",\"borderRadius\":{\"v\":[\"0px\",\"0px\",\"0px\",\"0px\"],\"u\":\"px\"},\"borderWidth\":[\"0\",\"0\",\"0\",\"0\"],\"originX\":50,\"originY\":50,\"speed\":\"0\",\"ease\":\"none\",\"svg\":{\"color\":\"#000000\"}},\"type\":\"text\",\"version\":\"6.2.0\"},\"10\":{\"text\":\"#ALYSUM\",\"alias\":\"OFFERS\",\"uid\":10,\"size\":{\"width\":{\"d\":{\"e\":true}},\"height\":{\"d\":{\"e\":true}}},\"position\":{\"x\":{\"d\":{\"v\":\"599px\",\"e\":true},\"n\":{\"v\":\"599px\"},\"t\":{\"v\":\"599px\"},\"m\":{\"v\":\"599px\"}},\"y\":{\"d\":{\"v\":\"280px\",\"e\":true},\"n\":{\"v\":\"280px\"},\"t\":{\"v\":\"280px\"},\"m\":{\"v\":\"280px\"}},\"horizontal\":{\"d\":{\"v\":\"right\",\"e\":true},\"n\":{\"v\":\"right\"},\"t\":{\"v\":\"right\"},\"m\":{\"v\":\"right\"}},\"vertical\":{\"d\":{\"e\":true}},\"zIndex\":14},\"behavior\":{\"intelligentInherit\":false},\"group\":{\"groupOrder\":9},\"timeline\":{\"frameOrder\":[{\"id\":\"frame_1\",\"start\":500},{\"id\":\"frame_999\",\"start\":9300}],\"frames\":{\"frame_0\":{\"alias\":\"Anim From\",\"transform\":{\"x\":{\"d\":{\"v\":\"inherit\"},\"n\":{\"v\":\"inherit\"},\"t\":{\"v\":\"inherit\"},\"m\":{\"v\":\"inherit\"}},\"y\":{\"d\":{\"v\":\"inherit\"},\"n\":{\"v\":\"inherit\"},\"t\":{\"v\":\"inherit\"},\"m\":{\"v\":\"inherit\"}},\"z\":0,\"scaleX\":\"1\",\"scaleY\":\"1\",\"opacity\":\"0\",\"rotationX\":0,\"rotationY\":0,\"rotationZ\":0,\"skewX\":\"0\",\"skewY\":\"0\",\"transformPerspective\":\"600\"},\"timeline\":{\"ease\":\"power2.inOut\",\"start\":500},\"chars\":{\"delay\":\"10\"},\"words\":{\"delay\":\"10\"},\"lines\":{\"delay\":\"10\"}},\"frame_1\":{\"alias\":\"Anim To\",\"transform\":{\"x\":{\"d\":{\"v\":0},\"n\":{\"v\":0},\"t\":{\"v\":0},\"m\":{\"v\":0}},\"y\":{\"d\":{\"v\":0},\"n\":{\"v\":0},\"t\":{\"v\":0},\"m\":{\"v\":0}},\"z\":0,\"scaleX\":\"1\",\"scaleY\":\"1\",\"opacity\":\"1\",\"rotationX\":0,\"rotationY\":0,\"rotationZ\":0,\"skewX\":\"0\",\"skewY\":\"0\",\"transformPerspective\":\"600\"},\"timeline\":{\"ease\":\"power2.inOut\",\"start\":500},\"chars\":{\"delay\":\"10\"},\"words\":{\"delay\":\"10\"},\"lines\":{\"delay\":\"10\"}},\"frame_999\":{\"alias\":\"Anim To\",\"transform\":{\"x\":{\"d\":{\"v\":\"inherit\"},\"n\":{\"v\":\"inherit\"},\"t\":{\"v\":\"inherit\"},\"m\":{\"v\":\"inherit\"}},\"y\":{\"d\":{\"v\":\"inherit\"},\"n\":{\"v\":\"inherit\"},\"t\":{\"v\":\"inherit\"},\"m\":{\"v\":\"inherit\"}},\"z\":\"inherit\",\"scaleX\":\"inherit\",\"scaleY\":\"inherit\",\"opacity\":\"0\",\"rotationX\":\"inherit\",\"rotationY\":\"inherit\",\"rotationZ\":\"inherit\",\"skewX\":\"inherit\",\"skewY\":\"inherit\",\"transformPerspective\":\"600\"},\"timeline\":{\"ease\":\"nothing\",\"start\":9000,\"endWithSlide\":true},\"chars\":{\"delay\":\"10\"},\"words\":{\"delay\":\"10\"},\"lines\":{\"delay\":\"10\"}}},\"loop\":{\"yoyo_move\":true,\"speed\":4000}},\"idle\":{\"color\":{\"d\":{\"v\":\"rgba(68,68,68,1)\",\"e\":true},\"n\":{\"v\":\"rgba(68,68,68,1)\"},\"t\":{\"v\":\"rgba(68,68,68,1)\"},\"m\":{\"v\":\"rgba(68,68,68,1)\"}},\"padding\":{\"d\":{\"v\":[\"0\",\"0\",\"0\",\"0\"]},\"n\":{\"v\":[\"0\",\"0\",\"0\",\"0\"]},\"t\":{\"v\":[\"0\",\"0\",\"0\",\"0\"]},\"m\":{\"v\":[\"0\",\"0\",\"0\",\"0\"]}},\"autolinebreak\":false,\"fontFamily\":\"\",\"fontSize\":{\"d\":{\"v\":\"58px\",\"e\":true},\"n\":{\"v\":\"58px\"},\"t\":{\"v\":\"58px\"},\"m\":{\"v\":\"58px\"}},\"fontWeight\":{\"d\":{\"v\":\"900\",\"e\":true},\"n\":{\"v\":\"900\"},\"t\":{\"v\":\"900\"},\"m\":{\"v\":\"900\"}},\"lineHeight\":{\"d\":{\"v\":\"58px\",\"e\":true},\"n\":{\"v\":\"58px\"},\"t\":{\"v\":\"58px\"},\"m\":{\"v\":\"58px\"}},\"backgroundColor\":\"transparent\",\"borderRadius\":{\"v\":[\"0\",\"0\",\"0\",\"0\"]},\"borderWidth\":[\"0\",\"0\",\"0\",\"0\"],\"whiteSpace\":{\"d\":{\"e\":true}},\"svg\":{\"color\":{\"d\":{\"v\":\"rgba(68,68,68,1)\",\"e\":true},\"n\":{\"v\":\"rgba(68,68,68,1)\"},\"t\":{\"v\":\"rgba(68,68,68,1)\"},\"m\":{\"v\":\"rgba(68,68,68,1)\"}}}},\"hover\":{\"color\":\"rgba(0,0,0,1)\",\"borderRadius\":{\"v\":[\"0px\",\"0px\",\"0px\",\"0px\"],\"u\":\"px\"},\"borderWidth\":[\"0\",\"0\",\"0\",\"0\"],\"originX\":50,\"originY\":50,\"speed\":\"0\",\"ease\":\"none\",\"svg\":{\"color\":\"#000000\"}},\"type\":\"text\",\"version\":\"6.2.0\"},\"11\":{\"text\":\"SEE THE GREAT\",\"alias\":\"EXCLUSIVE\",\"uid\":11,\"size\":{\"width\":{\"d\":{\"e\":true}},\"height\":{\"d\":{\"e\":true}}},\"position\":{\"x\":{\"d\":{\"v\":\"52px\",\"e\":true},\"n\":{\"v\":\"52px\"},\"t\":{\"v\":\"52px\"},\"m\":{\"v\":\"52px\"}},\"y\":{\"d\":{\"v\":\"53px\",\"e\":true},\"n\":{\"v\":\"53px\"},\"t\":{\"v\":\"53px\"},\"m\":{\"v\":\"53px\"}},\"horizontal\":{\"d\":{\"v\":\"right\",\"e\":true},\"n\":{\"v\":\"right\"},\"t\":{\"v\":\"right\"},\"m\":{\"v\":\"right\"}},\"vertical\":{\"d\":{\"e\":true}},\"zIndex\":15},\"behavior\":{\"intelligentInherit\":false},\"group\":{\"groupOrder\":10},\"timeline\":{\"frameOrder\":[{\"id\":\"frame_1\",\"start\":500},{\"id\":\"frame_999\",\"start\":9300}],\"frames\":{\"frame_0\":{\"alias\":\"Anim From\",\"transform\":{\"x\":{\"d\":{\"v\":\"inherit\"},\"n\":{\"v\":\"inherit\"},\"t\":{\"v\":\"inherit\"},\"m\":{\"v\":\"inherit\"}},\"y\":{\"d\":{\"v\":\"inherit\"},\"n\":{\"v\":\"inherit\"},\"t\":{\"v\":\"inherit\"},\"m\":{\"v\":\"inherit\"}},\"z\":0,\"scaleX\":\"1\",\"scaleY\":\"1\",\"opacity\":\"0\",\"rotationX\":0,\"rotationY\":0,\"rotationZ\":0,\"skewX\":\"0\",\"skewY\":\"0\",\"transformPerspective\":\"600\"},\"timeline\":{\"ease\":\"power2.inOut\",\"start\":500},\"chars\":{\"delay\":\"10\"},\"words\":{\"delay\":\"10\"},\"lines\":{\"delay\":\"10\"}},\"frame_1\":{\"alias\":\"Anim To\",\"transform\":{\"x\":{\"d\":{\"v\":0},\"n\":{\"v\":0},\"t\":{\"v\":0},\"m\":{\"v\":0}},\"y\":{\"d\":{\"v\":0},\"n\":{\"v\":0},\"t\":{\"v\":0},\"m\":{\"v\":0}},\"z\":0,\"scaleX\":\"1\",\"scaleY\":\"1\",\"opacity\":\"1\",\"rotationX\":0,\"rotationY\":0,\"rotationZ\":0,\"skewX\":\"0\",\"skewY\":\"0\",\"transformPerspective\":\"600\"},\"timeline\":{\"ease\":\"power2.inOut\",\"start\":500},\"chars\":{\"delay\":\"10\"},\"words\":{\"delay\":\"10\"},\"lines\":{\"delay\":\"10\"}},\"frame_999\":{\"alias\":\"Anim To\",\"transform\":{\"x\":{\"d\":{\"v\":\"inherit\"},\"n\":{\"v\":\"inherit\"},\"t\":{\"v\":\"inherit\"},\"m\":{\"v\":\"inherit\"}},\"y\":{\"d\":{\"v\":\"inherit\"},\"n\":{\"v\":\"inherit\"},\"t\":{\"v\":\"inherit\"},\"m\":{\"v\":\"inherit\"}},\"z\":\"inherit\",\"scaleX\":\"inherit\",\"scaleY\":\"inherit\",\"opacity\":\"0\",\"rotationX\":\"inherit\",\"rotationY\":\"inherit\",\"rotationZ\":\"inherit\",\"skewX\":\"inherit\",\"skewY\":\"inherit\",\"transformPerspective\":\"600\"},\"timeline\":{\"ease\":\"nothing\",\"start\":9000,\"endWithSlide\":true},\"chars\":{\"delay\":\"10\"},\"words\":{\"delay\":\"10\"},\"lines\":{\"delay\":\"10\"}}},\"loop\":{\"yoyo_move\":true,\"speed\":4000}},\"idle\":{\"color\":{\"d\":{\"v\":\"rgba(68,68,68,1)\",\"e\":true},\"n\":{\"v\":\"rgba(68,68,68,1)\"},\"t\":{\"v\":\"rgba(68,68,68,1)\"},\"m\":{\"v\":\"rgba(68,68,68,1)\"}},\"padding\":{\"d\":{\"v\":[\"0\",\"0\",\"0\",\"0\"]},\"n\":{\"v\":[\"0\",\"0\",\"0\",\"0\"]},\"t\":{\"v\":[\"0\",\"0\",\"0\",\"0\"]},\"m\":{\"v\":[\"0\",\"0\",\"0\",\"0\"]}},\"autolinebreak\":false,\"fontFamily\":\"\",\"fontSize\":{\"d\":{\"v\":\"15px\",\"e\":true},\"n\":{\"v\":\"15px\"},\"t\":{\"v\":\"15px\"},\"m\":{\"v\":\"15px\"}},\"fontWeight\":{\"d\":{\"e\":true}},\"lineHeight\":{\"d\":{\"v\":\"22px\",\"e\":true},\"n\":{\"v\":\"22px\"},\"t\":{\"v\":\"22px\"},\"m\":{\"v\":\"22px\"}},\"backgroundColor\":\"transparent\",\"borderRadius\":{\"v\":[\"0\",\"0\",\"0\",\"0\"]},\"borderWidth\":[\"0\",\"0\",\"0\",\"0\"],\"whiteSpace\":{\"d\":{\"e\":true}},\"svg\":{\"color\":{\"d\":{\"v\":\"rgba(68,68,68,1)\",\"e\":true},\"n\":{\"v\":\"rgba(68,68,68,1)\"},\"t\":{\"v\":\"rgba(68,68,68,1)\"},\"m\":{\"v\":\"rgba(68,68,68,1)\"}}}},\"hover\":{\"color\":\"rgba(0,0,0,1)\",\"borderRadius\":{\"v\":[\"0px\",\"0px\",\"0px\",\"0px\"],\"u\":\"px\"},\"borderWidth\":[\"0\",\"0\",\"0\",\"0\"],\"originX\":50,\"originY\":50,\"speed\":\"0\",\"ease\":\"none\",\"svg\":{\"color\":\"#000000\"}},\"customCSS\":\"letter-spacing:0.15em;\\n\",\"type\":\"text\",\"version\":\"6.2.0\"},\"12\":{\"text\":\"attention\",\"alias\":\"Discounts& OFFERS\",\"uid\":12,\"size\":{\"width\":{\"d\":{\"e\":true}},\"height\":{\"d\":{\"e\":true}}},\"position\":{\"x\":{\"d\":{\"v\":\"50px\",\"e\":true},\"n\":{\"v\":\"50px\"},\"t\":{\"v\":\"50px\"},\"m\":{\"v\":\"50px\"}},\"y\":{\"d\":{\"v\":\"80px\",\"e\":true},\"n\":{\"v\":\"80px\"},\"t\":{\"v\":\"80px\"},\"m\":{\"v\":\"80px\"}},\"horizontal\":{\"d\":{\"v\":\"right\",\"e\":true},\"n\":{\"v\":\"right\"},\"t\":{\"v\":\"right\"},\"m\":{\"v\":\"right\"}},\"vertical\":{\"d\":{\"e\":true}},\"zIndex\":16},\"behavior\":{\"intelligentInherit\":false},\"group\":{\"groupOrder\":11},\"timeline\":{\"frameOrder\":[{\"id\":\"frame_1\",\"start\":500},{\"id\":\"frame_999\",\"start\":9300}],\"frames\":{\"frame_0\":{\"alias\":\"Anim From\",\"transform\":{\"x\":{\"d\":{\"v\":\"inherit\"},\"n\":{\"v\":\"inherit\"},\"t\":{\"v\":\"inherit\"},\"m\":{\"v\":\"inherit\"}},\"y\":{\"d\":{\"v\":\"inherit\"},\"n\":{\"v\":\"inherit\"},\"t\":{\"v\":\"inherit\"},\"m\":{\"v\":\"inherit\"}},\"z\":0,\"scaleX\":\"1\",\"scaleY\":\"1\",\"opacity\":\"0\",\"rotationX\":0,\"rotationY\":0,\"rotationZ\":0,\"skewX\":\"0\",\"skewY\":\"0\",\"transformPerspective\":\"600\"},\"timeline\":{\"ease\":\"power2.inOut\",\"start\":500},\"chars\":{\"delay\":\"10\"},\"words\":{\"delay\":\"10\"},\"lines\":{\"delay\":\"10\"}},\"frame_1\":{\"alias\":\"Anim To\",\"transform\":{\"x\":{\"d\":{\"v\":0},\"n\":{\"v\":0},\"t\":{\"v\":0},\"m\":{\"v\":0}},\"y\":{\"d\":{\"v\":0},\"n\":{\"v\":0},\"t\":{\"v\":0},\"m\":{\"v\":0}},\"z\":0,\"scaleX\":\"1\",\"scaleY\":\"1\",\"opacity\":\"1\",\"rotationX\":0,\"rotationY\":0,\"rotationZ\":0,\"skewX\":\"0\",\"skewY\":\"0\",\"transformPerspective\":\"600\"},\"timeline\":{\"ease\":\"power2.inOut\",\"start\":500},\"chars\":{\"delay\":\"10\"},\"words\":{\"delay\":\"10\"},\"lines\":{\"delay\":\"10\"}},\"frame_999\":{\"alias\":\"Anim To\",\"transform\":{\"x\":{\"d\":{\"v\":\"inherit\"},\"n\":{\"v\":\"inherit\"},\"t\":{\"v\":\"inherit\"},\"m\":{\"v\":\"inherit\"}},\"y\":{\"d\":{\"v\":\"inherit\"},\"n\":{\"v\":\"inherit\"},\"t\":{\"v\":\"inherit\"},\"m\":{\"v\":\"inherit\"}},\"z\":\"inherit\",\"scaleX\":\"inherit\",\"scaleY\":\"inherit\",\"opacity\":\"0\",\"rotationX\":\"inherit\",\"rotationY\":\"inherit\",\"rotationZ\":\"inherit\",\"skewX\":\"inherit\",\"skewY\":\"inherit\",\"transformPerspective\":\"600\"},\"timeline\":{\"ease\":\"nothing\",\"start\":9000,\"endWithSlide\":true},\"chars\":{\"delay\":\"10\"},\"words\":{\"delay\":\"10\"},\"lines\":{\"delay\":\"10\"}}},\"loop\":{\"yoyo_move\":true,\"speed\":4000}},\"idle\":{\"color\":{\"d\":{\"v\":\"rgba(68,68,68,1)\",\"e\":true},\"n\":{\"v\":\"rgba(68,68,68,1)\"},\"t\":{\"v\":\"rgba(68,68,68,1)\"},\"m\":{\"v\":\"rgba(68,68,68,1)\"}},\"padding\":{\"d\":{\"v\":[\"0\",\"0\",\"0\",\"0\"]},\"n\":{\"v\":[\"0\",\"0\",\"0\",\"0\"]},\"t\":{\"v\":[\"0\",\"0\",\"0\",\"0\"]},\"m\":{\"v\":[\"0\",\"0\",\"0\",\"0\"]}},\"autolinebreak\":false,\"fontFamily\":\"\",\"fontSize\":{\"d\":{\"v\":\"50px\",\"e\":true},\"n\":{\"v\":\"50px\"},\"t\":{\"v\":\"50px\"},\"m\":{\"v\":\"50px\"}},\"fontWeight\":{\"d\":{\"v\":\"100\",\"e\":true},\"n\":{\"v\":\"100\"},\"t\":{\"v\":\"100\"},\"m\":{\"v\":\"100\"}},\"lineHeight\":{\"d\":{\"v\":\"60px\",\"e\":true},\"n\":{\"v\":\"60px\"},\"t\":{\"v\":\"60px\"},\"m\":{\"v\":\"60px\"}},\"backgroundColor\":\"transparent\",\"borderRadius\":{\"v\":[\"0\",\"0\",\"0\",\"0\"]},\"borderWidth\":[\"0\",\"0\",\"0\",\"0\"],\"whiteSpace\":{\"d\":{\"e\":true}},\"svg\":{\"color\":{\"d\":{\"v\":\"rgba(68,68,68,1)\",\"e\":true},\"n\":{\"v\":\"rgba(68,68,68,1)\"},\"t\":{\"v\":\"rgba(68,68,68,1)\"},\"m\":{\"v\":\"rgba(68,68,68,1)\"}}}},\"hover\":{\"color\":\"rgba(0,0,0,1)\",\"borderRadius\":{\"v\":[\"0px\",\"0px\",\"0px\",\"0px\"],\"u\":\"px\"},\"borderWidth\":[\"0\",\"0\",\"0\",\"0\"],\"originX\":50,\"originY\":50,\"speed\":\"0\",\"ease\":\"none\",\"svg\":{\"color\":\"#000000\"}},\"type\":\"text\",\"version\":\"6.2.0\"},\"13\":{\"text\":\"DETAILS\",\"alias\":\"OFFERS\",\"uid\":13,\"size\":{\"width\":{\"d\":{\"e\":true}},\"height\":{\"d\":{\"e\":true}}},\"position\":{\"x\":{\"d\":{\"v\":\"50px\",\"e\":true},\"n\":{\"v\":\"50px\"},\"t\":{\"v\":\"50px\"},\"m\":{\"v\":\"50px\"}},\"y\":{\"d\":{\"v\":\"131px\",\"e\":true},\"n\":{\"v\":\"131px\"},\"t\":{\"v\":\"131px\"},\"m\":{\"v\":\"131px\"}},\"horizontal\":{\"d\":{\"v\":\"right\",\"e\":true},\"n\":{\"v\":\"right\"},\"t\":{\"v\":\"right\"},\"m\":{\"v\":\"right\"}},\"vertical\":{\"d\":{\"e\":true}},\"zIndex\":17},\"behavior\":{\"intelligentInherit\":false},\"group\":{\"groupOrder\":12},\"timeline\":{\"frameOrder\":[{\"id\":\"frame_1\",\"start\":500},{\"id\":\"frame_999\",\"start\":9300}],\"frames\":{\"frame_0\":{\"alias\":\"Anim From\",\"transform\":{\"x\":{\"d\":{\"v\":\"inherit\"},\"n\":{\"v\":\"inherit\"},\"t\":{\"v\":\"inherit\"},\"m\":{\"v\":\"inherit\"}},\"y\":{\"d\":{\"v\":\"inherit\"},\"n\":{\"v\":\"inherit\"},\"t\":{\"v\":\"inherit\"},\"m\":{\"v\":\"inherit\"}},\"z\":0,\"scaleX\":\"1\",\"scaleY\":\"1\",\"opacity\":\"0\",\"rotationX\":0,\"rotationY\":0,\"rotationZ\":0,\"skewX\":\"0\",\"skewY\":\"0\",\"transformPerspective\":\"600\"},\"timeline\":{\"ease\":\"power2.inOut\",\"start\":500},\"chars\":{\"delay\":\"10\"},\"words\":{\"delay\":\"10\"},\"lines\":{\"delay\":\"10\"}},\"frame_1\":{\"alias\":\"Anim To\",\"transform\":{\"x\":{\"d\":{\"v\":0},\"n\":{\"v\":0},\"t\":{\"v\":0},\"m\":{\"v\":0}},\"y\":{\"d\":{\"v\":0},\"n\":{\"v\":0},\"t\":{\"v\":0},\"m\":{\"v\":0}},\"z\":0,\"scaleX\":\"1\",\"scaleY\":\"1\",\"opacity\":\"1\",\"rotationX\":0,\"rotationY\":0,\"rotationZ\":0,\"skewX\":\"0\",\"skewY\":\"0\",\"transformPerspective\":\"600\"},\"timeline\":{\"ease\":\"power2.inOut\",\"start\":500},\"chars\":{\"delay\":\"10\"},\"words\":{\"delay\":\"10\"},\"lines\":{\"delay\":\"10\"}},\"frame_999\":{\"alias\":\"Anim To\",\"transform\":{\"x\":{\"d\":{\"v\":\"inherit\"},\"n\":{\"v\":\"inherit\"},\"t\":{\"v\":\"inherit\"},\"m\":{\"v\":\"inherit\"}},\"y\":{\"d\":{\"v\":\"inherit\"},\"n\":{\"v\":\"inherit\"},\"t\":{\"v\":\"inherit\"},\"m\":{\"v\":\"inherit\"}},\"z\":\"inherit\",\"scaleX\":\"inherit\",\"scaleY\":\"inherit\",\"opacity\":\"0\",\"rotationX\":\"inherit\",\"rotationY\":\"inherit\",\"rotationZ\":\"inherit\",\"skewX\":\"inherit\",\"skewY\":\"inherit\",\"transformPerspective\":\"600\"},\"timeline\":{\"ease\":\"nothing\",\"start\":9000,\"endWithSlide\":true},\"chars\":{\"delay\":\"10\"},\"words\":{\"delay\":\"10\"},\"lines\":{\"delay\":\"10\"}}},\"loop\":{\"yoyo_move\":true,\"speed\":4000}},\"idle\":{\"color\":{\"d\":{\"v\":\"rgba(68,68,68,1)\",\"e\":true},\"n\":{\"v\":\"rgba(68,68,68,1)\"},\"t\":{\"v\":\"rgba(68,68,68,1)\"},\"m\":{\"v\":\"rgba(68,68,68,1)\"}},\"padding\":{\"d\":{\"v\":[\"0\",\"0\",\"0\",\"0\"]},\"n\":{\"v\":[\"0\",\"0\",\"0\",\"0\"]},\"t\":{\"v\":[\"0\",\"0\",\"0\",\"0\"]},\"m\":{\"v\":[\"0\",\"0\",\"0\",\"0\"]}},\"autolinebreak\":false,\"fontFamily\":\"\",\"fontSize\":{\"d\":{\"v\":\"50px\",\"e\":true},\"n\":{\"v\":\"50px\"},\"t\":{\"v\":\"50px\"},\"m\":{\"v\":\"50px\"}},\"fontWeight\":{\"d\":{\"v\":\"900\",\"e\":true},\"n\":{\"v\":\"900\"},\"t\":{\"v\":\"900\"},\"m\":{\"v\":\"900\"}},\"lineHeight\":{\"d\":{\"v\":\"58px\",\"e\":true},\"n\":{\"v\":\"58px\"},\"t\":{\"v\":\"58px\"},\"m\":{\"v\":\"58px\"}},\"backgroundColor\":\"transparent\",\"borderRadius\":{\"v\":[\"0\",\"0\",\"0\",\"0\"]},\"borderWidth\":[\"0\",\"0\",\"0\",\"0\"],\"whiteSpace\":{\"d\":{\"e\":true}},\"svg\":{\"color\":{\"d\":{\"v\":\"rgba(68,68,68,1)\",\"e\":true},\"n\":{\"v\":\"rgba(68,68,68,1)\"},\"t\":{\"v\":\"rgba(68,68,68,1)\"},\"m\":{\"v\":\"rgba(68,68,68,1)\"}}}},\"hover\":{\"color\":\"rgba(0,0,0,1)\",\"borderRadius\":{\"v\":[\"0px\",\"0px\",\"0px\",\"0px\"],\"u\":\"px\"},\"borderWidth\":[\"0\",\"0\",\"0\",\"0\"],\"originX\":50,\"originY\":50,\"speed\":\"0\",\"ease\":\"none\",\"svg\":{\"color\":\"#000000\"}},\"customCSS\":\"letter-spacing:0.03em;\\n\",\"type\":\"text\",\"version\":\"6.2.0\"},\"14\":{\"text\":\"INSPIRES\",\"alias\":\"OFFERS\",\"uid\":14,\"size\":{\"width\":{\"d\":{\"e\":true}},\"height\":{\"d\":{\"e\":true}}},\"position\":{\"x\":{\"d\":{\"v\":\"47px\",\"e\":true},\"n\":{\"v\":\"47px\"},\"t\":{\"v\":\"47px\"},\"m\":{\"v\":\"47px\"}},\"y\":{\"d\":{\"v\":\"420px\",\"e\":true},\"n\":{\"v\":\"420px\"},\"t\":{\"v\":\"420px\"},\"m\":{\"v\":\"420px\"}},\"horizontal\":{\"d\":{\"v\":\"right\",\"e\":true},\"n\":{\"v\":\"right\"},\"t\":{\"v\":\"right\"},\"m\":{\"v\":\"right\"}},\"vertical\":{\"d\":{\"e\":true}},\"zIndex\":18},\"behavior\":{\"intelligentInherit\":false},\"group\":{\"groupOrder\":13},\"timeline\":{\"frameOrder\":[{\"id\":\"frame_1\",\"start\":500},{\"id\":\"frame_999\",\"start\":9300}],\"frames\":{\"frame_0\":{\"alias\":\"Anim From\",\"transform\":{\"x\":{\"d\":{\"v\":\"inherit\"},\"n\":{\"v\":\"inherit\"},\"t\":{\"v\":\"inherit\"},\"m\":{\"v\":\"inherit\"}},\"y\":{\"d\":{\"v\":\"inherit\"},\"n\":{\"v\":\"inherit\"},\"t\":{\"v\":\"inherit\"},\"m\":{\"v\":\"inherit\"}},\"z\":0,\"scaleX\":\"1\",\"scaleY\":\"1\",\"opacity\":\"0\",\"rotationX\":0,\"rotationY\":0,\"rotationZ\":0,\"skewX\":\"0\",\"skewY\":\"0\",\"transformPerspective\":\"600\"},\"timeline\":{\"ease\":\"power2.inOut\",\"start\":500},\"chars\":{\"delay\":\"10\"},\"words\":{\"delay\":\"10\"},\"lines\":{\"delay\":\"10\"}},\"frame_1\":{\"alias\":\"Anim To\",\"transform\":{\"x\":{\"d\":{\"v\":0},\"n\":{\"v\":0},\"t\":{\"v\":0},\"m\":{\"v\":0}},\"y\":{\"d\":{\"v\":0},\"n\":{\"v\":0},\"t\":{\"v\":0},\"m\":{\"v\":0}},\"z\":0,\"scaleX\":\"1\",\"scaleY\":\"1\",\"opacity\":\"1\",\"rotationX\":0,\"rotationY\":0,\"rotationZ\":0,\"skewX\":\"0\",\"skewY\":\"0\",\"transformPerspective\":\"600\"},\"timeline\":{\"ease\":\"power2.inOut\",\"start\":500},\"chars\":{\"delay\":\"10\"},\"words\":{\"delay\":\"10\"},\"lines\":{\"delay\":\"10\"}},\"frame_999\":{\"alias\":\"Anim To\",\"transform\":{\"x\":{\"d\":{\"v\":\"inherit\"},\"n\":{\"v\":\"inherit\"},\"t\":{\"v\":\"inherit\"},\"m\":{\"v\":\"inherit\"}},\"y\":{\"d\":{\"v\":\"inherit\"},\"n\":{\"v\":\"inherit\"},\"t\":{\"v\":\"inherit\"},\"m\":{\"v\":\"inherit\"}},\"z\":\"inherit\",\"scaleX\":\"inherit\",\"scaleY\":\"inherit\",\"opacity\":\"0\",\"rotationX\":\"inherit\",\"rotationY\":\"inherit\",\"rotationZ\":\"inherit\",\"skewX\":\"inherit\",\"skewY\":\"inherit\",\"transformPerspective\":\"600\"},\"timeline\":{\"ease\":\"nothing\",\"start\":9000,\"endWithSlide\":true},\"chars\":{\"delay\":\"10\"},\"words\":{\"delay\":\"10\"},\"lines\":{\"delay\":\"10\"}}},\"loop\":{\"yoyo_move\":true,\"speed\":4000}},\"idle\":{\"color\":{\"d\":{\"v\":\"rgba(68,68,68,1)\",\"e\":true},\"n\":{\"v\":\"rgba(68,68,68,1)\"},\"t\":{\"v\":\"rgba(68,68,68,1)\"},\"m\":{\"v\":\"rgba(68,68,68,1)\"}},\"padding\":{\"d\":{\"v\":[\"0\",\"0\",\"0\",\"0\"]},\"n\":{\"v\":[\"0\",\"0\",\"0\",\"0\"]},\"t\":{\"v\":[\"0\",\"0\",\"0\",\"0\"]},\"m\":{\"v\":[\"0\",\"0\",\"0\",\"0\"]}},\"autolinebreak\":false,\"fontFamily\":\"\",\"fontSize\":{\"d\":{\"v\":\"50px\",\"e\":true},\"n\":{\"v\":\"50px\"},\"t\":{\"v\":\"50px\"},\"m\":{\"v\":\"50px\"}},\"fontWeight\":{\"d\":{\"v\":\"900\",\"e\":true},\"n\":{\"v\":\"900\"},\"t\":{\"v\":\"900\"},\"m\":{\"v\":\"900\"}},\"lineHeight\":{\"d\":{\"v\":\"58px\",\"e\":true},\"n\":{\"v\":\"58px\"},\"t\":{\"v\":\"58px\"},\"m\":{\"v\":\"58px\"}},\"backgroundColor\":\"transparent\",\"borderRadius\":{\"v\":[\"0\",\"0\",\"0\",\"0\"]},\"borderWidth\":[\"0\",\"0\",\"0\",\"0\"],\"whiteSpace\":{\"d\":{\"e\":true}},\"svg\":{\"color\":{\"d\":{\"v\":\"rgba(68,68,68,1)\",\"e\":true},\"n\":{\"v\":\"rgba(68,68,68,1)\"},\"t\":{\"v\":\"rgba(68,68,68,1)\"},\"m\":{\"v\":\"rgba(68,68,68,1)\"}}}},\"hover\":{\"color\":\"rgba(0,0,0,1)\",\"borderRadius\":{\"v\":[\"0px\",\"0px\",\"0px\",\"0px\"],\"u\":\"px\"},\"borderWidth\":[\"0\",\"0\",\"0\",\"0\"],\"originX\":50,\"originY\":50,\"speed\":\"0\",\"ease\":\"none\",\"svg\":{\"color\":\"#000000\"}},\"customCSS\":\"letter-spacing:0.03em;\\n\",\"type\":\"text\",\"version\":\"6.2.0\"},\"15\":{\"text\":\"style that\",\"alias\":\"Discounts& OFFERS\",\"uid\":15,\"size\":{\"width\":{\"d\":{\"e\":true}},\"height\":{\"d\":{\"e\":true}}},\"position\":{\"x\":{\"d\":{\"v\":\"50px\",\"e\":true},\"n\":{\"v\":\"50px\"},\"t\":{\"v\":\"50px\"},\"m\":{\"v\":\"50px\"}},\"y\":{\"d\":{\"v\":\"369px\",\"e\":true},\"n\":{\"v\":\"369px\"},\"t\":{\"v\":\"369px\"},\"m\":{\"v\":\"369px\"}},\"horizontal\":{\"d\":{\"v\":\"right\",\"e\":true},\"n\":{\"v\":\"right\"},\"t\":{\"v\":\"right\"},\"m\":{\"v\":\"right\"}},\"vertical\":{\"d\":{\"e\":true}},\"zIndex\":19},\"behavior\":{\"intelligentInherit\":false},\"group\":{\"groupOrder\":14},\"timeline\":{\"frameOrder\":[{\"id\":\"frame_1\",\"start\":500},{\"id\":\"frame_999\",\"start\":9300}],\"frames\":{\"frame_0\":{\"alias\":\"Anim From\",\"transform\":{\"x\":{\"d\":{\"v\":\"inherit\"},\"n\":{\"v\":\"inherit\"},\"t\":{\"v\":\"inherit\"},\"m\":{\"v\":\"inherit\"}},\"y\":{\"d\":{\"v\":\"inherit\"},\"n\":{\"v\":\"inherit\"},\"t\":{\"v\":\"inherit\"},\"m\":{\"v\":\"inherit\"}},\"z\":0,\"scaleX\":\"1\",\"scaleY\":\"1\",\"opacity\":\"0\",\"rotationX\":0,\"rotationY\":0,\"rotationZ\":0,\"skewX\":\"0\",\"skewY\":\"0\",\"transformPerspective\":\"600\"},\"timeline\":{\"ease\":\"power2.inOut\",\"start\":500},\"chars\":{\"delay\":\"10\"},\"words\":{\"delay\":\"10\"},\"lines\":{\"delay\":\"10\"}},\"frame_1\":{\"alias\":\"Anim To\",\"transform\":{\"x\":{\"d\":{\"v\":0},\"n\":{\"v\":0},\"t\":{\"v\":0},\"m\":{\"v\":0}},\"y\":{\"d\":{\"v\":0},\"n\":{\"v\":0},\"t\":{\"v\":0},\"m\":{\"v\":0}},\"z\":0,\"scaleX\":\"1\",\"scaleY\":\"1\",\"opacity\":\"1\",\"rotationX\":0,\"rotationY\":0,\"rotationZ\":0,\"skewX\":\"0\",\"skewY\":\"0\",\"transformPerspective\":\"600\"},\"timeline\":{\"ease\":\"power2.inOut\",\"start\":500},\"chars\":{\"delay\":\"10\"},\"words\":{\"delay\":\"10\"},\"lines\":{\"delay\":\"10\"}},\"frame_999\":{\"alias\":\"Anim To\",\"transform\":{\"x\":{\"d\":{\"v\":\"inherit\"},\"n\":{\"v\":\"inherit\"},\"t\":{\"v\":\"inherit\"},\"m\":{\"v\":\"inherit\"}},\"y\":{\"d\":{\"v\":\"inherit\"},\"n\":{\"v\":\"inherit\"},\"t\":{\"v\":\"inherit\"},\"m\":{\"v\":\"inherit\"}},\"z\":\"inherit\",\"scaleX\":\"inherit\",\"scaleY\":\"inherit\",\"opacity\":\"0\",\"rotationX\":\"inherit\",\"rotationY\":\"inherit\",\"rotationZ\":\"inherit\",\"skewX\":\"inherit\",\"skewY\":\"inherit\",\"transformPerspective\":\"600\"},\"timeline\":{\"ease\":\"nothing\",\"start\":9000,\"endWithSlide\":true},\"chars\":{\"delay\":\"10\"},\"words\":{\"delay\":\"10\"},\"lines\":{\"delay\":\"10\"}}},\"loop\":{\"yoyo_move\":true,\"speed\":4000}},\"idle\":{\"color\":{\"d\":{\"v\":\"rgba(68,68,68,1)\",\"e\":true},\"n\":{\"v\":\"rgba(68,68,68,1)\"},\"t\":{\"v\":\"rgba(68,68,68,1)\"},\"m\":{\"v\":\"rgba(68,68,68,1)\"}},\"padding\":{\"d\":{\"v\":[\"0\",\"0\",\"0\",\"0\"]},\"n\":{\"v\":[\"0\",\"0\",\"0\",\"0\"]},\"t\":{\"v\":[\"0\",\"0\",\"0\",\"0\"]},\"m\":{\"v\":[\"0\",\"0\",\"0\",\"0\"]}},\"autolinebreak\":false,\"fontFamily\":\"\",\"fontSize\":{\"d\":{\"v\":\"50px\",\"e\":true},\"n\":{\"v\":\"50px\"},\"t\":{\"v\":\"50px\"},\"m\":{\"v\":\"50px\"}},\"fontWeight\":{\"d\":{\"v\":\"100\",\"e\":true},\"n\":{\"v\":\"100\"},\"t\":{\"v\":\"100\"},\"m\":{\"v\":\"100\"}},\"lineHeight\":{\"d\":{\"v\":\"60px\",\"e\":true},\"n\":{\"v\":\"60px\"},\"t\":{\"v\":\"60px\"},\"m\":{\"v\":\"60px\"}},\"backgroundColor\":\"transparent\",\"borderRadius\":{\"v\":[\"0\",\"0\",\"0\",\"0\"]},\"borderWidth\":[\"0\",\"0\",\"0\",\"0\"],\"whiteSpace\":{\"d\":{\"e\":true}},\"svg\":{\"color\":{\"d\":{\"v\":\"rgba(68,68,68,1)\",\"e\":true},\"n\":{\"v\":\"rgba(68,68,68,1)\"},\"t\":{\"v\":\"rgba(68,68,68,1)\"},\"m\":{\"v\":\"rgba(68,68,68,1)\"}}}},\"hover\":{\"color\":\"rgba(0,0,0,1)\",\"borderRadius\":{\"v\":[\"0px\",\"0px\",\"0px\",\"0px\"],\"u\":\"px\"},\"borderWidth\":[\"0\",\"0\",\"0\",\"0\"],\"originX\":50,\"originY\":50,\"speed\":\"0\",\"ease\":\"none\",\"svg\":{\"color\":\"#000000\"}},\"type\":\"text\",\"version\":\"6.2.0\"},\"16\":{\"text\":\"DISCOVER\",\"alias\":\"EXCLUSIVE\",\"uid\":16,\"size\":{\"width\":{\"d\":{\"e\":true}},\"height\":{\"d\":{\"e\":true}}},\"position\":{\"x\":{\"d\":{\"v\":\"52px\",\"e\":true},\"n\":{\"v\":\"52px\"},\"t\":{\"v\":\"52px\"},\"m\":{\"v\":\"52px\"}},\"y\":{\"d\":{\"v\":\"342px\",\"e\":true},\"n\":{\"v\":\"342px\"},\"t\":{\"v\":\"342px\"},\"m\":{\"v\":\"342px\"}},\"horizontal\":{\"d\":{\"v\":\"right\",\"e\":true},\"n\":{\"v\":\"right\"},\"t\":{\"v\":\"right\"},\"m\":{\"v\":\"right\"}},\"vertical\":{\"d\":{\"e\":true}},\"zIndex\":20},\"behavior\":{\"intelligentInherit\":false},\"group\":{\"groupOrder\":15},\"timeline\":{\"frameOrder\":[{\"id\":\"frame_1\",\"start\":500},{\"id\":\"frame_999\",\"start\":9300}],\"frames\":{\"frame_0\":{\"alias\":\"Anim From\",\"transform\":{\"x\":{\"d\":{\"v\":\"inherit\"},\"n\":{\"v\":\"inherit\"},\"t\":{\"v\":\"inherit\"},\"m\":{\"v\":\"inherit\"}},\"y\":{\"d\":{\"v\":\"inherit\"},\"n\":{\"v\":\"inherit\"},\"t\":{\"v\":\"inherit\"},\"m\":{\"v\":\"inherit\"}},\"z\":0,\"scaleX\":\"1\",\"scaleY\":\"1\",\"opacity\":\"0\",\"rotationX\":0,\"rotationY\":0,\"rotationZ\":0,\"skewX\":\"0\",\"skewY\":\"0\",\"transformPerspective\":\"600\"},\"timeline\":{\"ease\":\"power2.inOut\",\"start\":500},\"chars\":{\"delay\":\"10\"},\"words\":{\"delay\":\"10\"},\"lines\":{\"delay\":\"10\"}},\"frame_1\":{\"alias\":\"Anim To\",\"transform\":{\"x\":{\"d\":{\"v\":0},\"n\":{\"v\":0},\"t\":{\"v\":0},\"m\":{\"v\":0}},\"y\":{\"d\":{\"v\":0},\"n\":{\"v\":0},\"t\":{\"v\":0},\"m\":{\"v\":0}},\"z\":0,\"scaleX\":\"1\",\"scaleY\":\"1\",\"opacity\":\"1\",\"rotationX\":0,\"rotationY\":0,\"rotationZ\":0,\"skewX\":\"0\",\"skewY\":\"0\",\"transformPerspective\":\"600\"},\"timeline\":{\"ease\":\"power2.inOut\",\"start\":500},\"chars\":{\"delay\":\"10\"},\"words\":{\"delay\":\"10\"},\"lines\":{\"delay\":\"10\"}},\"frame_999\":{\"alias\":\"Anim To\",\"transform\":{\"x\":{\"d\":{\"v\":\"inherit\"},\"n\":{\"v\":\"inherit\"},\"t\":{\"v\":\"inherit\"},\"m\":{\"v\":\"inherit\"}},\"y\":{\"d\":{\"v\":\"inherit\"},\"n\":{\"v\":\"inherit\"},\"t\":{\"v\":\"inherit\"},\"m\":{\"v\":\"inherit\"}},\"z\":\"inherit\",\"scaleX\":\"inherit\",\"scaleY\":\"inherit\",\"opacity\":\"0\",\"rotationX\":\"inherit\",\"rotationY\":\"inherit\",\"rotationZ\":\"inherit\",\"skewX\":\"inherit\",\"skewY\":\"inherit\",\"transformPerspective\":\"600\"},\"timeline\":{\"ease\":\"nothing\",\"start\":9000,\"endWithSlide\":true},\"chars\":{\"delay\":\"10\"},\"words\":{\"delay\":\"10\"},\"lines\":{\"delay\":\"10\"}}},\"loop\":{\"yoyo_move\":true,\"speed\":4000}},\"idle\":{\"color\":{\"d\":{\"v\":\"rgba(68,68,68,1)\",\"e\":true},\"n\":{\"v\":\"rgba(68,68,68,1)\"},\"t\":{\"v\":\"rgba(68,68,68,1)\"},\"m\":{\"v\":\"rgba(68,68,68,1)\"}},\"padding\":{\"d\":{\"v\":[\"0\",\"0\",\"0\",\"0\"]},\"n\":{\"v\":[\"0\",\"0\",\"0\",\"0\"]},\"t\":{\"v\":[\"0\",\"0\",\"0\",\"0\"]},\"m\":{\"v\":[\"0\",\"0\",\"0\",\"0\"]}},\"autolinebreak\":false,\"fontFamily\":\"\",\"fontSize\":{\"d\":{\"v\":\"15px\",\"e\":true},\"n\":{\"v\":\"15px\"},\"t\":{\"v\":\"15px\"},\"m\":{\"v\":\"15px\"}},\"fontWeight\":{\"d\":{\"e\":true}},\"lineHeight\":{\"d\":{\"v\":\"22px\",\"e\":true},\"n\":{\"v\":\"22px\"},\"t\":{\"v\":\"22px\"},\"m\":{\"v\":\"22px\"}},\"backgroundColor\":\"transparent\",\"borderRadius\":{\"v\":[\"0\",\"0\",\"0\",\"0\"]},\"borderWidth\":[\"0\",\"0\",\"0\",\"0\"],\"whiteSpace\":{\"d\":{\"e\":true}},\"svg\":{\"color\":{\"d\":{\"v\":\"rgba(68,68,68,1)\",\"e\":true},\"n\":{\"v\":\"rgba(68,68,68,1)\"},\"t\":{\"v\":\"rgba(68,68,68,1)\"},\"m\":{\"v\":\"rgba(68,68,68,1)\"}}}},\"hover\":{\"color\":\"rgba(0,0,0,1)\",\"borderRadius\":{\"v\":[\"0px\",\"0px\",\"0px\",\"0px\"],\"u\":\"px\"},\"borderWidth\":[\"0\",\"0\",\"0\",\"0\"],\"originX\":50,\"originY\":50,\"speed\":\"0\",\"ease\":\"none\",\"svg\":{\"color\":\"#000000\"}},\"customCSS\":\"letter-spacing:0.15em;\\n\",\"type\":\"text\",\"version\":\"6.2.0\"},\"17\":{\"text\":\"& \",\"alias\":\"Discounts& OFFERS\",\"uid\":17,\"size\":{\"width\":{\"d\":{\"e\":true}},\"height\":{\"d\":{\"e\":true}}},\"position\":{\"x\":{\"d\":{\"v\":\"1349px\",\"e\":true},\"n\":{\"v\":\"1349px\"},\"t\":{\"v\":\"1349px\"},\"m\":{\"v\":\"1349px\"}},\"y\":{\"d\":{\"v\":\"41px\",\"e\":true},\"n\":{\"v\":\"41px\"},\"t\":{\"v\":\"41px\"},\"m\":{\"v\":\"41px\"}},\"horizontal\":{\"d\":{\"v\":\"right\",\"e\":true},\"n\":{\"v\":\"right\"},\"t\":{\"v\":\"right\"},\"m\":{\"v\":\"right\"}},\"vertical\":{\"d\":{\"v\":\"middle\",\"e\":true},\"n\":{\"v\":\"middle\"},\"t\":{\"v\":\"middle\"},\"m\":{\"v\":\"middle\"}},\"zIndex\":21},\"behavior\":{\"intelligentInherit\":false},\"group\":{\"groupOrder\":16},\"timeline\":{\"frameOrder\":[{\"id\":\"frame_1\",\"start\":500},{\"id\":\"frame_999\",\"start\":9300}],\"frames\":{\"frame_0\":{\"alias\":\"Anim From\",\"transform\":{\"x\":{\"d\":{\"v\":\"inherit\"},\"n\":{\"v\":\"inherit\"},\"t\":{\"v\":\"inherit\"},\"m\":{\"v\":\"inherit\"}},\"y\":{\"d\":{\"v\":\"inherit\"},\"n\":{\"v\":\"inherit\"},\"t\":{\"v\":\"inherit\"},\"m\":{\"v\":\"inherit\"}},\"z\":0,\"scaleX\":\"1\",\"scaleY\":\"1\",\"opacity\":\"0\",\"rotationX\":0,\"rotationY\":0,\"rotationZ\":0,\"skewX\":\"0\",\"skewY\":\"0\",\"transformPerspective\":\"600\"},\"timeline\":{\"ease\":\"power2.inOut\",\"start\":500},\"chars\":{\"delay\":\"10\"},\"words\":{\"delay\":\"10\"},\"lines\":{\"delay\":\"10\"}},\"frame_1\":{\"alias\":\"Anim To\",\"transform\":{\"x\":{\"d\":{\"v\":0},\"n\":{\"v\":0},\"t\":{\"v\":0},\"m\":{\"v\":0}},\"y\":{\"d\":{\"v\":0},\"n\":{\"v\":0},\"t\":{\"v\":0},\"m\":{\"v\":0}},\"z\":0,\"scaleX\":\"1\",\"scaleY\":\"1\",\"opacity\":\"1\",\"rotationX\":0,\"rotationY\":0,\"rotationZ\":0,\"skewX\":\"0\",\"skewY\":\"0\",\"transformPerspective\":\"600\"},\"timeline\":{\"ease\":\"power2.inOut\",\"start\":500},\"chars\":{\"delay\":\"10\"},\"words\":{\"delay\":\"10\"},\"lines\":{\"delay\":\"10\"}},\"frame_999\":{\"alias\":\"Anim To\",\"transform\":{\"x\":{\"d\":{\"v\":\"inherit\"},\"n\":{\"v\":\"inherit\"},\"t\":{\"v\":\"inherit\"},\"m\":{\"v\":\"inherit\"}},\"y\":{\"d\":{\"v\":\"inherit\"},\"n\":{\"v\":\"inherit\"},\"t\":{\"v\":\"inherit\"},\"m\":{\"v\":\"inherit\"}},\"z\":\"inherit\",\"scaleX\":\"inherit\",\"scaleY\":\"inherit\",\"opacity\":\"0\",\"rotationX\":\"inherit\",\"rotationY\":\"inherit\",\"rotationZ\":\"inherit\",\"skewX\":\"inherit\",\"skewY\":\"inherit\",\"transformPerspective\":\"600\"},\"timeline\":{\"ease\":\"nothing\",\"start\":9000,\"endWithSlide\":true},\"chars\":{\"delay\":\"10\"},\"words\":{\"delay\":\"10\"},\"lines\":{\"delay\":\"10\"}}},\"loop\":{\"yoyo_move\":true,\"speed\":4000}},\"idle\":{\"color\":{\"d\":{\"v\":\"rgba(68,68,68,1)\",\"e\":true},\"n\":{\"v\":\"rgba(68,68,68,1)\"},\"t\":{\"v\":\"rgba(68,68,68,1)\"},\"m\":{\"v\":\"rgba(68,68,68,1)\"}},\"padding\":{\"d\":{\"v\":[\"0\",\"0\",\"0\",\"0\"]},\"n\":{\"v\":[\"0\",\"0\",\"0\",\"0\"]},\"t\":{\"v\":[\"0\",\"0\",\"0\",\"0\"]},\"m\":{\"v\":[\"0\",\"0\",\"0\",\"0\"]}},\"autolinebreak\":false,\"fontFamily\":\"\",\"fontSize\":{\"d\":{\"v\":\"65px\",\"e\":true},\"n\":{\"v\":\"65px\"},\"t\":{\"v\":\"65px\"},\"m\":{\"v\":\"65px\"}},\"fontWeight\":{\"d\":{\"v\":\"100\",\"e\":true},\"n\":{\"v\":\"100\"},\"t\":{\"v\":\"100\"},\"m\":{\"v\":\"100\"}},\"lineHeight\":{\"d\":{\"v\":\"60px\",\"e\":true},\"n\":{\"v\":\"60px\"},\"t\":{\"v\":\"60px\"},\"m\":{\"v\":\"60px\"}},\"backgroundColor\":\"transparent\",\"borderRadius\":{\"v\":[\"0\",\"0\",\"0\",\"0\"]},\"borderWidth\":[\"0\",\"0\",\"0\",\"0\"],\"whiteSpace\":{\"d\":{\"e\":true}},\"svg\":{\"color\":{\"d\":{\"v\":\"rgba(68,68,68,1)\",\"e\":true},\"n\":{\"v\":\"rgba(68,68,68,1)\"},\"t\":{\"v\":\"rgba(68,68,68,1)\"},\"m\":{\"v\":\"rgba(68,68,68,1)\"}}}},\"hover\":{\"color\":\"rgba(0,0,0,1)\",\"borderRadius\":{\"v\":[\"0px\",\"0px\",\"0px\",\"0px\"],\"u\":\"px\"},\"borderWidth\":[\"0\",\"0\",\"0\",\"0\"],\"originX\":50,\"originY\":50,\"speed\":\"0\",\"ease\":\"none\",\"svg\":{\"color\":\"#000000\"}},\"type\":\"text\",\"version\":\"6.2.0\"},\"18\":{\"text\":\"to\",\"alias\":\"Discounts& OFFERS\",\"uid\":18,\"size\":{\"width\":{\"d\":{\"e\":true}},\"height\":{\"d\":{\"e\":true}}},\"position\":{\"x\":{\"d\":{\"v\":\"268px\",\"e\":true},\"n\":{\"v\":\"268px\"},\"t\":{\"v\":\"268px\"},\"m\":{\"v\":\"268px\"}},\"y\":{\"d\":{\"v\":\"130px\",\"e\":true},\"n\":{\"v\":\"130px\"},\"t\":{\"v\":\"130px\"},\"m\":{\"v\":\"130px\"}},\"horizontal\":{\"d\":{\"v\":\"right\",\"e\":true},\"n\":{\"v\":\"right\"},\"t\":{\"v\":\"right\"},\"m\":{\"v\":\"right\"}},\"vertical\":{\"d\":{\"e\":true}},\"zIndex\":22},\"behavior\":{\"intelligentInherit\":false},\"group\":{\"groupOrder\":17},\"timeline\":{\"frameOrder\":[{\"id\":\"frame_1\",\"start\":500},{\"id\":\"frame_999\",\"start\":9300}],\"frames\":{\"frame_0\":{\"alias\":\"Anim From\",\"transform\":{\"x\":{\"d\":{\"v\":\"inherit\"},\"n\":{\"v\":\"inherit\"},\"t\":{\"v\":\"inherit\"},\"m\":{\"v\":\"inherit\"}},\"y\":{\"d\":{\"v\":\"inherit\"},\"n\":{\"v\":\"inherit\"},\"t\":{\"v\":\"inherit\"},\"m\":{\"v\":\"inherit\"}},\"z\":0,\"scaleX\":\"1\",\"scaleY\":\"1\",\"opacity\":\"0\",\"rotationX\":0,\"rotationY\":0,\"rotationZ\":0,\"skewX\":\"0\",\"skewY\":\"0\",\"transformPerspective\":\"600\"},\"timeline\":{\"ease\":\"power2.inOut\",\"start\":500},\"chars\":{\"delay\":\"10\"},\"words\":{\"delay\":\"10\"},\"lines\":{\"delay\":\"10\"}},\"frame_1\":{\"alias\":\"Anim To\",\"transform\":{\"x\":{\"d\":{\"v\":0},\"n\":{\"v\":0},\"t\":{\"v\":0},\"m\":{\"v\":0}},\"y\":{\"d\":{\"v\":0},\"n\":{\"v\":0},\"t\":{\"v\":0},\"m\":{\"v\":0}},\"z\":0,\"scaleX\":\"1\",\"scaleY\":\"1\",\"opacity\":\"1\",\"rotationX\":0,\"rotationY\":0,\"rotationZ\":0,\"skewX\":\"0\",\"skewY\":\"0\",\"transformPerspective\":\"600\"},\"timeline\":{\"ease\":\"power2.inOut\",\"start\":500},\"chars\":{\"delay\":\"10\"},\"words\":{\"delay\":\"10\"},\"lines\":{\"delay\":\"10\"}},\"frame_999\":{\"alias\":\"Anim To\",\"transform\":{\"x\":{\"d\":{\"v\":\"inherit\"},\"n\":{\"v\":\"inherit\"},\"t\":{\"v\":\"inherit\"},\"m\":{\"v\":\"inherit\"}},\"y\":{\"d\":{\"v\":\"inherit\"},\"n\":{\"v\":\"inherit\"},\"t\":{\"v\":\"inherit\"},\"m\":{\"v\":\"inherit\"}},\"z\":\"inherit\",\"scaleX\":\"inherit\",\"scaleY\":\"inherit\",\"opacity\":\"0\",\"rotationX\":\"inherit\",\"rotationY\":\"inherit\",\"rotationZ\":\"inherit\",\"skewX\":\"inherit\",\"skewY\":\"inherit\",\"transformPerspective\":\"600\"},\"timeline\":{\"ease\":\"nothing\",\"start\":9000,\"endWithSlide\":true},\"chars\":{\"delay\":\"10\"},\"words\":{\"delay\":\"10\"},\"lines\":{\"delay\":\"10\"}}},\"loop\":{\"yoyo_move\":true,\"speed\":4000}},\"idle\":{\"color\":{\"d\":{\"v\":\"rgba(68,68,68,1)\",\"e\":true},\"n\":{\"v\":\"rgba(68,68,68,1)\"},\"t\":{\"v\":\"rgba(68,68,68,1)\"},\"m\":{\"v\":\"rgba(68,68,68,1)\"}},\"padding\":{\"d\":{\"v\":[\"0\",\"0\",\"0\",\"0\"]},\"n\":{\"v\":[\"0\",\"0\",\"0\",\"0\"]},\"t\":{\"v\":[\"0\",\"0\",\"0\",\"0\"]},\"m\":{\"v\":[\"0\",\"0\",\"0\",\"0\"]}},\"autolinebreak\":false,\"fontFamily\":\"\",\"fontSize\":{\"d\":{\"v\":\"50px\",\"e\":true},\"n\":{\"v\":\"50px\"},\"t\":{\"v\":\"50px\"},\"m\":{\"v\":\"50px\"}},\"fontWeight\":{\"d\":{\"v\":\"100\",\"e\":true},\"n\":{\"v\":\"100\"},\"t\":{\"v\":\"100\"},\"m\":{\"v\":\"100\"}},\"lineHeight\":{\"d\":{\"v\":\"60px\",\"e\":true},\"n\":{\"v\":\"60px\"},\"t\":{\"v\":\"60px\"},\"m\":{\"v\":\"60px\"}},\"backgroundColor\":\"transparent\",\"borderRadius\":{\"v\":[\"0\",\"0\",\"0\",\"0\"]},\"borderWidth\":[\"0\",\"0\",\"0\",\"0\"],\"whiteSpace\":{\"d\":{\"e\":true}},\"svg\":{\"color\":{\"d\":{\"v\":\"rgba(68,68,68,1)\",\"e\":true},\"n\":{\"v\":\"rgba(68,68,68,1)\"},\"t\":{\"v\":\"rgba(68,68,68,1)\"},\"m\":{\"v\":\"rgba(68,68,68,1)\"}}}},\"hover\":{\"color\":\"rgba(0,0,0,1)\",\"borderRadius\":{\"v\":[\"0px\",\"0px\",\"0px\",\"0px\"],\"u\":\"px\"},\"borderWidth\":[\"0\",\"0\",\"0\",\"0\"],\"originX\":50,\"originY\":50,\"speed\":\"0\",\"ease\":\"none\",\"svg\":{\"color\":\"#000000\"}},\"type\":\"text\",\"version\":\"6.2.0\"}}', '{\"0\":\"\",\"version\":\"6.2.0\"}');

-- --------------------------------------------------------

--
