-- Table structure for table `xio8d_hook_alias`
--

CREATE TABLE `xio8d_hook_alias` (
  `id_hook_alias` int(10) UNSIGNED NOT NULL,
  `alias` varchar(191) NOT NULL,
  `name` varchar(191) NOT NULL
) ENGINE=InnoDB DEFAULT CHARSET=utf8mb4 COLLATE=utf8mb4_general_ci;

--
-- Dumping data for table `xio8d_hook_alias`
--

INSERT INTO `xio8d_hook_alias` (`id_hook_alias`, `alias`, `name`) VALUES
(1, 'newOrder', 'actionValidateOrder'),
(2, 'paymentConfirm', 'actionPaymentConfirmation'),
(3, 'paymentReturn', 'displayPaymentReturn'),
(4, 'updateQuantity', 'actionUpdateQuantity'),
(5, 'rightColumn', 'displayRightColumn'),
(6, 'leftColumn', 'displayLeftColumn'),
(7, 'home', 'displayHome'),
(8, 'Header', 'displayHeader'),
(9, 'cart', 'actionCartSave'),
(10, 'authentication', 'actionAuthentication'),
(11, 'addproduct', 'actionProductAdd'),
(12, 'updateproduct', 'actionProductUpdate'),
(13, 'top', 'displayTop'),
(14, 'extraRight', 'displayRightColumnProduct'),
(15, 'deleteproduct', 'actionProductDelete'),
(16, 'productfooter', 'displayFooterProduct'),
(17, 'invoice', 'displayInvoice'),
(18, 'updateOrderStatus', 'actionOrderStatusUpdate'),
(19, 'adminOrder', 'displayAdminOrder'),
(20, 'footer', 'displayFooter'),
(21, 'PDFInvoice', 'displayPDFInvoice'),
(22, 'adminCustomers', 'displayAdminCustomers'),
(23, 'orderConfirmation', 'displayOrderConfirmation'),
(24, 'createAccount', 'actionCustomerAccountAdd'),
(25, 'customerAccount', 'displayCustomerAccount'),
(26, 'orderSlip', 'actionOrderSlipAdd'),
(27, 'shoppingCart', 'displayShoppingCartFooter'),
(28, 'createAccountForm', 'displayCustomerAccountForm'),
(29, 'AdminStatsModules', 'displayAdminStatsModules'),
(30, 'GraphEngine', 'displayAdminStatsGraphEngine'),
(31, 'orderReturn', 'actionOrderReturn'),
(32, 'productActions', 'displayProductAdditionalInfo'),
(33, 'displayProductButtons', 'displayProductAdditionalInfo'),
(34, 'backOfficeHome', 'displayBackOfficeHome'),
(35, 'GridEngine', 'displayAdminStatsGridEngine'),
(36, 'watermark', 'actionWatermark'),
(37, 'cancelProduct', 'actionProductCancel'),
(38, 'extraLeft', 'displayLeftColumnProduct'),
(39, 'productOutOfStock', 'actionProductOutOfStock'),
(40, 'updateProductAttribute', 'actionProductAttributeUpdate'),
(41, 'extraCarrier', 'displayCarrierList'),
(42, 'shoppingCartExtra', 'displayShoppingCart'),
(43, 'updateCarrier', 'actionCarrierUpdate'),
(44, 'postUpdateOrderStatus', 'actionOrderStatusPostUpdate'),
(45, 'createAccountTop', 'displayCustomerAccountFormTop'),
(46, 'backOfficeHeader', 'displayBackOfficeHeader'),
(47, 'backOfficeTop', 'displayBackOfficeTop'),
(48, 'backOfficeFooter', 'displayBackOfficeFooter'),
(49, 'deleteProductAttribute', 'actionProductAttributeDelete'),
(50, 'processCarrier', 'actionCarrierProcess'),
(51, 'beforeCarrier', 'displayBeforeCarrier'),
(52, 'orderDetailDisplayed', 'displayOrderDetail'),
(53, 'paymentCCAdded', 'actionPaymentCCAdd'),
(54, 'categoryAddition', 'actionCategoryAdd'),
(55, 'categoryUpdate', 'actionCategoryUpdate'),
(56, 'categoryDeletion', 'actionCategoryDelete'),
(57, 'paymentTop', 'displayPaymentTop'),
(58, 'afterCreateHtaccess', 'actionHtaccessCreate'),
(59, 'afterSaveAdminMeta', 'actionAdminMetaSave'),
(60, 'attributeGroupForm', 'displayAttributeGroupForm'),
(61, 'afterSaveAttributeGroup', 'actionAttributeGroupSave'),
(62, 'afterDeleteAttributeGroup', 'actionAttributeGroupDelete'),
(63, 'featureForm', 'displayFeatureForm'),
(64, 'afterSaveFeature', 'actionFeatureSave'),
(65, 'afterDeleteFeature', 'actionFeatureDelete'),
(66, 'afterSaveProduct', 'actionProductSave'),
(67, 'postProcessAttributeGroup', 'displayAttributeGroupPostProcess'),
(68, 'postProcessFeature', 'displayFeaturePostProcess'),
(69, 'featureValueForm', 'displayFeatureValueForm'),
(70, 'postProcessFeatureValue', 'displayFeatureValuePostProcess'),
(71, 'afterDeleteFeatureValue', 'actionFeatureValueDelete'),
(72, 'afterSaveFeatureValue', 'actionFeatureValueSave'),
(73, 'attributeForm', 'displayAttributeForm'),
(74, 'postProcessAttribute', 'actionAttributePostProcess'),
(75, 'afterDeleteAttribute', 'actionAttributeDelete'),
(76, 'afterSaveAttribute', 'actionAttributeSave'),
(77, 'taxManager', 'actionTaxManager'),
(78, 'myAccountBlock', 'displayMyAccountBlock'),
(79, 'actionBeforeCartUpdateQty', 'actionCartUpdateQuantityBefore'),
(80, 'actionBeforeAuthentication', 'actionAuthenticationBefore'),
(81, 'actionBeforeSubmitAccount', 'actionSubmitAccountBefore'),
(82, 'displayInvoice', 'displayAdminOrderTop'),
(83, 'displayBackOfficeOrderActions', 'displayAdminOrderSide'),
(84, 'actionFrontControllerAfterInit', 'actionFrontControllerInitAfter'),
(85, 'displayAdminListBefore', 'displayAdminGridTableBefore'),
(86, 'displayAdminListAfter', 'displayAdminGridTableAfter');

-- --------------------------------------------------------

--
-- Table structure for table `xio8d_hook_module`
--

CREATE TABLE `xio8d_hook_module` (
  `id_module` int(10) UNSIGNED NOT NULL,
  `id_shop` int(11) UNSIGNED NOT NULL DEFAULT 1,
  `id_hook` int(10) UNSIGNED NOT NULL,
  `position` tinyint(2) UNSIGNED NOT NULL
) ENGINE=InnoDB DEFAULT CHARSET=utf8mb4 COLLATE=utf8mb4_general_ci;

--
-- Dumping data for table `xio8d_hook_module`
--

INSERT INTO `xio8d_hook_module` (`id_module`, `id_shop`, `id_hook`, `position`) VALUES
(1, 1, 67, 1),
(2, 1, 81, 1),
(4, 1, 125, 1),
(6, 1, 1007, 1),
(7, 1, 2, 1),
(7, 1, 38, 1),
(7, 1, 45, 1),
(7, 1, 55, 1),
(7, 1, 74, 1),
(7, 1, 88, 1),
(7, 1, 900, 1),
(9, 1, 56, 1),
(9, 1, 57, 1),
(9, 1, 135, 1),
(9, 1, 1024, 1),
(9, 1, 1025, 1),
(9, 1, 1124, 1),
(9, 1, 1126, 1),
(10, 1, 1035, 1),
(11, 1, 36, 1),
(11, 1, 53, 1),
(11, 1, 87, 1),
(11, 1, 114, 1),
(11, 1, 213, 1),
(11, 1, 1005, 1),
(12, 1, 1077, 1),
(14, 1, 12, 1),
(14, 1, 69, 1),
(14, 1, 77, 1),
(14, 1, 128, 1),
(14, 1, 1014, 1),
(15, 1, 1127, 1),
(16, 1, 1038, 1),
(16, 1, 1044, 1),
(17, 1, 22, 1),
(17, 1, 1000, 1),
(18, 1, 11, 1),
(19, 1, 1032, 1),
(21, 1, 997, 1),
(21, 1, 999, 1),
(22, 1, 28, 1),
(22, 1, 1129, 1),
(22, 1, 1130, 1),
(22, 1, 1131, 1),
(24, 1, 1132, 1),
(24, 1, 1133, 1),
(24, 1, 1134, 1),
(24, 1, 1135, 1),
(24, 1, 1136, 1),
(24, 1, 1137, 1),
(24, 1, 1138, 1),
(24, 1, 1139, 1),
(24, 1, 1140, 1),
(24, 1, 1141, 1),
(24, 1, 1143, 1),
(24, 1, 1144, 1),
(24, 1, 1145, 1),
(24, 1, 1146, 1),
(24, 1, 1147, 1),
(24, 1, 1148, 1),
(24, 1, 1149, 1),
(24, 1, 1150, 1),
(24, 1, 1151, 1),
(24, 1, 1152, 1),
(24, 1, 1153, 1),
(24, 1, 1154, 1),
(24, 1, 1155, 1),
(24, 1, 1156, 1),
(24, 1, 1157, 1),
(24, 1, 1158, 1),
(24, 1, 1159, 1),
(24, 1, 1160, 1),
(24, 1, 1161, 1),
(24, 1, 1162, 1),
(24, 1, 1163, 1),
(24, 1, 1164, 1),
(24, 1, 1165, 1),
(24, 1, 1167, 1),
(24, 1, 1168, 1),
(24, 1, 1169, 1),
(24, 1, 1170, 1),
(24, 1, 1171, 1),
(24, 1, 1172, 1),
(24, 1, 1173, 1),
(24, 1, 1174, 1),
(24, 1, 1175, 1),
(24, 1, 1176, 1),
(24, 1, 1177, 1),
(24, 1, 1178, 1),
(24, 1, 1180, 1),
(24, 1, 1181, 1),
(24, 1, 1182, 1),
(24, 1, 1183, 1),
(24, 1, 1184, 1),
(24, 1, 1185, 1),
(24, 1, 1186, 1),
(24, 1, 1187, 1),
(24, 1, 1188, 1),
(24, 1, 1189, 1),
(24, 1, 1190, 1),
(24, 1, 1192, 1),
(24, 1, 1193, 1),
(24, 1, 1194, 1),
(30, 1, 1022, 1),
(32, 1, 1195, 1),
(34, 1, 47, 1),
(34, 1, 49, 1),
(34, 1, 143, 1),
(34, 1, 424, 1),
(34, 1, 425, 1),
(34, 1, 426, 1),
(34, 1, 1196, 1),
(35, 1, 26, 1),
(36, 1, 1031, 1),
(37, 1, 94, 1),
(37, 1, 340, 1),
(37, 1, 1197, 1),
(37, 1, 1199, 1),
(40, 1, 17, 1),
(41, 1, 710, 1),
(41, 1, 711, 1),
(41, 1, 714, 1),
(42, 1, 127, 1),
(42, 1, 702, 1),
(42, 1, 1201, 1),
(42, 1, 1202, 1),
(42, 1, 1203, 1),
(42, 1, 1204, 1),
(43, 1, 154, 1),
(43, 1, 329, 1),
(44, 1, 13, 1),
(46, 1, 39, 1),
(46, 1, 52, 1),
(46, 1, 91, 1),
(46, 1, 96, 1),
(46, 1, 134, 1),
(46, 1, 423, 1),
(46, 1, 994, 1),
(46, 1, 1051, 1),
(46, 1, 1128, 1),
(46, 1, 1205, 1),
(46, 1, 1206, 1),
(49, 1, 1207, 1),
(50, 1, 153, 1),
(50, 1, 707, 1),
(50, 1, 718, 1),
(50, 1, 720, 1),
(50, 1, 721, 1),
(50, 1, 1030, 1),
(61, 1, 14, 1),
(61, 1, 21, 1),
(61, 1, 1041, 1),
(61, 1, 1208, 1),
(62, 1, 70, 1),
(62, 1, 148, 1),
(62, 1, 1037, 1),
(65, 1, 33, 1),
(70, 1, 1065, 1),
(71, 1, 1049, 1),
(75, 1, 24, 1),
(75, 1, 1028, 1),
(75, 1, 1219, 1),
(75, 1, 1220, 1),
(75, 1, 1221, 1),
(76, 1, 20, 1),
(76, 1, 93, 1),
(76, 1, 95, 1),
(76, 1, 100, 1),
(76, 1, 101, 1),
(76, 1, 103, 1),
(76, 1, 104, 1),
(76, 1, 105, 1),
(76, 1, 110, 1),
(76, 1, 111, 1),
(76, 1, 113, 1),
(76, 1, 115, 1),
(76, 1, 436, 1),
(76, 1, 444, 1),
(76, 1, 452, 1),
(76, 1, 671, 1),
(76, 1, 902, 1),
(76, 1, 924, 1),
(76, 1, 936, 1),
(76, 1, 1009, 1),
(76, 1, 1209, 1),
(76, 1, 1210, 1),
(76, 1, 1211, 1),
(76, 1, 1212, 1),
(76, 1, 1213, 1),
(76, 1, 1214, 1),
(76, 1, 1215, 1),
(76, 1, 1216, 1),
(76, 1, 1217, 1),
(76, 1, 1218, 1),
(87, 1, 42, 1),
(87, 1, 46, 1),
(87, 1, 48, 1),
(87, 1, 161, 1),
(87, 1, 177, 1),
(87, 1, 1039, 1),
(87, 1, 1223, 1),
(87, 1, 1224, 1),
(94, 1, 86, 1),
(94, 1, 899, 1),
(96, 1, 61, 1),
(96, 1, 62, 1),
(96, 1, 418, 1),
(97, 1, 34, 1),
(97, 1, 156, 1),
(97, 1, 214, 1),
(97, 1, 334, 1),
(97, 1, 701, 1),
(97, 1, 1059, 1),
(97, 1, 1227, 1),
(97, 1, 1228, 1),
(97, 1, 1229, 1),
(99, 1, 23, 1),
(99, 1, 27, 1),
(99, 1, 40, 1),
(99, 1, 83, 1),
(99, 1, 1008, 1),
(99, 1, 1142, 1),
(99, 1, 1166, 1),
(99, 1, 1179, 1),
(99, 1, 1191, 1),
(99, 1, 1198, 1),
(99, 1, 1230, 1),
(99, 1, 1231, 1),
(99, 1, 1232, 1),
(99, 1, 1233, 1),
(99, 1, 1234, 1),
(99, 1, 1245, 1),
(99, 1, 1250, 1),
(99, 1, 1251, 1),
(99, 1, 1252, 1),
(99, 1, 1253, 1),
(99, 1, 1254, 1),
(99, 1, 1255, 1),
(99, 1, 1256, 1),
(99, 1, 1257, 1),
(99, 1, 1258, 1),
(99, 1, 1259, 1),
(99, 1, 1260, 1),
(99, 1, 1272, 1),
(99, 1, 1273, 1),
(99, 1, 1274, 1),
(100, 1, 140, 1),
(100, 1, 1246, 1),
(100, 1, 1261, 1),
(100, 1, 1262, 1),
(100, 1, 1263, 1),
(100, 1, 1264, 1),
(101, 1, 1236, 1),
(101, 1, 1268, 1),
(101, 1, 1269, 1),
(102, 1, 5, 1),
(102, 1, 582, 1),
(102, 1, 1249, 1),
(102, 1, 1270, 1),
(102, 1, 1271, 1),
(103, 1, 145, 1),
(103, 1, 171, 1),
(104, 1, 1244, 1),
(105, 1, 32, 1),
(106, 1, 84, 1),
(107, 1, 1248, 1),
(108, 1, 59, 1),
(108, 1, 117, 1),
(108, 1, 1238, 1),
(108, 1, 1242, 1),
(108, 1, 1243, 1),
(110, 1, 586, 1),
(110, 1, 589, 1),
(110, 1, 1237, 1),
(111, 1, 65, 1),
(111, 1, 1277, 1),
(112, 1, 221, 1),
(112, 1, 253, 1),
(114, 1, 1247, 1),
(115, 1, 50, 1),
(115, 1, 1045, 1),
(115, 1, 1118, 1),
(115, 1, 1241, 1),
(116, 1, 29, 1),
(116, 1, 155, 1),
(116, 1, 1239, 1),
(116, 1, 1240, 1),
(118, 1, 97, 1),
(118, 1, 982, 1),
(118, 1, 1019, 1),
(120, 1, 590, 1),
(120, 1, 1222, 1),
(3, 1, 67, 2),
(7, 1, 81, 2),
(9, 1, 1007, 2),
(14, 1, 2, 2),
(14, 1, 36, 2),
(14, 1, 87, 2),
(14, 1, 1005, 2),
(14, 1, 1024, 2),
(14, 1, 1025, 2),
(14, 1, 1126, 2),
(18, 1, 1128, 2),
(19, 1, 1030, 2),
(22, 1, 27, 2),
(24, 1, 1142, 2),
(24, 1, 1166, 2),
(24, 1, 1179, 2),
(24, 1, 1191, 2),
(25, 1, 125, 2),
(27, 1, 20, 2),
(28, 1, 11, 2),
(30, 1, 56, 2),
(30, 1, 135, 2),
(31, 1, 1161, 2),
(33, 1, 55, 2),
(34, 1, 1133, 2),
(36, 1, 1032, 2),
(37, 1, 1000, 2),
(37, 1, 1140, 2),
(37, 1, 1141, 2),
(37, 1, 1164, 2),
(37, 1, 1165, 2),
(37, 1, 1177, 2),
(37, 1, 1178, 2),
(37, 1, 1189, 2),
(37, 1, 1190, 2),
(37, 1, 1198, 2),
(38, 1, 1031, 2),
(42, 1, 1154, 2),
(43, 1, 50, 2),
(46, 1, 900, 2),
(46, 1, 1168, 2),
(46, 1, 1196, 2),
(46, 1, 1203, 2),
(46, 1, 1204, 2),
(48, 1, 22, 2),
(50, 1, 710, 2),
(50, 1, 711, 2),
(50, 1, 714, 2),
(58, 1, 13, 2),
(62, 1, 1127, 2),
(65, 1, 1277, 2),
(75, 1, 1065, 2),
(87, 1, 213, 2),
(87, 1, 424, 2),
(87, 1, 425, 2),
(96, 1, 42, 2),
(96, 1, 45, 2),
(96, 1, 46, 2),
(96, 1, 48, 2),
(96, 1, 1146, 2),
(96, 1, 1223, 2),
(97, 1, 52, 2),
(97, 1, 61, 2),
(97, 1, 62, 2),
(97, 1, 418, 2),
(97, 1, 1039, 2),
(100, 1, 24, 2),
(100, 1, 28, 2),
(100, 1, 32, 2),
(100, 1, 93, 2),
(100, 1, 94, 2),
(100, 1, 95, 2),
(101, 1, 83, 2),
(102, 1, 29, 2),
(102, 1, 1244, 2),
(104, 1, 40, 2),
(104, 1, 145, 2),
(104, 1, 994, 2),
(104, 1, 1238, 2),
(104, 1, 1242, 2),
(108, 1, 26, 2),
(110, 1, 12, 2),
(111, 1, 23, 2),
(112, 1, 171, 2),
(112, 1, 586, 2),
(112, 1, 589, 2),
(113, 1, 1247, 2),
(5, 1, 67, 3),
(10, 1, 1007, 3),
(15, 1, 1005, 3),
(16, 1, 22, 3),
(22, 1, 36, 3),
(28, 1, 1128, 3),
(32, 1, 125, 3),
(34, 1, 2, 3),
(34, 1, 55, 3),
(35, 1, 56, 3),
(37, 1, 1142, 3),
(37, 1, 1166, 3),
(37, 1, 1179, 3),
(37, 1, 1191, 3),
(38, 1, 1032, 3),
(40, 1, 1126, 3),
(44, 1, 1189, 3),
(44, 1, 1190, 3),
(46, 1, 11, 3),
(46, 1, 81, 3),
(48, 1, 1000, 3),
(55, 1, 1031, 3),
(58, 1, 1164, 3),
(58, 1, 1165, 3),
(62, 1, 1024, 3),
(62, 1, 1025, 3),
(69, 1, 135, 3),
(72, 1, 900, 3),
(96, 1, 424, 3),
(96, 1, 425, 3),
(97, 1, 42, 3),
(97, 1, 45, 3),
(97, 1, 46, 3),
(97, 1, 48, 3),
(97, 1, 213, 3),
(97, 1, 1223, 3),
(100, 1, 27, 3),
(101, 1, 20, 3),
(102, 1, 28, 3),
(102, 1, 1247, 3),
(103, 1, 83, 3),
(106, 1, 994, 3),
(107, 1, 40, 3),
(107, 1, 145, 3),
(112, 1, 12, 3),
(116, 1, 23, 3),
(117, 1, 32, 3),
(118, 1, 94, 3),
(120, 1, 586, 3),
(11, 1, 1007, 4),
(13, 1, 67, 4),
(19, 1, 1005, 4),
(31, 1, 22, 4),
(33, 1, 1128, 4),
(44, 1, 1191, 4),
(46, 1, 55, 4),
(55, 1, 1032, 4),
(58, 1, 1166, 4),
(62, 1, 1126, 4),
(64, 1, 40, 4),
(75, 1, 56, 4),
(96, 1, 81, 4),
(96, 1, 900, 4),
(97, 1, 424, 4),
(97, 1, 425, 4),
(100, 1, 36, 4),
(101, 1, 1000, 4),
(102, 1, 27, 4),
(103, 1, 28, 4),
(104, 1, 23, 4),
(108, 1, 994, 4),
(110, 1, 2, 4),
(115, 1, 83, 4),
(115, 1, 1024, 4),
(115, 1, 1025, 4),
(117, 1, 1247, 4),
(120, 1, 145, 4),
(14, 1, 1007, 5),
(23, 1, 67, 5),
(30, 1, 1005, 5),
(45, 1, 22, 5),
(72, 1, 55, 5),
(87, 1, 1128, 5),
(97, 1, 81, 5),
(97, 1, 900, 5),
(102, 1, 36, 5),
(106, 1, 27, 5),
(106, 1, 28, 5),
(106, 1, 1000, 5),
(108, 1, 23, 5),
(112, 1, 2, 5),
(115, 1, 994, 5),
(115, 1, 1126, 5),
(116, 1, 83, 5),
(38, 1, 1005, 6),
(39, 1, 67, 6),
(46, 1, 1007, 6),
(51, 1, 22, 6),
(75, 1, 55, 6),
(96, 1, 1128, 6),
(102, 1, 83, 6),
(106, 1, 36, 6),
(109, 1, 23, 6),
(116, 1, 994, 6),
(118, 1, 28, 6),
(22, 1, 22, 7),
(46, 1, 1005, 7),
(47, 1, 67, 7),
(75, 1, 1007, 7),
(84, 1, 55, 7),
(97, 1, 1128, 7),
(105, 1, 83, 7),
(106, 1, 23, 7),
(110, 1, 36, 7),
(52, 1, 67, 8),
(55, 1, 1005, 8),
(84, 1, 1007, 8),
(86, 1, 55, 8),
(104, 1, 83, 8),
(105, 1, 23, 8),
(112, 1, 36, 8),
(53, 1, 67, 9),
(86, 1, 1007, 9),
(87, 1, 55, 9),
(102, 1, 1005, 9),
(110, 1, 23, 9),
(111, 1, 83, 9),
(56, 1, 67, 10),
(97, 1, 55, 10),
(100, 1, 83, 10),
(102, 1, 23, 10),
(104, 1, 1005, 10),
(57, 1, 67, 11),
(105, 1, 1005, 11),
(108, 1, 83, 11),
(115, 1, 23, 11),
(60, 1, 67, 12),
(65, 1, 23, 12),
(106, 1, 1005, 12),
(112, 1, 83, 12),
(63, 1, 67, 13),
(71, 1, 23, 13),
(113, 1, 83, 13),
(116, 1, 1005, 13),
(67, 1, 67, 14),
(107, 1, 23, 14),
(62, 1, 23, 15),
(68, 1, 67, 15),
(70, 1, 67, 16),
(101, 1, 23, 16),
(73, 1, 67, 17),
(100, 1, 23, 17),
(112, 1, 23, 18),
(113, 1, 23, 19),
(117, 1, 23, 20),
(114, 1, 23, 21),
(118, 1, 23, 22),
(1, 2, 67, 1),
(2, 2, 81, 1),
(4, 2, 125, 1),
(6, 2, 1007, 1),
(7, 2, 2, 1),
(7, 2, 38, 1),
(7, 2, 45, 1),
(7, 2, 55, 1),
(7, 2, 74, 1),
(7, 2, 88, 1),
(7, 2, 900, 1),
(9, 2, 56, 1),
(9, 2, 57, 1),
(9, 2, 135, 1),
(9, 2, 1024, 1),
(9, 2, 1025, 1),
(9, 2, 1124, 1),
(9, 2, 1126, 1),
(10, 2, 1035, 1),
(11, 2, 36, 1),
(11, 2, 53, 1),
(11, 2, 87, 1),
(11, 2, 114, 1),
(11, 2, 213, 1),
(11, 2, 1005, 1),
(12, 2, 1077, 1),
(14, 2, 12, 1),
(14, 2, 69, 1),
(14, 2, 77, 1),
(14, 2, 128, 1),
(14, 2, 1014, 1),
(15, 2, 1127, 1),
(16, 2, 1038, 1),
(16, 2, 1044, 1),
(17, 2, 22, 1),
(17, 2, 1000, 1),
(18, 2, 11, 1),
(19, 2, 1032, 1),
(21, 2, 997, 1),
(21, 2, 999, 1),
(22, 2, 28, 1),
(22, 2, 1129, 1),
(22, 2, 1130, 1),
(22, 2, 1131, 1),
(24, 2, 1132, 1),
(24, 2, 1133, 1),
(24, 2, 1134, 1),
(24, 2, 1135, 1),
(24, 2, 1136, 1),
(24, 2, 1137, 1),
(24, 2, 1138, 1),
(24, 2, 1139, 1),
(24, 2, 1140, 1),
(24, 2, 1141, 1),
(24, 2, 1143, 1),
(24, 2, 1144, 1),
(24, 2, 1145, 1),
(24, 2, 1146, 1),
(24, 2, 1147, 1),
(24, 2, 1148, 1),
(24, 2, 1149, 1),
(24, 2, 1150, 1),
(24, 2, 1151, 1),
(24, 2, 1152, 1),
(24, 2, 1153, 1),
(24, 2, 1154, 1),
(24, 2, 1155, 1),
(24, 2, 1156, 1),
(24, 2, 1157, 1),
(24, 2, 1158, 1),
(24, 2, 1159, 1),
(24, 2, 1160, 1),
(24, 2, 1161, 1),
(24, 2, 1162, 1),
(24, 2, 1163, 1),
(24, 2, 1164, 1),
(24, 2, 1165, 1),
(24, 2, 1167, 1),
(24, 2, 1168, 1),
(24, 2, 1169, 1),
(24, 2, 1170, 1),
(24, 2, 1171, 1),
(24, 2, 1172, 1),
(24, 2, 1173, 1),
(24, 2, 1174, 1),
(24, 2, 1175, 1),
(24, 2, 1176, 1),
(24, 2, 1177, 1),
(24, 2, 1178, 1),
(24, 2, 1180, 1),
(24, 2, 1181, 1),
(24, 2, 1182, 1),
(24, 2, 1183, 1),
(24, 2, 1184, 1),
(24, 2, 1185, 1),
(24, 2, 1186, 1),
(24, 2, 1187, 1),
(24, 2, 1188, 1),
(24, 2, 1189, 1),
(24, 2, 1190, 1),
(24, 2, 1192, 1),
(24, 2, 1193, 1),
(24, 2, 1194, 1),
(30, 2, 1022, 1),
(32, 2, 1195, 1),
(34, 2, 47, 1),
(34, 2, 49, 1),
(34, 2, 143, 1),
(34, 2, 424, 1),
(34, 2, 425, 1),
(34, 2, 426, 1),
(34, 2, 1196, 1),
(35, 2, 26, 1),
(36, 2, 1031, 1),
(37, 2, 94, 1),
(37, 2, 340, 1),
(37, 2, 1197, 1),
(37, 2, 1199, 1),
(40, 2, 17, 1),
(41, 2, 710, 1),
(41, 2, 711, 1),
(41, 2, 714, 1),
(42, 2, 127, 1),
(42, 2, 702, 1),
(42, 2, 1201, 1),
(42, 2, 1202, 1),
(42, 2, 1203, 1),
(42, 2, 1204, 1),
(43, 2, 154, 1),
(43, 2, 329, 1),
(44, 2, 13, 1),
(46, 2, 39, 1),
(46, 2, 52, 1),
(46, 2, 91, 1),
(46, 2, 96, 1),
(46, 2, 134, 1),
(46, 2, 423, 1),
(46, 2, 994, 1),
(46, 2, 1051, 1),
(46, 2, 1128, 1),
(46, 2, 1205, 1),
(46, 2, 1206, 1),
(49, 2, 1207, 1),
(50, 2, 153, 1),
(50, 2, 707, 1),
(50, 2, 718, 1),
(50, 2, 720, 1),
(50, 2, 721, 1),
(50, 2, 1030, 1),
(61, 2, 14, 1),
(61, 2, 21, 1),
(61, 2, 1041, 1),
(61, 2, 1208, 1),
(62, 2, 70, 1),
(62, 2, 148, 1),
(62, 2, 1037, 1),
(65, 2, 33, 1),
(70, 2, 1065, 1),
(71, 2, 1049, 1),
(75, 2, 24, 1),
(75, 2, 1028, 1),
(75, 2, 1219, 1),
(75, 2, 1220, 1),
(75, 2, 1221, 1),
(76, 2, 20, 1),
(76, 2, 93, 1),
(76, 2, 95, 1),
(76, 2, 100, 1),
(76, 2, 101, 1),
(76, 2, 103, 1),
(76, 2, 104, 1),
(76, 2, 105, 1),
(76, 2, 110, 1),
(76, 2, 111, 1),
(76, 2, 113, 1),
(76, 2, 115, 1),
(76, 2, 436, 1),
(76, 2, 444, 1),
(76, 2, 452, 1),
(76, 2, 671, 1),
(76, 2, 902, 1),
(76, 2, 924, 1),
(76, 2, 936, 1),
(76, 2, 1009, 1),
(76, 2, 1209, 1),
(76, 2, 1210, 1),
(76, 2, 1211, 1),
(76, 2, 1212, 1),
(76, 2, 1213, 1),
(76, 2, 1214, 1),
(76, 2, 1215, 1),
(76, 2, 1216, 1),
(76, 2, 1217, 1),
(76, 2, 1218, 1),
(87, 2, 42, 1),
(87, 2, 46, 1),
(87, 2, 48, 1),
(87, 2, 161, 1),
(87, 2, 177, 1),
(87, 2, 1039, 1),
(87, 2, 1223, 1),
(87, 2, 1224, 1),
(94, 2, 86, 1),
(94, 2, 899, 1),
(96, 2, 61, 1),
(96, 2, 62, 1),
(96, 2, 418, 1),
(97, 2, 34, 1),
(97, 2, 156, 1),
(97, 2, 214, 1),
(97, 2, 334, 1),
(97, 2, 701, 1),
(97, 2, 1059, 1),
(97, 2, 1227, 1),
(97, 2, 1228, 1),
(97, 2, 1229, 1),
(99, 2, 23, 1),
(99, 2, 27, 1),
(99, 2, 40, 1),
(99, 2, 83, 1),
(99, 2, 1008, 1),
(99, 2, 1142, 1),
(99, 2, 1166, 1),
(99, 2, 1179, 1),
(99, 2, 1191, 1),
(99, 2, 1198, 1),
(99, 2, 1230, 1),
(99, 2, 1231, 1),
(99, 2, 1232, 1),
(99, 2, 1233, 1),
(99, 2, 1234, 1),
(99, 2, 1245, 1),
(99, 2, 1250, 1),
(99, 2, 1251, 1),
(99, 2, 1252, 1),
(99, 2, 1253, 1),
(99, 2, 1254, 1),
(99, 2, 1255, 1),
(99, 2, 1256, 1),
(99, 2, 1257, 1),
(99, 2, 1258, 1),
(99, 2, 1259, 1),
(99, 2, 1260, 1),
(99, 2, 1272, 1),
(99, 2, 1273, 1),
(99, 2, 1274, 1),
(100, 2, 140, 1),
(100, 2, 1246, 1),
(100, 2, 1261, 1),
(100, 2, 1262, 1),
(100, 2, 1263, 1),
(100, 2, 1264, 1),
(101, 2, 1236, 1),
(101, 2, 1268, 1),
(101, 2, 1269, 1),
(102, 2, 5, 1),
(102, 2, 582, 1),
(102, 2, 1249, 1),
(102, 2, 1270, 1),
(102, 2, 1271, 1),
(103, 2, 145, 1),
(103, 2, 171, 1),
(104, 2, 1244, 1),
(105, 2, 32, 1),
(106, 2, 84, 1),
(107, 2, 1248, 1),
(108, 2, 59, 1),
(108, 2, 117, 1),
(108, 2, 1238, 1),
(108, 2, 1242, 1),
(108, 2, 1243, 1),
(110, 2, 586, 1),
(110, 2, 589, 1),
(110, 2, 1237, 1),
(111, 2, 65, 1),
(111, 2, 1277, 1),
(112, 2, 221, 1),
(112, 2, 253, 1),
(114, 2, 1247, 1),
(115, 2, 50, 1),
(115, 2, 1045, 1),
(115, 2, 1118, 1),
(115, 2, 1241, 1),
(116, 2, 29, 1),
(116, 2, 155, 1),
(116, 2, 1239, 1),
(116, 2, 1240, 1),
(118, 2, 97, 1),
(118, 2, 982, 1),
(118, 2, 1019, 1),
(120, 2, 590, 1),
(120, 2, 1222, 1),
(3, 2, 67, 2),
(7, 2, 81, 2),
(9, 2, 1007, 2),
(14, 2, 2, 2),
(14, 2, 36, 2),
(14, 2, 87, 2),
(14, 2, 1005, 2),
(14, 2, 1024, 2),
(14, 2, 1025, 2),
(14, 2, 1126, 2),
(18, 2, 1128, 2),
(19, 2, 1030, 2),
(22, 2, 27, 2),
(24, 2, 1142, 2),
(24, 2, 1166, 2),
(24, 2, 1179, 2),
(24, 2, 1191, 2),
(25, 2, 125, 2),
(27, 2, 20, 2),
(28, 2, 11, 2),
(30, 2, 56, 2),
(30, 2, 135, 2),
(31, 2, 1161, 2),
(33, 2, 55, 2),
(34, 2, 1133, 2),
(36, 2, 1032, 2),
(37, 2, 1000, 2),
(37, 2, 1140, 2),
(37, 2, 1141, 2),
(37, 2, 1164, 2),
(37, 2, 1165, 2),
(37, 2, 1177, 2),
(37, 2, 1178, 2),
(37, 2, 1189, 2),
(37, 2, 1190, 2),
(37, 2, 1198, 2),
(38, 2, 1031, 2),
(42, 2, 1154, 2),
(46, 2, 900, 2),
(46, 2, 1168, 2),
(46, 2, 1196, 2),
(46, 2, 1203, 2),
(46, 2, 1204, 2),
(48, 2, 22, 2),
(50, 2, 710, 2),
(50, 2, 711, 2),
(50, 2, 714, 2),
(58, 2, 13, 2),
(65, 2, 1277, 2),
(75, 2, 1065, 2),
(87, 2, 213, 2),
(87, 2, 424, 2),
(87, 2, 425, 2),
(96, 2, 42, 2),
(96, 2, 45, 2),
(96, 2, 46, 2),
(96, 2, 48, 2),
(96, 2, 1146, 2),
(96, 2, 1223, 2),
(97, 2, 52, 2),
(97, 2, 61, 2),
(97, 2, 62, 2),
(97, 2, 418, 2),
(97, 2, 1039, 2),
(100, 2, 24, 2),
(100, 2, 28, 2),
(100, 2, 93, 2),
(100, 2, 94, 2),
(100, 2, 95, 2),
(101, 2, 83, 2),
(102, 2, 29, 2),
(102, 2, 1244, 2),
(104, 2, 40, 2),
(104, 2, 145, 2),
(104, 2, 994, 2),
(104, 2, 1238, 2),
(104, 2, 1242, 2),
(107, 2, 32, 2),
(108, 2, 26, 2),
(110, 2, 12, 2),
(110, 2, 171, 2),
(111, 2, 23, 2),
(112, 2, 586, 2),
(112, 2, 589, 2),
(113, 2, 1247, 2),
(5, 2, 67, 3),
(10, 2, 1007, 3),
(15, 2, 1005, 3),
(16, 2, 22, 3),
(22, 2, 36, 3),
(28, 2, 1128, 3),
(32, 2, 125, 3),
(34, 2, 2, 3),
(34, 2, 55, 3),
(35, 2, 56, 3),
(37, 2, 1142, 3),
(37, 2, 1166, 3),
(37, 2, 1179, 3),
(37, 2, 1191, 3),
(38, 2, 1032, 3),
(40, 2, 1126, 3),
(44, 2, 1189, 3),
(44, 2, 1190, 3),
(46, 2, 11, 3),
(46, 2, 81, 3),
(48, 2, 1000, 3),
(55, 2, 1031, 3),
(58, 2, 1164, 3),
(58, 2, 1165, 3),
(62, 2, 1024, 3),
(62, 2, 1025, 3),
(69, 2, 135, 3),
(72, 2, 900, 3),
(96, 2, 424, 3),
(96, 2, 425, 3),
(97, 2, 42, 3),
(97, 2, 45, 3),
(97, 2, 46, 3),
(97, 2, 48, 3),
(97, 2, 213, 3),
(97, 2, 1223, 3),
(100, 2, 27, 3),
(100, 2, 32, 3),
(101, 2, 20, 3),
(102, 2, 28, 3),
(102, 2, 1247, 3),
(103, 2, 83, 3),
(106, 2, 994, 3),
(107, 2, 40, 3),
(107, 2, 145, 3),
(112, 2, 12, 3),
(112, 2, 171, 3),
(116, 2, 23, 3),
(118, 2, 94, 3),
(120, 2, 586, 3),
(11, 2, 1007, 4),
(13, 2, 67, 4),
(19, 2, 1005, 4),
(31, 2, 22, 4),
(33, 2, 1128, 4),
(44, 2, 1191, 4),
(46, 2, 55, 4),
(55, 2, 1032, 4),
(58, 2, 1166, 4),
(62, 2, 40, 4),
(62, 2, 1126, 4),
(75, 2, 56, 4),
(96, 2, 81, 4),
(96, 2, 900, 4),
(97, 2, 424, 4),
(97, 2, 425, 4),
(100, 2, 36, 4),
(101, 2, 1000, 4),
(102, 2, 27, 4),
(103, 2, 28, 4),
(104, 2, 23, 4),
(108, 2, 994, 4),
(110, 2, 2, 4),
(115, 2, 83, 4),
(115, 2, 1024, 4),
(115, 2, 1025, 4),
(117, 2, 32, 4),
(117, 2, 1247, 4),
(14, 2, 1007, 5),
(23, 2, 67, 5),
(30, 2, 1005, 5),
(45, 2, 22, 5),
(64, 2, 40, 5),
(72, 2, 55, 5),
(87, 2, 1128, 5),
(97, 2, 81, 5),
(97, 2, 900, 5),
(102, 2, 36, 5),
(106, 2, 27, 5),
(106, 2, 28, 5),
(106, 2, 1000, 5),
(108, 2, 23, 5),
(112, 2, 2, 5),
(115, 2, 994, 5),
(115, 2, 1126, 5),
(116, 2, 83, 5),
(26, 2, 40, 6),
(38, 2, 1005, 6),
(39, 2, 67, 6),
(46, 2, 1007, 6),
(51, 2, 22, 6),
(75, 2, 55, 6),
(96, 2, 1128, 6),
(102, 2, 83, 6),
(106, 2, 36, 6),
(109, 2, 23, 6),
(116, 2, 994, 6),
(118, 2, 28, 6),
(22, 2, 22, 7),
(46, 2, 1005, 7),
(47, 2, 67, 7),
(75, 2, 1007, 7),
(84, 2, 55, 7),
(97, 2, 1128, 7),
(106, 2, 23, 7),
(107, 2, 83, 7),
(110, 2, 36, 7),
(52, 2, 67, 8),
(55, 2, 1005, 8),
(84, 2, 1007, 8),
(86, 2, 55, 8),
(105, 2, 23, 8),
(105, 2, 83, 8),
(112, 2, 36, 8),
(53, 2, 67, 9),
(86, 2, 1007, 9),
(87, 2, 55, 9),
(102, 2, 1005, 9),
(104, 2, 83, 9),
(110, 2, 23, 9),
(54, 2, 67, 10),
(97, 2, 55, 10),
(102, 2, 23, 10),
(104, 2, 1005, 10),
(111, 2, 83, 10),
(56, 2, 67, 11),
(100, 2, 83, 11),
(105, 2, 1005, 11),
(115, 2, 23, 11),
(57, 2, 67, 12),
(65, 2, 23, 12),
(106, 2, 1005, 12),
(108, 2, 83, 12),
(60, 2, 67, 13),
(71, 2, 23, 13),
(112, 2, 83, 13),
(116, 2, 1005, 13),
(63, 2, 67, 14),
(107, 2, 23, 14),
(113, 2, 83, 14),
(62, 2, 23, 15),
(67, 2, 67, 15),
(68, 2, 67, 16),
(101, 2, 23, 16),
(70, 2, 67, 17),
(100, 2, 23, 17),
(73, 2, 67, 18),
(112, 2, 23, 18),
(113, 2, 23, 19),
(117, 2, 23, 20),
(114, 2, 23, 21);

-- --------------------------------------------------------

--
-- Table structure for table `xio8d_hook_module_exceptions`
--

CREATE TABLE `xio8d_hook_module_exceptions` (
  `id_hook_module_exceptions` int(10) UNSIGNED NOT NULL,
  `id_shop` int(11) UNSIGNED NOT NULL DEFAULT 1,
  `id_module` int(10) UNSIGNED NOT NULL,
  `id_hook` int(10) UNSIGNED NOT NULL,
  `file_name` varchar(255) DEFAULT NULL
) ENGINE=InnoDB DEFAULT CHARSET=utf8mb4 COLLATE=utf8mb4_general_ci;

-- --------------------------------------------------------

--
-- Table structure for table `xio8d_image`
--

CREATE TABLE `xio8d_image` (
  `id_image` int(10) UNSIGNED NOT NULL,
  `id_product` int(10) UNSIGNED NOT NULL,
  `position` smallint(2) UNSIGNED NOT NULL DEFAULT 0,
  `cover` tinyint(1) UNSIGNED DEFAULT NULL
) ENGINE=InnoDB DEFAULT CHARSET=utf8mb4 COLLATE=utf8mb4_general_ci;

--
-- Dumping data for table `xio8d_image`
--

INSERT INTO `xio8d_image` (`id_image`, `id_product`, `position`, `cover`) VALUES
(55, 40, 1, NULL),
(56, 41, 1, NULL),
(57, 39, 1, NULL),
(58, 46, 1, NULL),
(67, 55, 1, NULL),
(108, 55, 2, NULL),
(112, 39, 2, 1),
(113, 41, 2, 1),
(114, 40, 2, 1),
(115, 46, 2, 1),
(150, 87, 1, 1),
(151, 89, 1, 1),
(154, 93, 1, NULL),
(157, 97, 1, NULL),
(158, 98, 1, NULL),
(160, 100, 1, NULL),
(162, 102, 1, 1),
(163, 103, 1, 1),
(164, 104, 1, 1),
(169, 109, 1, 1),
(170, 110, 1, 1),
(173, 21, 1, NULL),
(174, 22, 1, NULL),
(175, 25, 1, NULL),
(176, 28, 1, NULL),
(189, 35, 1, 1),
(192, 37, 1, 1),
(195, 65, 1, 1),
(196, 47, 1, 1),
(203, 111, 1, 1),
(215, 82, 1, 1),
(221, 118, 2, NULL),
(222, 119, 1, NULL),
(228, 125, 1, 1),
(230, 127, 1, NULL),
(231, 128, 1, 1),
(243, 133, 1, 1),
(244, 134, 1, NULL),
(245, 135, 1, 1),
(246, 136, 1, 1),
(247, 137, 1, 1),
(248, 138, 1, NULL),
(249, 139, 1, NULL),
(250, 123, 1, 1),
(251, 124, 1, 1),
(253, 140, 1, 1),
(257, 29, 1, NULL),
(266, 91, 1, 1),
(268, 147, 1, NULL),
(270, 148, 1, NULL),
(271, 71, 1, NULL),
(273, 149, 1, NULL),
(275, 150, 1, NULL),
(289, 157, 1, NULL),
(293, 159, 1, 1),
(299, 25, 2, 1),
(301, 50, 1, 1),
(303, 145, 1, 1),
(306, 146, 1, 1),
(307, 155, 1, 1),
(308, 51, 1, 1),
(309, 52, 1, 1),
(310, 53, 1, 1),
(311, 56, 1, 1),
(312, 57, 1, 1),
(313, 59, 1, 1),
(314, 60, 1, 1),
(315, 156, 1, 1),
(316, 117, 1, 1),
(317, 61, 1, 1),
(318, 62, 1, 1),
(319, 54, 1, NULL),
(322, 153, 1, 1),
(329, 114, 1, 1),
(330, 154, 1, 1),
(337, 28, 2, 1),
(340, 31, 1, 1),
(343, 144, 1, NULL),
(344, 160, 1, 1),
(345, 161, 1, 1),
(346, 162, 1, 1),
(347, 163, 1, 1),
(348, 164, 1, 1),
(349, 165, 1, 1),
(350, 166, 1, 1),
(351, 167, 1, 1),
(352, 168, 1, NULL),
(387, 169, 1, NULL),
(392, 23, 1, NULL),
(393, 169, 2, NULL),
(394, 21, 2, NULL),
(396, 22, 2, NULL),
(404, 168, 2, NULL),
(407, 168, 3, NULL),
(409, 168, 4, NULL),
(415, 131, 1, NULL),
(420, 30, 1, NULL),
(422, 68, 1, NULL),
(423, 77, 1, NULL),
(424, 83, 1, NULL),
(425, 78, 1, NULL),
(426, 84, 1, NULL),
(427, 75, 1, NULL),
(428, 67, 1, NULL),
(429, 69, 1, NULL),
(430, 72, 1, NULL),
(431, 129, 1, NULL),
(432, 122, 1, NULL),
(433, 80, 1, NULL),
(434, 70, 1, NULL),
(435, 76, 1, NULL),
(436, 142, 1, NULL),
(437, 143, 1, NULL),
(440, 171, 1, NULL),
(485, 170, 1, NULL),
(505, 30, 2, NULL),
(508, 68, 2, 1),
(509, 77, 2, 1),
(510, 142, 2, 1),
(511, 72, 2, 1),
(512, 78, 2, 1),
(513, 122, 2, 1),
(514, 70, 2, 1),
(515, 143, 2, 1),
(516, 75, 2, 1),
(517, 129, 2, 1),
(518, 147, 2, 1),
(519, 69, 2, NULL),
(520, 80, 2, 1),
(521, 67, 2, 1),
(522, 76, 2, 1),
(523, 84, 2, 1),
(524, 83, 2, NULL),
(525, 23, 2, 1),
(526, 21, 3, 1),
(527, 22, 3, 1),
(528, 144, 2, 1),
(529, 131, 2, 1),
(532, 30, 3, 1),
(533, 130, 1, NULL),
(534, 152, 1, 1),
(535, 29, 2, 1),
(536, 168, 5, NULL),
(537, 27, 1, 1),
(539, 170, 2, NULL),
(540, 170, 3, NULL),
(541, 170, 4, 1),
(542, 55, 3, NULL),
(543, 54, 2, NULL),
(544, 172, 1, NULL),
(547, 134, 2, 1),
(548, 172, 2, 1),
(549, 176, 1, 1),
(550, 175, 1, 1),
(551, 177, 1, 1),
(552, 178, 1, 1),
(553, 179, 1, 1),
(554, 180, 1, 1),
(555, 181, 1, 1),
(556, 182, 1, 1),
(557, 183, 1, 1),
(558, 184, 1, 1),
(560, 157, 2, 1),
(561, 98, 2, 1),
(562, 100, 2, 1),
(563, 139, 2, 1),
(565, 171, 2, 1),
(566, 97, 2, 1),
(568, 93, 2, 1),
(570, 119, 2, 1),
(571, 138, 2, 1),
(572, 118, 1, 1),
(581, 134, 3, NULL),
(582, 54, 3, 1),
(583, 55, 4, 1),
(589, 189, 1, NULL),
(592, 190, 1, NULL),
(596, 191, 1, NULL),
(600, 48, 1, NULL),
(602, 49, 1, NULL),
(603, 195, 1, NULL),
(604, 195, 2, NULL),
(605, 195, 3, 1),
(607, 194, 1, NULL),
(608, 189, 2, NULL),
(610, 49, 2, NULL),
(611, 191, 2, NULL),
(612, 191, 3, NULL),
(614, 48, 2, NULL),
(615, 48, 3, NULL),
(616, 112, 1, NULL),
(619, 112, 2, NULL),
(624, 112, 3, NULL),
(626, 196, 1, NULL),
(627, 197, 1, NULL),
(628, 198, 1, NULL),
(629, 199, 1, NULL),
(632, 203, 1, NULL),
(634, 130, 2, NULL),
(635, 204, 1, NULL),
(636, 185, 1, NULL),
(641, 96, 2, NULL),
(643, 96, 3, NULL),
(644, 96, 4, NULL),
(646, 99, 2, NULL),
(647, 99, 3, NULL),
(650, 92, 2, NULL),
(651, 92, 3, NULL),
(668, 92, 1, NULL),
(670, 96, 1, NULL),
(672, 99, 1, NULL),
(673, 175, 2, NULL),
(674, 177, 2, NULL),
(675, 171, 3, NULL),
(676, 101, 1, NULL),
(677, 101, 2, NULL),
(678, 101, 3, NULL),
(679, 95, 1, NULL),
(680, 95, 2, NULL),
(681, 95, 3, NULL),
(682, 176, 2, NULL),
(683, 172, 3, NULL),
(684, 172, 4, NULL),
(693, 92, 4, 1),
(696, 101, 4, 1),
(697, 95, 4, 1),
(698, 96, 5, 1),
(699, 99, 4, 1),
(702, 83, 3, 1),
(703, 148, 2, 1),
(704, 71, 2, 1),
(705, 150, 2, 1),
(706, 204, 2, 1),
(707, 185, 2, 1),
(709, 130, 3, 1),
(710, 69, 3, 1),
(711, 149, 2, 1),
(712, 203, 2, 1),
(713, 127, 2, 1),
(714, 197, 2, 1),
(715, 198, 2, 1),
(716, 199, 2, 1),
(717, 196, 2, 1),
(718, 112, 4, 1),
(719, 191, 4, 1),
(720, 169, 3, 1),
(721, 168, 6, 1),
(722, 194, 2, 1),
(723, 48, 4, 1),
(724, 49, 3, 1),
(725, 189, 3, 1),
(726, 190, 2, 1);

-- --------------------------------------------------------

--
-- Table structure for table `xio8d_image_lang`
--

CREATE TABLE `xio8d_image_lang` (
  `id_image` int(10) UNSIGNED NOT NULL,
  `id_lang` int(10) UNSIGNED NOT NULL,
  `legend` varchar(128) DEFAULT NULL
) ENGINE=InnoDB DEFAULT CHARSET=utf8mb4 COLLATE=utf8mb4_general_ci;

--
-- Dumping data for table `xio8d_image_lang`
--

INSERT INTO `xio8d_image_lang` (`id_image`, `id_lang`, `legend`) VALUES
(55, 1, '- 1'),
(55, 2, '- 1'),
(55, 3, '- 1'),
(55, 4, '- 1'),
(55, 5, '- 1'),
(55, 6, '- 1'),
(56, 1, 'USANA® MySmart™Shake Optimiser Banana - 1'),
(56, 2, '- 1'),
(56, 3, '- 1'),
(56, 4, '- 1'),
(56, 5, 'USANA® MySmart™Shake Optimiser Banana - 1'),
(56, 6, 'USANA® MySmart™Shake Optimiser Banana - 1'),
(57, 1, '- 1'),
(57, 2, '- 1'),
(57, 3, '- 1'),
(57, 4, '- 1'),
(57, 5, '- 1'),
(57, 6, '- 1'),
(58, 1, 'USANA® MySmart™ Cappuccino Optimiser - 1'),
(58, 2, '- 1'),
(58, 3, '- 1'),
(58, 4, '- 1'),
(58, 5, 'USANA® MySmart™ Cappuccino Optimiser - 1'),
(58, 6, 'USANA® MySmart™ Cappuccino Optimiser - 1'),
(67, 1, '- 1'),
(67, 2, '- 1'),
(67, 3, '- 1'),
(67, 4, '- 1'),
(67, 5, '- 1'),
(67, 6, '- 1'),
(108, 1, '- 2'),
(108, 2, '- 2'),
(108, 3, '- 2'),
(108, 4, '- 2'),
(108, 5, '- 2'),
(108, 6, '- 2'),
(112, 1, '- 2'),
(112, 2, '- 2'),
(112, 3, '- 2'),
(112, 4, '- 2'),
(112, 5, '- 2'),
(112, 6, '- 2'),
(113, 1, 'USANA® MySmart™Shake Optimiser Banana - 2'),
(113, 2, '- 2'),
(113, 3, '- 2'),
(113, 4, '- 2'),
(113, 5, 'USANA® MySmart™Shake Optimiser Banana - 2'),
(113, 6, 'USANA® MySmart™Shake Optimiser Banana - 2'),
(114, 1, '- 2'),
(114, 2, '- 2'),
(114, 3, '- 2'),
(114, 4, '- 2'),
(114, 5, '- 2'),
(114, 6, '- 2'),
(115, 1, 'USANA® MySmart™ Cappuccino Optimiser - 2'),
(115, 2, '- 2'),
(115, 3, '- 2'),
(115, 4, '- 2'),
(115, 5, 'USANA® MySmart™ Cappuccino Optimiser - 2'),
(115, 6, 'USANA® MySmart™ Cappuccino Optimiser - 2'),
(150, 1, 'MySmart™ Shake Soy Shake Base - 1'),
(150, 2, '- 1'),
(150, 3, '- 1'),
(150, 4, '- 1'),
(150, 5, 'MySmart™ Shake Soy Shake Base - 1'),
(150, 6, 'MySmart™ Shake Soy Shake Base - 1'),
(151, 1, 'MySmart™ Shake Whey Shake Base - 1'),
(151, 2, '- 1'),
(151, 3, '- 1'),
(151, 4, '- 1'),
(151, 5, 'MySmart™ Shake Whey Shake Base - 1'),
(151, 6, 'MySmart™ Shake Whey Shake Base - 1'),
(154, 1, 'Celavive Protective Day Cream - 1'),
(154, 2, '- 1'),
(154, 3, '- 1'),
(154, 4, '- 1'),
(154, 5, 'Celavive Protective Day Cream - 1'),
(154, 6, 'Celavive Protective Day Cream - 1'),
(157, 1, 'Celavive Protective Day Lotion - 1'),
(157, 2, '- 1'),
(157, 3, '- 1'),
(157, 4, '- 1'),
(157, 5, 'Celavive Protective Day Lotion - 1'),
(157, 6, 'Celavive Protective Day Lotion - 1'),
(158, 1, 'Celavive Replenishing Night Cream - 1'),
(158, 2, '- 1'),
(158, 3, '- 1'),
(158, 4, '- 1'),
(158, 5, 'Celavive Replenishing Night Cream - 1'),
(158, 6, 'Celavive Replenishing Night Cream - 1'),
(160, 1, 'Celavive Replenishing Night Gel - 1'),
(160, 2, '- 1'),
(160, 3, '- 1'),
(160, 4, '- 1'),
(160, 5, 'Celavive Replenishing Night Gel - 1'),
(160, 6, 'Celavive Replenishing Night Gel - 1'),
(162, 1, 'Proflavanol® - 1'),
(162, 2, '- 1'),
(162, 3, '- 1'),
(162, 4, '- 1'),
(162, 5, 'Proflavanol® - 1'),
(162, 6, 'Proflavanol® - 1'),
(163, 1, 'E-Prime™ - 1'),
(163, 2, '- 1'),
(163, 3, '- 1'),
(163, 4, '- 1'),
(163, 5, 'E-Prime™ - 1'),
(163, 6, 'E-Prime™ - 1'),
(164, 1, 'USANA BlenderBottle® - 1'),
(164, 2, '- 1'),
(164, 3, '- 1'),
(164, 4, '- 1'),
(164, 5, 'USANA BlenderBottle® - 1'),
(164, 6, 'USANA BlenderBottle® - 1'),
(169, 1, 'Poly C - 1'),
(169, 2, '- 1'),
(169, 3, '- 1'),
(169, 4, '- 1'),
(169, 5, 'Poly C - 1'),
(169, 6, 'Poly C - 1'),
(170, 1, 'Celavive Basic Pack - OC - 1'),
(170, 2, '- 1'),
(170, 3, '- 1'),
(170, 4, '- 1'),
(170, 5, 'Celavive Basic Pack - OC - 1'),
(170, 6, 'Celavive Basic Pack - OC - 1'),
(173, 1, 'USANA® Core Minerals™ EU - 1'),
(173, 2, '- 1'),
(173, 3, '- 1'),
(173, 4, '- 1'),
(173, 5, 'USANA® Core Minerals™ EU - 1'),
(173, 6, 'USANA® Core Minerals™ EU - 1'),
(174, 1, 'USANA® HealthPak™ - 1'),
(174, 2, '- 1'),
(174, 3, '- 1'),
(174, 4, '- 1'),
(174, 5, 'USANA® HealthPak™ - 1'),
(174, 6, 'USANA® HealthPak™ - 1'),
(175, 1, 'USANA Body Rox® - 1'),
(175, 2, '- 1'),
(175, 3, '- 1'),
(175, 4, '- 1'),
(175, 5, 'USANA Body Rox® - 1'),
(175, 6, 'USANA Body Rox® - 1'),
(176, 1, 'USANA Proflavanol® C100 - 1'),
(176, 2, '- 1'),
(176, 3, '- 1'),
(176, 4, '- 1'),
(176, 5, 'USANA Proflavanol® C100 - 1'),
(176, 6, 'USANA Proflavanol® C100 - 1'),
(189, 1, 'USANA® MySmart™ Shake Soy Shake Base - 1'),
(189, 2, '- 1'),
(189, 3, '- 1'),
(189, 4, '- 1'),
(189, 5, 'USANA® MySmart™ Shake Soy Shake Base - 1'),
(189, 6, 'USANA® MySmart™ Shake Soy Shake Base - 1'),
(192, 1, 'USANA® MySmart™ Shake Plant Shake Base - 1'),
(192, 2, '- 1'),
(192, 3, '- 1'),
(192, 4, '- 1'),
(192, 5, 'USANA® MySmart™ Shake Plant Shake Base - 1'),
(192, 6, 'USANA® MySmart™ Shake Plant Shake Base - 1'),
(195, 1, 'USANA® MySmart™ Shake Whey Shake Base - 1'),
(195, 2, '- 1'),
(195, 3, '- 1'),
(195, 4, '- 1'),
(195, 5, 'USANA® MySmart™ Shake Whey Shake Base - 1'),
(195, 6, 'USANA® MySmart™ Shake Whey Shake Base - 1'),
(196, 1, '- 1'),
(196, 2, '- 1'),
(196, 3, '- 1'),
(196, 4, '- 1'),
(196, 5, '- 1'),
(196, 6, '- 1'),
(203, 1, 'Celavive Basic Pack - DS - 1'),
(203, 2, '- 1'),
(203, 3, '- 1'),
(203, 4, '- 1'),
(203, 5, 'Celavive Basic Pack - DS - 1'),
(203, 6, 'Celavive Basic Pack - DS - 1'),
(215, 1, 'Ginkgo-PS™ - 1'),
(215, 2, '- 1'),
(215, 3, '- 1'),
(215, 4, '- 1'),
(215, 5, 'Ginkgo-PS™ - 1'),
(215, 6, 'Ginkgo-PS™ - 1'),
(221, 1, 'Celavive Hydrating & Lifting Sheet Mask - 2'),
(221, 2, '- 2'),
(221, 3, '- 2'),
(221, 4, '- 2'),
(221, 5, 'Celavive Hydrating & Lifting Sheet Mask - 2'),
(221, 6, 'Celavive Hydrating & Lifting Sheet Mask - 2'),
(222, 1, 'Celavive - Gentle Milk Cleanser - 1'),
(222, 2, '- 1'),
(222, 3, '- 1'),
(222, 4, '- 1'),
(222, 5, 'Celavive - Gentle Milk Cleanser - 1'),
(222, 6, 'Celavive - Gentle Milk Cleanser - 1'),
(228, 1, 'Oral Probiotic® - 1'),
(228, 2, '- 1'),
(228, 3, '- 1'),
(228, 4, '- 1'),
(228, 5, 'Oral Probiotic® - 1'),
(228, 6, 'Oral Probiotic® - 1'),
(230, 1, 'Whitening Toothpaste Featuring ADP-1 USANA® - 1'),
(230, 2, '- 1'),
(230, 3, '- 1'),
(230, 4, '- 1'),
(230, 5, 'Whitening Toothpaste Featuring ADP-1 USANA® - 1'),
(230, 6, 'Whitening Toothpaste Featuring ADP-1 USANA® - 1'),
(231, 1, '- 1'),
(231, 2, '- 1'),
(231, 3, '- 1'),
(231, 4, '- 1'),
(231, 5, '- 1'),
(231, 6, '- 1'),
(243, 1, 'USANA® Calm Response - 1'),
(243, 2, '- 1'),
(243, 3, '- 1'),
(243, 4, '- 1'),
(243, 5, 'USANA® Calm Response - 1'),
(243, 6, 'USANA® Calm Response - 1'),
(244, 1, 'USANA Mind + Balance'),
(244, 2, '- 1'),
(244, 3, '- 1'),
(244, 4, '- 1'),
(244, 5, 'USANA Mind + Balance'),
(244, 6, 'USANA Mind + Balance'),
(245, 1, 'Celavive Light Complexion Serum - 1'),
(245, 2, '- 1'),
(245, 3, '- 1'),
(245, 4, '- 1'),
(245, 5, 'Celavive Light Complexion Serum - 1'),
(245, 6, 'Celavive Light Complexion Serum - 1'),
(246, 1, 'Celavive Vivid White Sheet Mask - 1'),
(246, 2, '- 1'),
(246, 3, '- 1'),
(246, 4, '- 1'),
(246, 5, 'Celavive Vivid White Sheet Mask - 1'),
(246, 6, 'Celavive Vivid White Sheet Mask - 1'),
(247, 1, 'Celavive Dark Spot Corrector - 1'),
(247, 2, '- 1'),
(247, 3, '- 1'),
(247, 4, '- 1'),
(247, 5, 'Celavive Dark Spot Corrector - 1'),
(247, 6, 'Celavive Dark Spot Corrector - 1'),
(248, 1, 'Celavive Exfoliating Scrub + Mask - 1'),
(248, 2, '- 1'),
(248, 3, '- 1'),
(248, 4, '- 1'),
(248, 5, 'Celavive Exfoliating Scrub + Mask - 1'),
(248, 6, 'Celavive Exfoliating Scrub + Mask - 1'),
(249, 1, 'Celavive Luminous Moisture Cream - 1'),
(249, 2, '- 1'),
(249, 3, '- 1'),
(249, 4, '- 1'),
(249, 5, 'Celavive Luminous Moisture Cream - 1'),
(249, 6, 'Celavive Luminous Moisture Cream - 1'),
(250, 1, 'Nutrimeal™ Dutch Chocolate - 14 Single Servings - 1'),
(250, 2, '- 1'),
(250, 3, '- 1'),
(250, 4, '- 1'),
(250, 5, 'Nutrimeal™ Dutch Chocolate - 14 Single Servings - 1'),
(250, 6, 'Nutrimeal™ Dutch Chocolate - 14 Single Servings - 1'),
(251, 1, 'Nutrimeal™ French Vanilla - 14 Single Servings - 1'),
(251, 2, '- 1'),
(251, 3, '- 1'),
(251, 4, '- 1'),
(251, 5, 'Nutrimeal™ French Vanilla - 14 Single Servings - 1'),
(251, 6, 'Nutrimeal™ French Vanilla - 14 Single Servings - 1'),
(253, 1, 'Nutrimeal™ Wild Strawberry - 14 Single Servings - 1'),
(253, 2, '- 1'),
(253, 3, '- 1'),
(253, 4, '- 1'),
(253, 5, 'Nutrimeal™ Wild Strawberry - 14 Single Servings - 1'),
(253, 6, 'Nutrimeal™ Wild Strawberry - 14 Single Servings - 1'),
(257, 1, '- 1'),
(257, 2, '- 1'),
(257, 3, '- 1'),
(257, 4, '- 1'),
(257, 5, '- 1'),
(257, 6, '- 1'),
(266, 1, 'MySmart™ Shake Soy Protein Plus Booster'),
(266, 2, '- 1'),
(266, 3, '- 1'),
(266, 4, '- 1'),
(266, 5, 'MySmart™ Shake Soy Protein Plus Booster'),
(266, 6, 'MySmart™ Shake Soy Protein Plus Booster'),
(268, 1, 'USANA Metabolism+'),
(268, 2, '- 1'),
(268, 3, '- 1'),
(268, 4, '- 1'),
(268, 5, 'USANA Metabolism+'),
(268, 6, 'USANA Metabolism+'),
(270, 1, 'Detox Tea Drink - 1'),
(270, 2, '- 1'),
(270, 3, '- 1'),
(270, 4, '- 1'),
(270, 5, 'Detox Tea Drink - 1'),
(270, 6, 'Detox Tea Drink - 1'),
(271, 1, 'Fibergy Active - 1'),
(271, 2, '- 1'),
(271, 3, '- 1'),
(271, 4, '- 1'),
(271, 5, 'Fibergy Active - 1'),
(271, 6, 'Fibergy Active - 1'),
(273, 1, 'Nutrimeal Active Soy Chocolate Protein Meal Replacement Shake - 1'),
(273, 2, 'Nutrimeal Active Soy Chocolate Protein Meal Replacement Shake - 1'),
(273, 3, 'Nutrimeal Active Soy Chocolate Protein Meal Replacement Shake - 1'),
(273, 4, 'Nutrimeal Active Soy Chocolate Protein Meal Replacement Shake - 1'),
(273, 5, 'Nutrimeal Active Soy Chocolate Protein Meal Replacement Shake - 1'),
(273, 6, 'Nutrimeal Active Soy Chocolate Protein Meal Replacement Shake - 1'),
(275, 1, 'Nutrimeal Active Soy Vanilla Protein Meal Replacement Shake - 1'),
(275, 2, '- 1'),
(275, 3, '- 1'),
(275, 4, '- 1'),
(275, 5, 'Nutrimeal Active Soy Vanilla Protein Meal Replacement Shake - 1'),
(275, 6, 'Nutrimeal Active Soy Vanilla Protein Meal Replacement Shake - 1'),
(289, 1, 'Celavive Radiant Facial Oil - 1'),
(289, 2, '- 1'),
(289, 3, '- 1'),
(289, 4, '- 1'),
(289, 5, 'Celavive Radiant Facial Oil - 1'),
(289, 6, 'Celavive Radiant Facial Oil - 1'),
(293, 1, 'USANA Electrolyte Replacement Drink'),
(293, 2, '- 1'),
(293, 3, '- 1'),
(293, 4, '- 1'),
(293, 5, 'USANA Electrolyte Replacement Drink'),
(293, 6, 'USANA Electrolyte Replacement Drink'),
(299, 1, 'USANA Body Rox® - 2'),
(299, 2, '- 2'),
(299, 3, '- 2'),
(299, 4, '- 2'),
(299, 5, 'USANA Body Rox® - 2'),
(299, 6, 'USANA Body Rox® - 2'),
(301, 1, 'USANA BlenderBottle® - 1'),
(301, 2, '- 1'),
(301, 3, '- 1'),
(301, 4, '- 1'),
(301, 5, 'USANA BlenderBottle® - 1'),
(301, 6, 'USANA BlenderBottle® - 1'),
(303, 1, 'USANA Chocolate Nutrimeal Pouches - 1'),
(303, 2, '- 1'),
(303, 3, '- 1'),
(303, 4, '- 1'),
(303, 5, 'USANA Chocolate Nutrimeal Pouches - 1'),
(303, 6, 'USANA Chocolate Nutrimeal Pouches - 1'),
(306, 1, 'USANA Vanilla Nutrimeal Pouches - 1'),
(306, 2, '- 1'),
(306, 3, '- 1'),
(306, 4, '- 1'),
(306, 5, 'USANA Vanilla Nutrimeal Pouches - 1'),
(306, 6, 'USANA Vanilla Nutrimeal Pouches - 1'),
(307, 1, 'USANA® Celavive™ Conditioning Makeup Remover - 1'),
(307, 2, '- 1'),
(307, 3, '- 1'),
(307, 4, '- 1'),
(307, 5, 'USANA® Celavive™ Conditioning Makeup Remover - 1'),
(307, 6, 'USANA® Celavive™ Conditioning Makeup Remover - 1'),
(308, 1, 'USANA® Celavive™ Perfecting Toner - 1'),
(308, 2, '- 1'),
(308, 3, '- 1'),
(308, 4, '- 1'),
(308, 5, 'USANA® Celavive™ Perfecting Toner - 1'),
(308, 6, 'USANA® Celavive™ Perfecting Toner - 1'),
(309, 1, 'USANA® Celavive™ Gentle Milk Cleanser - 1'),
(309, 2, '- 1'),
(309, 3, '- 1'),
(309, 4, '- 1'),
(309, 5, 'USANA® Celavive™ Gentle Milk Cleanser - 1'),
(309, 6, 'USANA® Celavive™ Gentle Milk Cleanser - 1'),
(310, 1, 'USANA® Celavive™ Creamy Foam Cleanse - 1'),
(310, 2, '- 1'),
(310, 3, '- 1'),
(310, 4, '- 1'),
(310, 5, 'USANA® Celavive™ Creamy Foam Cleanse - 1'),
(310, 6, 'USANA® Celavive™ Creamy Foam Cleanse - 1'),
(311, 1, '- 1'),
(311, 2, '- 1'),
(311, 3, '- 1'),
(311, 4, '- 1'),
(311, 5, '- 1'),
(311, 6, '- 1'),
(312, 1, '- 1'),
(312, 2, '- 1'),
(312, 3, '- 1'),
(312, 4, '- 1'),
(312, 5, '- 1'),
(312, 6, '- 1'),
(313, 1, '- 1'),
(313, 2, '- 1'),
(313, 3, '- 1'),
(313, 4, '- 1'),
(313, 5, '- 1'),
(313, 6, '- 1'),
(314, 1, 'Celavive™ Hydrating Eye Essence - 1'),
(314, 2, '- 1'),
(314, 3, '- 1'),
(314, 4, '- 1'),
(314, 5, 'Celavive™ Hydrating Eye Essence - 1'),
(314, 6, 'Celavive™ Hydrating Eye Essence - 1'),
(315, 1, 'copy of USANA® Celavive™ Protective Day Cream - 1'),
(315, 2, '- 1'),
(315, 3, '- 1'),
(315, 4, '- 1'),
(315, 5, 'copy of USANA® Celavive™ Protective Day Cream - 1'),
(315, 6, 'copy of USANA® Celavive™ Protective Day Cream - 1'),
(316, 1, '- 1'),
(316, 2, '- 1'),
(316, 3, '- 1'),
(316, 4, '- 1'),
(316, 5, '- 1'),
(316, 6, '- 1'),
(317, 1, '- 1'),
(317, 2, '- 1'),
(317, 3, '- 1'),
(317, 4, '- 1'),
(317, 5, '- 1'),
(317, 6, '- 1'),
(318, 1, '- 1'),
(318, 2, '- 1'),
(318, 3, '- 1'),
(318, 4, '- 1'),
(318, 5, '- 1'),
(318, 6, '- 1'),
(319, 1, '- 1'),
(319, 2, '- 1'),
(319, 3, '- 1'),
(319, 4, '- 1'),
(319, 5, '- 1'),
(319, 6, '- 1'),
(322, 1, 'copy of USANA Body Rox® - 1'),
(322, 2, '- 1'),
(322, 3, '- 1'),
(322, 4, '- 1'),
(322, 5, 'copy of USANA Body Rox® - 1'),
(322, 6, 'copy of USANA Body Rox® - 1'),
(329, 1, 'USANA® Be Healthy Kit - 1'),
(329, 2, '- 1'),
(329, 3, '- 1'),
(329, 4, '- 1'),
(329, 5, 'USANA® Be Healthy Kit - 1'),
(329, 6, 'USANA® Be Healthy Kit - 1'),
(330, 1, 'USANA® Calm Response Balm - 1'),
(330, 2, '- 1'),
(330, 3, '- 1'),
(330, 4, '- 1'),
(330, 5, 'USANA® Calm Response Balm - 1'),
(330, 6, 'USANA® Calm Response Balm - 1'),
(337, 1, 'USANA Proflavanol® C100 - 2'),
(337, 2, '- 2'),
(337, 3, '- 2'),
(337, 4, '- 2'),
(337, 5, 'USANA Proflavanol® C100 - 2'),
(337, 6, 'USANA Proflavanol® C100 - 2'),
(340, 1, 'USANA Procosa® - 1'),
(340, 2, '- 1'),
(340, 3, '- 1'),
(340, 4, '- 1'),
(340, 5, 'USANA Procosa® - 1'),
(340, 6, 'USANA Procosa® - 1'),
(343, 1, 'USANA Proglucamune - 1'),
(343, 2, '- 1'),
(343, 3, '- 1'),
(343, 4, '- 1'),
(343, 5, 'USANA Proglucamune - 1'),
(343, 6, 'USANA Proglucamune - 1'),
(344, 1, 'USANA Start Something Active Pack'),
(344, 2, '- 1'),
(344, 3, '- 1'),
(344, 4, '- 1'),
(344, 5, 'USANA Start Something Active Pack'),
(344, 6, 'USANA Start Something Active Pack'),
(345, 1, 'USANA Start Something Simple Pack'),
(345, 2, '- 1'),
(345, 3, '- 1'),
(345, 4, '- 1'),
(345, 5, 'USANA Start Something Simple Pack'),
(345, 6, 'USANA Start Something Simple Pack'),
(346, 1, 'USANA Essentials Bundle'),
(346, 2, '- 1'),
(346, 3, '- 1'),
(346, 4, '- 1'),
(346, 5, 'USANA Essentials Bundle'),
(346, 6, 'USANA Essentials Bundle'),
(347, 1, 'USANA Live USANA Core Pack'),
(347, 2, '- 1'),
(347, 3, '- 1'),
(347, 4, '- 1'),
(347, 5, 'USANA Live USANA Core Pack'),
(347, 6, 'USANA Live USANA Core Pack'),
(348, 1, 'USANA UK Immunity Special Edition Pack'),
(348, 2, '- 1'),
(348, 3, '- 1'),
(348, 4, '- 1'),
(348, 5, 'USANA UK Immunity Special Edition Pack'),
(348, 6, 'USANA UK Immunity Special Edition Pack'),
(349, 1, 'USANA Detox Special Edition Pack - 1'),
(349, 2, '- 1'),
(349, 3, '- 1'),
(349, 4, '- 1'),
(349, 5, 'USANA Detox Special Edition Pack - 1'),
(349, 6, 'USANA Detox Special Edition Pack - 1'),
(350, 1, 'USANA UK Oral Probiotic'),
(350, 2, '- 1'),
(350, 3, '- 1'),
(350, 4, '- 1'),
(350, 5, 'USANA UK Oral Probiotic'),
(350, 6, 'USANA UK Oral Probiotic'),
(351, 1, 'UK USANA® Whitening Toothpaste featuring ADP-1'),
(351, 2, '- 1'),
(351, 3, '- 1'),
(351, 4, '- 1'),
(351, 5, 'UK USANA® Whitening Toothpaste featuring ADP-1'),
(351, 6, 'UK USANA® Whitening Toothpaste featuring ADP-1'),
(352, 1, 'USANA Uk Metabolism Plus'),
(352, 2, '- 1'),
(352, 3, '- 1'),
(352, 4, '- 1'),
(352, 5, 'USANA Uk Metabolism Plus'),
(352, 6, 'USANA Uk Metabolism Plus'),
(387, 1, 'USANA UK Cellsentials'),
(387, 2, '- 1'),
(387, 3, '- 1'),
(387, 4, '- 1'),
(387, 5, 'USANA UK Cellsentials'),
(387, 6, 'USANA UK Cellsentials'),
(392, 1, 'USANA Vita Antioxidant'),
(392, 2, '- 1'),
(392, 3, '- 1'),
(392, 4, '- 1'),
(392, 5, 'USANA Vita Antioxidant'),
(392, 6, 'USANA Vita Antioxidant'),
(393, 1, 'USANA UK Cellsentials'),
(393, 2, '- 2'),
(393, 3, '- 2'),
(393, 4, '- 2'),
(393, 5, 'USANA UK Cellsentials'),
(393, 6, 'USANA UK Cellsentials'),
(394, 1, 'USANA Core Mineral'),
(394, 2, '- 2'),
(394, 3, '- 2'),
(394, 4, '- 2'),
(394, 5, 'USANA Core Mineral'),
(394, 6, 'USANA Core Mineral'),
(396, 1, 'USANA HealthPak'),
(396, 2, '- 2'),
(396, 3, '- 2'),
(396, 4, '- 2'),
(396, 5, 'USANA HealthPak'),
(396, 6, 'USANA HealthPak'),
(404, 1, 'USANA Uk Metabolism Plus'),
(404, 2, '- 2'),
(404, 3, '- 2'),
(404, 4, '- 2'),
(404, 5, 'USANA Uk Metabolism Plus'),
(404, 6, 'USANA Uk Metabolism Plus'),
(407, 1, 'USANA Metabolism+ - 3'),
(407, 2, '- 3'),
(407, 3, '- 3'),
(407, 4, '- 3'),
(407, 5, 'USANA Metabolism+ - 3'),
(407, 6, 'USANA Metabolism+ - 3'),
(409, 1, 'USANA Metabolism'),
(409, 2, '- 4'),
(409, 3, '- 4'),
(409, 4, '- 4'),
(409, 5, 'USANA Metabolism'),
(409, 6, 'USANA Metabolism'),
(415, 1, 'USANA UK Proflavanol C200'),
(415, 2, '- 1'),
(415, 3, '- 1'),
(415, 4, '- 1'),
(415, 5, 'USANA UK Proflavanol C200'),
(415, 6, 'USANA UK Proflavanol C200'),
(420, 1, '- 1'),
(420, 2, '- 1'),
(420, 3, '- 1'),
(420, 4, '- 1'),
(420, 5, '- 1'),
(420, 6, '- 1'),
(422, 1, 'USANA CellSentials™'),
(422, 2, '- 1'),
(422, 3, '- 1'),
(422, 4, '- 1'),
(422, 5, 'USANA CellSentials™'),
(422, 6, 'USANA CellSentials™'),
(423, 1, 'USANA Usanimals'),
(423, 2, '- 1'),
(423, 3, '- 1'),
(423, 4, '- 1'),
(423, 5, 'USANA Usanimals'),
(423, 6, 'USANA Usanimals'),
(424, 1, 'USANA Singapore Probiotic'),
(424, 2, '- 1'),
(424, 3, '- 1'),
(424, 4, '- 1'),
(424, 5, 'USANA Singapore Probiotic'),
(424, 6, 'USANA Singapore Probiotic'),
(425, 1, 'USANA Proflavanol® C100'),
(425, 2, '- 1'),
(425, 3, '- 1'),
(425, 4, '- 1'),
(425, 5, 'USANA Proflavanol® C100'),
(425, 6, 'USANA Proflavanol® C100'),
(426, 1, 'USANA Digestive Enzyme'),
(426, 2, '- 1'),
(426, 3, '- 1'),
(426, 4, '- 1'),
(426, 5, 'USANA Digestive Enzyme'),
(426, 6, 'USANA Digestive Enzyme'),
(427, 1, 'USANA Visionex DS'),
(427, 2, '- 1'),
(427, 3, '- 1'),
(427, 4, '- 1'),
(427, 5, 'USANA Visionex DS'),
(427, 6, 'USANA Visionex DS'),
(428, 1, 'USANA MagneCal D™'),
(428, 2, '- 1'),
(428, 3, '- 1'),
(428, 4, '- 1'),
(428, 5, 'USANA MagneCal D™'),
(428, 6, 'USANA MagneCal D™'),
(429, 1, 'USANA BiOmega'),
(429, 2, '- 1'),
(429, 3, '- 1'),
(429, 4, '- 1'),
(429, 5, 'USANA BiOmega'),
(429, 6, 'USANA BiOmega'),
(430, 1, 'USANA CoQuinone™ 30'),
(430, 2, '- 1'),
(430, 3, '- 1'),
(430, 4, '- 1'),
(430, 5, 'USANA CoQuinone™ 30'),
(430, 6, 'USANA CoQuinone™ 30'),
(431, 1, 'USANA CopaPrime+'),
(431, 2, '- 1'),
(431, 3, '- 1'),
(431, 4, '- 1'),
(431, 5, 'USANA CopaPrime+'),
(431, 6, 'USANA CopaPrime+'),
(432, 1, 'USANA Palmetto Plus™'),
(432, 2, '- 1'),
(432, 3, '- 1'),
(432, 4, '- 1'),
(432, 5, 'USANA Palmetto Plus™'),
(432, 6, 'USANA Palmetto Plus™'),
(433, 1, 'USANA EstroPro™'),
(433, 2, '- 1'),
(433, 3, '- 1'),
(433, 4, '- 1'),
(433, 5, 'USANA EstroPro™'),
(433, 6, 'USANA EstroPro™'),
(434, 1, 'USANA Procosa'),
(434, 2, '- 1'),
(434, 3, '- 1'),
(434, 4, '- 1'),
(434, 5, 'USANA Procosa'),
(434, 6, 'USANA Procosa'),
(435, 1, 'USANA Hepasil DTX™'),
(435, 2, '- 1'),
(435, 3, '- 1'),
(435, 4, '- 1'),
(435, 5, 'USANA Hepasil DTX™'),
(435, 6, 'USANA Hepasil DTX™'),
(436, 1, 'USANA CoQuinone 100'),
(436, 2, '- 1'),
(436, 3, '- 1'),
(436, 4, '- 1'),
(436, 5, 'USANA CoQuinone 100'),
(436, 6, 'USANA CoQuinone 100'),
(437, 1, 'USANA Booster C 600'),
(437, 2, '- 1'),
(437, 3, '- 1'),
(437, 4, '- 1'),
(437, 5, 'USANA Booster C 600'),
(437, 6, 'USANA Booster C 600'),
(440, 1, 'Celavive Postbiotic Soothing Moisturizer usana sg'),
(440, 2, '- 1'),
(440, 3, '- 1'),
(440, 4, '- 1'),
(440, 5, 'Celavive Postbiotic Soothing Moisturizer usana sg'),
(440, 6, 'Celavive Postbiotic Soothing Moisturizer usana sg'),
(485, 1, 'USANA Visionex'),
(485, 2, '- 1'),
(485, 3, '- 1'),
(485, 4, '- 1'),
(485, 5, 'USANA Visionex'),
(485, 6, 'USANA Visionex'),
(505, 1, 'usana uk biomega'),
(505, 2, '- 2'),
(505, 3, '- 2'),
(505, 4, '- 2'),
(505, 5, 'usana uk biomega'),
(505, 6, 'usana uk biomega'),
(508, 1, 'USANA CellSentials™'),
(508, 2, '- 2'),
(508, 3, '- 2'),
(508, 4, '- 2'),
(508, 5, 'USANA CellSentials™'),
(508, 6, 'USANA CellSentials™'),
(509, 1, 'USANA Usanimals'),
(509, 2, '- 2'),
(509, 3, '- 2'),
(509, 4, '- 2'),
(509, 5, 'USANA Usanimals'),
(509, 6, 'USANA Usanimals'),
(510, 1, 'USANA CoQuinone 100'),
(510, 2, '- 2'),
(510, 3, '- 2'),
(510, 4, '- 2'),
(510, 5, 'USANA CoQuinone 100'),
(510, 6, 'USANA CoQuinone 100'),
(511, 1, 'USANA CoQuinone™ 30'),
(511, 2, '- 2'),
(511, 3, '- 2'),
(511, 4, '- 2'),
(511, 5, 'USANA CoQuinone™ 30'),
(511, 6, 'USANA CoQuinone™ 30'),
(512, 1, 'USANA Proflavanol® C100'),
(512, 2, '- 2'),
(512, 3, '- 2'),
(512, 4, '- 2'),
(512, 5, 'USANA Proflavanol® C100'),
(512, 6, 'USANA Proflavanol® C100'),
(513, 1, 'USANA Palmetto Plus™'),
(513, 2, '- 2'),
(513, 3, '- 2'),
(513, 4, '- 2'),
(513, 5, 'USANA Palmetto Plus™'),
(513, 6, 'USANA Palmetto Plus™'),
(514, 1, 'USANA Procosa'),
(514, 2, '- 2'),
(514, 3, '- 2'),
(514, 4, '- 2'),
(514, 5, 'USANA Procosa'),
(514, 6, 'USANA Procosa'),
(515, 1, 'USANA Booster C 600'),
(515, 2, '- 2'),
(515, 3, '- 2'),
(515, 4, '- 2'),
(515, 5, 'USANA Booster C 600'),
(515, 6, 'USANA Booster C 600'),
(516, 1, 'USANA Visionex DS'),
(516, 2, '- 2'),
(516, 3, '- 2'),
(516, 4, '- 2'),
(516, 5, 'USANA Visionex DS'),
(516, 6, 'USANA Visionex DS'),
(517, 1, 'USANA CopaPrime+'),
(517, 2, '- 2'),
(517, 3, '- 2'),
(517, 4, '- 2'),
(517, 5, 'USANA CopaPrime+'),
(517, 6, 'USANA CopaPrime+'),
(518, 1, 'USANA Metabolism+'),
(518, 2, '- 2'),
(518, 3, '- 2'),
(518, 4, '- 2'),
(518, 5, 'USANA Metabolism+'),
(518, 6, 'USANA Metabolism+'),
(519, 1, 'USANA BiOmega'),
(519, 2, '- 2'),
(519, 3, '- 2'),
(519, 4, '- 2'),
(519, 5, 'USANA BiOmega'),
(519, 6, 'USANA BiOmega'),
(520, 1, 'USANA EstroPro™'),
(520, 2, '- 2'),
(520, 3, '- 2'),
(520, 4, '- 2'),
(520, 5, 'USANA EstroPro™'),
(520, 6, 'USANA EstroPro™'),
(521, 1, 'USANA MagneCal D™'),
(521, 2, '- 2'),
(521, 3, '- 2'),
(521, 4, '- 2'),
(521, 5, 'USANA MagneCal D™'),
(521, 6, 'USANA MagneCal D™'),
(522, 1, 'Hepasil DTX™ - 2'),
(522, 2, '- 2'),
(522, 3, '- 2'),
(522, 4, '- 2'),
(522, 5, 'Hepasil DTX™ - 2'),
(522, 6, 'Hepasil DTX™ - 2'),
(523, 1, 'USANA Digestive Enzyme'),
(523, 2, '- 2'),
(523, 3, '- 2'),
(523, 4, '- 2'),
(523, 5, 'USANA Digestive Enzyme'),
(523, 6, 'USANA Digestive Enzyme'),
(524, 1, 'USANA Singapore Probiotic'),
(524, 2, '- 2'),
(524, 3, '- 2'),
(524, 4, '- 2'),
(524, 5, 'USANA Singapore Probiotic'),
(524, 6, 'USANA Singapore Probiotic'),
(525, 1, 'USANA® Vita-Antioxidant - 2'),
(525, 2, '- 2'),
(525, 3, '- 2'),
(525, 4, '- 2'),
(525, 5, 'USANA® Vita-Antioxidant - 2'),
(525, 6, 'USANA® Vita-Antioxidant - 2'),
(526, 1, 'USANA® Core Minerals™ EU - 3'),
(526, 2, '- 3'),
(526, 3, '- 3'),
(526, 4, '- 3'),
(526, 5, 'USANA® Core Minerals™ EU - 3'),
(526, 6, 'USANA® Core Minerals™ EU - 3'),
(527, 1, 'USANA® HealthPak™ - 3'),
(527, 2, '- 3'),
(527, 3, '- 3'),
(527, 4, '- 3'),
(527, 5, 'USANA® HealthPak™ - 3'),
(527, 6, 'USANA® HealthPak™ - 3'),
(528, 1, 'USANA Proglucamune - 2'),
(528, 2, '- 2'),
(528, 3, '- 2'),
(528, 4, '- 2'),
(528, 5, 'USANA Proglucamune - 2'),
(528, 6, 'USANA Proglucamune - 2'),
(529, 1, 'USANA Proflavanol C200'),
(529, 2, '- 2'),
(529, 3, '- 2'),
(529, 4, '- 2'),
(529, 5, 'USANA Proflavanol C200'),
(529, 6, 'USANA Proflavanol C200'),
(532, 1, '- 3'),
(532, 2, '- 3'),
(532, 3, '- 3'),
(532, 4, '- 3'),
(532, 5, '- 3'),
(532, 6, '- 3'),
(533, 1, 'USANA Vitamin D'),
(533, 2, '- 1'),
(533, 3, '- 1'),
(533, 4, '- 1'),
(533, 5, 'USANA Vitamin D'),
(533, 6, 'USANA Vitamin D'),
(534, 1, 'USANA UK Poly C'),
(534, 2, '- 1'),
(534, 3, '- 1'),
(534, 4, '- 1'),
(534, 5, 'USANA UK Poly C'),
(534, 6, 'USANA UK Poly C'),
(535, 1, 'USANA UK MagneCal D'),
(535, 2, '- 2'),
(535, 3, '- 2'),
(535, 4, '- 2'),
(535, 5, 'USANA UK MagneCal D'),
(535, 6, 'USANA UK MagneCal D'),
(536, 1, 'USANA Metabolism+ - 5'),
(536, 2, '- 5'),
(536, 3, '- 5'),
(536, 4, '- 5'),
(536, 5, 'USANA Metabolism+ - 5'),
(536, 6, 'USANA Metabolism+ - 5'),
(537, 1, 'USANA Probiotics'),
(537, 2, '- 1'),
(537, 3, '- 1'),
(537, 4, '- 1'),
(537, 5, 'USANA Probiotics'),
(537, 6, 'USANA Probiotics'),
(539, 1, 'USANA Visionex - 2'),
(539, 2, '- 2'),
(539, 3, '- 2'),
(539, 4, '- 2'),
(539, 5, 'USANA Visionex - 2'),
(539, 6, 'USANA Visionex - 2'),
(540, 1, 'USANA Visionex - 3'),
(540, 2, '- 3'),
(540, 3, '- 3'),
(540, 4, '- 3'),
(540, 5, 'USANA Visionex - 3'),
(540, 6, 'USANA Visionex - 3'),
(541, 1, 'USANA Visionex - 4'),
(541, 2, '- 4'),
(541, 3, '- 4'),
(541, 4, '- 4'),
(541, 5, 'USANA Visionex - 4'),
(541, 6, 'USANA Visionex - 4'),
(542, 1, '- 3'),
(542, 2, '- 3'),
(542, 3, '- 3'),
(542, 4, '- 3'),
(542, 5, '- 3'),
(542, 6, '- 3'),
(543, 1, '- 2'),
(543, 2, '- 2'),
(543, 3, '- 2'),
(543, 4, '- 2'),
(543, 5, '- 2'),
(543, 6, '- 2'),
(544, 1, 'Celavive Resurfacing Serum - 1'),
(544, 2, '- 1'),
(544, 3, '- 1'),
(544, 4, '- 1'),
(544, 5, 'Celavive Resurfacing Serum - 1'),
(544, 6, 'Celavive Resurfacing Serum - 1'),
(547, 1, 'USANA Mind + Balance'),
(547, 2, '- 2'),
(547, 3, '- 2'),
(547, 4, '- 2'),
(547, 5, 'USANA Mind + Balance'),
(547, 6, 'USANA Mind + Balance'),
(548, 1, 'Singapore USANA Celavive Resurfacing Serum'),
(548, 2, '- 2'),
(548, 3, '- 2'),
(548, 4, '- 2'),
(548, 5, 'Singapore USANA Celavive Resurfacing Serum'),
(548, 6, 'Singapore USANA Celavive Resurfacing Serum'),
(549, 1, 'Singapore USANA Celavive Postbiotic Rescue Serum'),
(549, 2, '- 1'),
(549, 3, '- 1'),
(549, 4, '- 1'),
(549, 5, 'Singapore USANA Celavive Postbiotic Rescue Serum'),
(549, 6, 'Singapore USANA Celavive Postbiotic Rescue Serum'),
(550, 1, 'Singapore USANA Celavive Postbiotic Calming Cleanser'),
(550, 2, '- 1'),
(550, 3, '- 1'),
(550, 4, '- 1'),
(550, 5, 'Singapore USANA Celavive Postbiotic Calming Cleanser'),
(550, 6, 'Singapore USANA Celavive Postbiotic Calming Cleanser'),
(551, 1, 'Singapore USANA Celavive Postbiotic Barrier Balm'),
(551, 2, '- 1'),
(551, 3, '- 1'),
(551, 4, '- 1'),
(551, 5, 'Singapore USANA Celavive Postbiotic Barrier Balm'),
(551, 6, 'Singapore USANA Celavive Postbiotic Barrier Balm'),
(552, 1, 'Celavive Daily Mineral Protective Cream SPF 30 - 1'),
(552, 2, '- 1'),
(552, 3, '- 1'),
(552, 4, '- 1'),
(552, 5, 'Celavive Daily Mineral Protective Cream SPF 30 - 1'),
(552, 6, 'Celavive Daily Mineral Protective Cream SPF 30 - 1'),
(553, 1, 'Celavive® Pack (Dry/Sensitive) - 1'),
(553, 2, '- 1'),
(553, 3, '- 1'),
(553, 4, '- 1'),
(553, 5, 'Celavive® Pack (Dry/Sensitive) - 1'),
(553, 6, 'Celavive® Pack (Dry/Sensitive) - 1'),
(554, 1, 'Celavive Pack (Combination/Oily) - 1'),
(554, 2, '- 1'),
(554, 3, '- 1'),
(554, 4, '- 1'),
(554, 5, 'Celavive Pack (Combination/Oily) - 1'),
(554, 6, 'Celavive Pack (Combination/Oily) - 1'),
(555, 1, 'Celavive Moisturizer Duo: Dry - 1'),
(555, 2, '- 1'),
(555, 3, '- 1'),
(555, 4, '- 1'),
(555, 5, 'Celavive Moisturizer Duo: Dry - 1'),
(555, 6, 'Celavive Moisturizer Duo: Dry - 1'),
(556, 1, 'Celavive Basics - Dry/Sensitive Skin - 1'),
(556, 2, '- 1'),
(556, 3, '- 1'),
(556, 4, '- 1'),
(556, 5, 'Celavive Basics - Dry/Sensitive Skin - 1'),
(556, 6, 'Celavive Basics - Dry/Sensitive Skin - 1'),
(557, 1, 'Celavive Basics – Combination/Oily Skin - 1'),
(557, 2, '- 1'),
(557, 3, '- 1'),
(557, 4, '- 1'),
(557, 5, 'Celavive Basics – Combination/Oily Skin - 1'),
(557, 6, 'Celavive Basics – Combination/Oily Skin - 1'),
(558, 1, 'Celavive Moisturizer Duo: Oily - 1'),
(558, 2, '- 1'),
(558, 3, '- 1'),
(558, 4, '- 1'),
(558, 5, 'Celavive Moisturizer Duo: Oily - 1'),
(558, 6, 'Celavive Moisturizer Duo: Oily - 1'),
(560, 1, 'Celavive Radiant Facial Oil - 2'),
(560, 2, '- 2'),
(560, 3, '- 2'),
(560, 4, '- 2'),
(560, 5, 'Celavive Radiant Facial Oil - 2'),
(560, 6, 'Celavive Radiant Facial Oil - 2'),
(561, 1, 'Celavive Replenishing Night Cream - 2'),
(561, 2, '- 2'),
(561, 3, '- 2'),
(561, 4, '- 2'),
(561, 5, 'Celavive Replenishing Night Cream - 2'),
(561, 6, 'Celavive Replenishing Night Cream - 2'),
(562, 1, 'Celavive Replenishing Night Gel - 2'),
(562, 2, '- 2'),
(562, 3, '- 2'),
(562, 4, '- 2'),
(562, 5, 'Celavive Replenishing Night Gel - 2'),
(562, 6, 'Celavive Replenishing Night Gel - 2'),
(563, 1, 'Celavive Luminous Moisture Cream - 2'),
(563, 2, '- 2'),
(563, 3, '- 2'),
(563, 4, '- 2'),
(563, 5, 'Celavive Luminous Moisture Cream - 2'),
(563, 6, 'Celavive Luminous Moisture Cream - 2'),
(565, 1, 'Singapore USANA Celavive Postbiotic Soothing Moisturizer'),
(565, 2, '- 2'),
(565, 3, '- 2'),
(565, 4, '- 2'),
(565, 5, 'Singapore USANA Celavive Postbiotic Soothing Moisturizer'),
(565, 6, 'Singapore USANA Celavive Postbiotic Soothing Moisturizer'),
(566, 1, 'Celavive Protective Day Lotion - 2'),
(566, 2, '- 2'),
(566, 3, '- 2'),
(566, 4, '- 2'),
(566, 5, 'Celavive Protective Day Lotion - 2'),
(566, 6, 'Celavive Protective Day Lotion - 2'),
(568, 1, 'Celavive Protective Day Cream - 2'),
(568, 2, '- 2'),
(568, 3, '- 2'),
(568, 4, '- 2'),
(568, 5, 'Celavive Protective Day Cream - 2'),
(568, 6, 'Celavive Protective Day Cream - 2'),
(570, 1, 'Celavive - Gentle Milk Cleanser - 2'),
(570, 2, '- 2'),
(570, 3, '- 2'),
(570, 4, '- 2'),
(570, 5, 'Celavive - Gentle Milk Cleanser - 2'),
(570, 6, 'Celavive - Gentle Milk Cleanser - 2'),
(571, 1, 'Celavive Exfoliating Scrub + Mask - 2'),
(571, 2, '- 2'),
(571, 3, '- 2'),
(571, 4, '- 2'),
(571, 5, 'Celavive Exfoliating Scrub + Mask - 2'),
(571, 6, 'Celavive Exfoliating Scrub + Mask - 2'),
(572, 1, 'USANA Singapore Celavive Hydrating & Lifting Sheet Mask'),
(572, 2, '- 1'),
(572, 3, '- 1'),
(572, 4, '- 1'),
(572, 5, 'USANA Singapore Celavive Hydrating & Lifting Sheet Mask'),
(572, 6, 'USANA Singapore Celavive Hydrating & Lifting Sheet Mask'),
(581, 1, 'USANA Mind + Balance'),
(581, 2, '- 3'),
(581, 3, '- 3'),
(581, 4, '- 3'),
(581, 5, 'USANA Mind + Balance'),
(581, 6, 'USANA Mind + Balance'),
(582, 1, '- 3'),
(582, 2, '- 3'),
(582, 3, '- 3'),
(582, 4, '- 3'),
(582, 5, '- 3'),
(582, 6, '- 3'),
(583, 1, '- 4'),
(583, 2, '- 4'),
(583, 3, '- 4'),
(583, 4, '- 4'),
(583, 5, '- 4'),
(583, 6, '- 4'),
(589, 1, 'USANA Energy+ - 1'),
(589, 2, '- 1'),
(589, 3, '- 1'),
(589, 4, '- 1'),
(589, 5, 'USANA Energy+ - 1'),
(589, 6, 'USANA Energy+ - 1'),
(592, 1, 'USANA® Healthy Body Essential Pack - 1'),
(592, 2, '- 1'),
(592, 3, '- 1'),
(592, 4, '- 1'),
(592, 5, 'USANA® Healthy Body Essential Pack - 1'),
(592, 6, 'USANA® Healthy Body Essential Pack - 1'),
(596, 1, 'USANA CopaPrime+ - 1'),
(596, 2, '- 1'),
(596, 3, '- 1'),
(596, 4, '- 1'),
(596, 5, 'USANA CopaPrime+ - 1'),
(596, 6, 'USANA CopaPrime+ - 1'),
(600, 1, 'USANA Chocolate Nutrimeal'),
(600, 2, '- 1'),
(600, 3, '- 1'),
(600, 4, '- 1'),
(600, 5, 'USANA Chocolate Nutrimeal'),
(600, 6, 'USANA Chocolate Nutrimeal'),
(602, 1, 'USANA Vanilla Nutrimeal'),
(602, 2, '- 1'),
(602, 3, '- 1'),
(602, 4, '- 1'),
(602, 5, 'USANA Vanilla Nutrimeal'),
(602, 6, 'USANA Vanilla Nutrimeal'),
(603, 1, 'copy of USANA BiOmega® - 1'),
(603, 2, '- 1'),
(603, 3, '- 1'),
(603, 4, '- 1'),
(603, 5, 'copy of USANA BiOmega® - 1'),
(603, 6, 'copy of USANA BiOmega® - 1'),
(604, 1, 'usana uk biomega'),
(604, 2, '- 2'),
(604, 3, '- 2'),
(604, 4, '- 2'),
(604, 5, 'usana uk biomega'),
(604, 6, 'usana uk biomega'),
(605, 1, 'copy of USANA BiOmega® - 3'),
(605, 2, '- 3'),
(605, 3, '- 3'),
(605, 4, '- 3'),
(605, 5, 'copy of USANA BiOmega® - 3'),
(605, 6, 'copy of USANA BiOmega® - 3'),
(607, 1, 'USANA Fibergy Active - 1'),
(607, 2, '- 1'),
(607, 3, '- 1'),
(607, 4, '- 1'),
(607, 5, 'USANA Fibergy Active - 1'),
(607, 6, 'USANA Fibergy Active - 1'),
(608, 1, 'USANA Energy+ - 2'),
(608, 2, '- 2'),
(608, 3, '- 2'),
(608, 4, '- 2'),
(608, 5, 'USANA Energy+ - 2'),
(608, 6, 'USANA Energy+ - 2'),
(610, 1, 'USANA French Vanilla Nutrimeal® - 2'),
(610, 2, '- 2'),
(610, 3, '- 2'),
(610, 4, '- 2'),
(610, 5, 'USANA French Vanilla Nutrimeal® - 2'),
(610, 6, 'USANA French Vanilla Nutrimeal® - 2'),
(611, 1, 'USANA CopaPrime+ - 2'),
(611, 2, '- 2'),
(611, 3, '- 2'),
(611, 4, '- 2'),
(611, 5, 'USANA CopaPrime+ - 2'),
(611, 6, 'USANA CopaPrime+ - 2'),
(612, 1, 'USANA CopaPrime+ - 3'),
(612, 2, '- 3'),
(612, 3, '- 3'),
(612, 4, '- 3'),
(612, 5, 'USANA CopaPrime+ - 3'),
(612, 6, 'USANA CopaPrime+ - 3'),
(614, 1, 'USANA Dutch Chocolate Nutrimeal® - 2'),
(614, 2, '- 2'),
(614, 3, '- 2'),
(614, 4, '- 2'),
(614, 5, 'USANA Dutch Chocolate Nutrimeal® - 2'),
(614, 6, 'USANA Dutch Chocolate Nutrimeal® - 2'),
(615, 1, 'USANA Dutch Chocolate Nutrimeal® - 3'),
(615, 2, '- 3'),
(615, 3, '- 3'),
(615, 4, '- 3'),
(615, 5, 'USANA Dutch Chocolate Nutrimeal® - 3'),
(615, 6, 'USANA Dutch Chocolate Nutrimeal® - 3'),
(616, 1, '- 1'),
(616, 2, '- 1'),
(616, 3, '- 1'),
(616, 4, '- 1'),
(616, 5, '- 1'),
(616, 6, '- 1'),
(619, 1, 'USANA Hepasil DTX'),
(619, 2, '- 2'),
(619, 3, '- 2'),
(619, 4, '- 2'),
(619, 5, 'USANA Hepasil DTX'),
(619, 6, 'USANA Hepasil DTX'),
(624, 1, '- 3'),
(624, 2, '- 3'),
(624, 3, '- 3'),
(624, 4, '- 3'),
(624, 5, '- 3'),
(624, 6, '- 3'),
(626, 1, '- 1'),
(626, 2, '- 1'),
(626, 3, '- 1'),
(626, 4, '- 1'),
(626, 5, '- 1'),
(626, 6, '- 1'),
(627, 1, 'Celavive Postbiotic Barrier Balm - 1'),
(627, 2, '- 1'),
(627, 3, '- 1'),
(627, 4, '- 1'),
(627, 5, 'Celavive Postbiotic Barrier Balm - 1'),
(627, 6, 'Celavive Postbiotic Barrier Balm - 1'),
(628, 1, 'Celavive Postbiotic Calming Cleanser'),
(628, 2, '- 1'),
(628, 3, '- 1'),
(628, 4, '- 1'),
(628, 5, 'Celavive Postbiotic Calming Cleanser'),
(628, 6, 'Celavive Postbiotic Calming Cleanser'),
(629, 1, 'Celavive Postbiotic Rescue Serum'),
(629, 2, '- 1'),
(629, 3, '- 1'),
(629, 4, '- 1'),
(629, 5, 'Celavive Postbiotic Rescue Serum'),
(629, 6, 'Celavive Postbiotic Rescue Serum'),
(632, 1, 'Cranberry Collagen Protein Peptide Drink'),
(632, 2, '- 1'),
(632, 3, '- 1'),
(632, 4, '- 1'),
(632, 5, 'Cranberry Collagen Protein Peptide Drink'),
(632, 6, 'Cranberry Collagen Protein Peptide Drink'),
(634, 1, 'USANA Singapore Vitamin D'),
(634, 2, '- 2'),
(634, 3, '- 2'),
(634, 4, '- 2'),
(634, 5, 'USANA Singapore Vitamin D'),
(634, 6, 'USANA Singapore Vitamin D'),
(635, 1, 'USANA Singapore AM+PM StarterPak'),
(635, 2, '- 1'),
(635, 3, '- 1'),
(635, 4, '- 1'),
(635, 5, 'USANA Singapore AM+PM StarterPak'),
(635, 6, 'USANA Singapore AM+PM StarterPak'),
(636, 1, 'USANA Singapore Proglucamune'),
(636, 2, '- 1'),
(636, 3, '- 1'),
(636, 4, '- 1'),
(636, 5, 'USANA Singapore Proglucamune'),
(636, 6, 'USANA Singapore Proglucamune'),
(641, 1, 'Singapore Celavive Conditioning Makeup Remover'),
(641, 2, '- 2'),
(641, 3, '- 2'),
(641, 4, '- 2'),
(641, 5, 'Singapore Celavive Conditioning Makeup Remover'),
(641, 6, 'Singapore Celavive Conditioning Makeup Remover'),
(643, 1, 'Singapore Celavive Conditioning Makeup Remover'),
(643, 2, '- 3'),
(643, 3, '- 3'),
(643, 4, '- 3'),
(643, 5, 'Singapore Celavive Conditioning Makeup Remover'),
(643, 6, 'Singapore Celavive Conditioning Makeup Remover'),
(644, 1, 'Singapore Celavive Conditioning Makeup Remover'),
(644, 2, '- 4'),
(644, 3, '- 4'),
(644, 4, '- 4'),
(644, 5, 'Singapore Celavive Conditioning Makeup Remover'),
(644, 6, 'Singapore Celavive Conditioning Makeup Remover'),
(646, 1, 'Celavive Creamy Foam Cleanser: Hydrating wash - 2'),
(646, 2, 'Celavive Creamy Foam Cleanser: Hydrating wash - 2'),
(646, 3, 'Celavive Creamy Foam Cleanser: Hydrating wash - 2'),
(646, 4, 'Celavive Creamy Foam Cleanser: Hydrating wash - 2'),
(646, 5, 'Celavive Creamy Foam Cleanser: Hydrating wash - 2'),
(646, 6, 'Celavive Creamy Foam Cleanser: Hydrating wash - 2'),
(647, 1, 'Celavive Creamy Foam Cleanser: Hydrating wash - 3'),
(647, 2, 'Celavive Creamy Foam Cleanser: Hydrating wash - 3'),
(647, 3, 'Celavive Creamy Foam Cleanser: Hydrating wash - 3'),
(647, 4, 'Celavive Creamy Foam Cleanser: Hydrating wash - 3'),
(647, 5, 'Celavive Creamy Foam Cleanser: Hydrating wash - 3'),
(647, 6, 'Celavive Creamy Foam Cleanser: Hydrating wash - 3'),
(650, 1, 'Singapore USANA Celavive Vitalizing Serum'),
(650, 2, '- 2'),
(650, 3, '- 2'),
(650, 4, '- 2'),
(650, 5, 'Singapore USANA Celavive Vitalizing Serum'),
(650, 6, 'Singapore USANA Celavive Vitalizing Serum'),
(651, 1, 'Singapore USANA Celavive Vitalizing Serum'),
(651, 2, '- 3'),
(651, 3, '- 3'),
(651, 4, '- 3'),
(651, 5, 'Singapore USANA Celavive Vitalizing Serum'),
(651, 6, 'Singapore USANA Celavive Vitalizing Serum'),
(668, 1, 'Singapore USANA Celavive Vitalizing Serum'),
(668, 2, '- 1'),
(668, 3, '- 1'),
(668, 4, '- 1'),
(668, 5, 'Singapore USANA Celavive Vitalizing Serum'),
(668, 6, 'Singapore USANA Celavive Vitalizing Serum'),
(670, 1, 'Singapore usana Celavive Conditioning Makeup Remover'),
(670, 2, '- 1'),
(670, 3, '- 1'),
(670, 4, '- 1'),
(670, 5, 'Singapore usana Celavive Conditioning Makeup Remover'),
(670, 6, 'Singapore usana Celavive Conditioning Makeup Remover'),
(672, 1, 'Singapore USANA Celavive Creamy Foam Cleanser'),
(672, 2, 'Celavive Creamy Foam Cleanser: Hydrating wash - 1'),
(672, 3, 'Celavive Creamy Foam Cleanser: Hydrating wash - 1'),
(672, 4, 'Celavive Creamy Foam Cleanser: Hydrating wash - 1'),
(672, 5, 'Singapore USANA Celavive Creamy Foam Cleanser'),
(672, 6, 'Singapore USANA Celavive Creamy Foam Cleanser'),
(673, 1, 'Singapore USANA Celavive Postbiotic Calming Cleanser'),
(673, 2, '- 2'),
(673, 3, '- 2'),
(673, 4, '- 2'),
(673, 5, 'Singapore USANA Celavive Postbiotic Calming Cleanser'),
(673, 6, 'Singapore USANA Celavive Postbiotic Calming Cleanser'),
(674, 1, 'Singapore USANA Celavive Postbiotic Barrier Balm'),
(674, 2, '- 2'),
(674, 3, '- 2'),
(674, 4, '- 2'),
(674, 5, 'Singapore USANA Celavive Postbiotic Barrier Balm'),
(674, 6, 'Singapore USANA Celavive Postbiotic Barrier Balm'),
(675, 1, 'Singapore USANA Celavive Postbiotic Soothing Moisturizer'),
(675, 2, '- 3'),
(675, 3, '- 3'),
(675, 4, '- 3'),
(675, 5, 'Singapore USANA Celavive Postbiotic Soothing Moisturizer'),
(675, 6, 'Singapore USANA Celavive Postbiotic Soothing Moisturizer'),
(676, 1, 'Singapore USANA Celavive Perfecting Toner'),
(676, 2, '- 1'),
(676, 3, '- 1'),
(676, 4, '- 1'),
(676, 5, 'Singapore USANA Celavive Perfecting Toner'),
(676, 6, 'Singapore USANA Celavive Perfecting Toner'),
(677, 1, 'Singapore USANA Celavive Perfecting Toner'),
(677, 2, '- 2'),
(677, 3, '- 2'),
(677, 4, '- 2'),
(677, 5, 'Singapore USANA Celavive Perfecting Toner'),
(677, 6, 'Singapore USANA Celavive Perfecting Toner'),
(678, 1, 'Singapore USANA Celavive Perfecting Toner'),
(678, 2, '- 3'),
(678, 3, '- 3'),
(678, 4, '- 3'),
(678, 5, 'Singapore USANA Celavive Perfecting Toner'),
(678, 6, 'Singapore USANA Celavive Perfecting Toner'),
(679, 1, 'Singapore USANA Celavive Triple Action Eye Cream: Anti-ageing'),
(679, 2, '- 1'),
(679, 3, '- 1'),
(679, 4, '- 1'),
(679, 5, 'Singapore USANA Celavive Triple Action Eye Cream: Anti-ageing'),
(679, 6, 'Singapore USANA Celavive Triple Action Eye Cream: Anti-ageing'),
(680, 1, 'Singapore USANA Celavive Triple Action Eye Cream: Anti-ageing'),
(680, 2, '- 2'),
(680, 3, '- 2'),
(680, 4, '- 2'),
(680, 5, 'Singapore USANA Celavive Triple Action Eye Cream: Anti-ageing'),
(680, 6, 'Singapore USANA Celavive Triple Action Eye Cream: Anti-ageing'),
(681, 1, 'Singapore USANA Celavive Triple Action Eye Cream: Anti-ageing'),
(681, 2, '- 3'),
(681, 3, '- 3'),
(681, 4, '- 3'),
(681, 5, 'Singapore USANA Celavive Triple Action Eye Cream: Anti-ageing'),
(681, 6, 'Singapore USANA Celavive Triple Action Eye Cream: Anti-ageing'),
(682, 1, 'Singapore USANA Celavive Postbiotic Rescue Serum'),
(682, 2, '- 2'),
(682, 3, '- 2'),
(682, 4, '- 2'),
(682, 5, 'Singapore USANA Celavive Postbiotic Rescue Serum'),
(682, 6, 'Singapore USANA Celavive Postbiotic Rescue Serum'),
(683, 1, 'Singapore USANA Celavive Resurfacing Serum'),
(683, 2, '- 3'),
(683, 3, '- 3'),
(683, 4, '- 3'),
(683, 5, 'Singapore USANA Celavive Resurfacing Serum'),
(683, 6, 'Singapore USANA Celavive Resurfacing Serum'),
(684, 1, 'Singapore USANA Celavive Resurfacing Serum'),
(684, 2, '- 4'),
(684, 3, '- 4'),
(684, 4, '- 4'),
(684, 5, 'Singapore USANA Celavive Resurfacing Serum'),
(684, 6, 'Singapore USANA Celavive Resurfacing Serum'),
(693, 1, 'Celavive Vitalizing Serum: Anti-aging formula - 4'),
(693, 2, '- 4'),
(693, 3, '- 4'),
(693, 4, '- 4'),
(693, 5, 'Celavive Vitalizing Serum: Anti-aging formula - 4'),
(693, 6, 'Celavive Vitalizing Serum: Anti-aging formula - 4'),
(696, 1, 'Celavive Perfecting Toner: Skin-reﬁning prep - 4'),
(696, 2, '- 4'),
(696, 3, '- 4'),
(696, 4, '- 4'),
(696, 5, 'Celavive Perfecting Toner: Skin-reﬁning prep - 4'),
(696, 6, 'Celavive Perfecting Toner: Skin-reﬁning prep - 4'),
(697, 1, 'Celavive Triple Action Eye Cream: Anti-ageing - 4'),
(697, 2, '- 4'),
(697, 3, '- 4'),
(697, 4, '- 4'),
(697, 5, 'Celavive Triple Action Eye Cream: Anti-ageing - 4'),
(697, 6, 'Celavive Triple Action Eye Cream: Anti-ageing - 4'),
(698, 1, 'Celavive Conditioning Makeup Remover'),
(698, 2, '- 5'),
(698, 3, '- 5'),
(698, 4, '- 5'),
(698, 5, 'Celavive Conditioning Makeup Remover'),
(698, 6, 'Celavive Conditioning Makeup Remover'),
(699, 1, 'Celavive Creamy Foam Cleanser: Hydrating wash'),
(699, 2, 'Celavive Creamy Foam Cleanser: Hydrating wash - 4'),
(699, 3, 'Celavive Creamy Foam Cleanser: Hydrating wash - 4'),
(699, 4, 'Celavive Creamy Foam Cleanser: Hydrating wash - 4'),
(699, 5, 'Celavive Creamy Foam Cleanser: Hydrating wash'),
(699, 6, 'Celavive Creamy Foam Cleanser: Hydrating wash'),
(702, 1, 'USANA Singapore Probiotic'),
(702, 2, '- 3'),
(702, 3, '- 3'),
(702, 4, '- 3'),
(702, 5, 'USANA Singapore Probiotic'),
(702, 6, 'USANA Singapore Probiotic'),
(703, 1, 'Detox Tea Drink'),
(703, 2, '- 2'),
(703, 3, '- 2'),
(703, 4, '- 2'),
(703, 5, 'Detox Tea Drink'),
(703, 6, 'Detox Tea Drink'),
(704, 1, 'Fibergy Active'),
(704, 2, '- 2'),
(704, 3, '- 2'),
(704, 4, '- 2'),
(704, 5, 'Fibergy Active'),
(704, 6, 'Fibergy Active'),
(705, 1, 'Nutrimeal Active Soy Vanilla Protein Meal Replacement Shake'),
(705, 2, '- 2'),
(705, 3, '- 2'),
(705, 4, '- 2'),
(705, 5, 'Nutrimeal Active Soy Vanilla Protein Meal Replacement Shake'),
(705, 6, 'Nutrimeal Active Soy Vanilla Protein Meal Replacement Shake'),
(706, 1, 'USANA AM+PM StarterPak'),
(706, 2, '- 2'),
(706, 3, '- 2'),
(706, 4, '- 2'),
(706, 5, 'USANA AM+PM StarterPak'),
(706, 6, 'USANA AM+PM StarterPak'),
(707, 1, 'USANA Proglucamune'),
(707, 2, '- 2'),
(707, 3, '- 2'),
(707, 4, '- 2'),
(707, 5, 'USANA Proglucamune'),
(707, 6, 'USANA Proglucamune'),
(709, 1, 'VItamin D'),
(709, 2, '- 3'),
(709, 3, '- 3'),
(709, 4, '- 3'),
(709, 5, 'VItamin D'),
(709, 6, 'VItamin D'),
(710, 1, 'Biomega™'),
(710, 2, '- 3'),
(710, 3, '- 3'),
(710, 4, '- 3'),
(710, 5, 'Biomega™'),
(710, 6, 'Biomega™'),
(711, 1, 'Nutrimeal Active Soy Chocolate Protein Meal Replacement Shake'),
(711, 2, 'Nutrimeal Active Soy Chocolate Protein Meal Replacement Shake - 2'),
(711, 3, 'Nutrimeal Active Soy Chocolate Protein Meal Replacement Shake - 2'),
(711, 4, 'Nutrimeal Active Soy Chocolate Protein Meal Replacement Shake - 2'),
(711, 5, 'Nutrimeal Active Soy Chocolate Protein Meal Replacement Shake'),
(711, 6, 'Nutrimeal Active Soy Chocolate Protein Meal Replacement Shake'),
(712, 1, 'USANA Cranberry Collagen Protein Peptide Drink'),
(712, 2, '- 2'),
(712, 3, '- 2'),
(712, 4, '- 2'),
(712, 5, 'USANA Cranberry Collagen Protein Peptide Drink'),
(712, 6, 'USANA Cranberry Collagen Protein Peptide Drink'),
(713, 1, 'Whitening Toothpaste Featuring ADP-1 USANA®'),
(713, 2, '- 2'),
(713, 3, '- 2'),
(713, 4, '- 2'),
(713, 5, 'Whitening Toothpaste Featuring ADP-1 USANA®'),
(713, 6, 'Whitening Toothpaste Featuring ADP-1 USANA®'),
(714, 1, 'Celavive Postbiotic Barrier Balm'),
(714, 2, '- 2'),
(714, 3, '- 2'),
(714, 4, '- 2'),
(714, 5, 'Celavive Postbiotic Barrier Balm'),
(714, 6, 'Celavive Postbiotic Barrier Balm'),
(715, 1, 'Celavive Postbiotic Calming Cleanser'),
(715, 2, '- 2'),
(715, 3, '- 2'),
(715, 4, '- 2'),
(715, 5, 'Celavive Postbiotic Calming Cleanser'),
(715, 6, 'Celavive Postbiotic Calming Cleanser'),
(716, 1, 'Celavive Postbiotic Rescue Serum'),
(716, 2, '- 2'),
(716, 3, '- 2'),
(716, 4, '- 2'),
(716, 5, 'Celavive Postbiotic Rescue Serum'),
(716, 6, 'Celavive Postbiotic Rescue Serum'),
(717, 1, 'Celavive Postbiotic Soothing Moisturizer'),
(717, 2, '- 2'),
(717, 3, '- 2'),
(717, 4, '- 2'),
(717, 5, 'Celavive Postbiotic Soothing Moisturizer'),
(717, 6, 'Celavive Postbiotic Soothing Moisturizer'),
(718, 1, 'USANA Hepasil DTX™'),
(718, 2, '- 4'),
(718, 3, '- 4'),
(718, 4, '- 4'),
(718, 5, 'USANA Hepasil DTX™'),
(718, 6, 'USANA Hepasil DTX™'),
(719, 1, 'USANA CopaPrime+'),
(719, 2, '- 4'),
(719, 3, '- 4'),
(719, 4, '- 4'),
(719, 5, 'USANA CopaPrime+'),
(719, 6, 'USANA CopaPrime+'),
(720, 1, 'USANA Cellsentials®'),
(720, 2, '- 3'),
(720, 3, '- 3'),
(720, 4, '- 3'),
(720, 5, 'USANA Cellsentials®'),
(720, 6, 'USANA Cellsentials®'),
(721, 1, 'USANA Metabolism+'),
(721, 2, '- 6'),
(721, 3, '- 6'),
(721, 4, '- 6'),
(721, 5, 'USANA Metabolism+'),
(721, 6, 'USANA Metabolism+'),
(722, 1, 'USANA Fibergy Active'),
(722, 2, '- 2'),
(722, 3, '- 2'),
(722, 4, '- 2'),
(722, 5, 'USANA Fibergy Active'),
(722, 6, 'USANA Fibergy Active'),
(723, 1, 'USANA Dutch Chocolate Nutrimeal®'),
(723, 2, '- 4'),
(723, 3, '- 4'),
(723, 4, '- 4'),
(723, 5, 'USANA Dutch Chocolate Nutrimeal®'),
(723, 6, 'USANA Dutch Chocolate Nutrimeal®'),
(724, 1, 'USANA French Vanilla Nutrimeal®'),
(724, 2, '- 3'),
(724, 3, '- 3'),
(724, 4, '- 3'),
(724, 5, 'USANA French Vanilla Nutrimeal®'),
(724, 6, 'USANA French Vanilla Nutrimeal®'),
(725, 1, 'USANA Energy+'),
(725, 2, '- 3'),
(725, 3, '- 3'),
(725, 4, '- 3'),
(725, 5, 'USANA Energy+'),
(725, 6, 'USANA Energy+'),
(726, 1, 'USANA® Healthy Body Essential Pack'),
(726, 2, '- 2'),
(726, 3, '- 2'),
(726, 4, '- 2'),
(726, 5, 'USANA® Healthy Body Essential Pack'),
(726, 6, 'USANA® Healthy Body Essential Pack');

-- --------------------------------------------------------

--
-- Table structure for table `xio8d_image_shop`
--

CREATE TABLE `xio8d_image_shop` (
  `id_product` int(10) UNSIGNED NOT NULL,
  `id_image` int(11) UNSIGNED NOT NULL,
  `id_shop` int(11) UNSIGNED NOT NULL,
  `cover` tinyint(1) UNSIGNED DEFAULT NULL
) ENGINE=InnoDB DEFAULT CHARSET=utf8mb4 COLLATE=utf8mb4_general_ci;

--
-- Dumping data for table `xio8d_image_shop`
--

INSERT INTO `xio8d_image_shop` (`id_product`, `id_image`, `id_shop`, `cover`) VALUES
(21, 173, 1, NULL),
(21, 394, 2, NULL),
(21, 526, 2, 1),
(22, 174, 1, NULL),
(22, 396, 2, NULL),
(22, 527, 2, 1),
(23, 392, 2, NULL),
(23, 525, 2, 1),
(25, 175, 1, NULL),
(25, 299, 2, 1),
(27, 537, 2, 1),
(28, 176, 1, NULL),
(28, 337, 2, 1),
(29, 257, 1, NULL),
(29, 535, 2, 1),
(30, 420, 1, NULL),
(30, 505, 2, NULL),
(30, 532, 2, 1),
(31, 340, 2, 1),
(35, 189, 2, 1),
(37, 192, 2, 1),
(39, 57, 2, NULL),
(39, 112, 2, 1),
(40, 55, 2, NULL),
(40, 114, 2, 1),
(41, 56, 2, NULL),
(41, 113, 2, 1),
(46, 58, 2, NULL),
(46, 115, 2, 1),
(47, 196, 2, 1),
(48, 600, 1, NULL),
(48, 614, 1, NULL),
(48, 600, 2, NULL),
(48, 615, 2, NULL),
(48, 723, 2, 1),
(49, 610, 1, NULL),
(49, 602, 2, NULL),
(49, 610, 2, NULL),
(49, 724, 2, 1),
(50, 301, 2, 1),
(51, 308, 2, 1),
(52, 309, 2, 1),
(53, 310, 2, 1),
(54, 319, 2, NULL),
(54, 543, 2, NULL),
(54, 582, 2, 1),
(55, 67, 2, NULL),
(55, 108, 2, NULL),
(55, 542, 2, NULL),
(55, 583, 2, 1),
(56, 311, 2, 1),
(57, 312, 2, 1),
(59, 313, 2, 1),
(60, 314, 2, 1),
(61, 317, 2, 1),
(62, 318, 2, 1),
(65, 195, 2, 1),
(67, 428, 1, NULL),
(67, 521, 1, 1),
(68, 422, 1, NULL),
(68, 508, 1, 1),
(69, 429, 1, NULL),
(69, 519, 1, NULL),
(69, 710, 1, 1),
(70, 434, 1, NULL),
(70, 514, 1, 1),
(71, 271, 1, NULL),
(71, 704, 1, 1),
(72, 430, 1, NULL),
(72, 511, 1, 1),
(75, 427, 1, NULL),
(75, 516, 1, 1),
(76, 435, 1, NULL),
(76, 522, 1, 1),
(77, 423, 1, NULL),
(77, 509, 1, 1),
(78, 425, 1, NULL),
(78, 512, 1, 1),
(80, 433, 1, NULL),
(80, 520, 1, 1),
(82, 215, 1, 1),
(83, 424, 1, NULL),
(83, 524, 1, NULL),
(83, 702, 1, 1),
(84, 426, 1, NULL),
(84, 523, 1, 1),
(87, 150, 1, 1),
(89, 151, 1, 1),
(91, 266, 1, 1),
(92, 650, 1, NULL),
(92, 651, 1, NULL),
(92, 668, 1, NULL),
(92, 693, 1, 1),
(93, 154, 1, NULL),
(93, 568, 1, 1),
(95, 679, 1, NULL),
(95, 680, 1, NULL),
(95, 681, 1, NULL),
(95, 697, 1, 1),
(96, 641, 1, NULL),
(96, 643, 1, NULL),
(96, 644, 1, NULL),
(96, 670, 1, NULL),
(96, 698, 1, 1),
(97, 157, 1, NULL),
(97, 566, 1, 1),
(98, 158, 1, NULL),
(98, 561, 1, 1),
(99, 646, 1, NULL),
(99, 647, 1, NULL),
(99, 672, 1, NULL),
(99, 699, 1, 1),
(100, 160, 1, NULL),
(100, 562, 1, 1),
(101, 676, 1, NULL),
(101, 677, 1, NULL),
(101, 678, 1, NULL),
(101, 696, 1, 1),
(102, 162, 1, 1),
(103, 163, 1, 1),
(104, 164, 1, 1),
(109, 169, 1, 1),
(110, 170, 1, 1),
(111, 203, 1, 1),
(112, 616, 1, NULL),
(112, 619, 1, NULL),
(112, 624, 2, NULL),
(112, 718, 2, 1),
(114, 329, 2, 1),
(117, 316, 2, 1),
(118, 221, 1, NULL),
(118, 572, 1, 1),
(119, 222, 1, NULL),
(119, 570, 1, 1),
(122, 432, 1, NULL),
(122, 513, 1, 1),
(123, 250, 1, 1),
(124, 251, 1, 1),
(125, 228, 1, 1),
(127, 230, 1, NULL),
(127, 713, 1, 1),
(128, 231, 2, 1),
(129, 431, 1, NULL),
(129, 517, 1, 1),
(130, 634, 1, NULL),
(130, 709, 1, 1),
(130, 533, 2, NULL),
(131, 415, 2, NULL),
(131, 529, 2, 1),
(133, 243, 1, 1),
(134, 244, 1, NULL),
(134, 581, 1, NULL),
(134, 547, 1, 1),
(135, 245, 1, 1),
(136, 246, 1, 1),
(137, 247, 1, 1),
(138, 248, 1, NULL),
(138, 571, 1, 1),
(139, 249, 1, NULL),
(139, 563, 1, 1),
(140, 253, 1, 1),
(142, 436, 1, NULL),
(142, 510, 1, 1),
(143, 437, 1, NULL),
(143, 515, 1, 1),
(144, 343, 2, NULL),
(144, 528, 2, 1),
(145, 303, 2, 1),
(146, 306, 2, 1),
(147, 268, 1, NULL),
(147, 518, 1, 1),
(148, 270, 1, NULL),
(148, 703, 1, 1),
(149, 273, 1, NULL),
(149, 711, 1, 1),
(150, 275, 1, NULL),
(150, 705, 1, 1),
(152, 534, 2, 1),
(153, 322, 2, 1),
(154, 330, 2, 1),
(155, 307, 2, 1),
(156, 315, 2, 1),
(157, 289, 1, NULL),
(157, 560, 1, 1),
(159, 293, 1, 1),
(160, 344, 2, 1),
(161, 345, 2, 1),
(162, 346, 2, 1),
(163, 347, 2, 1),
(164, 348, 2, 1),
(165, 349, 2, 1),
(166, 350, 2, 1),
(167, 351, 2, 1),
(168, 407, 1, NULL),
(168, 409, 1, NULL),
(168, 352, 2, NULL),
(168, 404, 2, NULL),
(168, 409, 2, NULL),
(168, 536, 2, NULL),
(168, 721, 2, 1),
(169, 387, 1, NULL),
(169, 393, 2, NULL),
(169, 720, 2, 1),
(170, 485, 1, NULL),
(170, 539, 1, NULL),
(170, 540, 2, NULL),
(170, 541, 2, 1),
(171, 440, 1, NULL),
(171, 675, 1, NULL),
(171, 565, 1, 1),
(172, 544, 1, NULL),
(172, 683, 1, NULL),
(172, 684, 1, NULL),
(172, 548, 1, 1),
(175, 673, 1, NULL),
(175, 550, 1, 1),
(176, 682, 1, NULL),
(176, 549, 1, 1),
(177, 674, 1, NULL),
(177, 551, 1, 1),
(178, 552, 1, 1),
(179, 553, 1, 1),
(180, 554, 1, 1),
(181, 555, 1, 1),
(182, 556, 1, 1),
(183, 557, 1, 1),
(184, 558, 1, 1),
(185, 636, 1, NULL),
(185, 707, 1, 1),
(189, 608, 1, NULL),
(189, 589, 2, NULL),
(189, 608, 2, NULL),
(189, 725, 2, 1),
(190, 592, 2, NULL),
(190, 726, 2, 1),
(191, 611, 1, NULL),
(191, 596, 2, NULL),
(191, 612, 2, NULL),
(191, 719, 2, 1),
(194, 607, 1, NULL),
(194, 607, 2, NULL),
(194, 722, 2, 1),
(195, 603, 2, NULL),
(195, 604, 2, NULL),
(195, 605, 2, 1),
(196, 626, 2, NULL),
(196, 717, 2, 1),
(197, 627, 2, NULL),
(197, 714, 2, 1),
(198, 628, 2, NULL),
(198, 715, 2, 1),
(199, 629, 2, NULL),
(199, 716, 2, 1),
(203, 632, 1, NULL),
(203, 712, 1, 1),
(204, 635, 1, NULL),
(204, 706, 1, 1);

-- --------------------------------------------------------

--
-- Table structure for table `xio8d_image_type`
--

CREATE TABLE `xio8d_image_type` (
  `id_image_type` int(10) UNSIGNED NOT NULL,
  `name` varchar(64) NOT NULL,
  `width` int(10) UNSIGNED NOT NULL,
  `height` int(10) UNSIGNED NOT NULL,
  `products` tinyint(1) NOT NULL DEFAULT 1,
  `categories` tinyint(1) NOT NULL DEFAULT 1,
  `manufacturers` tinyint(1) NOT NULL DEFAULT 1,
  `suppliers` tinyint(1) NOT NULL DEFAULT 1,
  `stores` tinyint(1) NOT NULL DEFAULT 1
) ENGINE=InnoDB DEFAULT CHARSET=utf8mb4 COLLATE=utf8mb4_general_ci;

--
-- Dumping data for table `xio8d_image_type`
--

INSERT INTO `xio8d_image_type` (`id_image_type`, `name`, `width`, `height`, `products`, `categories`, `manufacturers`, `suppliers`, `stores`) VALUES
(1, 'cart_default', 126, 163, 1, 0, 0, 0, 0),
(2, 'small_default', 80, 104, 1, 0, 0, 1, 0),
(3, 'medium_default', 500, 650, 1, 1, 0, 1, 0),
(4, 'home_default', 380, 494, 1, 0, 0, 0, 0),
(5, 'large_default', 1000, 1300, 1, 0, 0, 1, 0),
(6, 'category_default', 1110, 500, 0, 1, 0, 0, 0),
(7, 'stores_default', 170, 115, 0, 0, 0, 0, 1),
(8, 'brand_default', 202, 150, 0, 0, 1, 0, 0);

-- --------------------------------------------------------

--
-- Table structure for table `xio8d_import_match`
--

CREATE TABLE `xio8d_import_match` (
  `id_import_match` int(10) NOT NULL,
  `name` varchar(32) NOT NULL,
  `match` mediumtext NOT NULL,
  `skip` int(2) NOT NULL
) ENGINE=InnoDB DEFAULT CHARSET=utf8mb4 COLLATE=utf8mb4_general_ci;

-- --------------------------------------------------------

--
-- Table structure for table `xio8d_info`
--

CREATE TABLE `xio8d_info` (
  `id_info` int(10) UNSIGNED NOT NULL
) ENGINE=InnoDB DEFAULT CHARSET=utf8 COLLATE=utf8_general_ci;

--
-- Dumping data for table `xio8d_info`
--

INSERT INTO `xio8d_info` (`id_info`) VALUES
(1);

-- --------------------------------------------------------

--
-- Table structure for table `xio8d_info_lang`
--

CREATE TABLE `xio8d_info_lang` (
  `id_info` int(10) UNSIGNED NOT NULL,
  `id_shop` int(10) UNSIGNED NOT NULL,
  `id_lang` int(10) UNSIGNED NOT NULL,
  `text` text NOT NULL
) ENGINE=InnoDB DEFAULT CHARSET=utf8 COLLATE=utf8_general_ci;

--
-- Dumping data for table `xio8d_info_lang`
--

INSERT INTO `xio8d_info_lang` (`id_info`, `id_shop`, `id_lang`, `text`) VALUES
(1, 1, 1, '<h2>Custom Text Block</h2>\n<p><strong class=\"dark\">Lorem ipsum dolor sit amet conse ctetu</strong></p>\n<p>Sit amet conse ctetur adipisicing elit, sed do eiusmod tempor incididunt ut labore et dolore magna aliqua. Ut enim ad minim veniam, quis nostrud exercitation ullamco laboris nisi ut aliquip ex ea commodo consequat. Duis aute irure dolor in reprehenderit.</p>'),
(1, 2, 1, '<h2>Custom Text Block</h2>\n<p><strong class=\"dark\">Lorem ipsum dolor sit amet conse ctetu</strong></p>\n<p>Sit amet conse ctetur adipisicing elit, sed do eiusmod tempor incididunt ut labore et dolore magna aliqua. Ut enim ad minim veniam, quis nostrud exercitation ullamco laboris nisi ut aliquip ex ea commodo consequat. Duis aute irure dolor in reprehenderit.</p>'),
(1, 1, 2, '<h2>Custom Text Block</h2>\n<p><strong class=\"dark\">Lorem ipsum dolor sit amet conse ctetu</strong></p>\n<p>Sit amet conse ctetur adipisicing elit, sed do eiusmod tempor incididunt ut labore et dolore magna aliqua. Ut enim ad minim veniam, quis nostrud exercitation ullamco laboris nisi ut aliquip ex ea commodo consequat. Duis aute irure dolor in reprehenderit.</p>'),
(1, 2, 2, '<h2>Custom Text Block</h2>\n<p><strong class=\"dark\">Lorem ipsum dolor sit amet conse ctetu</strong></p>\n<p>Sit amet conse ctetur adipisicing elit, sed do eiusmod tempor incididunt ut labore et dolore magna aliqua. Ut enim ad minim veniam, quis nostrud exercitation ullamco laboris nisi ut aliquip ex ea commodo consequat. Duis aute irure dolor in reprehenderit.</p>'),
(1, 1, 3, '<h2>Custom Text Block</h2>\n<p><strong class=\"dark\">Lorem ipsum dolor sit amet conse ctetu</strong></p>\n<p>Sit amet conse ctetur adipisicing elit, sed do eiusmod tempor incididunt ut labore et dolore magna aliqua. Ut enim ad minim veniam, quis nostrud exercitation ullamco laboris nisi ut aliquip ex ea commodo consequat. Duis aute irure dolor in reprehenderit.</p>'),
(1, 2, 3, '<h2>Custom Text Block</h2>\n<p><strong class=\"dark\">Lorem ipsum dolor sit amet conse ctetu</strong></p>\n<p>Sit amet conse ctetur adipisicing elit, sed do eiusmod tempor incididunt ut labore et dolore magna aliqua. Ut enim ad minim veniam, quis nostrud exercitation ullamco laboris nisi ut aliquip ex ea commodo consequat. Duis aute irure dolor in reprehenderit.</p>'),
(1, 1, 4, '<h2>Custom Text Block</h2>\n<p><strong class=\"dark\">Lorem ipsum dolor sit amet conse ctetu</strong></p>\n<p>Sit amet conse ctetur adipisicing elit, sed do eiusmod tempor incididunt ut labore et dolore magna aliqua. Ut enim ad minim veniam, quis nostrud exercitation ullamco laboris nisi ut aliquip ex ea commodo consequat. Duis aute irure dolor in reprehenderit.</p>'),
(1, 2, 4, '<h2>Custom Text Block</h2>\n<p><strong class=\"dark\">Lorem ipsum dolor sit amet conse ctetu</strong></p>\n<p>Sit amet conse ctetur adipisicing elit, sed do eiusmod tempor incididunt ut labore et dolore magna aliqua. Ut enim ad minim veniam, quis nostrud exercitation ullamco laboris nisi ut aliquip ex ea commodo consequat. Duis aute irure dolor in reprehenderit.</p>'),
(1, 1, 5, '<h2>Custom Text Block</h2>\n<p><strong class=\"dark\">Lorem ipsum dolor sit amet conse ctetu</strong></p>\n<p>Sit amet conse ctetur adipisicing elit, sed do eiusmod tempor incididunt ut labore et dolore magna aliqua. Ut enim ad minim veniam, quis nostrud exercitation ullamco laboris nisi ut aliquip ex ea commodo consequat. Duis aute irure dolor in reprehenderit.</p>'),
(1, 2, 5, '<h2>Custom Text Block</h2>\n<p><strong class=\"dark\">Lorem ipsum dolor sit amet conse ctetu</strong></p>\n<p>Sit amet conse ctetur adipisicing elit, sed do eiusmod tempor incididunt ut labore et dolore magna aliqua. Ut enim ad minim veniam, quis nostrud exercitation ullamco laboris nisi ut aliquip ex ea commodo consequat. Duis aute irure dolor in reprehenderit.</p>'),
(1, 1, 6, '<h2>Custom Text Block</h2>\n<p><strong class=\"dark\">Lorem ipsum dolor sit amet conse ctetu</strong></p>\n<p>Sit amet conse ctetur adipisicing elit, sed do eiusmod tempor incididunt ut labore et dolore magna aliqua. Ut enim ad minim veniam, quis nostrud exercitation ullamco laboris nisi ut aliquip ex ea commodo consequat. Duis aute irure dolor in reprehenderit.</p>'),
(1, 2, 6, '<h2>Custom Text Block</h2>\n<p><strong class=\"dark\">Lorem ipsum dolor sit amet conse ctetu</strong></p>\n<p>Sit amet conse ctetur adipisicing elit, sed do eiusmod tempor incididunt ut labore et dolore magna aliqua. Ut enim ad minim veniam, quis nostrud exercitation ullamco laboris nisi ut aliquip ex ea commodo consequat. Duis aute irure dolor in reprehenderit.</p>');

-- --------------------------------------------------------

--
-- Table structure for table `xio8d_info_shop`
--

CREATE TABLE `xio8d_info_shop` (
  `id_info` int(10) UNSIGNED NOT NULL,
  `id_shop` int(10) UNSIGNED NOT NULL
) ENGINE=InnoDB DEFAULT CHARSET=utf8 COLLATE=utf8_general_ci;

--
-- Dumping data for table `xio8d_info_shop`
--

INSERT INTO `xio8d_info_shop` (`id_info`, `id_shop`) VALUES
(1, 1),
(1, 2);

-- --------------------------------------------------------

--
-- Table structure for table `xio8d_lang`
--

CREATE TABLE `xio8d_lang` (
  `id_lang` int(11) NOT NULL,
  `name` varchar(32) NOT NULL,
  `active` tinyint(1) NOT NULL,
  `iso_code` varchar(2) NOT NULL,
  `language_code` varchar(5) NOT NULL,
  `locale` varchar(5) NOT NULL,
  `date_format_lite` varchar(32) NOT NULL,
  `date_format_full` varchar(32) NOT NULL,
  `is_rtl` tinyint(1) NOT NULL
) ENGINE=InnoDB DEFAULT CHARSET=utf8mb4 COLLATE=utf8mb4_general_ci;

--
-- Dumping data for table `xio8d_lang`
--

INSERT INTO `xio8d_lang` (`id_lang`, `name`, `active`, `iso_code`, `language_code`, `locale`, `date_format_lite`, `date_format_full`, `is_rtl`) VALUES
(1, 'English (English)', 1, 'en', 'en-us', 'en-US', 'm/d/Y', 'm/d/Y H:i:s', 0),
(2, 'தமிழ் (Tamil)', 0, 'ta', 'ta-in', 'ta-IN', 'Y-m-d', 'Y-m-d H:i:s', 0),
(3, 'हिन्दी (Hindi)', 0, 'hi', 'hi', 'hi-IN', 'Y-m-d', 'Y-m-d H:i:s', 0),
(4, 'বাংলা  (Bengali)', 0, 'bn', 'bn-bd', 'bn-BD', 'Y-m-d', 'Y-m-d H:i:s', 0),
(5, 'Bahasa melayu (Malay)', 0, 'ms', 'ms-my', 'ms-MY', 'd MMMM yyyy', 'd MMMM yyyy h:mm:ss', 0),
(6, '中文 (Simplified Chinese)', 0, 'zh', 'zh-cn', 'zh-CN', 'Y-m-d', 'Y-m-d H:i:s', 0);

-- --------------------------------------------------------

--
-- Table structure for table `xio8d_lang_shop`
--

CREATE TABLE `xio8d_lang_shop` (
  `id_lang` int(11) NOT NULL,
  `id_shop` int(11) NOT NULL
) ENGINE=InnoDB DEFAULT CHARSET=utf8mb4 COLLATE=utf8mb4_general_ci;

--
-- Dumping data for table `xio8d_lang_shop`
--

INSERT INTO `xio8d_lang_shop` (`id_lang`, `id_shop`) VALUES
(1, 1),
(1, 2),
(2, 1),
(2, 2),
(3, 1),
(3, 2),
(4, 1),
(4, 2),
(5, 1),
(6, 1);

-- --------------------------------------------------------

--
-- Table structure for table `xio8d_layered_category`
--

CREATE TABLE `xio8d_layered_category` (
  `id_layered_category` int(10) UNSIGNED NOT NULL,
  `id_shop` int(11) UNSIGNED NOT NULL,
  `controller` varchar(64) NOT NULL,
  `id_category` int(10) UNSIGNED NOT NULL,
  `id_value` int(10) UNSIGNED DEFAULT 0,
  `type` enum('category','id_feature','id_attribute_group','availability','condition','manufacturer','weight','price','extras') NOT NULL,
  `position` int(10) UNSIGNED NOT NULL,
  `filter_type` int(10) UNSIGNED NOT NULL DEFAULT 0,
  `filter_show_limit` int(10) UNSIGNED NOT NULL DEFAULT 0
) ENGINE=InnoDB DEFAULT CHARSET=utf8 COLLATE=utf8_general_ci;

--
-- Dumping data for table `xio8d_layered_category`
--

INSERT INTO `xio8d_layered_category` (`id_layered_category`, `id_shop`, `controller`, `id_category`, `id_value`, `type`, `position`, `filter_type`, `filter_show_limit`) VALUES
(1, 1, 'category', 2, NULL, 'availability', 1, 0, 0),
(2, 1, 'category', 2, NULL, 'extras', 2, 0, 0),
(3, 1, 'category', 2, NULL, 'price', 3, 0, 0),
(4, 1, 'category', 2, NULL, 'category', 4, 0, 0),
(5, 1, 'manufacturer', 0, NULL, 'availability', 1, 0, 0),
(6, 1, 'manufacturer', 0, NULL, 'extras', 2, 0, 0),
(7, 1, 'manufacturer', 0, NULL, 'price', 3, 0, 0),
(8, 1, 'manufacturer', 0, NULL, 'category', 4, 0, 0),
(9, 1, 'supplier', 0, NULL, 'availability', 1, 0, 0),
(10, 1, 'supplier', 0, NULL, 'extras', 2, 0, 0),
(11, 1, 'supplier', 0, NULL, 'price', 3, 0, 0),
(12, 1, 'supplier', 0, NULL, 'category', 4, 0, 0),
(13, 1, 'new-products', 0, NULL, 'availability', 1, 0, 0),
(14, 1, 'new-products', 0, NULL, 'extras', 2, 0, 0),
(15, 1, 'new-products', 0, NULL, 'price', 3, 0, 0),
(16, 1, 'new-products', 0, NULL, 'category', 4, 0, 0),
(17, 1, 'best-sales', 0, NULL, 'availability', 1, 0, 0),
(18, 1, 'best-sales', 0, NULL, 'extras', 2, 0, 0),
(19, 1, 'best-sales', 0, NULL, 'price', 3, 0, 0),
(20, 1, 'best-sales', 0, NULL, 'category', 4, 0, 0),
(21, 1, 'prices-drop', 0, NULL, 'availability', 1, 0, 0),
(22, 1, 'prices-drop', 0, NULL, 'extras', 2, 0, 0),
(23, 1, 'prices-drop', 0, NULL, 'price', 3, 0, 0),
(24, 1, 'prices-drop', 0, NULL, 'category', 4, 0, 0);

-- --------------------------------------------------------

--
-- Table structure for table `xio8d_layered_filter`
--

CREATE TABLE `xio8d_layered_filter` (
  `id_layered_filter` int(10) UNSIGNED NOT NULL,
  `name` varchar(64) NOT NULL,
  `filters` longtext DEFAULT NULL,
  `n_categories` int(10) UNSIGNED NOT NULL,
  `date_add` datetime NOT NULL
) ENGINE=InnoDB DEFAULT CHARSET=utf8 COLLATE=utf8_general_ci;

--
-- Dumping data for table `xio8d_layered_filter`
--

INSERT INTO `xio8d_layered_filter` (`id_layered_filter`, `name`, `filters`, `n_categories`, `date_add`) VALUES
(1, 'My template 2026-06-09', 'a:7:{s:9:\"shop_list\";a:1:{i:0;i:1;}s:10:\"categories\";a:1:{i:0;i:2;}s:11:\"controllers\";a:6:{i:0;s:8:\"category\";i:1;s:12:\"manufacturer\";i:2;s:8:\"supplier\";i:3;s:12:\"new-products\";i:4;s:10:\"best-sales\";i:5;s:11:\"prices-drop\";}s:23:\"layered_selection_stock\";a:2:{s:11:\"filter_type\";i:0;s:17:\"filter_show_limit\";i:0;}s:24:\"layered_selection_extras\";a:2:{s:11:\"filter_type\";i:0;s:17:\"filter_show_limit\";i:0;}s:30:\"layered_selection_price_slider\";a:2:{s:11:\"filter_type\";i:0;s:17:\"filter_show_limit\";i:0;}s:31:\"layered_selection_subcategories\";a:2:{s:11:\"filter_type\";i:0;s:17:\"filter_show_limit\";i:0;}}', 1, '2026-06-09 13:20:24');

-- --------------------------------------------------------

--
-- Table structure for table `xio8d_layered_filter_block`
--

CREATE TABLE `xio8d_layered_filter_block` (
  `hash` char(32) NOT NULL DEFAULT '',
  `data` text DEFAULT NULL
) ENGINE=InnoDB DEFAULT CHARSET=utf8 COLLATE=utf8_general_ci;

--
-- Dumping data for table `xio8d_layered_filter_block`
--

INSERT INTO `xio8d_layered_filter_block` (`hash`, `data`) VALUES
('887f8da41b8580dbfcea59e1689cdf2c', 'a:1:{s:7:\"filters\";a:0:{}}');

-- --------------------------------------------------------

--
-- Table structure for table `xio8d_layered_filter_shop`
--

CREATE TABLE `xio8d_layered_filter_shop` (
  `id_layered_filter` int(10) UNSIGNED NOT NULL,
  `id_shop` int(11) UNSIGNED NOT NULL
) ENGINE=InnoDB DEFAULT CHARSET=utf8 COLLATE=utf8_general_ci;

--
-- Dumping data for table `xio8d_layered_filter_shop`
--

INSERT INTO `xio8d_layered_filter_shop` (`id_layered_filter`, `id_shop`) VALUES
(1, 1);

-- --------------------------------------------------------

--
-- Table structure for table `xio8d_layered_indexable_attribute_group`
--

CREATE TABLE `xio8d_layered_indexable_attribute_group` (
  `id_attribute_group` int(11) NOT NULL,
  `indexable` tinyint(1) NOT NULL DEFAULT 0
) ENGINE=InnoDB DEFAULT CHARSET=utf8 COLLATE=utf8_general_ci;

--
-- Dumping data for table `xio8d_layered_indexable_attribute_group`
--

INSERT INTO `xio8d_layered_indexable_attribute_group` (`id_attribute_group`, `indexable`) VALUES
(1, 0),
(2, 0),
(3, 0),
(4, 0);

-- --------------------------------------------------------

--
-- Table structure for table `xio8d_layered_indexable_attribute_group_lang_value`
--

CREATE TABLE `xio8d_layered_indexable_attribute_group_lang_value` (
  `id_attribute_group` int(11) NOT NULL,
  `id_lang` int(11) NOT NULL,
  `url_name` varchar(128) DEFAULT NULL,
  `meta_title` varchar(128) DEFAULT NULL
) ENGINE=InnoDB DEFAULT CHARSET=utf8 COLLATE=utf8_general_ci;

-- --------------------------------------------------------

--
-- Table structure for table `xio8d_layered_indexable_attribute_lang_value`
--

CREATE TABLE `xio8d_layered_indexable_attribute_lang_value` (
  `id_attribute` int(11) NOT NULL,
  `id_lang` int(11) NOT NULL,
  `url_name` varchar(128) DEFAULT NULL,
  `meta_title` varchar(128) DEFAULT NULL
) ENGINE=InnoDB DEFAULT CHARSET=utf8 COLLATE=utf8_general_ci;

-- --------------------------------------------------------

--
-- Table structure for table `xio8d_layered_indexable_feature`
--

CREATE TABLE `xio8d_layered_indexable_feature` (
  `id_feature` int(11) NOT NULL,
  `indexable` tinyint(1) NOT NULL DEFAULT 0
) ENGINE=InnoDB DEFAULT CHARSET=utf8 COLLATE=utf8_general_ci;

--
-- Dumping data for table `xio8d_layered_indexable_feature`
--

INSERT INTO `xio8d_layered_indexable_feature` (`id_feature`, `indexable`) VALUES
(1, 0),
(2, 0);

-- --------------------------------------------------------

--
-- Table structure for table `xio8d_layered_indexable_feature_lang_value`
--

CREATE TABLE `xio8d_layered_indexable_feature_lang_value` (
  `id_feature` int(11) NOT NULL,
  `id_lang` int(11) NOT NULL,
  `url_name` varchar(128) NOT NULL,
  `meta_title` varchar(128) DEFAULT NULL
) ENGINE=InnoDB DEFAULT CHARSET=utf8 COLLATE=utf8_general_ci;

-- --------------------------------------------------------

--
-- Table structure for table `xio8d_layered_indexable_feature_value_lang_value`
--

CREATE TABLE `xio8d_layered_indexable_feature_value_lang_value` (
  `id_feature_value` int(11) NOT NULL,
  `id_lang` int(11) NOT NULL,
  `url_name` varchar(128) DEFAULT NULL,
  `meta_title` varchar(128) DEFAULT NULL
) ENGINE=InnoDB DEFAULT CHARSET=utf8 COLLATE=utf8_general_ci;

-- --------------------------------------------------------

--
-- Table structure for table `xio8d_layered_price_index`
--

CREATE TABLE `xio8d_layered_price_index` (
  `id_product` int(11) NOT NULL,
  `id_currency` int(11) NOT NULL,
  `id_shop` int(11) NOT NULL,
  `price_min` decimal(20,6) NOT NULL,
  `price_max` decimal(20,6) NOT NULL,
  `id_country` int(11) NOT NULL
) ENGINE=InnoDB DEFAULT CHARSET=utf8 COLLATE=utf8_general_ci;

--
-- Dumping data for table `xio8d_layered_price_index`
--

INSERT INTO `xio8d_layered_price_index` (`id_product`, `id_currency`, `id_shop`, `price_min`, `price_max`, `id_country`) VALUES
(1, 1, 1, 20.076000, 25.095000, 109),
(2, 1, 1, 30.156000, 37.695000, 109),
(3, 1, 1, 30.450000, 30.450000, 109),
(4, 1, 1, 30.450000, 30.450000, 109),
(5, 1, 1, 30.450000, 30.450000, 109),
(6, 1, 1, 12.495000, 12.495000, 109),
(7, 1, 1, 12.495000, 12.495000, 109),
(8, 1, 1, 12.495000, 12.495000, 109),
(9, 1, 1, 19.845000, 19.845000, 109),
(10, 1, 1, 19.845000, 19.845000, 109),
(11, 1, 1, 19.845000, 19.845000, 109),
(12, 1, 1, 9.450000, 9.450000, 109),
(13, 1, 1, 9.450000, 9.450000, 109),
(14, 1, 1, 9.450000, 9.450000, 109),
(15, 1, 1, 36.750000, 36.750000, 109),
(16, 1, 1, 13.545000, 13.545000, 109),
(17, 1, 1, 13.545000, 13.545000, 109),
(18, 1, 1, 13.545000, 13.545000, 109),
(18, 1, 2, 13.545000, 13.545000, 109),
(19, 1, 1, 14.595000, 14.595000, 109),
(20, 1, 1, 0.000000, 0.000000, 8),
(20, 1, 1, 0.000000, 0.000000, 21),
(20, 1, 1, 0.000000, 0.000000, 109),
(20, 1, 2, 62.450000, 62.450000, 8),
(20, 1, 2, 62.450000, 62.450000, 21),
(20, 1, 2, 62.450000, 62.450000, 109),
(20, 2, 1, 0.000000, 0.000000, 8),
(20, 2, 1, 0.000000, 0.000000, 21),
(20, 2, 1, 0.000000, 0.000000, 109),
(20, 2, 2, 62.450000, 62.450000, 8),
(20, 2, 2, 62.450000, 62.450000, 21),
(20, 2, 2, 62.450000, 62.450000, 109),
(20, 3, 1, 0.000000, 0.000000, 8),
(20, 3, 1, 0.000000, 0.000000, 21),
(20, 3, 1, 0.000000, 0.000000, 109),
(20, 3, 2, 62.450000, 62.450000, 8),
(20, 3, 2, 62.450000, 62.450000, 21),
(20, 3, 2, 62.450000, 62.450000, 109),
(20, 4, 1, 0.000000, 0.000000, 8),
(20, 4, 1, 0.000000, 0.000000, 21),
(20, 4, 1, 0.000000, 0.000000, 109),
(20, 4, 2, 62.450000, 62.450000, 8),
(20, 4, 2, 62.450000, 62.450000, 21),
(20, 4, 2, 62.450000, 62.450000, 109),
(21, 1, 1, 0.000000, 0.000000, 8),
(21, 1, 1, 0.000000, 0.000000, 21),
(21, 1, 1, 0.000000, 0.000000, 109),
(21, 1, 2, 28.690000, 28.690000, 8),
(21, 1, 2, 28.690000, 28.690000, 21),
(21, 1, 2, 28.690000, 28.690000, 109),
(21, 2, 1, 0.000000, 0.000000, 8),
(21, 2, 1, 0.000000, 0.000000, 21),
(21, 2, 1, 0.000000, 0.000000, 109),
(21, 2, 2, 28.690000, 28.690000, 8),
(21, 2, 2, 28.690000, 28.690000, 21),
(21, 2, 2, 28.690000, 28.690000, 109),
(21, 3, 1, 0.000000, 0.000000, 8),
(21, 3, 1, 0.000000, 0.000000, 21),
(21, 3, 1, 0.000000, 0.000000, 109),
(21, 3, 2, 28.690000, 28.690000, 8),
(21, 3, 2, 28.690000, 28.690000, 21),
(21, 3, 2, 28.690000, 28.690000, 109),
(21, 4, 1, 0.000000, 0.000000, 8),
(21, 4, 1, 0.000000, 0.000000, 21),
(21, 4, 1, 0.000000, 0.000000, 109),
(21, 4, 2, 28.690000, 28.690000, 8),
(21, 4, 2, 28.690000, 28.690000, 21),
(21, 4, 2, 28.690000, 28.690000, 109),
(22, 1, 1, 0.000000, 0.000000, 8),
(22, 1, 1, 0.000000, 0.000000, 21),
(22, 1, 1, 0.000000, 0.000000, 109),
(22, 1, 2, 119.940000, 119.940000, 8),
(22, 1, 2, 119.940000, 119.940000, 21),
(22, 1, 2, 119.940000, 119.940000, 109),
(22, 2, 1, 0.000000, 0.000000, 8),
(22, 2, 1, 0.000000, 0.000000, 21),
(22, 2, 1, 0.000000, 0.000000, 109),
(22, 2, 2, 119.940000, 119.940000, 8),
(22, 2, 2, 119.940000, 119.940000, 21),
(22, 2, 2, 119.940000, 119.940000, 109),
(22, 3, 1, 0.000000, 0.000000, 8),
(22, 3, 1, 0.000000, 0.000000, 21),
(22, 3, 1, 0.000000, 0.000000, 109),
(22, 3, 2, 119.940000, 119.940000, 8),
(22, 3, 2, 119.940000, 119.940000, 21),
(22, 3, 2, 119.940000, 119.940000, 109),
(22, 4, 1, 0.000000, 0.000000, 8),
(22, 4, 1, 0.000000, 0.000000, 21),
(22, 4, 1, 0.000000, 0.000000, 109),
(22, 4, 2, 119.940000, 119.940000, 8),
(22, 4, 2, 119.940000, 119.940000, 21),
(22, 4, 2, 119.940000, 119.940000, 109),
(23, 1, 1, 0.000000, 0.000000, 8),
(23, 1, 1, 0.000000, 0.000000, 21),
(23, 1, 1, 0.000000, 0.000000, 109),
(23, 1, 2, 51.190000, 51.190000, 8),
(23, 1, 2, 51.190000, 51.190000, 21),
(23, 1, 2, 51.190000, 51.190000, 109),
(23, 2, 1, 0.000000, 0.000000, 8),
(23, 2, 1, 0.000000, 0.000000, 21),
(23, 2, 1, 0.000000, 0.000000, 109),
(23, 2, 2, 51.190000, 51.190000, 8),
(23, 2, 2, 51.190000, 51.190000, 21),
(23, 2, 2, 51.190000, 51.190000, 109),
(23, 3, 1, 0.000000, 0.000000, 8),
(23, 3, 1, 0.000000, 0.000000, 21),
(23, 3, 1, 0.000000, 0.000000, 109),
(23, 3, 2, 51.190000, 51.190000, 8),
(23, 3, 2, 51.190000, 51.190000, 21),
(23, 3, 2, 51.190000, 51.190000, 109),
(23, 4, 1, 0.000000, 0.000000, 8),
(23, 4, 1, 0.000000, 0.000000, 21),
(23, 4, 1, 0.000000, 0.000000, 109),
(23, 4, 2, 51.190000, 51.190000, 8),
(23, 4, 2, 51.190000, 51.190000, 21),
(23, 4, 2, 51.190000, 51.190000, 109),
(25, 1, 1, 0.000000, 0.000000, 8),
(25, 1, 1, 0.000000, 0.000000, 21),
(25, 1, 1, 0.000000, 0.000000, 109),
(25, 1, 2, 30.500000, 30.500000, 8),
(25, 1, 2, 30.500000, 30.500000, 21),
(25, 1, 2, 30.500000, 30.500000, 109),
(25, 2, 1, 0.000000, 0.000000, 8),
(25, 2, 1, 0.000000, 0.000000, 21),
(25, 2, 1, 0.000000, 0.000000, 109),
(25, 2, 2, 30.500000, 30.500000, 8),
(25, 2, 2, 30.500000, 30.500000, 21),
(25, 2, 2, 30.500000, 30.500000, 109),
(25, 3, 1, 0.000000, 0.000000, 8),
(25, 3, 1, 0.000000, 0.000000, 21),
(25, 3, 1, 0.000000, 0.000000, 109),
(25, 3, 2, 30.500000, 30.500000, 8),
(25, 3, 2, 30.500000, 30.500000, 21),
(25, 3, 2, 30.500000, 30.500000, 109),
(25, 4, 1, 0.000000, 0.000000, 8),
(25, 4, 1, 0.000000, 0.000000, 21),
(25, 4, 1, 0.000000, 0.000000, 109),
(25, 4, 2, 30.500000, 30.500000, 8),
(25, 4, 2, 30.500000, 30.500000, 21),
(25, 4, 2, 30.500000, 30.500000, 109),
(27, 1, 1, 0.000000, 0.000000, 8),
(27, 1, 1, 0.000000, 0.000000, 21),
(27, 1, 1, 0.000000, 0.000000, 109),
(27, 1, 2, 39.940000, 39.940000, 8),
(27, 1, 2, 39.940000, 39.940000, 21),
(27, 1, 2, 39.940000, 39.940000, 109),
(27, 2, 1, 0.000000, 0.000000, 8),
(27, 2, 1, 0.000000, 0.000000, 21),
(27, 2, 1, 0.000000, 0.000000, 109),
(27, 2, 2, 39.940000, 39.940000, 8),
(27, 2, 2, 39.940000, 39.940000, 21),
(27, 2, 2, 39.940000, 39.940000, 109),
(27, 3, 1, 0.000000, 0.000000, 8),
(27, 3, 1, 0.000000, 0.000000, 21),
(27, 3, 1, 0.000000, 0.000000, 109),
(27, 3, 2, 39.940000, 39.940000, 8),
(27, 3, 2, 39.940000, 39.940000, 21),
(27, 3, 2, 39.940000, 39.940000, 109),
(27, 4, 1, 0.000000, 0.000000, 8),
(27, 4, 1, 0.000000, 0.000000, 21),
(27, 4, 1, 0.000000, 0.000000, 109),
(27, 4, 2, 39.940000, 39.940000, 8),
(27, 4, 2, 39.940000, 39.940000, 21),
(27, 4, 2, 39.940000, 39.940000, 109),
(28, 1, 1, 0.000000, 0.000000, 8),
(28, 1, 1, 0.000000, 0.000000, 21),
(28, 1, 1, 0.000000, 0.000000, 109),
(28, 1, 2, 49.375000, 49.375000, 8),
(28, 1, 2, 49.375000, 49.375000, 21),
(28, 1, 2, 49.375000, 49.375000, 109),
(28, 2, 1, 0.000000, 0.000000, 8),
(28, 2, 1, 0.000000, 0.000000, 21),
(28, 2, 1, 0.000000, 0.000000, 109),
(28, 2, 2, 49.375000, 49.375000, 8),
(28, 2, 2, 49.375000, 49.375000, 21),
(28, 2, 2, 49.375000, 49.375000, 109),
(28, 3, 1, 0.000000, 0.000000, 8),
(28, 3, 1, 0.000000, 0.000000, 21),
(28, 3, 1, 0.000000, 0.000000, 109),
(28, 3, 2, 49.375000, 49.375000, 8),
(28, 3, 2, 49.375000, 49.375000, 21),
(28, 3, 2, 49.375000, 49.375000, 109),
(28, 4, 1, 0.000000, 0.000000, 8),
(28, 4, 1, 0.000000, 0.000000, 21),
(28, 4, 1, 0.000000, 0.000000, 109),
(28, 4, 2, 49.375000, 49.375000, 8),
(28, 4, 2, 49.375000, 49.375000, 21),
(28, 4, 2, 49.375000, 49.375000, 109),
(29, 1, 1, 0.000000, 0.000000, 8),
(29, 1, 1, 0.000000, 0.000000, 21),
(29, 1, 1, 0.000000, 0.000000, 109),
(29, 1, 2, 21.190000, 21.190000, 8),
(29, 1, 2, 21.190000, 21.190000, 21),
(29, 1, 2, 21.190000, 21.190000, 109),
(29, 2, 1, 0.000000, 0.000000, 8),
(29, 2, 1, 0.000000, 0.000000, 21),
(29, 2, 1, 0.000000, 0.000000, 109),
(29, 2, 2, 21.190000, 21.190000, 8),
(29, 2, 2, 21.190000, 21.190000, 21),
(29, 2, 2, 21.190000, 21.190000, 109),
(29, 3, 1, 0.000000, 0.000000, 8),
(29, 3, 1, 0.000000, 0.000000, 21),
(29, 3, 1, 0.000000, 0.000000, 109),
(29, 3, 2, 21.190000, 21.190000, 8),
(29, 3, 2, 21.190000, 21.190000, 21),
(29, 3, 2, 21.190000, 21.190000, 109),
(29, 4, 1, 0.000000, 0.000000, 8),
(29, 4, 1, 0.000000, 0.000000, 21),
(29, 4, 1, 0.000000, 0.000000, 109),
(29, 4, 2, 21.190000, 21.190000, 8),
(29, 4, 2, 21.190000, 21.190000, 21),
(29, 4, 2, 21.190000, 21.190000, 109),
(30, 1, 1, 0.000000, 0.000000, 8),
(30, 1, 1, 0.000000, 0.000000, 21),
(30, 1, 1, 0.000000, 0.000000, 109),
(30, 1, 2, 41.190000, 41.190000, 8),
(30, 1, 2, 41.190000, 41.190000, 21),
(30, 1, 2, 41.190000, 41.190000, 109),
(30, 2, 1, 0.000000, 0.000000, 8),
(30, 2, 1, 0.000000, 0.000000, 21),
(30, 2, 1, 0.000000, 0.000000, 109),
(30, 2, 2, 41.190000, 41.190000, 8),
(30, 2, 2, 41.190000, 41.190000, 21),
(30, 2, 2, 41.190000, 41.190000, 109),
(30, 3, 1, 0.000000, 0.000000, 8),
(30, 3, 1, 0.000000, 0.000000, 21),
(30, 3, 1, 0.000000, 0.000000, 109),
(30, 3, 2, 41.190000, 41.190000, 8),
(30, 3, 2, 41.190000, 41.190000, 21),
(30, 3, 2, 41.190000, 41.190000, 109),
(30, 4, 1, 0.000000, 0.000000, 8),
(30, 4, 1, 0.000000, 0.000000, 21),
(30, 4, 1, 0.000000, 0.000000, 109),
(30, 4, 2, 41.190000, 41.190000, 8),
(30, 4, 2, 41.190000, 41.190000, 21),
(30, 4, 2, 41.190000, 41.190000, 109),
(31, 1, 1, 0.000000, 0.000000, 8),
(31, 1, 1, 0.000000, 0.000000, 21),
(31, 1, 1, 0.000000, 0.000000, 109),
(31, 1, 2, 46.190000, 46.190000, 8),
(31, 1, 2, 46.190000, 46.190000, 21),
(31, 1, 2, 46.190000, 46.190000, 109),
(31, 2, 1, 0.000000, 0.000000, 8),
(31, 2, 1, 0.000000, 0.000000, 21),
(31, 2, 1, 0.000000, 0.000000, 109),
(31, 2, 2, 46.190000, 46.190000, 8),
(31, 2, 2, 46.190000, 46.190000, 21),
(31, 2, 2, 46.190000, 46.190000, 109),
(31, 3, 1, 0.000000, 0.000000, 8),
(31, 3, 1, 0.000000, 0.000000, 21),
(31, 3, 1, 0.000000, 0.000000, 109),
(31, 3, 2, 46.190000, 46.190000, 8),
(31, 3, 2, 46.190000, 46.190000, 21),
(31, 3, 2, 46.190000, 46.190000, 109),
(31, 4, 1, 0.000000, 0.000000, 8),
(31, 4, 1, 0.000000, 0.000000, 21),
(31, 4, 1, 0.000000, 0.000000, 109),
(31, 4, 2, 46.190000, 46.190000, 8),
(31, 4, 2, 46.190000, 46.190000, 21),
(31, 4, 2, 46.190000, 46.190000, 109),
(35, 1, 1, 0.000000, 0.000000, 8),
(35, 1, 1, 0.000000, 0.000000, 21),
(35, 1, 1, 0.000000, 0.000000, 109),
(35, 1, 2, 37.450000, 37.450000, 8),
(35, 1, 2, 37.450000, 37.450000, 21),
(35, 1, 2, 37.450000, 37.450000, 109),
(35, 2, 1, 0.000000, 0.000000, 8),
(35, 2, 1, 0.000000, 0.000000, 21),
(35, 2, 1, 0.000000, 0.000000, 109),
(35, 2, 2, 37.450000, 37.450000, 8),
(35, 2, 2, 37.450000, 37.450000, 21),
(35, 2, 2, 37.450000, 37.450000, 109),
(35, 3, 1, 0.000000, 0.000000, 8),
(35, 3, 1, 0.000000, 0.000000, 21),
(35, 3, 1, 0.000000, 0.000000, 109),
(35, 3, 2, 37.450000, 37.450000, 8),
(35, 3, 2, 37.450000, 37.450000, 21),
(35, 3, 2, 37.450000, 37.450000, 109),
(35, 4, 1, 0.000000, 0.000000, 8),
(35, 4, 1, 0.000000, 0.000000, 21),
(35, 4, 1, 0.000000, 0.000000, 109),
(35, 4, 2, 37.450000, 37.450000, 8),
(35, 4, 2, 37.450000, 37.450000, 21),
(35, 4, 2, 37.450000, 37.450000, 109),
(37, 1, 1, 0.000000, 0.000000, 8),
(37, 1, 1, 0.000000, 0.000000, 21),
(37, 1, 1, 0.000000, 0.000000, 109),
(37, 1, 2, 44.950000, 44.950000, 8),
(37, 1, 2, 44.950000, 44.950000, 21),
(37, 1, 2, 44.950000, 44.950000, 109),
(37, 2, 1, 0.000000, 0.000000, 8),
(37, 2, 1, 0.000000, 0.000000, 21),
(37, 2, 1, 0.000000, 0.000000, 109),
(37, 2, 2, 44.950000, 44.950000, 8),
(37, 2, 2, 44.950000, 44.950000, 21),
(37, 2, 2, 44.950000, 44.950000, 109),
(37, 3, 1, 0.000000, 0.000000, 8),
(37, 3, 1, 0.000000, 0.000000, 21),
(37, 3, 1, 0.000000, 0.000000, 109),
(37, 3, 2, 44.950000, 44.950000, 8),
(37, 3, 2, 44.950000, 44.950000, 21),
(37, 3, 2, 44.950000, 44.950000, 109),
(37, 4, 1, 0.000000, 0.000000, 8),
(37, 4, 1, 0.000000, 0.000000, 21),
(37, 4, 1, 0.000000, 0.000000, 109),
(37, 4, 2, 44.950000, 44.950000, 8),
(37, 4, 2, 44.950000, 44.950000, 21),
(37, 4, 2, 44.950000, 44.950000, 109),
(39, 1, 1, 0.000000, 0.000000, 8),
(39, 1, 1, 0.000000, 0.000000, 21),
(39, 1, 1, 0.000000, 0.000000, 109),
(39, 1, 2, 8.700000, 8.700000, 8),
(39, 1, 2, 8.700000, 8.700000, 21),
(39, 1, 2, 8.700000, 8.700000, 109),
(39, 2, 1, 0.000000, 0.000000, 8),
(39, 2, 1, 0.000000, 0.000000, 21),
(39, 2, 1, 0.000000, 0.000000, 109),
(39, 2, 2, 8.700000, 8.700000, 8),
(39, 2, 2, 8.700000, 8.700000, 21),
(39, 2, 2, 8.700000, 8.700000, 109),
(39, 3, 1, 0.000000, 0.000000, 8),
(39, 3, 1, 0.000000, 0.000000, 21),
(39, 3, 1, 0.000000, 0.000000, 109),
(39, 3, 2, 8.700000, 8.700000, 8),
(39, 3, 2, 8.700000, 8.700000, 21),
(39, 3, 2, 8.700000, 8.700000, 109),
(39, 4, 1, 0.000000, 0.000000, 8),
(39, 4, 1, 0.000000, 0.000000, 21),
(39, 4, 1, 0.000000, 0.000000, 109),
(39, 4, 2, 8.700000, 8.700000, 8),
(39, 4, 2, 8.700000, 8.700000, 21),
(39, 4, 2, 8.700000, 8.700000, 109),
(40, 1, 1, 0.000000, 0.000000, 8),
(40, 1, 1, 0.000000, 0.000000, 21),
(40, 1, 1, 0.000000, 0.000000, 109),
(40, 1, 2, 8.700000, 8.700000, 8),
(40, 1, 2, 8.700000, 8.700000, 21),
(40, 1, 2, 8.700000, 8.700000, 109),
(40, 2, 1, 0.000000, 0.000000, 8),
(40, 2, 1, 0.000000, 0.000000, 21),
(40, 2, 1, 0.000000, 0.000000, 109),
(40, 2, 2, 8.700000, 8.700000, 8),
(40, 2, 2, 8.700000, 8.700000, 21),
(40, 2, 2, 8.700000, 8.700000, 109),
(40, 3, 1, 0.000000, 0.000000, 8),
(40, 3, 1, 0.000000, 0.000000, 21),
(40, 3, 1, 0.000000, 0.000000, 109),
(40, 3, 2, 8.700000, 8.700000, 8),
(40, 3, 2, 8.700000, 8.700000, 21),
(40, 3, 2, 8.700000, 8.700000, 109),
(40, 4, 1, 0.000000, 0.000000, 8),
(40, 4, 1, 0.000000, 0.000000, 21),
(40, 4, 1, 0.000000, 0.000000, 109),
(40, 4, 2, 8.700000, 8.700000, 8),
(40, 4, 2, 8.700000, 8.700000, 21),
(40, 4, 2, 8.700000, 8.700000, 109),
(41, 1, 1, 0.000000, 0.000000, 8),
(41, 1, 1, 0.000000, 0.000000, 21),
(41, 1, 1, 0.000000, 0.000000, 109),
(41, 1, 2, 8.700000, 8.700000, 8),
(41, 1, 2, 8.700000, 8.700000, 21),
(41, 1, 2, 8.700000, 8.700000, 109),
(41, 2, 1, 0.000000, 0.000000, 8),
(41, 2, 1, 0.000000, 0.000000, 21),
(41, 2, 1, 0.000000, 0.000000, 109),
(41, 2, 2, 8.700000, 8.700000, 8),
(41, 2, 2, 8.700000, 8.700000, 21),
(41, 2, 2, 8.700000, 8.700000, 109),
(41, 3, 1, 0.000000, 0.000000, 8),
(41, 3, 1, 0.000000, 0.000000, 21),
(41, 3, 1, 0.000000, 0.000000, 109),
(41, 3, 2, 8.700000, 8.700000, 8),
(41, 3, 2, 8.700000, 8.700000, 21),
(41, 3, 2, 8.700000, 8.700000, 109),
(41, 4, 1, 0.000000, 0.000000, 8),
(41, 4, 1, 0.000000, 0.000000, 21),
(41, 4, 1, 0.000000, 0.000000, 109),
(41, 4, 2, 8.700000, 8.700000, 8),
(41, 4, 2, 8.700000, 8.700000, 21),
(41, 4, 2, 8.700000, 8.700000, 109),
(46, 1, 1, 0.000000, 0.000000, 8),
(46, 1, 1, 0.000000, 0.000000, 21),
(46, 1, 1, 0.000000, 0.000000, 109),
(46, 1, 2, 8.119999, 8.119999, 8),
(46, 1, 2, 8.119999, 8.119999, 21),
(46, 1, 2, 8.119999, 8.119999, 109),
(46, 2, 1, 0.000000, 0.000000, 8),
(46, 2, 1, 0.000000, 0.000000, 21),
(46, 2, 1, 0.000000, 0.000000, 109),
(46, 2, 2, 8.119999, 8.119999, 8),
(46, 2, 2, 8.119999, 8.119999, 21),
(46, 2, 2, 8.119999, 8.119999, 109),
(46, 3, 1, 0.000000, 0.000000, 8),
(46, 3, 1, 0.000000, 0.000000, 21),
(46, 3, 1, 0.000000, 0.000000, 109),
(46, 3, 2, 8.119999, 8.119999, 8),
(46, 3, 2, 8.119999, 8.119999, 21),
(46, 3, 2, 8.119999, 8.119999, 109),
(46, 4, 1, 0.000000, 0.000000, 8),
(46, 4, 1, 0.000000, 0.000000, 21),
(46, 4, 1, 0.000000, 0.000000, 109),
(46, 4, 2, 8.119999, 8.119999, 8),
(46, 4, 2, 8.119999, 8.119999, 21),
(46, 4, 2, 8.119999, 8.119999, 109),
(47, 1, 1, 0.000000, 0.000000, 8),
(47, 1, 1, 0.000000, 0.000000, 21),
(47, 1, 1, 0.000000, 0.000000, 109),
(47, 1, 2, 26.200000, 26.200000, 8),
(47, 1, 2, 26.200000, 26.200000, 21),
(47, 1, 2, 26.200000, 26.200000, 109),
(47, 2, 1, 0.000000, 0.000000, 8),
(47, 2, 1, 0.000000, 0.000000, 21),
(47, 2, 1, 0.000000, 0.000000, 109),
(47, 2, 2, 26.200000, 26.200000, 8),
(47, 2, 2, 26.200000, 26.200000, 21),
(47, 2, 2, 26.200000, 26.200000, 109),
(47, 3, 1, 0.000000, 0.000000, 8),
(47, 3, 1, 0.000000, 0.000000, 21),
(47, 3, 1, 0.000000, 0.000000, 109),
(47, 3, 2, 26.200000, 26.200000, 8),
(47, 3, 2, 26.200000, 26.200000, 21),
(47, 3, 2, 26.200000, 26.200000, 109),
(47, 4, 1, 0.000000, 0.000000, 8),
(47, 4, 1, 0.000000, 0.000000, 21),
(47, 4, 1, 0.000000, 0.000000, 109),
(47, 4, 2, 26.200000, 26.200000, 8),
(47, 4, 2, 26.200000, 26.200000, 21),
(47, 4, 2, 26.200000, 26.200000, 109),
(48, 1, 1, 0.000000, 0.000000, 8),
(48, 1, 1, 0.000000, 0.000000, 21),
(48, 1, 1, 0.000000, 0.000000, 109),
(48, 1, 2, 39.940000, 39.940000, 8),
(48, 1, 2, 39.940000, 39.940000, 21),
(48, 1, 2, 39.940000, 39.940000, 109),
(48, 2, 1, 0.000000, 0.000000, 8),
(48, 2, 1, 0.000000, 0.000000, 21),
(48, 2, 1, 0.000000, 0.000000, 109),
(48, 2, 2, 39.940000, 39.940000, 8),
(48, 2, 2, 39.940000, 39.940000, 21),
(48, 2, 2, 39.940000, 39.940000, 109),
(48, 3, 1, 0.000000, 0.000000, 8),
(48, 3, 1, 0.000000, 0.000000, 21),
(48, 3, 1, 0.000000, 0.000000, 109),
(48, 3, 2, 39.940000, 39.940000, 8),
(48, 3, 2, 39.940000, 39.940000, 21),
(48, 3, 2, 39.940000, 39.940000, 109),
(48, 4, 1, 0.000000, 0.000000, 8),
(48, 4, 1, 0.000000, 0.000000, 21),
(48, 4, 1, 0.000000, 0.000000, 109),
(48, 4, 2, 39.940000, 39.940000, 8),
(48, 4, 2, 39.940000, 39.940000, 21),
(48, 4, 2, 39.940000, 39.940000, 109),
(49, 1, 1, 0.000000, 0.000000, 8),
(49, 1, 1, 0.000000, 0.000000, 21),
(49, 1, 1, 0.000000, 0.000000, 109),
(49, 1, 2, 39.940000, 39.940000, 8),
(49, 1, 2, 39.940000, 39.940000, 21),
(49, 1, 2, 39.940000, 39.940000, 109),
(49, 2, 1, 0.000000, 0.000000, 8),
(49, 2, 1, 0.000000, 0.000000, 21),
(49, 2, 1, 0.000000, 0.000000, 109),
(49, 2, 2, 39.940000, 39.940000, 8),
(49, 2, 2, 39.940000, 39.940000, 21),
(49, 2, 2, 39.940000, 39.940000, 109),
(49, 3, 1, 0.000000, 0.000000, 8),
(49, 3, 1, 0.000000, 0.000000, 21),
(49, 3, 1, 0.000000, 0.000000, 109),
(49, 3, 2, 39.940000, 39.940000, 8),
(49, 3, 2, 39.940000, 39.940000, 21),
(49, 3, 2, 39.940000, 39.940000, 109),
(49, 4, 1, 0.000000, 0.000000, 8),
(49, 4, 1, 0.000000, 0.000000, 21),
(49, 4, 1, 0.000000, 0.000000, 109),
(49, 4, 2, 39.940000, 39.940000, 8),
(49, 4, 2, 39.940000, 39.940000, 21),
(49, 4, 2, 39.940000, 39.940000, 109),
(50, 1, 1, 0.000000, 0.000000, 8),
(50, 1, 1, 0.000000, 0.000000, 21),
(50, 1, 1, 0.000000, 0.000000, 109),
(50, 1, 2, 7.375000, 7.375000, 8),
(50, 1, 2, 7.375000, 7.375000, 21),
(50, 1, 2, 7.375000, 7.375000, 109),
(50, 2, 1, 0.000000, 0.000000, 8),
(50, 2, 1, 0.000000, 0.000000, 21),
(50, 2, 1, 0.000000, 0.000000, 109),
(50, 2, 2, 7.375000, 7.375000, 8),
(50, 2, 2, 7.375000, 7.375000, 21),
(50, 2, 2, 7.375000, 7.375000, 109),
(50, 3, 1, 0.000000, 0.000000, 8),
(50, 3, 1, 0.000000, 0.000000, 21),
(50, 3, 1, 0.000000, 0.000000, 109),
(50, 3, 2, 7.375000, 7.375000, 8),
(50, 3, 2, 7.375000, 7.375000, 21),
(50, 3, 2, 7.375000, 7.375000, 109),
(50, 4, 1, 0.000000, 0.000000, 8),
(50, 4, 1, 0.000000, 0.000000, 21),
(50, 4, 1, 0.000000, 0.000000, 109),
(50, 4, 2, 7.375000, 7.375000, 8),
(50, 4, 2, 7.375000, 7.375000, 21),
(50, 4, 2, 7.375000, 7.375000, 109),
(51, 1, 1, 0.000000, 0.000000, 8),
(51, 1, 1, 0.000000, 0.000000, 21),
(51, 1, 1, 0.000000, 0.000000, 109),
(51, 1, 2, 32.950000, 32.950000, 8),
(51, 1, 2, 32.950000, 32.950000, 21),
(51, 1, 2, 32.950000, 32.950000, 109),
(51, 2, 1, 0.000000, 0.000000, 8),
(51, 2, 1, 0.000000, 0.000000, 21),
(51, 2, 1, 0.000000, 0.000000, 109),
(51, 2, 2, 32.950000, 32.950000, 8),
(51, 2, 2, 32.950000, 32.950000, 21),
(51, 2, 2, 32.950000, 32.950000, 109),
(51, 3, 1, 0.000000, 0.000000, 8),
(51, 3, 1, 0.000000, 0.000000, 21),
(51, 3, 1, 0.000000, 0.000000, 109),
(51, 3, 2, 32.950000, 32.950000, 8),
(51, 3, 2, 32.950000, 32.950000, 21),
(51, 3, 2, 32.950000, 32.950000, 109),
(51, 4, 1, 0.000000, 0.000000, 8),
(51, 4, 1, 0.000000, 0.000000, 21),
(51, 4, 1, 0.000000, 0.000000, 109),
(51, 4, 2, 32.950000, 32.950000, 8),
(51, 4, 2, 32.950000, 32.950000, 21),
(51, 4, 2, 32.950000, 32.950000, 109),
(52, 1, 1, 0.000000, 0.000000, 8),
(52, 1, 1, 0.000000, 0.000000, 21),
(52, 1, 1, 0.000000, 0.000000, 109),
(52, 1, 2, 28.200000, 28.200000, 8),
(52, 1, 2, 28.200000, 28.200000, 21),
(52, 1, 2, 28.200000, 28.200000, 109),
(52, 2, 1, 0.000000, 0.000000, 8),
(52, 2, 1, 0.000000, 0.000000, 21),
(52, 2, 1, 0.000000, 0.000000, 109),
(52, 2, 2, 28.200000, 28.200000, 8),
(52, 2, 2, 28.200000, 28.200000, 21),
(52, 2, 2, 28.200000, 28.200000, 109),
(52, 3, 1, 0.000000, 0.000000, 8),
(52, 3, 1, 0.000000, 0.000000, 21),
(52, 3, 1, 0.000000, 0.000000, 109),
(52, 3, 2, 28.200000, 28.200000, 8),
(52, 3, 2, 28.200000, 28.200000, 21),
(52, 3, 2, 28.200000, 28.200000, 109),
(52, 4, 1, 0.000000, 0.000000, 8),
(52, 4, 1, 0.000000, 0.000000, 21),
(52, 4, 1, 0.000000, 0.000000, 109),
(52, 4, 2, 28.200000, 28.200000, 8),
(52, 4, 2, 28.200000, 28.200000, 21),
(52, 4, 2, 28.200000, 28.200000, 109),
(53, 1, 1, 0.000000, 0.000000, 8),
(53, 1, 1, 0.000000, 0.000000, 21),
(53, 1, 1, 0.000000, 0.000000, 109),
(53, 1, 2, 28.200000, 28.200000, 8),
(53, 1, 2, 28.200000, 28.200000, 21),
(53, 1, 2, 28.200000, 28.200000, 109),
(53, 2, 1, 0.000000, 0.000000, 8),
(53, 2, 1, 0.000000, 0.000000, 21),
(53, 2, 1, 0.000000, 0.000000, 109),
(53, 2, 2, 28.200000, 28.200000, 8),
(53, 2, 2, 28.200000, 28.200000, 21),
(53, 2, 2, 28.200000, 28.200000, 109),
(53, 3, 1, 0.000000, 0.000000, 8),
(53, 3, 1, 0.000000, 0.000000, 21),
(53, 3, 1, 0.000000, 0.000000, 109),
(53, 3, 2, 28.200000, 28.200000, 8),
(53, 3, 2, 28.200000, 28.200000, 21),
(53, 3, 2, 28.200000, 28.200000, 109),
(53, 4, 1, 0.000000, 0.000000, 8),
(53, 4, 1, 0.000000, 0.000000, 21),
(53, 4, 1, 0.000000, 0.000000, 109),
(53, 4, 2, 28.200000, 28.200000, 8),
(53, 4, 2, 28.200000, 28.200000, 21),
(53, 4, 2, 28.200000, 28.200000, 109),
(54, 1, 1, 0.000000, 0.000000, 8),
(54, 1, 1, 0.000000, 0.000000, 21),
(54, 1, 1, 0.000000, 0.000000, 109),
(54, 1, 2, 45.700000, 45.700000, 8),
(54, 1, 2, 45.700000, 45.700000, 21),
(54, 1, 2, 45.700000, 45.700000, 109),
(54, 2, 1, 0.000000, 0.000000, 8),
(54, 2, 1, 0.000000, 0.000000, 21),
(54, 2, 1, 0.000000, 0.000000, 109),
(54, 2, 2, 45.700000, 45.700000, 8),
(54, 2, 2, 45.700000, 45.700000, 21),
(54, 2, 2, 45.700000, 45.700000, 109),
(54, 3, 1, 0.000000, 0.000000, 8),
(54, 3, 1, 0.000000, 0.000000, 21),
(54, 3, 1, 0.000000, 0.000000, 109),
(54, 3, 2, 45.700000, 45.700000, 8),
(54, 3, 2, 45.700000, 45.700000, 21),
(54, 3, 2, 45.700000, 45.700000, 109),
(54, 4, 1, 0.000000, 0.000000, 8),
(54, 4, 1, 0.000000, 0.000000, 21),
(54, 4, 1, 0.000000, 0.000000, 109),
(54, 4, 2, 45.700000, 45.700000, 8),
(54, 4, 2, 45.700000, 45.700000, 21),
(54, 4, 2, 45.700000, 45.700000, 109),
(55, 1, 1, 0.000000, 0.000000, 8),
(55, 1, 1, 0.000000, 0.000000, 21),
(55, 1, 1, 0.000000, 0.000000, 109),
(55, 1, 2, 45.700000, 45.700000, 8),
(55, 1, 2, 45.700000, 45.700000, 21),
(55, 1, 2, 45.700000, 45.700000, 109),
(55, 2, 1, 0.000000, 0.000000, 8),
(55, 2, 1, 0.000000, 0.000000, 21),
(55, 2, 1, 0.000000, 0.000000, 109),
(55, 2, 2, 45.700000, 45.700000, 8),
(55, 2, 2, 45.700000, 45.700000, 21),
(55, 2, 2, 45.700000, 45.700000, 109),
(55, 3, 1, 0.000000, 0.000000, 8),
(55, 3, 1, 0.000000, 0.000000, 21),
(55, 3, 1, 0.000000, 0.000000, 109),
(55, 3, 2, 45.700000, 45.700000, 8),
(55, 3, 2, 45.700000, 45.700000, 21),
(55, 3, 2, 45.700000, 45.700000, 109),
(55, 4, 1, 0.000000, 0.000000, 8),
(55, 4, 1, 0.000000, 0.000000, 21),
(55, 4, 1, 0.000000, 0.000000, 109),
(55, 4, 2, 45.700000, 45.700000, 8),
(55, 4, 2, 45.700000, 45.700000, 21),
(55, 4, 2, 45.700000, 45.700000, 109),
(56, 1, 1, 0.000000, 0.000000, 8),
(56, 1, 1, 0.000000, 0.000000, 21),
(56, 1, 1, 0.000000, 0.000000, 109),
(56, 1, 2, 49.450000, 49.450000, 8),
(56, 1, 2, 49.450000, 49.450000, 21),
(56, 1, 2, 49.450000, 49.450000, 109),
(56, 2, 1, 0.000000, 0.000000, 8),
(56, 2, 1, 0.000000, 0.000000, 21),
(56, 2, 1, 0.000000, 0.000000, 109),
(56, 2, 2, 49.450000, 49.450000, 8),
(56, 2, 2, 49.450000, 49.450000, 21),
(56, 2, 2, 49.450000, 49.450000, 109),
(56, 3, 1, 0.000000, 0.000000, 8),
(56, 3, 1, 0.000000, 0.000000, 21),
(56, 3, 1, 0.000000, 0.000000, 109),
(56, 3, 2, 49.450000, 49.450000, 8),
(56, 3, 2, 49.450000, 49.450000, 21),
(56, 3, 2, 49.450000, 49.450000, 109),
(56, 4, 1, 0.000000, 0.000000, 8),
(56, 4, 1, 0.000000, 0.000000, 21),
(56, 4, 1, 0.000000, 0.000000, 109),
(56, 4, 2, 49.450000, 49.450000, 8),
(56, 4, 2, 49.450000, 49.450000, 21),
(56, 4, 2, 49.450000, 49.450000, 109),
(57, 1, 1, 0.000000, 0.000000, 8),
(57, 1, 1, 0.000000, 0.000000, 21),
(57, 1, 1, 0.000000, 0.000000, 109),
(57, 1, 2, 49.450000, 49.450000, 8),
(57, 1, 2, 49.450000, 49.450000, 21),
(57, 1, 2, 49.450000, 49.450000, 109),
(57, 2, 1, 0.000000, 0.000000, 8),
(57, 2, 1, 0.000000, 0.000000, 21),
(57, 2, 1, 0.000000, 0.000000, 109),
(57, 2, 2, 49.450000, 49.450000, 8),
(57, 2, 2, 49.450000, 49.450000, 21),
(57, 2, 2, 49.450000, 49.450000, 109),
(57, 3, 1, 0.000000, 0.000000, 8),
(57, 3, 1, 0.000000, 0.000000, 21),
(57, 3, 1, 0.000000, 0.000000, 109),
(57, 3, 2, 49.450000, 49.450000, 8),
(57, 3, 2, 49.450000, 49.450000, 21),
(57, 3, 2, 49.450000, 49.450000, 109),
(57, 4, 1, 0.000000, 0.000000, 8),
(57, 4, 1, 0.000000, 0.000000, 21),
(57, 4, 1, 0.000000, 0.000000, 109),
(57, 4, 2, 49.450000, 49.450000, 8),
(57, 4, 2, 49.450000, 49.450000, 21),
(57, 4, 2, 49.450000, 49.450000, 109),
(59, 1, 1, 0.000000, 0.000000, 8),
(59, 1, 1, 0.000000, 0.000000, 21),
(59, 1, 1, 0.000000, 0.000000, 109),
(59, 1, 2, 55.700000, 55.700000, 8),
(59, 1, 2, 55.700000, 55.700000, 21),
(59, 1, 2, 55.700000, 55.700000, 109),
(59, 2, 1, 0.000000, 0.000000, 8),
(59, 2, 1, 0.000000, 0.000000, 21),
(59, 2, 1, 0.000000, 0.000000, 109),
(59, 2, 2, 55.700000, 55.700000, 8),
(59, 2, 2, 55.700000, 55.700000, 21),
(59, 2, 2, 55.700000, 55.700000, 109),
(59, 3, 1, 0.000000, 0.000000, 8),
(59, 3, 1, 0.000000, 0.000000, 21),
(59, 3, 1, 0.000000, 0.000000, 109),
(59, 3, 2, 55.700000, 55.700000, 8),
(59, 3, 2, 55.700000, 55.700000, 21),
(59, 3, 2, 55.700000, 55.700000, 109),
(59, 4, 1, 0.000000, 0.000000, 8),
(59, 4, 1, 0.000000, 0.000000, 21),
(59, 4, 1, 0.000000, 0.000000, 109),
(59, 4, 2, 55.700000, 55.700000, 8),
(59, 4, 2, 55.700000, 55.700000, 21),
(59, 4, 2, 55.700000, 55.700000, 109),
(60, 1, 1, 0.000000, 0.000000, 8),
(60, 1, 1, 0.000000, 0.000000, 21),
(60, 1, 1, 0.000000, 0.000000, 109),
(60, 1, 2, 51.700000, 51.700000, 8),
(60, 1, 2, 51.700000, 51.700000, 21),
(60, 1, 2, 51.700000, 51.700000, 109),
(60, 2, 1, 0.000000, 0.000000, 8),
(60, 2, 1, 0.000000, 0.000000, 21),
(60, 2, 1, 0.000000, 0.000000, 109),
(60, 2, 2, 51.700000, 51.700000, 8),
(60, 2, 2, 51.700000, 51.700000, 21),
(60, 2, 2, 51.700000, 51.700000, 109),
(60, 3, 1, 0.000000, 0.000000, 8),
(60, 3, 1, 0.000000, 0.000000, 21),
(60, 3, 1, 0.000000, 0.000000, 109),
(60, 3, 2, 51.700000, 51.700000, 8),
(60, 3, 2, 51.700000, 51.700000, 21),
(60, 3, 2, 51.700000, 51.700000, 109),
(60, 4, 1, 0.000000, 0.000000, 8),
(60, 4, 1, 0.000000, 0.000000, 21),
(60, 4, 1, 0.000000, 0.000000, 109),
(60, 4, 2, 51.700000, 51.700000, 8),
(60, 4, 2, 51.700000, 51.700000, 21),
(60, 4, 2, 51.700000, 51.700000, 109),
(61, 1, 1, 0.000000, 0.000000, 8),
(61, 1, 1, 0.000000, 0.000000, 21),
(61, 1, 1, 0.000000, 0.000000, 109),
(61, 1, 2, 231.250000, 231.250000, 8),
(61, 1, 2, 231.250000, 231.250000, 21),
(61, 1, 2, 231.250000, 231.250000, 109),
(61, 2, 1, 0.000000, 0.000000, 8),
(61, 2, 1, 0.000000, 0.000000, 21),
(61, 2, 1, 0.000000, 0.000000, 109),
(61, 2, 2, 231.250000, 231.250000, 8),
(61, 2, 2, 231.250000, 231.250000, 21),
(61, 2, 2, 231.250000, 231.250000, 109),
(61, 3, 1, 0.000000, 0.000000, 8),
(61, 3, 1, 0.000000, 0.000000, 21),
(61, 3, 1, 0.000000, 0.000000, 109),
(61, 3, 2, 231.250000, 231.250000, 8),
(61, 3, 2, 231.250000, 231.250000, 21),
(61, 3, 2, 231.250000, 231.250000, 109),
(61, 4, 1, 0.000000, 0.000000, 8),
(61, 4, 1, 0.000000, 0.000000, 21),
(61, 4, 1, 0.000000, 0.000000, 109),
(61, 4, 2, 231.250000, 231.250000, 8),
(61, 4, 2, 231.250000, 231.250000, 21),
(61, 4, 2, 231.250000, 231.250000, 109),
(62, 1, 1, 0.000000, 0.000000, 8),
(62, 1, 1, 0.000000, 0.000000, 21),
(62, 1, 1, 0.000000, 0.000000, 109),
(62, 1, 2, 231.250000, 231.250000, 8),
(62, 1, 2, 231.250000, 231.250000, 21),
(62, 1, 2, 231.250000, 231.250000, 109),
(62, 2, 1, 0.000000, 0.000000, 8),
(62, 2, 1, 0.000000, 0.000000, 21),
(62, 2, 1, 0.000000, 0.000000, 109),
(62, 2, 2, 231.250000, 231.250000, 8),
(62, 2, 2, 231.250000, 231.250000, 21),
(62, 2, 2, 231.250000, 231.250000, 109),
(62, 3, 1, 0.000000, 0.000000, 8),
(62, 3, 1, 0.000000, 0.000000, 21),
(62, 3, 1, 0.000000, 0.000000, 109),
(62, 3, 2, 231.250000, 231.250000, 8),
(62, 3, 2, 231.250000, 231.250000, 21),
(62, 3, 2, 231.250000, 231.250000, 109),
(62, 4, 1, 0.000000, 0.000000, 8),
(62, 4, 1, 0.000000, 0.000000, 21),
(62, 4, 1, 0.000000, 0.000000, 109),
(62, 4, 2, 231.250000, 231.250000, 8),
(62, 4, 2, 231.250000, 231.250000, 21),
(62, 4, 2, 231.250000, 231.250000, 109),
(65, 1, 1, 0.000000, 0.000000, 8),
(65, 1, 1, 0.000000, 0.000000, 21),
(65, 1, 1, 0.000000, 0.000000, 109),
(65, 1, 2, 37.450000, 37.450000, 8),
(65, 1, 2, 37.450000, 37.450000, 21),
(65, 1, 2, 37.450000, 37.450000, 109),
(65, 2, 1, 0.000000, 0.000000, 8),
(65, 2, 1, 0.000000, 0.000000, 21),
(65, 2, 1, 0.000000, 0.000000, 109),
(65, 2, 2, 37.450000, 37.450000, 8),
(65, 2, 2, 37.450000, 37.450000, 21),
(65, 2, 2, 37.450000, 37.450000, 109),
(65, 3, 1, 0.000000, 0.000000, 8),
(65, 3, 1, 0.000000, 0.000000, 21),
(65, 3, 1, 0.000000, 0.000000, 109),
(65, 3, 2, 37.450000, 37.450000, 8),
(65, 3, 2, 37.450000, 37.450000, 21),
(65, 3, 2, 37.450000, 37.450000, 109),
(65, 4, 1, 0.000000, 0.000000, 8),
(65, 4, 1, 0.000000, 0.000000, 21),
(65, 4, 1, 0.000000, 0.000000, 109),
(65, 4, 2, 37.450000, 37.450000, 8),
(65, 4, 2, 37.450000, 37.450000, 21),
(65, 4, 2, 37.450000, 37.450000, 109),
(67, 1, 1, 53.750000, 53.750000, 8),
(67, 1, 1, 53.750000, 53.750000, 21),
(67, 1, 1, 53.750000, 53.750000, 109),
(67, 1, 2, 0.000000, 0.000000, 8),
(67, 1, 2, 0.000000, 0.000000, 21),
(67, 1, 2, 0.000000, 0.000000, 109),
(67, 2, 1, 53.750000, 53.750000, 8),
(67, 2, 1, 53.750000, 53.750000, 21),
(67, 2, 1, 53.750000, 53.750000, 109),
(67, 2, 2, 0.000000, 0.000000, 8),
(67, 2, 2, 0.000000, 0.000000, 21),
(67, 2, 2, 0.000000, 0.000000, 109),
(67, 3, 1, 53.750000, 53.750000, 8),
(67, 3, 1, 53.750000, 53.750000, 21),
(67, 3, 1, 53.750000, 53.750000, 109),
(67, 3, 2, 0.000000, 0.000000, 8),
(67, 3, 2, 0.000000, 0.000000, 21),
(67, 3, 2, 0.000000, 0.000000, 109),
(67, 4, 1, 53.750000, 53.750000, 8),
(67, 4, 1, 53.750000, 53.750000, 21),
(67, 4, 1, 53.750000, 53.750000, 109),
(67, 4, 2, 0.000000, 0.000000, 8),
(67, 4, 2, 0.000000, 0.000000, 21),
(67, 4, 2, 0.000000, 0.000000, 109),
(68, 1, 1, 133.750000, 133.750000, 8),
(68, 1, 1, 133.750000, 133.750000, 21),
(68, 1, 1, 133.750000, 133.750000, 109),
(68, 1, 2, 0.000000, 0.000000, 8),
(68, 1, 2, 0.000000, 0.000000, 21),
(68, 1, 2, 0.000000, 0.000000, 109),
(68, 2, 1, 133.750000, 133.750000, 8),
(68, 2, 1, 133.750000, 133.750000, 21),
(68, 2, 1, 133.750000, 133.750000, 109),
(68, 2, 2, 0.000000, 0.000000, 8),
(68, 2, 2, 0.000000, 0.000000, 21),
(68, 2, 2, 0.000000, 0.000000, 109),
(68, 3, 1, 133.750000, 133.750000, 8),
(68, 3, 1, 133.750000, 133.750000, 21),
(68, 3, 1, 133.750000, 133.750000, 109),
(68, 3, 2, 0.000000, 0.000000, 8),
(68, 3, 2, 0.000000, 0.000000, 21),
(68, 3, 2, 0.000000, 0.000000, 109),
(68, 4, 1, 133.750000, 133.750000, 8),
(68, 4, 1, 133.750000, 133.750000, 21),
(68, 4, 1, 133.750000, 133.750000, 109),
(68, 4, 2, 0.000000, 0.000000, 8),
(68, 4, 2, 0.000000, 0.000000, 21),
(68, 4, 2, 0.000000, 0.000000, 109),
(69, 1, 1, 62.500000, 62.500000, 8),
(69, 1, 1, 62.500000, 62.500000, 21),
(69, 1, 1, 62.500000, 62.500000, 109),
(69, 1, 2, 0.000000, 0.000000, 8),
(69, 1, 2, 0.000000, 0.000000, 21),
(69, 1, 2, 0.000000, 0.000000, 109),
(69, 2, 1, 62.500000, 62.500000, 8),
(69, 2, 1, 62.500000, 62.500000, 21),
(69, 2, 1, 62.500000, 62.500000, 109),
(69, 2, 2, 0.000000, 0.000000, 8),
(69, 2, 2, 0.000000, 0.000000, 21),
(69, 2, 2, 0.000000, 0.000000, 109),
(69, 3, 1, 62.500000, 62.500000, 8),
(69, 3, 1, 62.500000, 62.500000, 21),
(69, 3, 1, 62.500000, 62.500000, 109),
(69, 3, 2, 0.000000, 0.000000, 8),
(69, 3, 2, 0.000000, 0.000000, 21),
(69, 3, 2, 0.000000, 0.000000, 109),
(69, 4, 1, 62.500000, 62.500000, 8),
(69, 4, 1, 62.500000, 62.500000, 21),
(69, 4, 1, 62.500000, 62.500000, 109),
(69, 4, 2, 0.000000, 0.000000, 8),
(69, 4, 2, 0.000000, 0.000000, 21),
(69, 4, 2, 0.000000, 0.000000, 109),
(70, 1, 1, 88.750000, 88.750000, 8),
(70, 1, 1, 88.750000, 88.750000, 21),
(70, 1, 1, 88.750000, 88.750000, 109),
(70, 1, 2, 0.000000, 0.000000, 8),
(70, 1, 2, 0.000000, 0.000000, 21),
(70, 1, 2, 0.000000, 0.000000, 109),
(70, 2, 1, 88.750000, 88.750000, 8),
(70, 2, 1, 88.750000, 88.750000, 21),
(70, 2, 1, 88.750000, 88.750000, 109),
(70, 2, 2, 0.000000, 0.000000, 8),
(70, 2, 2, 0.000000, 0.000000, 21),
(70, 2, 2, 0.000000, 0.000000, 109),
(70, 3, 1, 88.750000, 88.750000, 8),
(70, 3, 1, 88.750000, 88.750000, 21),
(70, 3, 1, 88.750000, 88.750000, 109),
(70, 3, 2, 0.000000, 0.000000, 8),
(70, 3, 2, 0.000000, 0.000000, 21),
(70, 3, 2, 0.000000, 0.000000, 109),
(70, 4, 1, 88.750000, 88.750000, 8),
(70, 4, 1, 88.750000, 88.750000, 21),
(70, 4, 1, 88.750000, 88.750000, 109),
(70, 4, 2, 0.000000, 0.000000, 8),
(70, 4, 2, 0.000000, 0.000000, 21),
(70, 4, 2, 0.000000, 0.000000, 109),
(71, 1, 1, 67.500000, 67.500000, 8),
(71, 1, 1, 67.500000, 67.500000, 21),
(71, 1, 1, 67.500000, 67.500000, 109),
(71, 1, 2, 0.000000, 0.000000, 8),
(71, 1, 2, 0.000000, 0.000000, 21),
(71, 1, 2, 0.000000, 0.000000, 109),
(71, 2, 1, 67.500000, 67.500000, 8),
(71, 2, 1, 67.500000, 67.500000, 21),
(71, 2, 1, 67.500000, 67.500000, 109),
(71, 2, 2, 0.000000, 0.000000, 8),
(71, 2, 2, 0.000000, 0.000000, 21),
(71, 2, 2, 0.000000, 0.000000, 109),
(71, 3, 1, 67.500000, 67.500000, 8),
(71, 3, 1, 67.500000, 67.500000, 21),
(71, 3, 1, 67.500000, 67.500000, 109),
(71, 3, 2, 0.000000, 0.000000, 8),
(71, 3, 2, 0.000000, 0.000000, 21),
(71, 3, 2, 0.000000, 0.000000, 109),
(71, 4, 1, 67.500000, 67.500000, 8),
(71, 4, 1, 67.500000, 67.500000, 21),
(71, 4, 1, 67.500000, 67.500000, 109),
(71, 4, 2, 0.000000, 0.000000, 8),
(71, 4, 2, 0.000000, 0.000000, 21),
(71, 4, 2, 0.000000, 0.000000, 109),
(72, 1, 1, 102.500000, 102.500000, 8),
(72, 1, 1, 102.500000, 102.500000, 21),
(72, 1, 1, 102.500000, 102.500000, 109),
(72, 1, 2, 0.000000, 0.000000, 8),
(72, 1, 2, 0.000000, 0.000000, 21),
(72, 1, 2, 0.000000, 0.000000, 109),
(72, 2, 1, 102.500000, 102.500000, 8),
(72, 2, 1, 102.500000, 102.500000, 21),
(72, 2, 1, 102.500000, 102.500000, 109),
(72, 2, 2, 0.000000, 0.000000, 8),
(72, 2, 2, 0.000000, 0.000000, 21),
(72, 2, 2, 0.000000, 0.000000, 109),
(72, 3, 1, 102.500000, 102.500000, 8),
(72, 3, 1, 102.500000, 102.500000, 21),
(72, 3, 1, 102.500000, 102.500000, 109),
(72, 3, 2, 0.000000, 0.000000, 8),
(72, 3, 2, 0.000000, 0.000000, 21),
(72, 3, 2, 0.000000, 0.000000, 109),
(72, 4, 1, 102.500000, 102.500000, 8),
(72, 4, 1, 102.500000, 102.500000, 21),
(72, 4, 1, 102.500000, 102.500000, 109),
(72, 4, 2, 0.000000, 0.000000, 8),
(72, 4, 2, 0.000000, 0.000000, 21),
(72, 4, 2, 0.000000, 0.000000, 109),
(75, 2, 1, 83.750000, 83.750000, 17),
(75, 2, 1, 83.750000, 83.750000, 25),
(75, 2, 1, 83.750000, 83.750000, 109),
(75, 2, 2, 0.000000, 0.000000, 17),
(75, 2, 2, 0.000000, 0.000000, 25),
(75, 2, 2, 0.000000, 0.000000, 109),
(75, 2, 2, 0.000000, 0.000000, 246),
(75, 2, 2, 0.000000, 0.000000, 247),
(75, 2, 2, 0.000000, 0.000000, 248),
(75, 2, 2, 0.000000, 0.000000, 249),
(75, 2, 2, 0.000000, 0.000000, 250),
(76, 2, 1, 92.500000, 92.500000, 17),
(76, 2, 1, 92.500000, 92.500000, 25),
(76, 2, 1, 92.500000, 92.500000, 109),
(76, 2, 2, 0.000000, 0.000000, 17),
(76, 2, 2, 0.000000, 0.000000, 25),
(76, 2, 2, 0.000000, 0.000000, 109),
(76, 2, 2, 0.000000, 0.000000, 246),
(76, 2, 2, 0.000000, 0.000000, 247),
(76, 2, 2, 0.000000, 0.000000, 248),
(76, 2, 2, 0.000000, 0.000000, 249),
(76, 2, 2, 0.000000, 0.000000, 250),
(77, 2, 1, 38.750000, 38.750000, 17),
(77, 2, 1, 38.750000, 38.750000, 25),
(77, 2, 1, 38.750000, 38.750000, 109),
(77, 2, 2, 0.000000, 0.000000, 17),
(77, 2, 2, 0.000000, 0.000000, 25),
(77, 2, 2, 0.000000, 0.000000, 109),
(77, 2, 2, 0.000000, 0.000000, 246),
(77, 2, 2, 0.000000, 0.000000, 247),
(77, 2, 2, 0.000000, 0.000000, 248),
(77, 2, 2, 0.000000, 0.000000, 249),
(77, 2, 2, 0.000000, 0.000000, 250),
(78, 1, 1, 105.000000, 105.000000, 8),
(78, 1, 1, 105.000000, 105.000000, 21),
(78, 1, 1, 105.000000, 105.000000, 109),
(78, 1, 2, 0.000000, 0.000000, 8),
(78, 1, 2, 0.000000, 0.000000, 21),
(78, 1, 2, 0.000000, 0.000000, 109),
(78, 2, 1, 105.000000, 105.000000, 8),
(78, 2, 1, 105.000000, 105.000000, 21),
(78, 2, 1, 105.000000, 105.000000, 109),
(78, 2, 2, 0.000000, 0.000000, 8),
(78, 2, 2, 0.000000, 0.000000, 21),
(78, 2, 2, 0.000000, 0.000000, 109),
(78, 3, 1, 105.000000, 105.000000, 8),
(78, 3, 1, 105.000000, 105.000000, 21),
(78, 3, 1, 105.000000, 105.000000, 109),
(78, 3, 2, 0.000000, 0.000000, 8),
(78, 3, 2, 0.000000, 0.000000, 21),
(78, 3, 2, 0.000000, 0.000000, 109),
(78, 4, 1, 105.000000, 105.000000, 8),
(78, 4, 1, 105.000000, 105.000000, 21),
(78, 4, 1, 105.000000, 105.000000, 109),
(78, 4, 2, 0.000000, 0.000000, 8),
(78, 4, 2, 0.000000, 0.000000, 21),
(78, 4, 2, 0.000000, 0.000000, 109),
(80, 1, 1, 58.750000, 58.750000, 8),
(80, 1, 1, 58.750000, 58.750000, 21),
(80, 1, 1, 58.750000, 58.750000, 109),
(80, 1, 2, 0.000000, 0.000000, 8),
(80, 1, 2, 0.000000, 0.000000, 21),
(80, 1, 2, 0.000000, 0.000000, 109),
(80, 2, 1, 58.750000, 58.750000, 8),
(80, 2, 1, 58.750000, 58.750000, 21),
(80, 2, 1, 58.750000, 58.750000, 109),
(80, 2, 2, 0.000000, 0.000000, 8),
(80, 2, 2, 0.000000, 0.000000, 21),
(80, 2, 2, 0.000000, 0.000000, 109),
(80, 3, 1, 58.750000, 58.750000, 8),
(80, 3, 1, 58.750000, 58.750000, 21),
(80, 3, 1, 58.750000, 58.750000, 109),
(80, 3, 2, 0.000000, 0.000000, 8),
(80, 3, 2, 0.000000, 0.000000, 21),
(80, 3, 2, 0.000000, 0.000000, 109),
(80, 4, 1, 58.750000, 58.750000, 8),
(80, 4, 1, 58.750000, 58.750000, 21),
(80, 4, 1, 58.750000, 58.750000, 109),
(80, 4, 2, 0.000000, 0.000000, 8),
(80, 4, 2, 0.000000, 0.000000, 21),
(80, 4, 2, 0.000000, 0.000000, 109),
(82, 1, 1, 93.750000, 93.750000, 8),
(82, 1, 1, 93.750000, 93.750000, 21),
(82, 1, 1, 93.750000, 93.750000, 109),
(82, 1, 2, 0.000000, 0.000000, 8),
(82, 1, 2, 0.000000, 0.000000, 21),
(82, 1, 2, 0.000000, 0.000000, 109),
(82, 2, 1, 93.750000, 93.750000, 8),
(82, 2, 1, 93.750000, 93.750000, 21),
(82, 2, 1, 93.750000, 93.750000, 109),
(82, 2, 2, 0.000000, 0.000000, 8),
(82, 2, 2, 0.000000, 0.000000, 21),
(82, 2, 2, 0.000000, 0.000000, 109),
(82, 3, 1, 93.750000, 93.750000, 8),
(82, 3, 1, 93.750000, 93.750000, 21),
(82, 3, 1, 93.750000, 93.750000, 109),
(82, 3, 2, 0.000000, 0.000000, 8),
(82, 3, 2, 0.000000, 0.000000, 21),
(82, 3, 2, 0.000000, 0.000000, 109),
(82, 4, 1, 93.750000, 93.750000, 8),
(82, 4, 1, 93.750000, 93.750000, 21),
(82, 4, 1, 93.750000, 93.750000, 109),
(82, 4, 2, 0.000000, 0.000000, 8),
(82, 4, 2, 0.000000, 0.000000, 21),
(82, 4, 2, 0.000000, 0.000000, 109),
(83, 1, 1, 58.750000, 58.750000, 8),
(83, 1, 1, 58.750000, 58.750000, 21),
(83, 1, 1, 58.750000, 58.750000, 109),
(83, 1, 2, 0.000000, 0.000000, 8),
(83, 1, 2, 0.000000, 0.000000, 21),
(83, 1, 2, 0.000000, 0.000000, 109),
(83, 2, 1, 58.750000, 58.750000, 8),
(83, 2, 1, 58.750000, 58.750000, 21),
(83, 2, 1, 58.750000, 58.750000, 109),
(83, 2, 2, 0.000000, 0.000000, 8),
(83, 2, 2, 0.000000, 0.000000, 21),
(83, 2, 2, 0.000000, 0.000000, 109),
(83, 3, 1, 58.750000, 58.750000, 8),
(83, 3, 1, 58.750000, 58.750000, 21),
(83, 3, 1, 58.750000, 58.750000, 109),
(83, 3, 2, 0.000000, 0.000000, 8),
(83, 3, 2, 0.000000, 0.000000, 21),
(83, 3, 2, 0.000000, 0.000000, 109),
(83, 4, 1, 58.750000, 58.750000, 8),
(83, 4, 1, 58.750000, 58.750000, 21),
(83, 4, 1, 58.750000, 58.750000, 109),
(83, 4, 2, 0.000000, 0.000000, 8),
(83, 4, 2, 0.000000, 0.000000, 21),
(83, 4, 2, 0.000000, 0.000000, 109),
(84, 1, 1, 66.250000, 66.250000, 8),
(84, 1, 1, 66.250000, 66.250000, 21),
(84, 1, 1, 66.250000, 66.250000, 109),
(84, 1, 2, 0.000000, 0.000000, 8),
(84, 1, 2, 0.000000, 0.000000, 21),
(84, 1, 2, 0.000000, 0.000000, 109),
(84, 2, 1, 66.250000, 66.250000, 8),
(84, 2, 1, 66.250000, 66.250000, 21),
(84, 2, 1, 66.250000, 66.250000, 109),
(84, 2, 2, 0.000000, 0.000000, 8),
(84, 2, 2, 0.000000, 0.000000, 21),
(84, 2, 2, 0.000000, 0.000000, 109),
(84, 3, 1, 66.250000, 66.250000, 8),
(84, 3, 1, 66.250000, 66.250000, 21),
(84, 3, 1, 66.250000, 66.250000, 109),
(84, 3, 2, 0.000000, 0.000000, 8),
(84, 3, 2, 0.000000, 0.000000, 21),
(84, 3, 2, 0.000000, 0.000000, 109),
(84, 4, 1, 66.250000, 66.250000, 8),
(84, 4, 1, 66.250000, 66.250000, 21),
(84, 4, 1, 66.250000, 66.250000, 109),
(84, 4, 2, 0.000000, 0.000000, 8),
(84, 4, 2, 0.000000, 0.000000, 21),
(84, 4, 2, 0.000000, 0.000000, 109),
(87, 1, 1, 69.000000, 69.000000, 8),
(87, 1, 1, 69.000000, 69.000000, 21),
(87, 1, 1, 69.000000, 69.000000, 109),
(87, 1, 2, 0.000000, 0.000000, 8),
(87, 1, 2, 0.000000, 0.000000, 21),
(87, 1, 2, 0.000000, 0.000000, 109),
(87, 2, 1, 69.000000, 69.000000, 8),
(87, 2, 1, 69.000000, 69.000000, 21),
(87, 2, 1, 69.000000, 69.000000, 109),
(87, 2, 2, 0.000000, 0.000000, 8),
(87, 2, 2, 0.000000, 0.000000, 21),
(87, 2, 2, 0.000000, 0.000000, 109),
(87, 3, 1, 69.000000, 69.000000, 8),
(87, 3, 1, 69.000000, 69.000000, 21),
(87, 3, 1, 69.000000, 69.000000, 109),
(87, 3, 2, 0.000000, 0.000000, 8),
(87, 3, 2, 0.000000, 0.000000, 21),
(87, 3, 2, 0.000000, 0.000000, 109),
(87, 4, 1, 69.000000, 69.000000, 8),
(87, 4, 1, 69.000000, 69.000000, 21),
(87, 4, 1, 69.000000, 69.000000, 109),
(87, 4, 2, 0.000000, 0.000000, 8),
(87, 4, 2, 0.000000, 0.000000, 21),
(87, 4, 2, 0.000000, 0.000000, 109),
(89, 1, 1, 69.000000, 69.000000, 8),
(89, 1, 1, 69.000000, 69.000000, 21),
(89, 1, 1, 69.000000, 69.000000, 109),
(89, 1, 2, 0.000000, 0.000000, 8),
(89, 1, 2, 0.000000, 0.000000, 21),
(89, 1, 2, 0.000000, 0.000000, 109),
(89, 2, 1, 69.000000, 69.000000, 8),
(89, 2, 1, 69.000000, 69.000000, 21),
(89, 2, 1, 69.000000, 69.000000, 109),
(89, 2, 2, 0.000000, 0.000000, 8),
(89, 2, 2, 0.000000, 0.000000, 21),
(89, 2, 2, 0.000000, 0.000000, 109),
(89, 3, 1, 69.000000, 69.000000, 8),
(89, 3, 1, 69.000000, 69.000000, 21),
(89, 3, 1, 69.000000, 69.000000, 109),
(89, 3, 2, 0.000000, 0.000000, 8),
(89, 3, 2, 0.000000, 0.000000, 21),
(89, 3, 2, 0.000000, 0.000000, 109),
(89, 4, 1, 69.000000, 69.000000, 8),
(89, 4, 1, 69.000000, 69.000000, 21),
(89, 4, 1, 69.000000, 69.000000, 109),
(89, 4, 2, 0.000000, 0.000000, 8),
(89, 4, 2, 0.000000, 0.000000, 21),
(89, 4, 2, 0.000000, 0.000000, 109),
(91, 1, 1, 38.000000, 38.000000, 8),
(91, 1, 1, 38.000000, 38.000000, 21),
(91, 1, 1, 38.000000, 38.000000, 109),
(91, 1, 2, 0.000000, 0.000000, 8),
(91, 1, 2, 0.000000, 0.000000, 21),
(91, 1, 2, 0.000000, 0.000000, 109),
(91, 2, 1, 38.000000, 38.000000, 8),
(91, 2, 1, 38.000000, 38.000000, 21),
(91, 2, 1, 38.000000, 38.000000, 109),
(91, 2, 2, 0.000000, 0.000000, 8),
(91, 2, 2, 0.000000, 0.000000, 21),
(91, 2, 2, 0.000000, 0.000000, 109),
(91, 3, 1, 38.000000, 38.000000, 8),
(91, 3, 1, 38.000000, 38.000000, 21),
(91, 3, 1, 38.000000, 38.000000, 109),
(91, 3, 2, 0.000000, 0.000000, 8),
(91, 3, 2, 0.000000, 0.000000, 21),
(91, 3, 2, 0.000000, 0.000000, 109),
(91, 4, 1, 38.000000, 38.000000, 8),
(91, 4, 1, 38.000000, 38.000000, 21),
(91, 4, 1, 38.000000, 38.000000, 109),
(91, 4, 2, 0.000000, 0.000000, 8),
(91, 4, 2, 0.000000, 0.000000, 21),
(91, 4, 2, 0.000000, 0.000000, 109),
(92, 2, 1, 201.250000, 201.250000, 17),
(92, 2, 1, 201.250000, 201.250000, 25),
(92, 2, 1, 201.250000, 201.250000, 109),
(92, 2, 2, 0.000000, 0.000000, 17),
(92, 2, 2, 0.000000, 0.000000, 25),
(92, 2, 2, 0.000000, 0.000000, 109),
(92, 2, 2, 0.000000, 0.000000, 246),
(92, 2, 2, 0.000000, 0.000000, 247),
(92, 2, 2, 0.000000, 0.000000, 248),
(92, 2, 2, 0.000000, 0.000000, 249),
(92, 2, 2, 0.000000, 0.000000, 250),
(93, 1, 1, 77.500000, 77.500000, 8),
(93, 1, 1, 77.500000, 77.500000, 21),
(93, 1, 1, 77.500000, 77.500000, 109),
(93, 1, 2, 0.000000, 0.000000, 8),
(93, 1, 2, 0.000000, 0.000000, 21),
(93, 1, 2, 0.000000, 0.000000, 109),
(93, 2, 1, 77.500000, 77.500000, 8),
(93, 2, 1, 77.500000, 77.500000, 21),
(93, 2, 1, 77.500000, 77.500000, 109),
(93, 2, 2, 0.000000, 0.000000, 8),
(93, 2, 2, 0.000000, 0.000000, 21),
(93, 2, 2, 0.000000, 0.000000, 109),
(93, 3, 1, 77.500000, 77.500000, 8),
(93, 3, 1, 77.500000, 77.500000, 21),
(93, 3, 1, 77.500000, 77.500000, 109),
(93, 3, 2, 0.000000, 0.000000, 8),
(93, 3, 2, 0.000000, 0.000000, 21),
(93, 3, 2, 0.000000, 0.000000, 109),
(93, 4, 1, 77.500000, 77.500000, 8),
(93, 4, 1, 77.500000, 77.500000, 21),
(93, 4, 1, 77.500000, 77.500000, 109),
(93, 4, 2, 0.000000, 0.000000, 8),
(93, 4, 2, 0.000000, 0.000000, 21),
(93, 4, 2, 0.000000, 0.000000, 109),
(95, 1, 1, 168.750000, 168.750000, 8),
(95, 1, 1, 168.750000, 168.750000, 21),
(95, 1, 1, 168.750000, 168.750000, 109),
(95, 1, 2, 0.000000, 0.000000, 8),
(95, 1, 2, 0.000000, 0.000000, 21),
(95, 1, 2, 0.000000, 0.000000, 109),
(95, 2, 1, 168.750000, 168.750000, 8),
(95, 2, 1, 168.750000, 168.750000, 21),
(95, 2, 1, 168.750000, 168.750000, 109),
(95, 2, 2, 0.000000, 0.000000, 8),
(95, 2, 2, 0.000000, 0.000000, 21),
(95, 2, 2, 0.000000, 0.000000, 109),
(95, 3, 1, 168.750000, 168.750000, 8),
(95, 3, 1, 168.750000, 168.750000, 21),
(95, 3, 1, 168.750000, 168.750000, 109),
(95, 3, 2, 0.000000, 0.000000, 8),
(95, 3, 2, 0.000000, 0.000000, 21),
(95, 3, 2, 0.000000, 0.000000, 109),
(95, 4, 1, 168.750000, 168.750000, 8),
(95, 4, 1, 168.750000, 168.750000, 21),
(95, 4, 1, 168.750000, 168.750000, 109),
(95, 4, 2, 0.000000, 0.000000, 8),
(95, 4, 2, 0.000000, 0.000000, 21),
(95, 4, 2, 0.000000, 0.000000, 109),
(96, 1, 1, 55.000000, 55.000000, 8),
(96, 1, 1, 55.000000, 55.000000, 21),
(96, 1, 1, 55.000000, 55.000000, 109),
(96, 1, 2, 0.000000, 0.000000, 8),
(96, 1, 2, 0.000000, 0.000000, 21),
(96, 1, 2, 0.000000, 0.000000, 109),
(96, 2, 1, 55.000000, 55.000000, 8),
(96, 2, 1, 55.000000, 55.000000, 21),
(96, 2, 1, 55.000000, 55.000000, 109),
(96, 2, 2, 0.000000, 0.000000, 8),
(96, 2, 2, 0.000000, 0.000000, 21),
(96, 2, 2, 0.000000, 0.000000, 109),
(96, 3, 1, 55.000000, 55.000000, 8),
(96, 3, 1, 55.000000, 55.000000, 21),
(96, 3, 1, 55.000000, 55.000000, 109),
(96, 3, 2, 0.000000, 0.000000, 8),
(96, 3, 2, 0.000000, 0.000000, 21),
(96, 3, 2, 0.000000, 0.000000, 109),
(96, 4, 1, 55.000000, 55.000000, 8),
(96, 4, 1, 55.000000, 55.000000, 21),
(96, 4, 1, 55.000000, 55.000000, 109),
(96, 4, 2, 0.000000, 0.000000, 8),
(96, 4, 2, 0.000000, 0.000000, 21),
(96, 4, 2, 0.000000, 0.000000, 109),
(97, 1, 1, 77.500000, 77.500000, 8),
(97, 1, 1, 77.500000, 77.500000, 21),
(97, 1, 1, 77.500000, 77.500000, 109),
(97, 1, 2, 0.000000, 0.000000, 8),
(97, 1, 2, 0.000000, 0.000000, 21),
(97, 1, 2, 0.000000, 0.000000, 109),
(97, 2, 1, 77.500000, 77.500000, 8),
(97, 2, 1, 77.500000, 77.500000, 21),
(97, 2, 1, 77.500000, 77.500000, 109),
(97, 2, 2, 0.000000, 0.000000, 8),
(97, 2, 2, 0.000000, 0.000000, 21),
(97, 2, 2, 0.000000, 0.000000, 109),
(97, 3, 1, 77.500000, 77.500000, 8),
(97, 3, 1, 77.500000, 77.500000, 21),
(97, 3, 1, 77.500000, 77.500000, 109),
(97, 3, 2, 0.000000, 0.000000, 8),
(97, 3, 2, 0.000000, 0.000000, 21),
(97, 3, 2, 0.000000, 0.000000, 109),
(97, 4, 1, 77.500000, 77.500000, 8),
(97, 4, 1, 77.500000, 77.500000, 21),
(97, 4, 1, 77.500000, 77.500000, 109),
(97, 4, 2, 0.000000, 0.000000, 8),
(97, 4, 2, 0.000000, 0.000000, 21),
(97, 4, 2, 0.000000, 0.000000, 109),
(98, 1, 1, 106.250000, 106.250000, 8),
(98, 1, 1, 106.250000, 106.250000, 21),
(98, 1, 1, 106.250000, 106.250000, 109),
(98, 1, 2, 0.000000, 0.000000, 8),
(98, 1, 2, 0.000000, 0.000000, 21),
(98, 1, 2, 0.000000, 0.000000, 109),
(98, 2, 1, 106.250000, 106.250000, 8),
(98, 2, 1, 106.250000, 106.250000, 21),
(98, 2, 1, 106.250000, 106.250000, 109),
(98, 2, 2, 0.000000, 0.000000, 8),
(98, 2, 2, 0.000000, 0.000000, 21),
(98, 2, 2, 0.000000, 0.000000, 109),
(98, 3, 1, 106.250000, 106.250000, 8),
(98, 3, 1, 106.250000, 106.250000, 21),
(98, 3, 1, 106.250000, 106.250000, 109),
(98, 3, 2, 0.000000, 0.000000, 8),
(98, 3, 2, 0.000000, 0.000000, 21),
(98, 3, 2, 0.000000, 0.000000, 109),
(98, 4, 1, 106.250000, 106.250000, 8),
(98, 4, 1, 106.250000, 106.250000, 21),
(98, 4, 1, 106.250000, 106.250000, 109),
(98, 4, 2, 0.000000, 0.000000, 8),
(98, 4, 2, 0.000000, 0.000000, 21),
(98, 4, 2, 0.000000, 0.000000, 109),
(99, 1, 1, 55.000000, 55.000000, 17),
(99, 1, 1, 55.000000, 55.000000, 25),
(99, 1, 1, 55.000000, 55.000000, 109),
(99, 1, 2, 0.000000, 0.000000, 17),
(99, 1, 2, 0.000000, 0.000000, 25),
(99, 1, 2, 0.000000, 0.000000, 109),
(99, 1, 2, 0.000000, 0.000000, 246),
(99, 1, 2, 0.000000, 0.000000, 247),
(99, 1, 2, 0.000000, 0.000000, 248),
(99, 1, 2, 0.000000, 0.000000, 249),
(99, 1, 2, 0.000000, 0.000000, 250),
(99, 2, 1, 55.000000, 55.000000, 17),
(99, 2, 1, 55.000000, 55.000000, 25),
(99, 2, 1, 55.000000, 55.000000, 109),
(99, 2, 2, 0.000000, 0.000000, 17),
(99, 2, 2, 0.000000, 0.000000, 25),
(99, 2, 2, 0.000000, 0.000000, 109),
(99, 2, 2, 0.000000, 0.000000, 246),
(99, 2, 2, 0.000000, 0.000000, 247),
(99, 2, 2, 0.000000, 0.000000, 248),
(99, 2, 2, 0.000000, 0.000000, 249),
(99, 2, 2, 0.000000, 0.000000, 250),
(99, 4, 1, 55.000000, 55.000000, 17),
(99, 4, 1, 55.000000, 55.000000, 25),
(99, 4, 1, 55.000000, 55.000000, 109),
(99, 4, 2, 0.000000, 0.000000, 17),
(99, 4, 2, 0.000000, 0.000000, 25),
(99, 4, 2, 0.000000, 0.000000, 109),
(99, 4, 2, 0.000000, 0.000000, 246),
(99, 4, 2, 0.000000, 0.000000, 247),
(99, 4, 2, 0.000000, 0.000000, 248),
(99, 4, 2, 0.000000, 0.000000, 249),
(99, 4, 2, 0.000000, 0.000000, 250),
(100, 1, 1, 106.250000, 106.250000, 8),
(100, 1, 1, 106.250000, 106.250000, 21),
(100, 1, 1, 106.250000, 106.250000, 109),
(100, 1, 2, 0.000000, 0.000000, 8),
(100, 1, 2, 0.000000, 0.000000, 21),
(100, 1, 2, 0.000000, 0.000000, 109),
(100, 2, 1, 106.250000, 106.250000, 8),
(100, 2, 1, 106.250000, 106.250000, 21),
(100, 2, 1, 106.250000, 106.250000, 109),
(100, 2, 2, 0.000000, 0.000000, 8),
(100, 2, 2, 0.000000, 0.000000, 21),
(100, 2, 2, 0.000000, 0.000000, 109),
(100, 3, 1, 106.250000, 106.250000, 8),
(100, 3, 1, 106.250000, 106.250000, 21),
(100, 3, 1, 106.250000, 106.250000, 109),
(100, 3, 2, 0.000000, 0.000000, 8),
(100, 3, 2, 0.000000, 0.000000, 21),
(100, 3, 2, 0.000000, 0.000000, 109),
(100, 4, 1, 106.250000, 106.250000, 8),
(100, 4, 1, 106.250000, 106.250000, 21),
(100, 4, 1, 106.250000, 106.250000, 109),
(100, 4, 2, 0.000000, 0.000000, 8),
(100, 4, 2, 0.000000, 0.000000, 21),
(100, 4, 2, 0.000000, 0.000000, 109),
(101, 1, 1, 88.750000, 88.750000, 8),
(101, 1, 1, 88.750000, 88.750000, 21),
(101, 1, 1, 88.750000, 88.750000, 109),
(101, 1, 2, 0.000000, 0.000000, 8),
(101, 1, 2, 0.000000, 0.000000, 21),
(101, 1, 2, 0.000000, 0.000000, 109),
(101, 2, 1, 88.750000, 88.750000, 8),
(101, 2, 1, 88.750000, 88.750000, 21),
(101, 2, 1, 88.750000, 88.750000, 109),
(101, 2, 2, 0.000000, 0.000000, 8),
(101, 2, 2, 0.000000, 0.000000, 21),
(101, 2, 2, 0.000000, 0.000000, 109),
(101, 3, 1, 88.750000, 88.750000, 8),
(101, 3, 1, 88.750000, 88.750000, 21),
(101, 3, 1, 88.750000, 88.750000, 109),
(101, 3, 2, 0.000000, 0.000000, 8),
(101, 3, 2, 0.000000, 0.000000, 21),
(101, 3, 2, 0.000000, 0.000000, 109),
(101, 4, 1, 88.750000, 88.750000, 8),
(101, 4, 1, 88.750000, 88.750000, 21),
(101, 4, 1, 88.750000, 88.750000, 109),
(101, 4, 2, 0.000000, 0.000000, 8),
(101, 4, 2, 0.000000, 0.000000, 21),
(101, 4, 2, 0.000000, 0.000000, 109),
(102, 1, 1, 77.500000, 77.500000, 8),
(102, 1, 1, 77.500000, 77.500000, 21),
(102, 1, 1, 77.500000, 77.500000, 109),
(102, 1, 2, 0.000000, 0.000000, 8),
(102, 1, 2, 0.000000, 0.000000, 21),
(102, 1, 2, 0.000000, 0.000000, 109),
(102, 2, 1, 77.500000, 77.500000, 8),
(102, 2, 1, 77.500000, 77.500000, 21),
(102, 2, 1, 77.500000, 77.500000, 109),
(102, 2, 2, 0.000000, 0.000000, 8),
(102, 2, 2, 0.000000, 0.000000, 21),
(102, 2, 2, 0.000000, 0.000000, 109),
(102, 3, 1, 77.500000, 77.500000, 8),
(102, 3, 1, 77.500000, 77.500000, 21),
(102, 3, 1, 77.500000, 77.500000, 109),
(102, 3, 2, 0.000000, 0.000000, 8),
(102, 3, 2, 0.000000, 0.000000, 21),
(102, 3, 2, 0.000000, 0.000000, 109),
(102, 4, 1, 77.500000, 77.500000, 8),
(102, 4, 1, 77.500000, 77.500000, 21),
(102, 4, 1, 77.500000, 77.500000, 109),
(102, 4, 2, 0.000000, 0.000000, 8),
(102, 4, 2, 0.000000, 0.000000, 21),
(102, 4, 2, 0.000000, 0.000000, 109),
(103, 1, 1, 62.000000, 62.000000, 8),
(103, 1, 1, 62.000000, 62.000000, 21),
(103, 1, 1, 62.000000, 62.000000, 109),
(103, 1, 2, 0.000000, 0.000000, 8),
(103, 1, 2, 0.000000, 0.000000, 21),
(103, 1, 2, 0.000000, 0.000000, 109),
(103, 2, 1, 62.000000, 62.000000, 8),
(103, 2, 1, 62.000000, 62.000000, 21),
(103, 2, 1, 62.000000, 62.000000, 109),
(103, 2, 2, 0.000000, 0.000000, 8),
(103, 2, 2, 0.000000, 0.000000, 21),
(103, 2, 2, 0.000000, 0.000000, 109),
(103, 3, 1, 62.000000, 62.000000, 8),
(103, 3, 1, 62.000000, 62.000000, 21),
(103, 3, 1, 62.000000, 62.000000, 109),
(103, 3, 2, 0.000000, 0.000000, 8),
(103, 3, 2, 0.000000, 0.000000, 21),
(103, 3, 2, 0.000000, 0.000000, 109),
(103, 4, 1, 62.000000, 62.000000, 8),
(103, 4, 1, 62.000000, 62.000000, 21),
(103, 4, 1, 62.000000, 62.000000, 109),
(103, 4, 2, 0.000000, 0.000000, 8),
(103, 4, 2, 0.000000, 0.000000, 21),
(103, 4, 2, 0.000000, 0.000000, 109),
(104, 1, 1, 16.160000, 16.160000, 8);
INSERT INTO `xio8d_layered_price_index` (`id_product`, `id_currency`, `id_shop`, `price_min`, `price_max`, `id_country`) VALUES
(104, 1, 1, 16.160000, 16.160000, 21),
(104, 1, 1, 16.160000, 16.160000, 109),
(104, 1, 2, 0.000000, 0.000000, 8),
(104, 1, 2, 0.000000, 0.000000, 21),
(104, 1, 2, 0.000000, 0.000000, 109),
(104, 2, 1, 16.160000, 16.160000, 8),
(104, 2, 1, 16.160000, 16.160000, 21),
(104, 2, 1, 16.160000, 16.160000, 109),
(104, 2, 2, 0.000000, 0.000000, 8),
(104, 2, 2, 0.000000, 0.000000, 21),
(104, 2, 2, 0.000000, 0.000000, 109),
(104, 3, 1, 16.160000, 16.160000, 8),
(104, 3, 1, 16.160000, 16.160000, 21),
(104, 3, 1, 16.160000, 16.160000, 109),
(104, 3, 2, 0.000000, 0.000000, 8),
(104, 3, 2, 0.000000, 0.000000, 21),
(104, 3, 2, 0.000000, 0.000000, 109),
(104, 4, 1, 16.160000, 16.160000, 8),
(104, 4, 1, 16.160000, 16.160000, 21),
(104, 4, 1, 16.160000, 16.160000, 109),
(104, 4, 2, 0.000000, 0.000000, 8),
(104, 4, 2, 0.000000, 0.000000, 21),
(104, 4, 2, 0.000000, 0.000000, 109),
(109, 1, 1, 47.500000, 47.500000, 8),
(109, 1, 1, 47.500000, 47.500000, 21),
(109, 1, 1, 47.500000, 47.500000, 109),
(109, 1, 2, 0.000000, 0.000000, 8),
(109, 1, 2, 0.000000, 0.000000, 21),
(109, 1, 2, 0.000000, 0.000000, 109),
(109, 2, 1, 47.500000, 47.500000, 8),
(109, 2, 1, 47.500000, 47.500000, 21),
(109, 2, 1, 47.500000, 47.500000, 109),
(109, 2, 2, 0.000000, 0.000000, 8),
(109, 2, 2, 0.000000, 0.000000, 21),
(109, 2, 2, 0.000000, 0.000000, 109),
(109, 3, 1, 47.500000, 47.500000, 8),
(109, 3, 1, 47.500000, 47.500000, 21),
(109, 3, 1, 47.500000, 47.500000, 109),
(109, 3, 2, 0.000000, 0.000000, 8),
(109, 3, 2, 0.000000, 0.000000, 21),
(109, 3, 2, 0.000000, 0.000000, 109),
(109, 4, 1, 47.500000, 47.500000, 8),
(109, 4, 1, 47.500000, 47.500000, 21),
(109, 4, 1, 47.500000, 47.500000, 109),
(109, 4, 2, 0.000000, 0.000000, 8),
(109, 4, 2, 0.000000, 0.000000, 21),
(109, 4, 2, 0.000000, 0.000000, 109),
(110, 1, 1, 210.000000, 210.000000, 8),
(110, 1, 1, 210.000000, 210.000000, 21),
(110, 1, 1, 210.000000, 210.000000, 109),
(110, 1, 2, 0.000000, 0.000000, 8),
(110, 1, 2, 0.000000, 0.000000, 21),
(110, 1, 2, 0.000000, 0.000000, 109),
(110, 2, 1, 210.000000, 210.000000, 8),
(110, 2, 1, 210.000000, 210.000000, 21),
(110, 2, 1, 210.000000, 210.000000, 109),
(110, 2, 2, 0.000000, 0.000000, 8),
(110, 2, 2, 0.000000, 0.000000, 21),
(110, 2, 2, 0.000000, 0.000000, 109),
(110, 3, 1, 210.000000, 210.000000, 8),
(110, 3, 1, 210.000000, 210.000000, 21),
(110, 3, 1, 210.000000, 210.000000, 109),
(110, 3, 2, 0.000000, 0.000000, 8),
(110, 3, 2, 0.000000, 0.000000, 21),
(110, 3, 2, 0.000000, 0.000000, 109),
(110, 4, 1, 210.000000, 210.000000, 8),
(110, 4, 1, 210.000000, 210.000000, 21),
(110, 4, 1, 210.000000, 210.000000, 109),
(110, 4, 2, 0.000000, 0.000000, 8),
(110, 4, 2, 0.000000, 0.000000, 21),
(110, 4, 2, 0.000000, 0.000000, 109),
(111, 1, 1, 210.000000, 210.000000, 8),
(111, 1, 1, 210.000000, 210.000000, 21),
(111, 1, 1, 210.000000, 210.000000, 109),
(111, 1, 2, 0.000000, 0.000000, 8),
(111, 1, 2, 0.000000, 0.000000, 21),
(111, 1, 2, 0.000000, 0.000000, 109),
(111, 2, 1, 210.000000, 210.000000, 8),
(111, 2, 1, 210.000000, 210.000000, 21),
(111, 2, 1, 210.000000, 210.000000, 109),
(111, 2, 2, 0.000000, 0.000000, 8),
(111, 2, 2, 0.000000, 0.000000, 21),
(111, 2, 2, 0.000000, 0.000000, 109),
(111, 3, 1, 210.000000, 210.000000, 8),
(111, 3, 1, 210.000000, 210.000000, 21),
(111, 3, 1, 210.000000, 210.000000, 109),
(111, 3, 2, 0.000000, 0.000000, 8),
(111, 3, 2, 0.000000, 0.000000, 21),
(111, 3, 2, 0.000000, 0.000000, 109),
(111, 4, 1, 210.000000, 210.000000, 8),
(111, 4, 1, 210.000000, 210.000000, 21),
(111, 4, 1, 210.000000, 210.000000, 109),
(111, 4, 2, 0.000000, 0.000000, 8),
(111, 4, 2, 0.000000, 0.000000, 21),
(111, 4, 2, 0.000000, 0.000000, 109),
(112, 1, 1, 0.000000, 0.000000, 8),
(112, 1, 1, 0.000000, 0.000000, 21),
(112, 1, 1, 0.000000, 0.000000, 109),
(112, 1, 2, 51.190000, 51.190000, 8),
(112, 1, 2, 51.190000, 51.190000, 21),
(112, 1, 2, 51.190000, 51.190000, 109),
(112, 2, 1, 0.000000, 0.000000, 8),
(112, 2, 1, 0.000000, 0.000000, 21),
(112, 2, 1, 0.000000, 0.000000, 109),
(112, 2, 2, 51.190000, 51.190000, 8),
(112, 2, 2, 51.190000, 51.190000, 21),
(112, 2, 2, 51.190000, 51.190000, 109),
(112, 3, 1, 0.000000, 0.000000, 8),
(112, 3, 1, 0.000000, 0.000000, 21),
(112, 3, 1, 0.000000, 0.000000, 109),
(112, 3, 2, 51.190000, 51.190000, 8),
(112, 3, 2, 51.190000, 51.190000, 21),
(112, 3, 2, 51.190000, 51.190000, 109),
(112, 4, 1, 0.000000, 0.000000, 8),
(112, 4, 1, 0.000000, 0.000000, 21),
(112, 4, 1, 0.000000, 0.000000, 109),
(112, 4, 2, 51.190000, 51.190000, 8),
(112, 4, 2, 51.190000, 51.190000, 21),
(112, 4, 2, 51.190000, 51.190000, 109),
(114, 1, 1, 0.000000, 0.000000, 8),
(114, 1, 1, 0.000000, 0.000000, 21),
(114, 1, 1, 0.000000, 0.000000, 109),
(114, 1, 2, 223.750000, 223.750000, 8),
(114, 1, 2, 223.750000, 223.750000, 21),
(114, 1, 2, 223.750000, 223.750000, 109),
(114, 2, 1, 0.000000, 0.000000, 8),
(114, 2, 1, 0.000000, 0.000000, 21),
(114, 2, 1, 0.000000, 0.000000, 109),
(114, 2, 2, 223.750000, 223.750000, 8),
(114, 2, 2, 223.750000, 223.750000, 21),
(114, 2, 2, 223.750000, 223.750000, 109),
(114, 3, 1, 0.000000, 0.000000, 8),
(114, 3, 1, 0.000000, 0.000000, 21),
(114, 3, 1, 0.000000, 0.000000, 109),
(114, 3, 2, 223.750000, 223.750000, 8),
(114, 3, 2, 223.750000, 223.750000, 21),
(114, 3, 2, 223.750000, 223.750000, 109),
(114, 4, 1, 0.000000, 0.000000, 8),
(114, 4, 1, 0.000000, 0.000000, 21),
(114, 4, 1, 0.000000, 0.000000, 109),
(114, 4, 2, 223.750000, 223.750000, 8),
(114, 4, 2, 223.750000, 223.750000, 21),
(114, 4, 2, 223.750000, 223.750000, 109),
(117, 1, 1, 0.000000, 0.000000, 8),
(117, 1, 1, 0.000000, 0.000000, 21),
(117, 1, 1, 0.000000, 0.000000, 109),
(117, 1, 2, 29.950000, 29.950000, 8),
(117, 1, 2, 29.950000, 29.950000, 21),
(117, 1, 2, 29.950000, 29.950000, 109),
(117, 2, 1, 0.000000, 0.000000, 8),
(117, 2, 1, 0.000000, 0.000000, 21),
(117, 2, 1, 0.000000, 0.000000, 109),
(117, 2, 2, 29.950000, 29.950000, 8),
(117, 2, 2, 29.950000, 29.950000, 21),
(117, 2, 2, 29.950000, 29.950000, 109),
(117, 3, 1, 0.000000, 0.000000, 8),
(117, 3, 1, 0.000000, 0.000000, 21),
(117, 3, 1, 0.000000, 0.000000, 109),
(117, 3, 2, 29.950000, 29.950000, 8),
(117, 3, 2, 29.950000, 29.950000, 21),
(117, 3, 2, 29.950000, 29.950000, 109),
(117, 4, 1, 0.000000, 0.000000, 8),
(117, 4, 1, 0.000000, 0.000000, 21),
(117, 4, 1, 0.000000, 0.000000, 109),
(117, 4, 2, 29.950000, 29.950000, 8),
(117, 4, 2, 29.950000, 29.950000, 21),
(117, 4, 2, 29.950000, 29.950000, 109),
(118, 1, 1, 47.500000, 47.500000, 8),
(118, 1, 1, 47.500000, 47.500000, 21),
(118, 1, 1, 47.500000, 47.500000, 109),
(118, 1, 2, 0.000000, 0.000000, 8),
(118, 1, 2, 0.000000, 0.000000, 21),
(118, 1, 2, 0.000000, 0.000000, 109),
(118, 2, 1, 47.500000, 47.500000, 8),
(118, 2, 1, 47.500000, 47.500000, 21),
(118, 2, 1, 47.500000, 47.500000, 109),
(118, 2, 2, 0.000000, 0.000000, 8),
(118, 2, 2, 0.000000, 0.000000, 21),
(118, 2, 2, 0.000000, 0.000000, 109),
(118, 3, 1, 47.500000, 47.500000, 8),
(118, 3, 1, 47.500000, 47.500000, 21),
(118, 3, 1, 47.500000, 47.500000, 109),
(118, 3, 2, 0.000000, 0.000000, 8),
(118, 3, 2, 0.000000, 0.000000, 21),
(118, 3, 2, 0.000000, 0.000000, 109),
(118, 4, 1, 47.500000, 47.500000, 8),
(118, 4, 1, 47.500000, 47.500000, 21),
(118, 4, 1, 47.500000, 47.500000, 109),
(118, 4, 2, 0.000000, 0.000000, 8),
(118, 4, 2, 0.000000, 0.000000, 21),
(118, 4, 2, 0.000000, 0.000000, 109),
(119, 1, 1, 55.000000, 55.000000, 8),
(119, 1, 1, 55.000000, 55.000000, 21),
(119, 1, 1, 55.000000, 55.000000, 109),
(119, 1, 2, 0.000000, 0.000000, 8),
(119, 1, 2, 0.000000, 0.000000, 21),
(119, 1, 2, 0.000000, 0.000000, 109),
(119, 2, 1, 55.000000, 55.000000, 8),
(119, 2, 1, 55.000000, 55.000000, 21),
(119, 2, 1, 55.000000, 55.000000, 109),
(119, 2, 2, 0.000000, 0.000000, 8),
(119, 2, 2, 0.000000, 0.000000, 21),
(119, 2, 2, 0.000000, 0.000000, 109),
(119, 3, 1, 55.000000, 55.000000, 8),
(119, 3, 1, 55.000000, 55.000000, 21),
(119, 3, 1, 55.000000, 55.000000, 109),
(119, 3, 2, 0.000000, 0.000000, 8),
(119, 3, 2, 0.000000, 0.000000, 21),
(119, 3, 2, 0.000000, 0.000000, 109),
(119, 4, 1, 55.000000, 55.000000, 8),
(119, 4, 1, 55.000000, 55.000000, 21),
(119, 4, 1, 55.000000, 55.000000, 109),
(119, 4, 2, 0.000000, 0.000000, 8),
(119, 4, 2, 0.000000, 0.000000, 21),
(119, 4, 2, 0.000000, 0.000000, 109),
(121, 1, 1, 1.000000, 1.000000, 8),
(121, 1, 1, 1.000000, 1.000000, 21),
(121, 1, 1, 1.000000, 1.000000, 109),
(121, 1, 2, 0.000000, 0.000000, 8),
(121, 1, 2, 0.000000, 0.000000, 21),
(121, 1, 2, 0.000000, 0.000000, 109),
(121, 2, 1, 1.000000, 1.000000, 8),
(121, 2, 1, 1.000000, 1.000000, 21),
(121, 2, 1, 1.000000, 1.000000, 109),
(121, 2, 2, 0.000000, 0.000000, 8),
(121, 2, 2, 0.000000, 0.000000, 21),
(121, 2, 2, 0.000000, 0.000000, 109),
(121, 3, 1, 1.000000, 1.000000, 8),
(121, 3, 1, 1.000000, 1.000000, 21),
(121, 3, 1, 1.000000, 1.000000, 109),
(121, 3, 2, 0.000000, 0.000000, 8),
(121, 3, 2, 0.000000, 0.000000, 21),
(121, 3, 2, 0.000000, 0.000000, 109),
(121, 4, 1, 1.000000, 1.000000, 8),
(121, 4, 1, 1.000000, 1.000000, 21),
(121, 4, 1, 1.000000, 1.000000, 109),
(121, 4, 2, 0.000000, 0.000000, 8),
(121, 4, 2, 0.000000, 0.000000, 21),
(121, 4, 2, 0.000000, 0.000000, 109),
(122, 1, 1, 88.750000, 88.750000, 8),
(122, 1, 1, 88.750000, 88.750000, 21),
(122, 1, 1, 88.750000, 88.750000, 109),
(122, 1, 2, 0.000000, 0.000000, 8),
(122, 1, 2, 0.000000, 0.000000, 21),
(122, 1, 2, 0.000000, 0.000000, 109),
(122, 2, 1, 88.750000, 88.750000, 8),
(122, 2, 1, 88.750000, 88.750000, 21),
(122, 2, 1, 88.750000, 88.750000, 109),
(122, 2, 2, 0.000000, 0.000000, 8),
(122, 2, 2, 0.000000, 0.000000, 21),
(122, 2, 2, 0.000000, 0.000000, 109),
(122, 3, 1, 88.750000, 88.750000, 8),
(122, 3, 1, 88.750000, 88.750000, 21),
(122, 3, 1, 88.750000, 88.750000, 109),
(122, 3, 2, 0.000000, 0.000000, 8),
(122, 3, 2, 0.000000, 0.000000, 21),
(122, 3, 2, 0.000000, 0.000000, 109),
(122, 4, 1, 88.750000, 88.750000, 8),
(122, 4, 1, 88.750000, 88.750000, 21),
(122, 4, 1, 88.750000, 88.750000, 109),
(122, 4, 2, 0.000000, 0.000000, 8),
(122, 4, 2, 0.000000, 0.000000, 21),
(122, 4, 2, 0.000000, 0.000000, 109),
(123, 1, 1, 93.750000, 93.750000, 8),
(123, 1, 1, 93.750000, 93.750000, 21),
(123, 1, 1, 93.750000, 93.750000, 109),
(123, 1, 2, 0.000000, 0.000000, 8),
(123, 1, 2, 0.000000, 0.000000, 21),
(123, 1, 2, 0.000000, 0.000000, 109),
(123, 2, 1, 93.750000, 93.750000, 8),
(123, 2, 1, 93.750000, 93.750000, 21),
(123, 2, 1, 93.750000, 93.750000, 109),
(123, 2, 2, 0.000000, 0.000000, 8),
(123, 2, 2, 0.000000, 0.000000, 21),
(123, 2, 2, 0.000000, 0.000000, 109),
(123, 3, 1, 93.750000, 93.750000, 8),
(123, 3, 1, 93.750000, 93.750000, 21),
(123, 3, 1, 93.750000, 93.750000, 109),
(123, 3, 2, 0.000000, 0.000000, 8),
(123, 3, 2, 0.000000, 0.000000, 21),
(123, 3, 2, 0.000000, 0.000000, 109),
(123, 4, 1, 93.750000, 93.750000, 8),
(123, 4, 1, 93.750000, 93.750000, 21),
(123, 4, 1, 93.750000, 93.750000, 109),
(123, 4, 2, 0.000000, 0.000000, 8),
(123, 4, 2, 0.000000, 0.000000, 21),
(123, 4, 2, 0.000000, 0.000000, 109),
(124, 1, 1, 93.750000, 93.750000, 8),
(124, 1, 1, 93.750000, 93.750000, 21),
(124, 1, 1, 93.750000, 93.750000, 109),
(124, 1, 2, 0.000000, 0.000000, 8),
(124, 1, 2, 0.000000, 0.000000, 21),
(124, 1, 2, 0.000000, 0.000000, 109),
(124, 2, 1, 93.750000, 93.750000, 8),
(124, 2, 1, 93.750000, 93.750000, 21),
(124, 2, 1, 93.750000, 93.750000, 109),
(124, 2, 2, 0.000000, 0.000000, 8),
(124, 2, 2, 0.000000, 0.000000, 21),
(124, 2, 2, 0.000000, 0.000000, 109),
(124, 3, 1, 93.750000, 93.750000, 8),
(124, 3, 1, 93.750000, 93.750000, 21),
(124, 3, 1, 93.750000, 93.750000, 109),
(124, 3, 2, 0.000000, 0.000000, 8),
(124, 3, 2, 0.000000, 0.000000, 21),
(124, 3, 2, 0.000000, 0.000000, 109),
(124, 4, 1, 93.750000, 93.750000, 8),
(124, 4, 1, 93.750000, 93.750000, 21),
(124, 4, 1, 93.750000, 93.750000, 109),
(124, 4, 2, 0.000000, 0.000000, 8),
(124, 4, 2, 0.000000, 0.000000, 21),
(124, 4, 2, 0.000000, 0.000000, 109),
(125, 1, 1, 56.000000, 56.000000, 8),
(125, 1, 1, 56.000000, 56.000000, 21),
(125, 1, 1, 56.000000, 56.000000, 109),
(125, 1, 2, 0.000000, 0.000000, 8),
(125, 1, 2, 0.000000, 0.000000, 21),
(125, 1, 2, 0.000000, 0.000000, 109),
(125, 2, 1, 56.000000, 56.000000, 8),
(125, 2, 1, 56.000000, 56.000000, 21),
(125, 2, 1, 56.000000, 56.000000, 109),
(125, 2, 2, 0.000000, 0.000000, 8),
(125, 2, 2, 0.000000, 0.000000, 21),
(125, 2, 2, 0.000000, 0.000000, 109),
(125, 3, 1, 56.000000, 56.000000, 8),
(125, 3, 1, 56.000000, 56.000000, 21),
(125, 3, 1, 56.000000, 56.000000, 109),
(125, 3, 2, 0.000000, 0.000000, 8),
(125, 3, 2, 0.000000, 0.000000, 21),
(125, 3, 2, 0.000000, 0.000000, 109),
(125, 4, 1, 56.000000, 56.000000, 8),
(125, 4, 1, 56.000000, 56.000000, 21),
(125, 4, 1, 56.000000, 56.000000, 109),
(125, 4, 2, 0.000000, 0.000000, 8),
(125, 4, 2, 0.000000, 0.000000, 21),
(125, 4, 2, 0.000000, 0.000000, 109),
(127, 1, 1, 33.000000, 33.000000, 8),
(127, 1, 1, 33.000000, 33.000000, 21),
(127, 1, 1, 33.000000, 33.000000, 109),
(127, 1, 2, 0.000000, 0.000000, 8),
(127, 1, 2, 0.000000, 0.000000, 21),
(127, 1, 2, 0.000000, 0.000000, 109),
(127, 2, 1, 33.000000, 33.000000, 8),
(127, 2, 1, 33.000000, 33.000000, 21),
(127, 2, 1, 33.000000, 33.000000, 109),
(127, 2, 2, 0.000000, 0.000000, 8),
(127, 2, 2, 0.000000, 0.000000, 21),
(127, 2, 2, 0.000000, 0.000000, 109),
(127, 3, 1, 33.000000, 33.000000, 8),
(127, 3, 1, 33.000000, 33.000000, 21),
(127, 3, 1, 33.000000, 33.000000, 109),
(127, 3, 2, 0.000000, 0.000000, 8),
(127, 3, 2, 0.000000, 0.000000, 21),
(127, 3, 2, 0.000000, 0.000000, 109),
(127, 4, 1, 33.000000, 33.000000, 8),
(127, 4, 1, 33.000000, 33.000000, 21),
(127, 4, 1, 33.000000, 33.000000, 109),
(127, 4, 2, 0.000000, 0.000000, 8),
(127, 4, 2, 0.000000, 0.000000, 21),
(127, 4, 2, 0.000000, 0.000000, 109),
(128, 1, 1, 0.000000, 0.000000, 8),
(128, 1, 1, 0.000000, 0.000000, 21),
(128, 1, 1, 0.000000, 0.000000, 109),
(128, 1, 2, 74.900000, 74.900000, 8),
(128, 1, 2, 74.900000, 74.900000, 21),
(128, 1, 2, 74.900000, 74.900000, 109),
(128, 2, 1, 0.000000, 0.000000, 8),
(128, 2, 1, 0.000000, 0.000000, 21),
(128, 2, 1, 0.000000, 0.000000, 109),
(128, 2, 2, 74.900000, 74.900000, 8),
(128, 2, 2, 74.900000, 74.900000, 21),
(128, 2, 2, 74.900000, 74.900000, 109),
(128, 3, 1, 0.000000, 0.000000, 8),
(128, 3, 1, 0.000000, 0.000000, 21),
(128, 3, 1, 0.000000, 0.000000, 109),
(128, 3, 2, 74.900000, 74.900000, 8),
(128, 3, 2, 74.900000, 74.900000, 21),
(128, 3, 2, 74.900000, 74.900000, 109),
(128, 4, 1, 0.000000, 0.000000, 8),
(128, 4, 1, 0.000000, 0.000000, 21),
(128, 4, 1, 0.000000, 0.000000, 109),
(128, 4, 2, 74.900000, 74.900000, 8),
(128, 4, 2, 74.900000, 74.900000, 21),
(128, 4, 2, 74.900000, 74.900000, 109),
(129, 1, 1, 83.750000, 83.750000, 8),
(129, 1, 1, 83.750000, 83.750000, 21),
(129, 1, 1, 83.750000, 83.750000, 109),
(129, 1, 2, 0.000000, 0.000000, 8),
(129, 1, 2, 0.000000, 0.000000, 21),
(129, 1, 2, 0.000000, 0.000000, 109),
(129, 2, 1, 83.750000, 83.750000, 8),
(129, 2, 1, 83.750000, 83.750000, 21),
(129, 2, 1, 83.750000, 83.750000, 109),
(129, 2, 2, 0.000000, 0.000000, 8),
(129, 2, 2, 0.000000, 0.000000, 21),
(129, 2, 2, 0.000000, 0.000000, 109),
(129, 3, 1, 83.750000, 83.750000, 8),
(129, 3, 1, 83.750000, 83.750000, 21),
(129, 3, 1, 83.750000, 83.750000, 109),
(129, 3, 2, 0.000000, 0.000000, 8),
(129, 3, 2, 0.000000, 0.000000, 21),
(129, 3, 2, 0.000000, 0.000000, 109),
(129, 4, 1, 83.750000, 83.750000, 8),
(129, 4, 1, 83.750000, 83.750000, 21),
(129, 4, 1, 83.750000, 83.750000, 109),
(129, 4, 2, 0.000000, 0.000000, 8),
(129, 4, 2, 0.000000, 0.000000, 21),
(129, 4, 2, 0.000000, 0.000000, 109),
(130, 1, 1, 23.690000, 23.690000, 8),
(130, 1, 1, 23.690000, 23.690000, 21),
(130, 1, 1, 23.690000, 23.690000, 109),
(130, 1, 2, 23.690000, 23.690000, 8),
(130, 1, 2, 23.690000, 23.690000, 21),
(130, 1, 2, 23.690000, 23.690000, 109),
(130, 2, 1, 23.690000, 23.690000, 8),
(130, 2, 1, 23.690000, 23.690000, 21),
(130, 2, 1, 23.690000, 23.690000, 109),
(130, 2, 2, 23.690000, 23.690000, 8),
(130, 2, 2, 23.690000, 23.690000, 21),
(130, 2, 2, 23.690000, 23.690000, 109),
(130, 3, 1, 23.690000, 23.690000, 8),
(130, 3, 1, 23.690000, 23.690000, 21),
(130, 3, 1, 23.690000, 23.690000, 109),
(130, 3, 2, 23.690000, 23.690000, 8),
(130, 3, 2, 23.690000, 23.690000, 21),
(130, 3, 2, 23.690000, 23.690000, 109),
(130, 4, 1, 23.690000, 23.690000, 8),
(130, 4, 1, 23.690000, 23.690000, 21),
(130, 4, 1, 23.690000, 23.690000, 109),
(130, 4, 2, 23.690000, 23.690000, 8),
(130, 4, 2, 23.690000, 23.690000, 21),
(130, 4, 2, 23.690000, 23.690000, 109),
(131, 1, 1, 0.000000, 0.000000, 8),
(131, 1, 1, 0.000000, 0.000000, 21),
(131, 1, 1, 0.000000, 0.000000, 109),
(131, 1, 2, 67.440000, 67.440000, 8),
(131, 1, 2, 67.440000, 67.440000, 21),
(131, 1, 2, 67.440000, 67.440000, 109),
(131, 2, 1, 0.000000, 0.000000, 8),
(131, 2, 1, 0.000000, 0.000000, 21),
(131, 2, 1, 0.000000, 0.000000, 109),
(131, 2, 2, 67.440000, 67.440000, 8),
(131, 2, 2, 67.440000, 67.440000, 21),
(131, 2, 2, 67.440000, 67.440000, 109),
(131, 3, 1, 0.000000, 0.000000, 8),
(131, 3, 1, 0.000000, 0.000000, 21),
(131, 3, 1, 0.000000, 0.000000, 109),
(131, 3, 2, 67.440000, 67.440000, 8),
(131, 3, 2, 67.440000, 67.440000, 21),
(131, 3, 2, 67.440000, 67.440000, 109),
(131, 4, 1, 0.000000, 0.000000, 8),
(131, 4, 1, 0.000000, 0.000000, 21),
(131, 4, 1, 0.000000, 0.000000, 109),
(131, 4, 2, 67.440000, 67.440000, 8),
(131, 4, 2, 67.440000, 67.440000, 21),
(131, 4, 2, 67.440000, 67.440000, 109),
(133, 1, 1, 32.500000, 32.500000, 8),
(133, 1, 1, 32.500000, 32.500000, 21),
(133, 1, 1, 32.500000, 32.500000, 109),
(133, 1, 2, 0.000000, 0.000000, 8),
(133, 1, 2, 0.000000, 0.000000, 21),
(133, 1, 2, 0.000000, 0.000000, 109),
(133, 2, 1, 32.500000, 32.500000, 8),
(133, 2, 1, 32.500000, 32.500000, 21),
(133, 2, 1, 32.500000, 32.500000, 109),
(133, 2, 2, 0.000000, 0.000000, 8),
(133, 2, 2, 0.000000, 0.000000, 21),
(133, 2, 2, 0.000000, 0.000000, 109),
(133, 3, 1, 32.500000, 32.500000, 8),
(133, 3, 1, 32.500000, 32.500000, 21),
(133, 3, 1, 32.500000, 32.500000, 109),
(133, 3, 2, 0.000000, 0.000000, 8),
(133, 3, 2, 0.000000, 0.000000, 21),
(133, 3, 2, 0.000000, 0.000000, 109),
(133, 4, 1, 32.500000, 32.500000, 8),
(133, 4, 1, 32.500000, 32.500000, 21),
(133, 4, 1, 32.500000, 32.500000, 109),
(133, 4, 2, 0.000000, 0.000000, 8),
(133, 4, 2, 0.000000, 0.000000, 21),
(133, 4, 2, 0.000000, 0.000000, 109),
(134, 1, 1, 56.250000, 56.250000, 8),
(134, 1, 1, 56.250000, 56.250000, 21),
(134, 1, 1, 56.250000, 56.250000, 109),
(134, 1, 2, 0.000000, 0.000000, 8),
(134, 1, 2, 0.000000, 0.000000, 21),
(134, 1, 2, 0.000000, 0.000000, 109),
(134, 2, 1, 56.250000, 56.250000, 8),
(134, 2, 1, 56.250000, 56.250000, 21),
(134, 2, 1, 56.250000, 56.250000, 109),
(134, 2, 2, 0.000000, 0.000000, 8),
(134, 2, 2, 0.000000, 0.000000, 21),
(134, 2, 2, 0.000000, 0.000000, 109),
(134, 3, 1, 56.250000, 56.250000, 8),
(134, 3, 1, 56.250000, 56.250000, 21),
(134, 3, 1, 56.250000, 56.250000, 109),
(134, 3, 2, 0.000000, 0.000000, 8),
(134, 3, 2, 0.000000, 0.000000, 21),
(134, 3, 2, 0.000000, 0.000000, 109),
(134, 4, 1, 56.250000, 56.250000, 8),
(134, 4, 1, 56.250000, 56.250000, 21),
(134, 4, 1, 56.250000, 56.250000, 109),
(134, 4, 2, 0.000000, 0.000000, 8),
(134, 4, 2, 0.000000, 0.000000, 21),
(134, 4, 2, 0.000000, 0.000000, 109),
(135, 1, 1, 122.500000, 122.500000, 8),
(135, 1, 1, 122.500000, 122.500000, 21),
(135, 1, 1, 122.500000, 122.500000, 109),
(135, 1, 2, 0.000000, 0.000000, 8),
(135, 1, 2, 0.000000, 0.000000, 21),
(135, 1, 2, 0.000000, 0.000000, 109),
(135, 2, 1, 122.500000, 122.500000, 8),
(135, 2, 1, 122.500000, 122.500000, 21),
(135, 2, 1, 122.500000, 122.500000, 109),
(135, 2, 2, 0.000000, 0.000000, 8),
(135, 2, 2, 0.000000, 0.000000, 21),
(135, 2, 2, 0.000000, 0.000000, 109),
(135, 3, 1, 122.500000, 122.500000, 8),
(135, 3, 1, 122.500000, 122.500000, 21),
(135, 3, 1, 122.500000, 122.500000, 109),
(135, 3, 2, 0.000000, 0.000000, 8),
(135, 3, 2, 0.000000, 0.000000, 21),
(135, 3, 2, 0.000000, 0.000000, 109),
(135, 4, 1, 122.500000, 122.500000, 8),
(135, 4, 1, 122.500000, 122.500000, 21),
(135, 4, 1, 122.500000, 122.500000, 109),
(135, 4, 2, 0.000000, 0.000000, 8),
(135, 4, 2, 0.000000, 0.000000, 21),
(135, 4, 2, 0.000000, 0.000000, 109),
(136, 1, 1, 50.000000, 50.000000, 8),
(136, 1, 1, 50.000000, 50.000000, 21),
(136, 1, 1, 50.000000, 50.000000, 109),
(136, 1, 2, 0.000000, 0.000000, 8),
(136, 1, 2, 0.000000, 0.000000, 21),
(136, 1, 2, 0.000000, 0.000000, 109),
(136, 2, 1, 50.000000, 50.000000, 8),
(136, 2, 1, 50.000000, 50.000000, 21),
(136, 2, 1, 50.000000, 50.000000, 109),
(136, 2, 2, 0.000000, 0.000000, 8),
(136, 2, 2, 0.000000, 0.000000, 21),
(136, 2, 2, 0.000000, 0.000000, 109),
(136, 3, 1, 50.000000, 50.000000, 8),
(136, 3, 1, 50.000000, 50.000000, 21),
(136, 3, 1, 50.000000, 50.000000, 109),
(136, 3, 2, 0.000000, 0.000000, 8),
(136, 3, 2, 0.000000, 0.000000, 21),
(136, 3, 2, 0.000000, 0.000000, 109),
(136, 4, 1, 50.000000, 50.000000, 8),
(136, 4, 1, 50.000000, 50.000000, 21),
(136, 4, 1, 50.000000, 50.000000, 109),
(136, 4, 2, 0.000000, 0.000000, 8),
(136, 4, 2, 0.000000, 0.000000, 21),
(136, 4, 2, 0.000000, 0.000000, 109),
(137, 1, 1, 72.500000, 72.500000, 8),
(137, 1, 1, 72.500000, 72.500000, 21),
(137, 1, 1, 72.500000, 72.500000, 109),
(137, 1, 2, 0.000000, 0.000000, 8),
(137, 1, 2, 0.000000, 0.000000, 21),
(137, 1, 2, 0.000000, 0.000000, 109),
(137, 2, 1, 72.500000, 72.500000, 8),
(137, 2, 1, 72.500000, 72.500000, 21),
(137, 2, 1, 72.500000, 72.500000, 109),
(137, 2, 2, 0.000000, 0.000000, 8),
(137, 2, 2, 0.000000, 0.000000, 21),
(137, 2, 2, 0.000000, 0.000000, 109),
(137, 3, 1, 72.500000, 72.500000, 8),
(137, 3, 1, 72.500000, 72.500000, 21),
(137, 3, 1, 72.500000, 72.500000, 109),
(137, 3, 2, 0.000000, 0.000000, 8),
(137, 3, 2, 0.000000, 0.000000, 21),
(137, 3, 2, 0.000000, 0.000000, 109),
(137, 4, 1, 72.500000, 72.500000, 8),
(137, 4, 1, 72.500000, 72.500000, 21),
(137, 4, 1, 72.500000, 72.500000, 109),
(137, 4, 2, 0.000000, 0.000000, 8),
(137, 4, 2, 0.000000, 0.000000, 21),
(137, 4, 2, 0.000000, 0.000000, 109),
(138, 1, 1, 51.250000, 51.250000, 8),
(138, 1, 1, 51.250000, 51.250000, 21),
(138, 1, 1, 51.250000, 51.250000, 109),
(138, 1, 2, 0.000000, 0.000000, 8),
(138, 1, 2, 0.000000, 0.000000, 21),
(138, 1, 2, 0.000000, 0.000000, 109),
(138, 2, 1, 51.250000, 51.250000, 8),
(138, 2, 1, 51.250000, 51.250000, 21),
(138, 2, 1, 51.250000, 51.250000, 109),
(138, 2, 2, 0.000000, 0.000000, 8),
(138, 2, 2, 0.000000, 0.000000, 21),
(138, 2, 2, 0.000000, 0.000000, 109),
(138, 3, 1, 51.250000, 51.250000, 8),
(138, 3, 1, 51.250000, 51.250000, 21),
(138, 3, 1, 51.250000, 51.250000, 109),
(138, 3, 2, 0.000000, 0.000000, 8),
(138, 3, 2, 0.000000, 0.000000, 21),
(138, 3, 2, 0.000000, 0.000000, 109),
(138, 4, 1, 51.250000, 51.250000, 8),
(138, 4, 1, 51.250000, 51.250000, 21),
(138, 4, 1, 51.250000, 51.250000, 109),
(138, 4, 2, 0.000000, 0.000000, 8),
(138, 4, 2, 0.000000, 0.000000, 21),
(138, 4, 2, 0.000000, 0.000000, 109),
(139, 1, 1, 90.000000, 90.000000, 8),
(139, 1, 1, 90.000000, 90.000000, 21),
(139, 1, 1, 90.000000, 90.000000, 109),
(139, 1, 2, 0.000000, 0.000000, 8),
(139, 1, 2, 0.000000, 0.000000, 21),
(139, 1, 2, 0.000000, 0.000000, 109),
(139, 2, 1, 90.000000, 90.000000, 8),
(139, 2, 1, 90.000000, 90.000000, 21),
(139, 2, 1, 90.000000, 90.000000, 109),
(139, 2, 2, 0.000000, 0.000000, 8),
(139, 2, 2, 0.000000, 0.000000, 21),
(139, 2, 2, 0.000000, 0.000000, 109),
(139, 3, 1, 90.000000, 90.000000, 8),
(139, 3, 1, 90.000000, 90.000000, 21),
(139, 3, 1, 90.000000, 90.000000, 109),
(139, 3, 2, 0.000000, 0.000000, 8),
(139, 3, 2, 0.000000, 0.000000, 21),
(139, 3, 2, 0.000000, 0.000000, 109),
(139, 4, 1, 90.000000, 90.000000, 8),
(139, 4, 1, 90.000000, 90.000000, 21),
(139, 4, 1, 90.000000, 90.000000, 109),
(139, 4, 2, 0.000000, 0.000000, 8),
(139, 4, 2, 0.000000, 0.000000, 21),
(139, 4, 2, 0.000000, 0.000000, 109),
(140, 1, 1, 93.750000, 93.750000, 8),
(140, 1, 1, 93.750000, 93.750000, 21),
(140, 1, 1, 93.750000, 93.750000, 109),
(140, 1, 2, 0.000000, 0.000000, 8),
(140, 1, 2, 0.000000, 0.000000, 21),
(140, 1, 2, 0.000000, 0.000000, 109),
(140, 2, 1, 93.750000, 93.750000, 8),
(140, 2, 1, 93.750000, 93.750000, 21),
(140, 2, 1, 93.750000, 93.750000, 109),
(140, 2, 2, 0.000000, 0.000000, 8),
(140, 2, 2, 0.000000, 0.000000, 21),
(140, 2, 2, 0.000000, 0.000000, 109),
(140, 3, 1, 93.750000, 93.750000, 8),
(140, 3, 1, 93.750000, 93.750000, 21),
(140, 3, 1, 93.750000, 93.750000, 109),
(140, 3, 2, 0.000000, 0.000000, 8),
(140, 3, 2, 0.000000, 0.000000, 21),
(140, 3, 2, 0.000000, 0.000000, 109),
(140, 4, 1, 93.750000, 93.750000, 8),
(140, 4, 1, 93.750000, 93.750000, 21),
(140, 4, 1, 93.750000, 93.750000, 109),
(140, 4, 2, 0.000000, 0.000000, 8),
(140, 4, 2, 0.000000, 0.000000, 21),
(140, 4, 2, 0.000000, 0.000000, 109),
(142, 1, 1, 140.000000, 140.000000, 8),
(142, 1, 1, 140.000000, 140.000000, 21),
(142, 1, 1, 140.000000, 140.000000, 109),
(142, 1, 2, 0.000000, 0.000000, 8),
(142, 1, 2, 0.000000, 0.000000, 21),
(142, 1, 2, 0.000000, 0.000000, 109),
(142, 2, 1, 140.000000, 140.000000, 8),
(142, 2, 1, 140.000000, 140.000000, 21),
(142, 2, 1, 140.000000, 140.000000, 109),
(142, 2, 2, 0.000000, 0.000000, 8),
(142, 2, 2, 0.000000, 0.000000, 21),
(142, 2, 2, 0.000000, 0.000000, 109),
(142, 3, 1, 140.000000, 140.000000, 8),
(142, 3, 1, 140.000000, 140.000000, 21),
(142, 3, 1, 140.000000, 140.000000, 109),
(142, 3, 2, 0.000000, 0.000000, 8),
(142, 3, 2, 0.000000, 0.000000, 21),
(142, 3, 2, 0.000000, 0.000000, 109),
(142, 4, 1, 140.000000, 140.000000, 8),
(142, 4, 1, 140.000000, 140.000000, 21),
(142, 4, 1, 140.000000, 140.000000, 109),
(142, 4, 2, 0.000000, 0.000000, 8),
(142, 4, 2, 0.000000, 0.000000, 21),
(142, 4, 2, 0.000000, 0.000000, 109),
(143, 1, 1, 85.000000, 85.000000, 8),
(143, 1, 1, 85.000000, 85.000000, 21),
(143, 1, 1, 85.000000, 85.000000, 109),
(143, 1, 2, 0.000000, 0.000000, 8),
(143, 1, 2, 0.000000, 0.000000, 21),
(143, 1, 2, 0.000000, 0.000000, 109),
(143, 2, 1, 85.000000, 85.000000, 8),
(143, 2, 1, 85.000000, 85.000000, 21),
(143, 2, 1, 85.000000, 85.000000, 109),
(143, 2, 2, 0.000000, 0.000000, 8),
(143, 2, 2, 0.000000, 0.000000, 21),
(143, 2, 2, 0.000000, 0.000000, 109),
(143, 3, 1, 85.000000, 85.000000, 8),
(143, 3, 1, 85.000000, 85.000000, 21),
(143, 3, 1, 85.000000, 85.000000, 109),
(143, 3, 2, 0.000000, 0.000000, 8),
(143, 3, 2, 0.000000, 0.000000, 21),
(143, 3, 2, 0.000000, 0.000000, 109),
(143, 4, 1, 85.000000, 85.000000, 8),
(143, 4, 1, 85.000000, 85.000000, 21),
(143, 4, 1, 85.000000, 85.000000, 109),
(143, 4, 2, 0.000000, 0.000000, 8),
(143, 4, 2, 0.000000, 0.000000, 21),
(143, 4, 2, 0.000000, 0.000000, 109),
(144, 1, 1, 0.000000, 0.000000, 8),
(144, 1, 1, 0.000000, 0.000000, 21),
(144, 1, 1, 0.000000, 0.000000, 109),
(144, 1, 2, 67.440000, 67.440000, 8),
(144, 1, 2, 67.440000, 67.440000, 21),
(144, 1, 2, 67.440000, 67.440000, 109),
(144, 2, 1, 0.000000, 0.000000, 8),
(144, 2, 1, 0.000000, 0.000000, 21),
(144, 2, 1, 0.000000, 0.000000, 109),
(144, 2, 2, 67.440000, 67.440000, 8),
(144, 2, 2, 67.440000, 67.440000, 21),
(144, 2, 2, 67.440000, 67.440000, 109),
(144, 3, 1, 0.000000, 0.000000, 8),
(144, 3, 1, 0.000000, 0.000000, 21),
(144, 3, 1, 0.000000, 0.000000, 109),
(144, 3, 2, 67.440000, 67.440000, 8),
(144, 3, 2, 67.440000, 67.440000, 21),
(144, 3, 2, 67.440000, 67.440000, 109),
(144, 4, 1, 0.000000, 0.000000, 8),
(144, 4, 1, 0.000000, 0.000000, 21),
(144, 4, 1, 0.000000, 0.000000, 109),
(144, 4, 2, 67.440000, 67.440000, 8),
(144, 4, 2, 67.440000, 67.440000, 21),
(144, 4, 2, 67.440000, 67.440000, 109),
(145, 1, 1, 0.000000, 0.000000, 8),
(145, 1, 1, 0.000000, 0.000000, 21),
(145, 1, 1, 0.000000, 0.000000, 109),
(145, 1, 2, 61.000000, 61.000000, 8),
(145, 1, 2, 61.000000, 61.000000, 21),
(145, 1, 2, 61.000000, 61.000000, 109),
(145, 2, 1, 0.000000, 0.000000, 8),
(145, 2, 1, 0.000000, 0.000000, 21),
(145, 2, 1, 0.000000, 0.000000, 109),
(145, 2, 2, 61.000000, 61.000000, 8),
(145, 2, 2, 61.000000, 61.000000, 21),
(145, 2, 2, 61.000000, 61.000000, 109),
(145, 3, 1, 0.000000, 0.000000, 8),
(145, 3, 1, 0.000000, 0.000000, 21),
(145, 3, 1, 0.000000, 0.000000, 109),
(145, 3, 2, 61.000000, 61.000000, 8),
(145, 3, 2, 61.000000, 61.000000, 21),
(145, 3, 2, 61.000000, 61.000000, 109),
(145, 4, 1, 0.000000, 0.000000, 8),
(145, 4, 1, 0.000000, 0.000000, 21),
(145, 4, 1, 0.000000, 0.000000, 109),
(145, 4, 2, 61.000000, 61.000000, 8),
(145, 4, 2, 61.000000, 61.000000, 21),
(145, 4, 2, 61.000000, 61.000000, 109),
(146, 1, 1, 0.000000, 0.000000, 8),
(146, 1, 1, 0.000000, 0.000000, 21),
(146, 1, 1, 0.000000, 0.000000, 109),
(146, 1, 2, 61.000000, 61.000000, 8),
(146, 1, 2, 61.000000, 61.000000, 21),
(146, 1, 2, 61.000000, 61.000000, 109),
(146, 2, 1, 0.000000, 0.000000, 8),
(146, 2, 1, 0.000000, 0.000000, 21),
(146, 2, 1, 0.000000, 0.000000, 109),
(146, 2, 2, 61.000000, 61.000000, 8),
(146, 2, 2, 61.000000, 61.000000, 21),
(146, 2, 2, 61.000000, 61.000000, 109),
(146, 3, 1, 0.000000, 0.000000, 8),
(146, 3, 1, 0.000000, 0.000000, 21),
(146, 3, 1, 0.000000, 0.000000, 109),
(146, 3, 2, 61.000000, 61.000000, 8),
(146, 3, 2, 61.000000, 61.000000, 21),
(146, 3, 2, 61.000000, 61.000000, 109),
(146, 4, 1, 0.000000, 0.000000, 8),
(146, 4, 1, 0.000000, 0.000000, 21),
(146, 4, 1, 0.000000, 0.000000, 109),
(146, 4, 2, 61.000000, 61.000000, 8),
(146, 4, 2, 61.000000, 61.000000, 21),
(146, 4, 2, 61.000000, 61.000000, 109),
(147, 1, 1, 70.000000, 70.000000, 8),
(147, 1, 1, 70.000000, 70.000000, 21),
(147, 1, 1, 70.000000, 70.000000, 109),
(147, 1, 2, 0.000000, 0.000000, 8),
(147, 1, 2, 0.000000, 0.000000, 21),
(147, 1, 2, 0.000000, 0.000000, 109),
(147, 2, 1, 70.000000, 70.000000, 8),
(147, 2, 1, 70.000000, 70.000000, 21),
(147, 2, 1, 70.000000, 70.000000, 109),
(147, 2, 2, 0.000000, 0.000000, 8),
(147, 2, 2, 0.000000, 0.000000, 21),
(147, 2, 2, 0.000000, 0.000000, 109),
(147, 3, 1, 70.000000, 70.000000, 8),
(147, 3, 1, 70.000000, 70.000000, 21),
(147, 3, 1, 70.000000, 70.000000, 109),
(147, 3, 2, 0.000000, 0.000000, 8),
(147, 3, 2, 0.000000, 0.000000, 21),
(147, 3, 2, 0.000000, 0.000000, 109),
(147, 4, 1, 70.000000, 70.000000, 8),
(147, 4, 1, 70.000000, 70.000000, 21),
(147, 4, 1, 70.000000, 70.000000, 109),
(147, 4, 2, 0.000000, 0.000000, 8),
(147, 4, 2, 0.000000, 0.000000, 21),
(147, 4, 2, 0.000000, 0.000000, 109),
(148, 1, 1, 46.250000, 46.250000, 8),
(148, 1, 1, 46.250000, 46.250000, 21),
(148, 1, 1, 46.250000, 46.250000, 109),
(148, 1, 2, 0.000000, 0.000000, 8),
(148, 1, 2, 0.000000, 0.000000, 21),
(148, 1, 2, 0.000000, 0.000000, 109),
(148, 2, 1, 46.250000, 46.250000, 8),
(148, 2, 1, 46.250000, 46.250000, 21),
(148, 2, 1, 46.250000, 46.250000, 109),
(148, 2, 2, 0.000000, 0.000000, 8),
(148, 2, 2, 0.000000, 0.000000, 21),
(148, 2, 2, 0.000000, 0.000000, 109),
(148, 3, 1, 46.250000, 46.250000, 8),
(148, 3, 1, 46.250000, 46.250000, 21),
(148, 3, 1, 46.250000, 46.250000, 109),
(148, 3, 2, 0.000000, 0.000000, 8),
(148, 3, 2, 0.000000, 0.000000, 21),
(148, 3, 2, 0.000000, 0.000000, 109),
(148, 4, 1, 46.250000, 46.250000, 8),
(148, 4, 1, 46.250000, 46.250000, 21),
(148, 4, 1, 46.250000, 46.250000, 109),
(148, 4, 2, 0.000000, 0.000000, 8),
(148, 4, 2, 0.000000, 0.000000, 21),
(148, 4, 2, 0.000000, 0.000000, 109),
(149, 2, 1, 103.750000, 103.750000, 17),
(149, 2, 1, 103.750000, 103.750000, 25),
(149, 2, 1, 103.750000, 103.750000, 109),
(149, 2, 2, 0.000000, 0.000000, 17),
(149, 2, 2, 0.000000, 0.000000, 25),
(149, 2, 2, 0.000000, 0.000000, 109),
(149, 2, 2, 0.000000, 0.000000, 246),
(149, 2, 2, 0.000000, 0.000000, 247),
(149, 2, 2, 0.000000, 0.000000, 248),
(149, 2, 2, 0.000000, 0.000000, 249),
(149, 2, 2, 0.000000, 0.000000, 250),
(150, 1, 1, 103.750000, 103.750000, 8),
(150, 1, 1, 103.750000, 103.750000, 21),
(150, 1, 1, 103.750000, 103.750000, 109),
(150, 1, 2, 0.000000, 0.000000, 8),
(150, 1, 2, 0.000000, 0.000000, 21),
(150, 1, 2, 0.000000, 0.000000, 109),
(150, 2, 1, 103.750000, 103.750000, 8),
(150, 2, 1, 103.750000, 103.750000, 21),
(150, 2, 1, 103.750000, 103.750000, 109),
(150, 2, 2, 0.000000, 0.000000, 8),
(150, 2, 2, 0.000000, 0.000000, 21),
(150, 2, 2, 0.000000, 0.000000, 109),
(150, 3, 1, 103.750000, 103.750000, 8),
(150, 3, 1, 103.750000, 103.750000, 21),
(150, 3, 1, 103.750000, 103.750000, 109),
(150, 3, 2, 0.000000, 0.000000, 8),
(150, 3, 2, 0.000000, 0.000000, 21),
(150, 3, 2, 0.000000, 0.000000, 109),
(150, 4, 1, 103.750000, 103.750000, 8),
(150, 4, 1, 103.750000, 103.750000, 21),
(150, 4, 1, 103.750000, 103.750000, 109),
(150, 4, 2, 0.000000, 0.000000, 8),
(150, 4, 2, 0.000000, 0.000000, 21),
(150, 4, 2, 0.000000, 0.000000, 109),
(152, 1, 1, 0.000000, 0.000000, 8),
(152, 1, 1, 0.000000, 0.000000, 21),
(152, 1, 1, 0.000000, 0.000000, 109),
(152, 1, 2, 26.190000, 26.190000, 8),
(152, 1, 2, 26.190000, 26.190000, 21),
(152, 1, 2, 26.190000, 26.190000, 109),
(152, 2, 1, 0.000000, 0.000000, 8),
(152, 2, 1, 0.000000, 0.000000, 21),
(152, 2, 1, 0.000000, 0.000000, 109),
(152, 2, 2, 26.190000, 26.190000, 8),
(152, 2, 2, 26.190000, 26.190000, 21),
(152, 2, 2, 26.190000, 26.190000, 109),
(152, 3, 1, 0.000000, 0.000000, 8),
(152, 3, 1, 0.000000, 0.000000, 21),
(152, 3, 1, 0.000000, 0.000000, 109),
(152, 3, 2, 26.190000, 26.190000, 8),
(152, 3, 2, 26.190000, 26.190000, 21),
(152, 3, 2, 26.190000, 26.190000, 109),
(152, 4, 1, 0.000000, 0.000000, 8),
(152, 4, 1, 0.000000, 0.000000, 21),
(152, 4, 1, 0.000000, 0.000000, 109),
(152, 4, 2, 26.190000, 26.190000, 8),
(152, 4, 2, 26.190000, 26.190000, 21),
(152, 4, 2, 26.190000, 26.190000, 109),
(153, 1, 1, 0.000000, 0.000000, 8),
(153, 1, 1, 0.000000, 0.000000, 21),
(153, 1, 1, 0.000000, 0.000000, 109),
(153, 1, 2, 43.690000, 43.690000, 8),
(153, 1, 2, 43.690000, 43.690000, 21),
(153, 1, 2, 43.690000, 43.690000, 109),
(153, 2, 1, 0.000000, 0.000000, 8),
(153, 2, 1, 0.000000, 0.000000, 21),
(153, 2, 1, 0.000000, 0.000000, 109),
(153, 2, 2, 43.690000, 43.690000, 8),
(153, 2, 2, 43.690000, 43.690000, 21),
(153, 2, 2, 43.690000, 43.690000, 109),
(153, 3, 1, 0.000000, 0.000000, 8),
(153, 3, 1, 0.000000, 0.000000, 21),
(153, 3, 1, 0.000000, 0.000000, 109),
(153, 3, 2, 43.690000, 43.690000, 8),
(153, 3, 2, 43.690000, 43.690000, 21),
(153, 3, 2, 43.690000, 43.690000, 109),
(153, 4, 1, 0.000000, 0.000000, 8),
(153, 4, 1, 0.000000, 0.000000, 21),
(153, 4, 1, 0.000000, 0.000000, 109),
(153, 4, 2, 43.690000, 43.690000, 8),
(153, 4, 2, 43.690000, 43.690000, 21),
(153, 4, 2, 43.690000, 43.690000, 109),
(154, 1, 1, 0.000000, 0.000000, 8),
(154, 1, 1, 0.000000, 0.000000, 21),
(154, 1, 1, 0.000000, 0.000000, 109),
(154, 1, 2, 21.875000, 21.875000, 8),
(154, 1, 2, 21.875000, 21.875000, 21),
(154, 1, 2, 21.875000, 21.875000, 109),
(154, 2, 1, 0.000000, 0.000000, 8),
(154, 2, 1, 0.000000, 0.000000, 21),
(154, 2, 1, 0.000000, 0.000000, 109),
(154, 2, 2, 21.875000, 21.875000, 8),
(154, 2, 2, 21.875000, 21.875000, 21),
(154, 2, 2, 21.875000, 21.875000, 109),
(154, 3, 1, 0.000000, 0.000000, 8),
(154, 3, 1, 0.000000, 0.000000, 21),
(154, 3, 1, 0.000000, 0.000000, 109),
(154, 3, 2, 21.875000, 21.875000, 8),
(154, 3, 2, 21.875000, 21.875000, 21),
(154, 3, 2, 21.875000, 21.875000, 109),
(154, 4, 1, 0.000000, 0.000000, 8),
(154, 4, 1, 0.000000, 0.000000, 21),
(154, 4, 1, 0.000000, 0.000000, 109),
(154, 4, 2, 21.875000, 21.875000, 8),
(154, 4, 2, 21.875000, 21.875000, 21),
(154, 4, 2, 21.875000, 21.875000, 109),
(155, 1, 1, 0.000000, 0.000000, 8),
(155, 1, 1, 0.000000, 0.000000, 21),
(155, 1, 1, 0.000000, 0.000000, 109),
(155, 1, 2, 23.700000, 23.700000, 8),
(155, 1, 2, 23.700000, 23.700000, 21),
(155, 1, 2, 23.700000, 23.700000, 109),
(155, 2, 1, 0.000000, 0.000000, 8),
(155, 2, 1, 0.000000, 0.000000, 21),
(155, 2, 1, 0.000000, 0.000000, 109),
(155, 2, 2, 23.700000, 23.700000, 8),
(155, 2, 2, 23.700000, 23.700000, 21),
(155, 2, 2, 23.700000, 23.700000, 109),
(155, 3, 1, 0.000000, 0.000000, 8),
(155, 3, 1, 0.000000, 0.000000, 21),
(155, 3, 1, 0.000000, 0.000000, 109),
(155, 3, 2, 23.700000, 23.700000, 8),
(155, 3, 2, 23.700000, 23.700000, 21),
(155, 3, 2, 23.700000, 23.700000, 109),
(155, 4, 1, 0.000000, 0.000000, 8),
(155, 4, 1, 0.000000, 0.000000, 21),
(155, 4, 1, 0.000000, 0.000000, 109),
(155, 4, 2, 23.700000, 23.700000, 8),
(155, 4, 2, 23.700000, 23.700000, 21),
(155, 4, 2, 23.700000, 23.700000, 109),
(156, 1, 1, 0.000000, 0.000000, 8),
(156, 1, 1, 0.000000, 0.000000, 21),
(156, 1, 1, 0.000000, 0.000000, 109),
(156, 1, 2, 39.950000, 39.950000, 8),
(156, 1, 2, 39.950000, 39.950000, 21),
(156, 1, 2, 39.950000, 39.950000, 109),
(156, 2, 1, 0.000000, 0.000000, 8),
(156, 2, 1, 0.000000, 0.000000, 21),
(156, 2, 1, 0.000000, 0.000000, 109),
(156, 2, 2, 39.950000, 39.950000, 8),
(156, 2, 2, 39.950000, 39.950000, 21),
(156, 2, 2, 39.950000, 39.950000, 109),
(156, 3, 1, 0.000000, 0.000000, 8),
(156, 3, 1, 0.000000, 0.000000, 21),
(156, 3, 1, 0.000000, 0.000000, 109),
(156, 3, 2, 39.950000, 39.950000, 8),
(156, 3, 2, 39.950000, 39.950000, 21),
(156, 3, 2, 39.950000, 39.950000, 109),
(156, 4, 1, 0.000000, 0.000000, 8),
(156, 4, 1, 0.000000, 0.000000, 21),
(156, 4, 1, 0.000000, 0.000000, 109),
(156, 4, 2, 39.950000, 39.950000, 8),
(156, 4, 2, 39.950000, 39.950000, 21),
(156, 4, 2, 39.950000, 39.950000, 109),
(157, 1, 1, 115.000000, 115.000000, 8),
(157, 1, 1, 115.000000, 115.000000, 21),
(157, 1, 1, 115.000000, 115.000000, 109),
(157, 1, 2, 0.000000, 0.000000, 8),
(157, 1, 2, 0.000000, 0.000000, 21),
(157, 1, 2, 0.000000, 0.000000, 109),
(157, 2, 1, 115.000000, 115.000000, 8),
(157, 2, 1, 115.000000, 115.000000, 21),
(157, 2, 1, 115.000000, 115.000000, 109),
(157, 2, 2, 0.000000, 0.000000, 8),
(157, 2, 2, 0.000000, 0.000000, 21),
(157, 2, 2, 0.000000, 0.000000, 109),
(157, 3, 1, 115.000000, 115.000000, 8),
(157, 3, 1, 115.000000, 115.000000, 21),
(157, 3, 1, 115.000000, 115.000000, 109),
(157, 3, 2, 0.000000, 0.000000, 8),
(157, 3, 2, 0.000000, 0.000000, 21),
(157, 3, 2, 0.000000, 0.000000, 109),
(157, 4, 1, 115.000000, 115.000000, 8),
(157, 4, 1, 115.000000, 115.000000, 21),
(157, 4, 1, 115.000000, 115.000000, 109),
(157, 4, 2, 0.000000, 0.000000, 8),
(157, 4, 2, 0.000000, 0.000000, 21),
(157, 4, 2, 0.000000, 0.000000, 109),
(158, 1, 1, 36.000000, 36.000000, 8),
(158, 1, 1, 36.000000, 36.000000, 21),
(158, 1, 1, 36.000000, 36.000000, 109),
(158, 1, 2, 0.000000, 0.000000, 8),
(158, 1, 2, 0.000000, 0.000000, 21),
(158, 1, 2, 0.000000, 0.000000, 109),
(158, 2, 1, 36.000000, 36.000000, 8),
(158, 2, 1, 36.000000, 36.000000, 21),
(158, 2, 1, 36.000000, 36.000000, 109),
(158, 2, 2, 0.000000, 0.000000, 8),
(158, 2, 2, 0.000000, 0.000000, 21),
(158, 2, 2, 0.000000, 0.000000, 109),
(158, 3, 1, 36.000000, 36.000000, 8),
(158, 3, 1, 36.000000, 36.000000, 21),
(158, 3, 1, 36.000000, 36.000000, 109),
(158, 3, 2, 0.000000, 0.000000, 8),
(158, 3, 2, 0.000000, 0.000000, 21),
(158, 3, 2, 0.000000, 0.000000, 109),
(158, 4, 1, 36.000000, 36.000000, 8),
(158, 4, 1, 36.000000, 36.000000, 21),
(158, 4, 1, 36.000000, 36.000000, 109),
(158, 4, 2, 0.000000, 0.000000, 8),
(158, 4, 2, 0.000000, 0.000000, 21),
(158, 4, 2, 0.000000, 0.000000, 109),
(159, 1, 1, 60.000000, 60.000000, 8),
(159, 1, 1, 60.000000, 60.000000, 21),
(159, 1, 1, 60.000000, 60.000000, 109),
(159, 1, 2, 0.000000, 0.000000, 8),
(159, 1, 2, 0.000000, 0.000000, 21),
(159, 1, 2, 0.000000, 0.000000, 109),
(159, 2, 1, 60.000000, 60.000000, 8),
(159, 2, 1, 60.000000, 60.000000, 21),
(159, 2, 1, 60.000000, 60.000000, 109),
(159, 2, 2, 0.000000, 0.000000, 8),
(159, 2, 2, 0.000000, 0.000000, 21),
(159, 2, 2, 0.000000, 0.000000, 109),
(159, 3, 1, 60.000000, 60.000000, 8),
(159, 3, 1, 60.000000, 60.000000, 21),
(159, 3, 1, 60.000000, 60.000000, 109),
(159, 3, 2, 0.000000, 0.000000, 8),
(159, 3, 2, 0.000000, 0.000000, 21),
(159, 3, 2, 0.000000, 0.000000, 109),
(159, 4, 1, 60.000000, 60.000000, 8),
(159, 4, 1, 60.000000, 60.000000, 21),
(159, 4, 1, 60.000000, 60.000000, 109),
(159, 4, 2, 0.000000, 0.000000, 8),
(159, 4, 2, 0.000000, 0.000000, 21),
(159, 4, 2, 0.000000, 0.000000, 109),
(160, 1, 1, 85.060000, 85.060000, 8),
(160, 1, 1, 85.060000, 85.060000, 21),
(160, 1, 1, 85.060000, 85.060000, 109),
(160, 1, 2, 85.060000, 85.060000, 8),
(160, 1, 2, 85.060000, 85.060000, 21),
(160, 1, 2, 85.060000, 85.060000, 109),
(160, 2, 1, 85.060000, 85.060000, 8),
(160, 2, 1, 85.060000, 85.060000, 21),
(160, 2, 1, 85.060000, 85.060000, 109),
(160, 2, 2, 85.060000, 85.060000, 8),
(160, 2, 2, 85.060000, 85.060000, 21),
(160, 2, 2, 85.060000, 85.060000, 109),
(160, 3, 1, 85.060000, 85.060000, 8),
(160, 3, 1, 85.060000, 85.060000, 21),
(160, 3, 1, 85.060000, 85.060000, 109),
(160, 3, 2, 85.060000, 85.060000, 8),
(160, 3, 2, 85.060000, 85.060000, 21),
(160, 3, 2, 85.060000, 85.060000, 109),
(160, 4, 1, 85.060000, 85.060000, 8),
(160, 4, 1, 85.060000, 85.060000, 21),
(160, 4, 1, 85.060000, 85.060000, 109),
(160, 4, 2, 85.060000, 85.060000, 8),
(160, 4, 2, 85.060000, 85.060000, 21),
(160, 4, 2, 85.060000, 85.060000, 109),
(161, 1, 1, 0.000000, 0.000000, 8),
(161, 1, 1, 0.000000, 0.000000, 21),
(161, 1, 1, 0.000000, 0.000000, 109),
(161, 1, 2, 118.660000, 118.660000, 8),
(161, 1, 2, 118.660000, 118.660000, 21),
(161, 1, 2, 118.660000, 118.660000, 109),
(161, 2, 1, 0.000000, 0.000000, 8),
(161, 2, 1, 0.000000, 0.000000, 21),
(161, 2, 1, 0.000000, 0.000000, 109),
(161, 2, 2, 118.660000, 118.660000, 8),
(161, 2, 2, 118.660000, 118.660000, 21),
(161, 2, 2, 118.660000, 118.660000, 109),
(161, 3, 1, 0.000000, 0.000000, 8),
(161, 3, 1, 0.000000, 0.000000, 21),
(161, 3, 1, 0.000000, 0.000000, 109),
(161, 3, 2, 118.660000, 118.660000, 8),
(161, 3, 2, 118.660000, 118.660000, 21),
(161, 3, 2, 118.660000, 118.660000, 109),
(161, 4, 1, 0.000000, 0.000000, 8),
(161, 4, 1, 0.000000, 0.000000, 21),
(161, 4, 1, 0.000000, 0.000000, 109),
(161, 4, 2, 118.660000, 118.660000, 8),
(161, 4, 2, 118.660000, 118.660000, 21),
(161, 4, 2, 118.660000, 118.660000, 109),
(162, 1, 1, 0.000000, 0.000000, 8),
(162, 1, 1, 0.000000, 0.000000, 21),
(162, 1, 1, 0.000000, 0.000000, 109),
(162, 1, 2, 416.990000, 416.990000, 8),
(162, 1, 2, 416.990000, 416.990000, 21),
(162, 1, 2, 416.990000, 416.990000, 109),
(162, 2, 1, 0.000000, 0.000000, 8),
(162, 2, 1, 0.000000, 0.000000, 21),
(162, 2, 1, 0.000000, 0.000000, 109),
(162, 2, 2, 416.990000, 416.990000, 8),
(162, 2, 2, 416.990000, 416.990000, 21),
(162, 2, 2, 416.990000, 416.990000, 109),
(162, 3, 1, 0.000000, 0.000000, 8),
(162, 3, 1, 0.000000, 0.000000, 21),
(162, 3, 1, 0.000000, 0.000000, 109),
(162, 3, 2, 416.990000, 416.990000, 8),
(162, 3, 2, 416.990000, 416.990000, 21),
(162, 3, 2, 416.990000, 416.990000, 109),
(162, 4, 1, 0.000000, 0.000000, 8),
(162, 4, 1, 0.000000, 0.000000, 21),
(162, 4, 1, 0.000000, 0.000000, 109),
(162, 4, 2, 416.990000, 416.990000, 8),
(162, 4, 2, 416.990000, 416.990000, 21),
(162, 4, 2, 416.990000, 416.990000, 109),
(163, 1, 1, 0.000000, 0.000000, 8),
(163, 1, 1, 0.000000, 0.000000, 21),
(163, 1, 1, 0.000000, 0.000000, 109),
(163, 1, 2, 246.250000, 246.250000, 8),
(163, 1, 2, 246.250000, 246.250000, 21),
(163, 1, 2, 246.250000, 246.250000, 109),
(163, 2, 1, 0.000000, 0.000000, 8),
(163, 2, 1, 0.000000, 0.000000, 21),
(163, 2, 1, 0.000000, 0.000000, 109),
(163, 2, 2, 246.250000, 246.250000, 8),
(163, 2, 2, 246.250000, 246.250000, 21),
(163, 2, 2, 246.250000, 246.250000, 109),
(163, 3, 1, 0.000000, 0.000000, 8),
(163, 3, 1, 0.000000, 0.000000, 21),
(163, 3, 1, 0.000000, 0.000000, 109),
(163, 3, 2, 246.250000, 246.250000, 8),
(163, 3, 2, 246.250000, 246.250000, 21),
(163, 3, 2, 246.250000, 246.250000, 109),
(163, 4, 1, 0.000000, 0.000000, 8),
(163, 4, 1, 0.000000, 0.000000, 21),
(163, 4, 1, 0.000000, 0.000000, 109),
(163, 4, 2, 246.250000, 246.250000, 8),
(163, 4, 2, 246.250000, 246.250000, 21),
(163, 4, 2, 246.250000, 246.250000, 109),
(164, 1, 1, 0.000000, 0.000000, 8),
(164, 1, 1, 0.000000, 0.000000, 21),
(164, 1, 1, 0.000000, 0.000000, 109),
(164, 1, 2, 204.930000, 204.930000, 8),
(164, 1, 2, 204.930000, 204.930000, 21),
(164, 1, 2, 204.930000, 204.930000, 109),
(164, 2, 1, 0.000000, 0.000000, 8),
(164, 2, 1, 0.000000, 0.000000, 21),
(164, 2, 1, 0.000000, 0.000000, 109),
(164, 2, 2, 204.930000, 204.930000, 8),
(164, 2, 2, 204.930000, 204.930000, 21),
(164, 2, 2, 204.930000, 204.930000, 109),
(164, 3, 1, 0.000000, 0.000000, 8),
(164, 3, 1, 0.000000, 0.000000, 21),
(164, 3, 1, 0.000000, 0.000000, 109),
(164, 3, 2, 204.930000, 204.930000, 8),
(164, 3, 2, 204.930000, 204.930000, 21),
(164, 3, 2, 204.930000, 204.930000, 109),
(164, 4, 1, 0.000000, 0.000000, 8),
(164, 4, 1, 0.000000, 0.000000, 21),
(164, 4, 1, 0.000000, 0.000000, 109),
(164, 4, 2, 204.930000, 204.930000, 8),
(164, 4, 2, 204.930000, 204.930000, 21),
(164, 4, 2, 204.930000, 204.930000, 109),
(165, 1, 1, 0.000000, 0.000000, 8),
(165, 1, 1, 0.000000, 0.000000, 21),
(165, 1, 1, 0.000000, 0.000000, 109),
(165, 1, 2, 179.180000, 179.180000, 8),
(165, 1, 2, 179.180000, 179.180000, 21),
(165, 1, 2, 179.180000, 179.180000, 109),
(165, 2, 1, 0.000000, 0.000000, 8),
(165, 2, 1, 0.000000, 0.000000, 21),
(165, 2, 1, 0.000000, 0.000000, 109),
(165, 2, 2, 179.180000, 179.180000, 8),
(165, 2, 2, 179.180000, 179.180000, 21),
(165, 2, 2, 179.180000, 179.180000, 109),
(165, 3, 1, 0.000000, 0.000000, 8),
(165, 3, 1, 0.000000, 0.000000, 21),
(165, 3, 1, 0.000000, 0.000000, 109),
(165, 3, 2, 179.180000, 179.180000, 8),
(165, 3, 2, 179.180000, 179.180000, 21),
(165, 3, 2, 179.180000, 179.180000, 109),
(165, 4, 1, 0.000000, 0.000000, 8),
(165, 4, 1, 0.000000, 0.000000, 21),
(165, 4, 1, 0.000000, 0.000000, 109),
(165, 4, 2, 179.180000, 179.180000, 8),
(165, 4, 2, 179.180000, 179.180000, 21),
(165, 4, 2, 179.180000, 179.180000, 109),
(166, 1, 1, 0.000000, 0.000000, 8),
(166, 1, 1, 0.000000, 0.000000, 21),
(166, 1, 1, 0.000000, 0.000000, 109),
(166, 1, 2, 21.200000, 21.200000, 8),
(166, 1, 2, 21.200000, 21.200000, 21),
(166, 1, 2, 21.200000, 21.200000, 109),
(166, 2, 1, 0.000000, 0.000000, 8),
(166, 2, 1, 0.000000, 0.000000, 21),
(166, 2, 1, 0.000000, 0.000000, 109),
(166, 2, 2, 21.200000, 21.200000, 8),
(166, 2, 2, 21.200000, 21.200000, 21),
(166, 2, 2, 21.200000, 21.200000, 109),
(166, 3, 1, 0.000000, 0.000000, 8),
(166, 3, 1, 0.000000, 0.000000, 21),
(166, 3, 1, 0.000000, 0.000000, 109),
(166, 3, 2, 21.200000, 21.200000, 8),
(166, 3, 2, 21.200000, 21.200000, 21),
(166, 3, 2, 21.200000, 21.200000, 109),
(166, 4, 1, 0.000000, 0.000000, 8),
(166, 4, 1, 0.000000, 0.000000, 21),
(166, 4, 1, 0.000000, 0.000000, 109),
(166, 4, 2, 21.200000, 21.200000, 8),
(166, 4, 2, 21.200000, 21.200000, 21),
(166, 4, 2, 21.200000, 21.200000, 109),
(167, 1, 1, 0.000000, 0.000000, 8),
(167, 1, 1, 0.000000, 0.000000, 21),
(167, 1, 1, 0.000000, 0.000000, 109),
(167, 1, 2, 12.375000, 12.375000, 8),
(167, 1, 2, 12.375000, 12.375000, 21),
(167, 1, 2, 12.375000, 12.375000, 109),
(167, 2, 1, 0.000000, 0.000000, 8),
(167, 2, 1, 0.000000, 0.000000, 21),
(167, 2, 1, 0.000000, 0.000000, 109),
(167, 2, 2, 12.375000, 12.375000, 8),
(167, 2, 2, 12.375000, 12.375000, 21),
(167, 2, 2, 12.375000, 12.375000, 109),
(167, 3, 1, 0.000000, 0.000000, 8),
(167, 3, 1, 0.000000, 0.000000, 21),
(167, 3, 1, 0.000000, 0.000000, 109),
(167, 3, 2, 12.375000, 12.375000, 8),
(167, 3, 2, 12.375000, 12.375000, 21),
(167, 3, 2, 12.375000, 12.375000, 109),
(167, 4, 1, 0.000000, 0.000000, 8),
(167, 4, 1, 0.000000, 0.000000, 21),
(167, 4, 1, 0.000000, 0.000000, 109),
(167, 4, 2, 12.375000, 12.375000, 8),
(167, 4, 2, 12.375000, 12.375000, 21),
(167, 4, 2, 12.375000, 12.375000, 109),
(168, 1, 1, 0.000000, 0.000000, 8),
(168, 1, 1, 0.000000, 0.000000, 21),
(168, 1, 1, 0.000000, 0.000000, 109),
(168, 1, 2, 66.190000, 66.190000, 8),
(168, 1, 2, 66.190000, 66.190000, 21),
(168, 1, 2, 66.190000, 66.190000, 109),
(168, 2, 1, 0.000000, 0.000000, 8),
(168, 2, 1, 0.000000, 0.000000, 21),
(168, 2, 1, 0.000000, 0.000000, 109),
(168, 2, 2, 66.190000, 66.190000, 8),
(168, 2, 2, 66.190000, 66.190000, 21),
(168, 2, 2, 66.190000, 66.190000, 109),
(168, 3, 1, 0.000000, 0.000000, 8),
(168, 3, 1, 0.000000, 0.000000, 21),
(168, 3, 1, 0.000000, 0.000000, 109),
(168, 3, 2, 66.190000, 66.190000, 8),
(168, 3, 2, 66.190000, 66.190000, 21),
(168, 3, 2, 66.190000, 66.190000, 109),
(168, 4, 1, 0.000000, 0.000000, 8),
(168, 4, 1, 0.000000, 0.000000, 21),
(168, 4, 1, 0.000000, 0.000000, 109),
(168, 4, 2, 66.190000, 66.190000, 8),
(168, 4, 2, 66.190000, 66.190000, 21),
(168, 4, 2, 66.190000, 66.190000, 109),
(169, 1, 1, 0.000000, 0.000000, 8),
(169, 1, 1, 0.000000, 0.000000, 21),
(169, 1, 1, 0.000000, 0.000000, 109),
(169, 1, 2, 72.440000, 72.440000, 8),
(169, 1, 2, 72.440000, 72.440000, 21),
(169, 1, 2, 72.440000, 72.440000, 109),
(169, 2, 1, 0.000000, 0.000000, 8),
(169, 2, 1, 0.000000, 0.000000, 21),
(169, 2, 1, 0.000000, 0.000000, 109),
(169, 2, 2, 72.440000, 72.440000, 8),
(169, 2, 2, 72.440000, 72.440000, 21),
(169, 2, 2, 72.440000, 72.440000, 109),
(169, 3, 1, 0.000000, 0.000000, 8),
(169, 3, 1, 0.000000, 0.000000, 21),
(169, 3, 1, 0.000000, 0.000000, 109),
(169, 3, 2, 72.440000, 72.440000, 8),
(169, 3, 2, 72.440000, 72.440000, 21),
(169, 3, 2, 72.440000, 72.440000, 109),
(169, 4, 1, 0.000000, 0.000000, 8),
(169, 4, 1, 0.000000, 0.000000, 21),
(169, 4, 1, 0.000000, 0.000000, 109),
(169, 4, 2, 72.440000, 72.440000, 8),
(169, 4, 2, 72.440000, 72.440000, 21),
(169, 4, 2, 72.440000, 72.440000, 109),
(170, 1, 1, 0.000000, 0.000000, 8),
(170, 1, 1, 0.000000, 0.000000, 21),
(170, 1, 1, 0.000000, 0.000000, 109),
(170, 1, 2, 47.440000, 47.440000, 8),
(170, 1, 2, 47.440000, 47.440000, 21),
(170, 1, 2, 47.440000, 47.440000, 109),
(170, 2, 1, 0.000000, 0.000000, 8),
(170, 2, 1, 0.000000, 0.000000, 21),
(170, 2, 1, 0.000000, 0.000000, 109),
(170, 2, 2, 47.440000, 47.440000, 8),
(170, 2, 2, 47.440000, 47.440000, 21),
(170, 2, 2, 47.440000, 47.440000, 109),
(170, 3, 1, 0.000000, 0.000000, 8),
(170, 3, 1, 0.000000, 0.000000, 21),
(170, 3, 1, 0.000000, 0.000000, 109),
(170, 3, 2, 47.440000, 47.440000, 8),
(170, 3, 2, 47.440000, 47.440000, 21),
(170, 3, 2, 47.440000, 47.440000, 109),
(170, 4, 1, 0.000000, 0.000000, 8),
(170, 4, 1, 0.000000, 0.000000, 21),
(170, 4, 1, 0.000000, 0.000000, 109),
(170, 4, 2, 47.440000, 47.440000, 8),
(170, 4, 2, 47.440000, 47.440000, 21),
(170, 4, 2, 47.440000, 47.440000, 109),
(171, 1, 1, 77.500000, 77.500000, 8),
(171, 1, 1, 77.500000, 77.500000, 21),
(171, 1, 1, 77.500000, 77.500000, 109),
(171, 1, 2, 0.000000, 0.000000, 8),
(171, 1, 2, 0.000000, 0.000000, 21),
(171, 1, 2, 0.000000, 0.000000, 109),
(171, 2, 1, 77.500000, 77.500000, 8),
(171, 2, 1, 77.500000, 77.500000, 21),
(171, 2, 1, 77.500000, 77.500000, 109),
(171, 2, 2, 0.000000, 0.000000, 8),
(171, 2, 2, 0.000000, 0.000000, 21),
(171, 2, 2, 0.000000, 0.000000, 109),
(171, 3, 1, 77.500000, 77.500000, 8),
(171, 3, 1, 77.500000, 77.500000, 21),
(171, 3, 1, 77.500000, 77.500000, 109),
(171, 3, 2, 0.000000, 0.000000, 8),
(171, 3, 2, 0.000000, 0.000000, 21),
(171, 3, 2, 0.000000, 0.000000, 109),
(171, 4, 1, 77.500000, 77.500000, 8),
(171, 4, 1, 77.500000, 77.500000, 21),
(171, 4, 1, 77.500000, 77.500000, 109),
(171, 4, 2, 0.000000, 0.000000, 8),
(171, 4, 2, 0.000000, 0.000000, 21),
(171, 4, 2, 0.000000, 0.000000, 109),
(172, 1, 1, 196.250000, 196.250000, 8),
(172, 1, 1, 196.250000, 196.250000, 21),
(172, 1, 1, 196.250000, 196.250000, 109),
(172, 1, 2, 0.000000, 0.000000, 8),
(172, 1, 2, 0.000000, 0.000000, 21),
(172, 1, 2, 0.000000, 0.000000, 109),
(172, 2, 1, 196.250000, 196.250000, 8),
(172, 2, 1, 196.250000, 196.250000, 21),
(172, 2, 1, 196.250000, 196.250000, 109),
(172, 2, 2, 0.000000, 0.000000, 8),
(172, 2, 2, 0.000000, 0.000000, 21),
(172, 2, 2, 0.000000, 0.000000, 109),
(172, 3, 1, 196.250000, 196.250000, 8),
(172, 3, 1, 196.250000, 196.250000, 21),
(172, 3, 1, 196.250000, 196.250000, 109),
(172, 3, 2, 0.000000, 0.000000, 8),
(172, 3, 2, 0.000000, 0.000000, 21),
(172, 3, 2, 0.000000, 0.000000, 109),
(172, 4, 1, 196.250000, 196.250000, 8),
(172, 4, 1, 196.250000, 196.250000, 21),
(172, 4, 1, 196.250000, 196.250000, 109),
(172, 4, 2, 0.000000, 0.000000, 8),
(172, 4, 2, 0.000000, 0.000000, 21),
(172, 4, 2, 0.000000, 0.000000, 109),
(175, 1, 1, 46.000000, 46.000000, 8),
(175, 1, 1, 46.000000, 46.000000, 21),
(175, 1, 1, 46.000000, 46.000000, 109),
(175, 1, 2, 0.000000, 0.000000, 8),
(175, 1, 2, 0.000000, 0.000000, 21),
(175, 1, 2, 0.000000, 0.000000, 109),
(175, 2, 1, 46.000000, 46.000000, 8),
(175, 2, 1, 46.000000, 46.000000, 21),
(175, 2, 1, 46.000000, 46.000000, 109),
(175, 2, 2, 0.000000, 0.000000, 8),
(175, 2, 2, 0.000000, 0.000000, 21),
(175, 2, 2, 0.000000, 0.000000, 109),
(175, 3, 1, 46.000000, 46.000000, 8),
(175, 3, 1, 46.000000, 46.000000, 21),
(175, 3, 1, 46.000000, 46.000000, 109),
(175, 3, 2, 0.000000, 0.000000, 8),
(175, 3, 2, 0.000000, 0.000000, 21),
(175, 3, 2, 0.000000, 0.000000, 109),
(175, 4, 1, 46.000000, 46.000000, 8),
(175, 4, 1, 46.000000, 46.000000, 21),
(175, 4, 1, 46.000000, 46.000000, 109);
INSERT INTO `xio8d_layered_price_index` (`id_product`, `id_currency`, `id_shop`, `price_min`, `price_max`, `id_country`) VALUES
(175, 4, 2, 0.000000, 0.000000, 8),
(175, 4, 2, 0.000000, 0.000000, 21),
(175, 4, 2, 0.000000, 0.000000, 109),
(176, 1, 1, 85.000000, 85.000000, 8),
(176, 1, 1, 85.000000, 85.000000, 21),
(176, 1, 1, 85.000000, 85.000000, 109),
(176, 1, 2, 0.000000, 0.000000, 8),
(176, 1, 2, 0.000000, 0.000000, 21),
(176, 1, 2, 0.000000, 0.000000, 109),
(176, 2, 1, 85.000000, 85.000000, 8),
(176, 2, 1, 85.000000, 85.000000, 21),
(176, 2, 1, 85.000000, 85.000000, 109),
(176, 2, 2, 0.000000, 0.000000, 8),
(176, 2, 2, 0.000000, 0.000000, 21),
(176, 2, 2, 0.000000, 0.000000, 109),
(176, 3, 1, 85.000000, 85.000000, 8),
(176, 3, 1, 85.000000, 85.000000, 21),
(176, 3, 1, 85.000000, 85.000000, 109),
(176, 3, 2, 0.000000, 0.000000, 8),
(176, 3, 2, 0.000000, 0.000000, 21),
(176, 3, 2, 0.000000, 0.000000, 109),
(176, 4, 1, 85.000000, 85.000000, 8),
(176, 4, 1, 85.000000, 85.000000, 21),
(176, 4, 1, 85.000000, 85.000000, 109),
(176, 4, 2, 0.000000, 0.000000, 8),
(176, 4, 2, 0.000000, 0.000000, 21),
(176, 4, 2, 0.000000, 0.000000, 109),
(177, 1, 1, 52.000000, 52.000000, 8),
(177, 1, 1, 52.000000, 52.000000, 21),
(177, 1, 1, 52.000000, 52.000000, 109),
(177, 1, 2, 0.000000, 0.000000, 8),
(177, 1, 2, 0.000000, 0.000000, 21),
(177, 1, 2, 0.000000, 0.000000, 109),
(177, 2, 1, 52.000000, 52.000000, 8),
(177, 2, 1, 52.000000, 52.000000, 21),
(177, 2, 1, 52.000000, 52.000000, 109),
(177, 2, 2, 0.000000, 0.000000, 8),
(177, 2, 2, 0.000000, 0.000000, 21),
(177, 2, 2, 0.000000, 0.000000, 109),
(177, 3, 1, 52.000000, 52.000000, 8),
(177, 3, 1, 52.000000, 52.000000, 21),
(177, 3, 1, 52.000000, 52.000000, 109),
(177, 3, 2, 0.000000, 0.000000, 8),
(177, 3, 2, 0.000000, 0.000000, 21),
(177, 3, 2, 0.000000, 0.000000, 109),
(177, 4, 1, 52.000000, 52.000000, 8),
(177, 4, 1, 52.000000, 52.000000, 21),
(177, 4, 1, 52.000000, 52.000000, 109),
(177, 4, 2, 0.000000, 0.000000, 8),
(177, 4, 2, 0.000000, 0.000000, 21),
(177, 4, 2, 0.000000, 0.000000, 109),
(178, 1, 1, 43.000000, 43.000000, 8),
(178, 1, 1, 43.000000, 43.000000, 21),
(178, 1, 1, 43.000000, 43.000000, 109),
(178, 1, 2, 0.000000, 0.000000, 8),
(178, 1, 2, 0.000000, 0.000000, 21),
(178, 1, 2, 0.000000, 0.000000, 109),
(178, 2, 1, 43.000000, 43.000000, 8),
(178, 2, 1, 43.000000, 43.000000, 21),
(178, 2, 1, 43.000000, 43.000000, 109),
(178, 2, 2, 0.000000, 0.000000, 8),
(178, 2, 2, 0.000000, 0.000000, 21),
(178, 2, 2, 0.000000, 0.000000, 109),
(178, 3, 1, 43.000000, 43.000000, 8),
(178, 3, 1, 43.000000, 43.000000, 21),
(178, 3, 1, 43.000000, 43.000000, 109),
(178, 3, 2, 0.000000, 0.000000, 8),
(178, 3, 2, 0.000000, 0.000000, 21),
(178, 3, 2, 0.000000, 0.000000, 109),
(178, 4, 1, 43.000000, 43.000000, 8),
(178, 4, 1, 43.000000, 43.000000, 21),
(178, 4, 1, 43.000000, 43.000000, 109),
(178, 4, 2, 0.000000, 0.000000, 8),
(178, 4, 2, 0.000000, 0.000000, 21),
(178, 4, 2, 0.000000, 0.000000, 109),
(179, 2, 1, 210.000000, 210.000000, 17),
(179, 2, 1, 210.000000, 210.000000, 25),
(179, 2, 1, 210.000000, 210.000000, 109),
(179, 2, 2, 0.000000, 0.000000, 17),
(179, 2, 2, 0.000000, 0.000000, 25),
(179, 2, 2, 0.000000, 0.000000, 109),
(179, 2, 2, 0.000000, 0.000000, 246),
(179, 2, 2, 0.000000, 0.000000, 247),
(179, 2, 2, 0.000000, 0.000000, 248),
(179, 2, 2, 0.000000, 0.000000, 249),
(179, 2, 2, 0.000000, 0.000000, 250),
(180, 1, 1, 231.000000, 231.000000, 8),
(180, 1, 1, 231.000000, 231.000000, 21),
(180, 1, 1, 231.000000, 231.000000, 109),
(180, 1, 2, 0.000000, 0.000000, 8),
(180, 1, 2, 0.000000, 0.000000, 21),
(180, 1, 2, 0.000000, 0.000000, 109),
(180, 2, 1, 231.000000, 231.000000, 8),
(180, 2, 1, 231.000000, 231.000000, 21),
(180, 2, 1, 231.000000, 231.000000, 109),
(180, 2, 2, 0.000000, 0.000000, 8),
(180, 2, 2, 0.000000, 0.000000, 21),
(180, 2, 2, 0.000000, 0.000000, 109),
(180, 3, 1, 231.000000, 231.000000, 8),
(180, 3, 1, 231.000000, 231.000000, 21),
(180, 3, 1, 231.000000, 231.000000, 109),
(180, 3, 2, 0.000000, 0.000000, 8),
(180, 3, 2, 0.000000, 0.000000, 21),
(180, 3, 2, 0.000000, 0.000000, 109),
(180, 4, 1, 231.000000, 231.000000, 8),
(180, 4, 1, 231.000000, 231.000000, 21),
(180, 4, 1, 231.000000, 231.000000, 109),
(180, 4, 2, 0.000000, 0.000000, 8),
(180, 4, 2, 0.000000, 0.000000, 21),
(180, 4, 2, 0.000000, 0.000000, 109),
(181, 1, 1, 83.000000, 83.000000, 8),
(181, 1, 1, 83.000000, 83.000000, 21),
(181, 1, 1, 83.000000, 83.000000, 109),
(181, 1, 2, 0.000000, 0.000000, 8),
(181, 1, 2, 0.000000, 0.000000, 21),
(181, 1, 2, 0.000000, 0.000000, 109),
(181, 2, 1, 83.000000, 83.000000, 8),
(181, 2, 1, 83.000000, 83.000000, 21),
(181, 2, 1, 83.000000, 83.000000, 109),
(181, 2, 2, 0.000000, 0.000000, 8),
(181, 2, 2, 0.000000, 0.000000, 21),
(181, 2, 2, 0.000000, 0.000000, 109),
(181, 3, 1, 83.000000, 83.000000, 8),
(181, 3, 1, 83.000000, 83.000000, 21),
(181, 3, 1, 83.000000, 83.000000, 109),
(181, 3, 2, 0.000000, 0.000000, 8),
(181, 3, 2, 0.000000, 0.000000, 21),
(181, 3, 2, 0.000000, 0.000000, 109),
(181, 4, 1, 83.000000, 83.000000, 8),
(181, 4, 1, 83.000000, 83.000000, 21),
(181, 4, 1, 83.000000, 83.000000, 109),
(181, 4, 2, 0.000000, 0.000000, 8),
(181, 4, 2, 0.000000, 0.000000, 21),
(181, 4, 2, 0.000000, 0.000000, 109),
(182, 1, 1, 138.000000, 138.000000, 8),
(182, 1, 1, 138.000000, 138.000000, 21),
(182, 1, 1, 138.000000, 138.000000, 109),
(182, 1, 2, 0.000000, 0.000000, 8),
(182, 1, 2, 0.000000, 0.000000, 21),
(182, 1, 2, 0.000000, 0.000000, 109),
(182, 2, 1, 138.000000, 138.000000, 8),
(182, 2, 1, 138.000000, 138.000000, 21),
(182, 2, 1, 138.000000, 138.000000, 109),
(182, 2, 2, 0.000000, 0.000000, 8),
(182, 2, 2, 0.000000, 0.000000, 21),
(182, 2, 2, 0.000000, 0.000000, 109),
(182, 3, 1, 138.000000, 138.000000, 8),
(182, 3, 1, 138.000000, 138.000000, 21),
(182, 3, 1, 138.000000, 138.000000, 109),
(182, 3, 2, 0.000000, 0.000000, 8),
(182, 3, 2, 0.000000, 0.000000, 21),
(182, 3, 2, 0.000000, 0.000000, 109),
(182, 4, 1, 138.000000, 138.000000, 8),
(182, 4, 1, 138.000000, 138.000000, 21),
(182, 4, 1, 138.000000, 138.000000, 109),
(182, 4, 2, 0.000000, 0.000000, 8),
(182, 4, 2, 0.000000, 0.000000, 21),
(182, 4, 2, 0.000000, 0.000000, 109),
(183, 1, 1, 138.000000, 138.000000, 8),
(183, 1, 1, 138.000000, 138.000000, 21),
(183, 1, 1, 138.000000, 138.000000, 109),
(183, 1, 2, 0.000000, 0.000000, 8),
(183, 1, 2, 0.000000, 0.000000, 21),
(183, 1, 2, 0.000000, 0.000000, 109),
(183, 2, 1, 138.000000, 138.000000, 8),
(183, 2, 1, 138.000000, 138.000000, 21),
(183, 2, 1, 138.000000, 138.000000, 109),
(183, 2, 2, 0.000000, 0.000000, 8),
(183, 2, 2, 0.000000, 0.000000, 21),
(183, 2, 2, 0.000000, 0.000000, 109),
(183, 3, 1, 138.000000, 138.000000, 8),
(183, 3, 1, 138.000000, 138.000000, 21),
(183, 3, 1, 138.000000, 138.000000, 109),
(183, 3, 2, 0.000000, 0.000000, 8),
(183, 3, 2, 0.000000, 0.000000, 21),
(183, 3, 2, 0.000000, 0.000000, 109),
(183, 4, 1, 138.000000, 138.000000, 8),
(183, 4, 1, 138.000000, 138.000000, 21),
(183, 4, 1, 138.000000, 138.000000, 109),
(183, 4, 2, 0.000000, 0.000000, 8),
(183, 4, 2, 0.000000, 0.000000, 21),
(183, 4, 2, 0.000000, 0.000000, 109),
(184, 1, 1, 83.000000, 83.000000, 8),
(184, 1, 1, 83.000000, 83.000000, 21),
(184, 1, 1, 83.000000, 83.000000, 109),
(184, 1, 2, 0.000000, 0.000000, 8),
(184, 1, 2, 0.000000, 0.000000, 21),
(184, 1, 2, 0.000000, 0.000000, 109),
(184, 2, 1, 83.000000, 83.000000, 8),
(184, 2, 1, 83.000000, 83.000000, 21),
(184, 2, 1, 83.000000, 83.000000, 109),
(184, 2, 2, 0.000000, 0.000000, 8),
(184, 2, 2, 0.000000, 0.000000, 21),
(184, 2, 2, 0.000000, 0.000000, 109),
(184, 3, 1, 83.000000, 83.000000, 8),
(184, 3, 1, 83.000000, 83.000000, 21),
(184, 3, 1, 83.000000, 83.000000, 109),
(184, 3, 2, 0.000000, 0.000000, 8),
(184, 3, 2, 0.000000, 0.000000, 21),
(184, 3, 2, 0.000000, 0.000000, 109),
(184, 4, 1, 83.000000, 83.000000, 8),
(184, 4, 1, 83.000000, 83.000000, 21),
(184, 4, 1, 83.000000, 83.000000, 109),
(184, 4, 2, 0.000000, 0.000000, 8),
(184, 4, 2, 0.000000, 0.000000, 21),
(184, 4, 2, 0.000000, 0.000000, 109),
(185, 1, 1, 102.500000, 102.500000, 8),
(185, 1, 1, 102.500000, 102.500000, 21),
(185, 1, 1, 102.500000, 102.500000, 109),
(185, 1, 2, 0.000000, 0.000000, 8),
(185, 1, 2, 0.000000, 0.000000, 21),
(185, 1, 2, 0.000000, 0.000000, 109),
(185, 2, 1, 102.500000, 102.500000, 8),
(185, 2, 1, 102.500000, 102.500000, 21),
(185, 2, 1, 102.500000, 102.500000, 109),
(185, 2, 2, 0.000000, 0.000000, 8),
(185, 2, 2, 0.000000, 0.000000, 21),
(185, 2, 2, 0.000000, 0.000000, 109),
(185, 3, 1, 102.500000, 102.500000, 8),
(185, 3, 1, 102.500000, 102.500000, 21),
(185, 3, 1, 102.500000, 102.500000, 109),
(185, 3, 2, 0.000000, 0.000000, 8),
(185, 3, 2, 0.000000, 0.000000, 21),
(185, 3, 2, 0.000000, 0.000000, 109),
(185, 4, 1, 102.500000, 102.500000, 8),
(185, 4, 1, 102.500000, 102.500000, 21),
(185, 4, 1, 102.500000, 102.500000, 109),
(185, 4, 2, 0.000000, 0.000000, 8),
(185, 4, 2, 0.000000, 0.000000, 21),
(185, 4, 2, 0.000000, 0.000000, 109),
(189, 1, 1, 0.000000, 0.000000, 8),
(189, 1, 1, 0.000000, 0.000000, 21),
(189, 1, 1, 0.000000, 0.000000, 109),
(189, 1, 2, 33.690000, 33.690000, 8),
(189, 1, 2, 33.690000, 33.690000, 21),
(189, 1, 2, 33.690000, 33.690000, 109),
(189, 2, 1, 0.000000, 0.000000, 8),
(189, 2, 1, 0.000000, 0.000000, 21),
(189, 2, 1, 0.000000, 0.000000, 109),
(189, 2, 2, 33.690000, 33.690000, 8),
(189, 2, 2, 33.690000, 33.690000, 21),
(189, 2, 2, 33.690000, 33.690000, 109),
(189, 3, 1, 0.000000, 0.000000, 8),
(189, 3, 1, 0.000000, 0.000000, 21),
(189, 3, 1, 0.000000, 0.000000, 109),
(189, 3, 2, 33.690000, 33.690000, 8),
(189, 3, 2, 33.690000, 33.690000, 21),
(189, 3, 2, 33.690000, 33.690000, 109),
(189, 4, 1, 0.000000, 0.000000, 8),
(189, 4, 1, 0.000000, 0.000000, 21),
(189, 4, 1, 0.000000, 0.000000, 109),
(189, 4, 2, 33.690000, 33.690000, 8),
(189, 4, 2, 33.690000, 33.690000, 21),
(189, 4, 2, 33.690000, 33.690000, 109),
(190, 1, 1, 0.000000, 0.000000, 8),
(190, 1, 1, 0.000000, 0.000000, 21),
(190, 1, 1, 0.000000, 0.000000, 109),
(190, 1, 2, 169.950000, 169.950000, 8),
(190, 1, 2, 169.950000, 169.950000, 21),
(190, 1, 2, 169.950000, 169.950000, 109),
(190, 2, 1, 0.000000, 0.000000, 8),
(190, 2, 1, 0.000000, 0.000000, 21),
(190, 2, 1, 0.000000, 0.000000, 109),
(190, 2, 2, 169.950000, 169.950000, 8),
(190, 2, 2, 169.950000, 169.950000, 21),
(190, 2, 2, 169.950000, 169.950000, 109),
(190, 3, 1, 0.000000, 0.000000, 8),
(190, 3, 1, 0.000000, 0.000000, 21),
(190, 3, 1, 0.000000, 0.000000, 109),
(190, 3, 2, 169.950000, 169.950000, 8),
(190, 3, 2, 169.950000, 169.950000, 21),
(190, 3, 2, 169.950000, 169.950000, 109),
(190, 4, 1, 0.000000, 0.000000, 8),
(190, 4, 1, 0.000000, 0.000000, 21),
(190, 4, 1, 0.000000, 0.000000, 109),
(190, 4, 2, 169.950000, 169.950000, 8),
(190, 4, 2, 169.950000, 169.950000, 21),
(190, 4, 2, 169.950000, 169.950000, 109),
(191, 1, 1, 0.000000, 0.000000, 8),
(191, 1, 1, 0.000000, 0.000000, 21),
(191, 1, 1, 0.000000, 0.000000, 109),
(191, 1, 2, 46.190000, 46.190000, 8),
(191, 1, 2, 46.190000, 46.190000, 21),
(191, 1, 2, 46.190000, 46.190000, 109),
(191, 2, 1, 0.000000, 0.000000, 8),
(191, 2, 1, 0.000000, 0.000000, 21),
(191, 2, 1, 0.000000, 0.000000, 109),
(191, 2, 2, 46.190000, 46.190000, 8),
(191, 2, 2, 46.190000, 46.190000, 21),
(191, 2, 2, 46.190000, 46.190000, 109),
(191, 3, 1, 0.000000, 0.000000, 8),
(191, 3, 1, 0.000000, 0.000000, 21),
(191, 3, 1, 0.000000, 0.000000, 109),
(191, 3, 2, 46.190000, 46.190000, 8),
(191, 3, 2, 46.190000, 46.190000, 21),
(191, 3, 2, 46.190000, 46.190000, 109),
(191, 4, 1, 0.000000, 0.000000, 8),
(191, 4, 1, 0.000000, 0.000000, 21),
(191, 4, 1, 0.000000, 0.000000, 109),
(191, 4, 2, 46.190000, 46.190000, 8),
(191, 4, 2, 46.190000, 46.190000, 21),
(191, 4, 2, 46.190000, 46.190000, 109),
(194, 1, 1, 0.000000, 0.000000, 8),
(194, 1, 1, 0.000000, 0.000000, 21),
(194, 1, 1, 0.000000, 0.000000, 109),
(194, 1, 2, 41.190000, 41.190000, 8),
(194, 1, 2, 41.190000, 41.190000, 21),
(194, 1, 2, 41.190000, 41.190000, 109),
(194, 2, 1, 0.000000, 0.000000, 8),
(194, 2, 1, 0.000000, 0.000000, 21),
(194, 2, 1, 0.000000, 0.000000, 109),
(194, 2, 2, 41.190000, 41.190000, 8),
(194, 2, 2, 41.190000, 41.190000, 21),
(194, 2, 2, 41.190000, 41.190000, 109),
(194, 3, 1, 0.000000, 0.000000, 8),
(194, 3, 1, 0.000000, 0.000000, 21),
(194, 3, 1, 0.000000, 0.000000, 109),
(194, 3, 2, 41.190000, 41.190000, 8),
(194, 3, 2, 41.190000, 41.190000, 21),
(194, 3, 2, 41.190000, 41.190000, 109),
(194, 4, 1, 0.000000, 0.000000, 8),
(194, 4, 1, 0.000000, 0.000000, 21),
(194, 4, 1, 0.000000, 0.000000, 109),
(194, 4, 2, 41.190000, 41.190000, 8),
(194, 4, 2, 41.190000, 41.190000, 21),
(194, 4, 2, 41.190000, 41.190000, 109),
(195, 1, 1, 0.000000, 0.000000, 8),
(195, 1, 1, 0.000000, 0.000000, 21),
(195, 1, 1, 0.000000, 0.000000, 109),
(195, 1, 2, 34.950000, 34.950000, 8),
(195, 1, 2, 34.950000, 34.950000, 21),
(195, 1, 2, 34.950000, 34.950000, 109),
(195, 2, 1, 0.000000, 0.000000, 8),
(195, 2, 1, 0.000000, 0.000000, 21),
(195, 2, 1, 0.000000, 0.000000, 109),
(195, 2, 2, 34.950000, 34.950000, 8),
(195, 2, 2, 34.950000, 34.950000, 21),
(195, 2, 2, 34.950000, 34.950000, 109),
(195, 3, 1, 0.000000, 0.000000, 8),
(195, 3, 1, 0.000000, 0.000000, 21),
(195, 3, 1, 0.000000, 0.000000, 109),
(195, 3, 2, 34.950000, 34.950000, 8),
(195, 3, 2, 34.950000, 34.950000, 21),
(195, 3, 2, 34.950000, 34.950000, 109),
(195, 4, 1, 0.000000, 0.000000, 8),
(195, 4, 1, 0.000000, 0.000000, 21),
(195, 4, 1, 0.000000, 0.000000, 109),
(195, 4, 2, 34.950000, 34.950000, 8),
(195, 4, 2, 34.950000, 34.950000, 21),
(195, 4, 2, 34.950000, 34.950000, 109),
(196, 1, 1, 0.000000, 0.000000, 8),
(196, 1, 1, 0.000000, 0.000000, 21),
(196, 1, 1, 0.000000, 0.000000, 109),
(196, 1, 2, 47.440000, 47.440000, 8),
(196, 1, 2, 47.440000, 47.440000, 21),
(196, 1, 2, 47.440000, 47.440000, 109),
(196, 2, 1, 0.000000, 0.000000, 8),
(196, 2, 1, 0.000000, 0.000000, 21),
(196, 2, 1, 0.000000, 0.000000, 109),
(196, 2, 2, 47.440000, 47.440000, 8),
(196, 2, 2, 47.440000, 47.440000, 21),
(196, 2, 2, 47.440000, 47.440000, 109),
(196, 3, 1, 0.000000, 0.000000, 8),
(196, 3, 1, 0.000000, 0.000000, 21),
(196, 3, 1, 0.000000, 0.000000, 109),
(196, 3, 2, 47.440000, 47.440000, 8),
(196, 3, 2, 47.440000, 47.440000, 21),
(196, 3, 2, 47.440000, 47.440000, 109),
(196, 4, 1, 0.000000, 0.000000, 8),
(196, 4, 1, 0.000000, 0.000000, 21),
(196, 4, 1, 0.000000, 0.000000, 109),
(196, 4, 2, 47.440000, 47.440000, 8),
(196, 4, 2, 47.440000, 47.440000, 21),
(196, 4, 2, 47.440000, 47.440000, 109),
(197, 1, 1, 0.000000, 0.000000, 8),
(197, 1, 1, 0.000000, 0.000000, 21),
(197, 1, 1, 0.000000, 0.000000, 109),
(197, 1, 2, 44.940000, 44.940000, 8),
(197, 1, 2, 44.940000, 44.940000, 21),
(197, 1, 2, 44.940000, 44.940000, 109),
(197, 2, 1, 0.000000, 0.000000, 8),
(197, 2, 1, 0.000000, 0.000000, 21),
(197, 2, 1, 0.000000, 0.000000, 109),
(197, 2, 2, 44.940000, 44.940000, 8),
(197, 2, 2, 44.940000, 44.940000, 21),
(197, 2, 2, 44.940000, 44.940000, 109),
(197, 3, 1, 0.000000, 0.000000, 8),
(197, 3, 1, 0.000000, 0.000000, 21),
(197, 3, 1, 0.000000, 0.000000, 109),
(197, 3, 2, 44.940000, 44.940000, 8),
(197, 3, 2, 44.940000, 44.940000, 21),
(197, 3, 2, 44.940000, 44.940000, 109),
(197, 4, 1, 0.000000, 0.000000, 8),
(197, 4, 1, 0.000000, 0.000000, 21),
(197, 4, 1, 0.000000, 0.000000, 109),
(197, 4, 2, 44.940000, 44.940000, 8),
(197, 4, 2, 44.940000, 44.940000, 21),
(197, 4, 2, 44.940000, 44.940000, 109),
(198, 1, 1, 0.000000, 0.000000, 8),
(198, 1, 1, 0.000000, 0.000000, 21),
(198, 1, 1, 0.000000, 0.000000, 109),
(198, 1, 2, 29.940000, 29.940000, 8),
(198, 1, 2, 29.940000, 29.940000, 21),
(198, 1, 2, 29.940000, 29.940000, 109),
(198, 2, 1, 0.000000, 0.000000, 8),
(198, 2, 1, 0.000000, 0.000000, 21),
(198, 2, 1, 0.000000, 0.000000, 109),
(198, 2, 2, 29.940000, 29.940000, 8),
(198, 2, 2, 29.940000, 29.940000, 21),
(198, 2, 2, 29.940000, 29.940000, 109),
(198, 3, 1, 0.000000, 0.000000, 8),
(198, 3, 1, 0.000000, 0.000000, 21),
(198, 3, 1, 0.000000, 0.000000, 109),
(198, 3, 2, 29.940000, 29.940000, 8),
(198, 3, 2, 29.940000, 29.940000, 21),
(198, 3, 2, 29.940000, 29.940000, 109),
(198, 4, 1, 0.000000, 0.000000, 8),
(198, 4, 1, 0.000000, 0.000000, 21),
(198, 4, 1, 0.000000, 0.000000, 109),
(198, 4, 2, 29.940000, 29.940000, 8),
(198, 4, 2, 29.940000, 29.940000, 21),
(198, 4, 2, 29.940000, 29.940000, 109),
(199, 1, 1, 0.000000, 0.000000, 8),
(199, 1, 1, 0.000000, 0.000000, 21),
(199, 1, 1, 0.000000, 0.000000, 109),
(199, 1, 2, 57.440000, 57.440000, 8),
(199, 1, 2, 57.440000, 57.440000, 21),
(199, 1, 2, 57.440000, 57.440000, 109),
(199, 2, 1, 0.000000, 0.000000, 8),
(199, 2, 1, 0.000000, 0.000000, 21),
(199, 2, 1, 0.000000, 0.000000, 109),
(199, 2, 2, 57.440000, 57.440000, 8),
(199, 2, 2, 57.440000, 57.440000, 21),
(199, 2, 2, 57.440000, 57.440000, 109),
(199, 3, 1, 0.000000, 0.000000, 8),
(199, 3, 1, 0.000000, 0.000000, 21),
(199, 3, 1, 0.000000, 0.000000, 109),
(199, 3, 2, 57.440000, 57.440000, 8),
(199, 3, 2, 57.440000, 57.440000, 21),
(199, 3, 2, 57.440000, 57.440000, 109),
(199, 4, 1, 0.000000, 0.000000, 8),
(199, 4, 1, 0.000000, 0.000000, 21),
(199, 4, 1, 0.000000, 0.000000, 109),
(199, 4, 2, 57.440000, 57.440000, 8),
(199, 4, 2, 57.440000, 57.440000, 21),
(199, 4, 2, 57.440000, 57.440000, 109),
(203, 1, 1, 71.250000, 71.250000, 8),
(203, 1, 1, 71.250000, 71.250000, 21),
(203, 1, 1, 71.250000, 71.250000, 109),
(203, 1, 2, 0.000000, 0.000000, 8),
(203, 1, 2, 0.000000, 0.000000, 21),
(203, 1, 2, 0.000000, 0.000000, 109),
(203, 2, 1, 71.250000, 71.250000, 8),
(203, 2, 1, 71.250000, 71.250000, 21),
(203, 2, 1, 71.250000, 71.250000, 109),
(203, 2, 2, 0.000000, 0.000000, 8),
(203, 2, 2, 0.000000, 0.000000, 21),
(203, 2, 2, 0.000000, 0.000000, 109),
(203, 3, 1, 71.250000, 71.250000, 8),
(203, 3, 1, 71.250000, 71.250000, 21),
(203, 3, 1, 71.250000, 71.250000, 109),
(203, 3, 2, 0.000000, 0.000000, 8),
(203, 3, 2, 0.000000, 0.000000, 21),
(203, 3, 2, 0.000000, 0.000000, 109),
(203, 4, 1, 71.250000, 71.250000, 8),
(203, 4, 1, 71.250000, 71.250000, 21),
(203, 4, 1, 71.250000, 71.250000, 109),
(203, 4, 2, 0.000000, 0.000000, 8),
(203, 4, 2, 0.000000, 0.000000, 21),
(203, 4, 2, 0.000000, 0.000000, 109),
(204, 2, 1, 168.890000, 168.890000, 17),
(204, 2, 1, 168.890000, 168.890000, 25),
(204, 2, 1, 168.890000, 168.890000, 109),
(204, 2, 2, 0.000000, 0.000000, 17),
(204, 2, 2, 0.000000, 0.000000, 25),
(204, 2, 2, 0.000000, 0.000000, 109),
(204, 2, 2, 0.000000, 0.000000, 246),
(204, 2, 2, 0.000000, 0.000000, 247),
(204, 2, 2, 0.000000, 0.000000, 248),
(204, 2, 2, 0.000000, 0.000000, 249),
(204, 2, 2, 0.000000, 0.000000, 250);

-- --------------------------------------------------------

--
-- Table structure for table `xio8d_layered_product_attribute`
--

CREATE TABLE `xio8d_layered_product_attribute` (
  `id_attribute` int(10) UNSIGNED NOT NULL,
  `id_product` int(10) UNSIGNED NOT NULL,
  `id_attribute_group` int(10) UNSIGNED NOT NULL DEFAULT 0,
  `id_shop` int(10) UNSIGNED NOT NULL DEFAULT 1
) ENGINE=InnoDB DEFAULT CHARSET=utf8 COLLATE=utf8_general_ci;

--
-- Dumping data for table `xio8d_layered_product_attribute`
--

INSERT INTO `xio8d_layered_product_attribute` (`id_attribute`, `id_product`, `id_attribute_group`, `id_shop`) VALUES
(1, 1, 1, 1),
(1, 2, 1, 1),
(2, 1, 1, 1),
(2, 2, 1, 1),
(3, 1, 1, 1),
(3, 2, 1, 1),
(4, 1, 1, 1),
(4, 2, 1, 1),
(8, 1, 2, 1),
(8, 9, 2, 1),
(8, 10, 2, 1),
(8, 11, 2, 1),
(11, 1, 2, 1),
(11, 9, 2, 1),
(11, 10, 2, 1),
(11, 11, 2, 1),
(19, 3, 3, 1),
(19, 4, 3, 1),
(19, 5, 3, 1),
(20, 3, 3, 1),
(20, 4, 3, 1),
(20, 5, 3, 1),
(21, 3, 3, 1),
(21, 4, 3, 1),
(21, 5, 3, 1),
(22, 16, 4, 1),
(22, 17, 4, 1),
(22, 18, 4, 1),
(23, 16, 4, 1),
(23, 17, 4, 1),
(23, 18, 4, 1),
(24, 16, 4, 1),
(24, 17, 4, 1),
(24, 18, 4, 1),
(25, 16, 4, 1),
(25, 17, 4, 1),
(25, 18, 4, 1);

-- --------------------------------------------------------

--
-- Table structure for table `xio8d_linksmenutop`
--

CREATE TABLE `xio8d_linksmenutop` (
  `id_linksmenutop` int(10) UNSIGNED NOT NULL,
  `id_shop` int(11) UNSIGNED NOT NULL,
  `new_window` tinyint(1) NOT NULL
) ENGINE=InnoDB DEFAULT CHARSET=utf8mb4 COLLATE=utf8mb4_general_ci;

--
-- Dumping data for table `xio8d_linksmenutop`
--

INSERT INTO `xio8d_linksmenutop` (`id_linksmenutop`, `id_shop`, `new_window`) VALUES
(2, 1, 0);

-- --------------------------------------------------------

--
-- Table structure for table `xio8d_linksmenutop_lang`
--

CREATE TABLE `xio8d_linksmenutop_lang` (
  `id_linksmenutop` int(11) UNSIGNED NOT NULL,
  `id_lang` int(11) UNSIGNED NOT NULL,
  `id_shop` int(11) UNSIGNED NOT NULL,
  `label` varchar(128) NOT NULL,
  `link` varchar(128) NOT NULL
) ENGINE=InnoDB DEFAULT CHARSET=utf8mb4 COLLATE=utf8mb4_general_ci;

--
-- Dumping data for table `xio8d_linksmenutop_lang`
--

INSERT INTO `xio8d_linksmenutop_lang` (`id_linksmenutop`, `id_lang`, `id_shop`, `label`, `link`) VALUES
(2, 1, 1, 'shop', 'https://www.buynutritionals.sg/'),
(2, 2, 1, '', ''),
(2, 3, 1, '', ''),
(2, 4, 1, '', ''),
(2, 5, 1, '', ''),
(2, 6, 1, '', '');

-- --------------------------------------------------------

--
-- Table structure for table `xio8d_link_block`
--

CREATE TABLE `xio8d_link_block` (
  `id_link_block` int(10) UNSIGNED NOT NULL,
  `id_hook` int(1) UNSIGNED DEFAULT NULL,
  `position` int(10) UNSIGNED NOT NULL DEFAULT 0,
  `content` text DEFAULT NULL
) ENGINE=InnoDB DEFAULT CHARSET=utf8 COLLATE=utf8_general_ci;

--
-- Dumping data for table `xio8d_link_block`
--

INSERT INTO `xio8d_link_block` (`id_link_block`, `id_hook`, `position`, `content`) VALUES
(1, 50, 0, '{\"cms\":[24,25,26,27,28,30],\"static\":[false],\"product\":[false],\"category\":[false]}'),
(2, 50, 1, '{\"cms\":[\"1\",\"2\",\"3\",\"4\",\"5\"],\"product\":[false],\"static\":[\"contact\",\"sitemap\",\"stores\"]}'),
(3, 50, 0, '{\"cms\":[21,22,29,42],\"static\":[\"contact\"],\"product\":[false],\"category\":[false]}'),
(4, 50, 0, '{\"cms\":[21,22,29,42],\"static\":[\"contact\"],\"product\":[false],\"category\":[false]}'),
(5, 50, 0, '{\"cms\":[21,22,29,42,43],\"static\":[false],\"product\":[false],\"category\":[false]}'),
(6, 50, 0, '{\"cms\":[21,22,29,42,43],\"static\":[false],\"product\":[false],\"category\":[false]}'),
(7, 50, 0, '{\"cms\":[21,22,29,42,43],\"static\":[false],\"product\":[false],\"category\":[false]}');

-- --------------------------------------------------------

--
-- Table structure for table `xio8d_link_block_lang`
--

CREATE TABLE `xio8d_link_block_lang` (
  `id_link_block` int(10) UNSIGNED NOT NULL,
  `id_lang` int(10) UNSIGNED NOT NULL,
  `name` varchar(40) NOT NULL DEFAULT '',
  `custom_content` text DEFAULT NULL
) ENGINE=InnoDB DEFAULT CHARSET=utf8 COLLATE=utf8_general_ci;

--
-- Dumping data for table `xio8d_link_block_lang`
--

INSERT INTO `xio8d_link_block_lang` (`id_link_block`, `id_lang`, `name`, `custom_content`) VALUES
(1, 1, 'Products', NULL),
(1, 2, 'Products', NULL),
(1, 3, 'Products', NULL),
(1, 4, 'Products', NULL),
(1, 5, 'Produk', NULL),
(1, 6, '单件商品', NULL),
(2, 1, 'Our company', NULL),
(2, 2, 'Our company', NULL),
(2, 3, 'Our company', NULL),
(2, 4, 'Our company', NULL),
(2, 5, 'Our company', NULL),
(2, 6, '我们的公司', NULL),
(3, 1, 'Services', '[{\"title\":\"About Us\",\"url\":\"\\/prestashop.sg\\/content\\/4-about-us\"}]'),
(4, 1, 'Services', '[{\"title\":\"About Us\",\"url\":\"\\/prestashop.sg\\/content\\/4-about-us\"}]'),
(5, 1, 'Pages', '[{\"title\":\"About Us\",\"url\":\"\\/prestashop.sg\\/content\\/4-about-us\"}]'),
(6, 1, 'Pages', '[{\"title\":\"About Us\",\"url\":\"\\/prestashop.sg\\/content\\/4-about-us\"}]'),
(7, 1, 'Services', '[{\"title\":\"About Us\",\"url\":\"\\/prestashop.sg\\/content\\/4-about-us\"}]'),
(7, 2, 'Services', 'null'),
(7, 3, 'Services', 'null'),
(7, 4, 'Services', 'null'),
(7, 5, 'Services', 'null'),
(7, 6, 'Services', 'null');

-- --------------------------------------------------------

--
-- Table structure for table `xio8d_link_block_shop`
--

CREATE TABLE `xio8d_link_block_shop` (
  `id_link_block` int(10) UNSIGNED NOT NULL,
  `id_shop` int(10) UNSIGNED NOT NULL,
  `position` int(10) UNSIGNED NOT NULL DEFAULT 0
) ENGINE=InnoDB DEFAULT CHARSET=utf8 COLLATE=utf8_general_ci;

--
-- Dumping data for table `xio8d_link_block_shop`
--

INSERT INTO `xio8d_link_block_shop` (`id_link_block`, `id_shop`, `position`) VALUES
(1, 1, 0),
(2, 1, 1),
(7, 1, 2);

-- --------------------------------------------------------

--
-- Table structure for table `xio8d_log`
--

CREATE TABLE `xio8d_log` (
  `id_log` int(10) UNSIGNED NOT NULL,
  `severity` tinyint(1) NOT NULL,
  `error_code` int(11) DEFAULT NULL,
  `message` mediumtext NOT NULL,
  `object_type` varchar(32) DEFAULT NULL,
  `object_id` int(10) UNSIGNED DEFAULT NULL,
  `id_shop` int(10) UNSIGNED DEFAULT NULL,
  `id_shop_group` int(10) UNSIGNED DEFAULT NULL,
  `id_lang` int(10) UNSIGNED DEFAULT NULL,
  `in_all_shops` tinyint(1) UNSIGNED NOT NULL DEFAULT 0,
  `id_employee` int(10) UNSIGNED DEFAULT NULL,
  `date_add` datetime NOT NULL,
  `date_upd` datetime NOT NULL
) ENGINE=InnoDB DEFAULT CHARSET=utf8mb4 COLLATE=utf8mb4_general_ci;

--
-- Dumping data for table `xio8d_log`
--

INSERT INTO `xio8d_log` (`id_log`, `severity`, `error_code`, `message`, `object_type`, `object_id`, `id_shop`, `id_shop_group`, `id_lang`, `in_all_shops`, `id_employee`, `date_add`, `date_upd`) VALUES
(1, 1, 0, 'Exporting mail with theme modern for language English (English), Core output folder: /opt/lampp/htdocs/prestashop-9/mails, Modules output folder: /opt/lampp/htdocs/prestashop-9/modules/', '', 0, NULL, NULL, 0, 0, 0, '2026-06-09 13:17:24', '2026-06-09 13:17:24'),
(2, 1, 0, 'Exporting mail with theme modern for language தமிழ் (Tamil), Core output folder: /opt/lampp/htdocs/prestashop-9/mails, Modules output folder: /opt/lampp/htdocs/prestashop-9/modules/', '', 0, NULL, NULL, 0, 0, 0, '2026-06-09 13:17:32', '2026-06-09 13:17:32'),
(3, 1, 0, 'Exporting mail with theme modern for language हिन्दी (Hindi), Core output folder: /opt/lampp/htdocs/prestashop-9/mails, Modules output folder: /opt/lampp/htdocs/prestashop-9/modules/', '', 0, NULL, NULL, 0, 0, 0, '2026-06-09 13:17:33', '2026-06-09 13:17:33'),
(4, 1, 0, 'Exporting mail with theme modern for language বাংলা  (Bengali), Core output folder: /opt/lampp/htdocs/prestashop-9/mails, Modules output folder: /opt/lampp/htdocs/prestashop-9/modules/', '', 0, NULL, NULL, 0, 0, 0, '2026-06-09 13:17:35', '2026-06-09 13:17:35'),
(5, 1, 0, 'Starting module install: statscarrier v2.1.0', 'Module', 0, 1, NULL, 1, 0, 1, '2026-06-09 13:18:05', '2026-06-09 13:18:05'),
(6, 1, 0, 'Module installed successfully: statscarrier v2.1.0', 'Module', 0, 1, NULL, 1, 0, 1, '2026-06-09 13:18:05', '2026-06-09 13:18:05'),
(7, 1, 0, 'Starting module install: ps_crossselling v2.0.3', 'Module', 0, 1, NULL, 1, 0, 1, '2026-06-09 13:18:05', '2026-06-09 13:18:05'),
(8, 1, 0, 'Module installed successfully: ps_crossselling v2.0.3', 'Module', 0, 1, NULL, 1, 0, 1, '2026-06-09 13:18:05', '2026-06-09 13:18:05'),
(9, 1, 0, 'Starting module install: pagesnotfound v3.0.0', 'Module', 0, 1, NULL, 1, 0, 1, '2026-06-09 13:18:05', '2026-06-09 13:18:05'),
(10, 1, 0, 'Module installed successfully: pagesnotfound v3.0.0', 'Module', 0, 1, NULL, 1, 0, 1, '2026-06-09 13:18:05', '2026-06-09 13:18:05'),
(11, 1, 0, 'Starting module install: ps_customersignin v2.0.5', 'Module', 0, 1, NULL, 1, 0, 1, '2026-06-09 13:18:05', '2026-06-09 13:18:05'),
(12, 1, 0, 'Module installed successfully: ps_customersignin v2.0.5', 'Module', 0, 1, NULL, 1, 0, 1, '2026-06-09 13:18:05', '2026-06-09 13:18:05'),
(13, 1, 0, 'Starting module install: statsbestvouchers v2.1.0', 'Module', 0, 1, NULL, 1, 0, 1, '2026-06-09 13:18:05', '2026-06-09 13:18:05'),
(14, 1, 0, 'Module installed successfully: statsbestvouchers v2.1.0', 'Module', 0, 1, NULL, 1, 0, 1, '2026-06-09 13:18:05', '2026-06-09 13:18:05'),
(15, 1, 0, 'Starting module install: ps_socialfollow v2.3.3', 'Module', 0, 1, NULL, 1, 0, 1, '2026-06-09 13:18:05', '2026-06-09 13:18:05'),
(16, 1, 0, 'Module installed successfully: ps_socialfollow v2.3.3', 'Module', 0, 1, NULL, 1, 0, 1, '2026-06-09 13:18:05', '2026-06-09 13:18:05'),
(17, 1, 0, 'Starting module install: ps_googleanalytics v5.0.3', 'Module', 0, 1, NULL, 1, 0, 1, '2026-06-09 13:18:05', '2026-06-09 13:18:05'),
(18, 1, 0, 'Module installed successfully: ps_googleanalytics v5.0.3', 'Module', 0, 1, NULL, 1, 0, 1, '2026-06-09 13:18:05', '2026-06-09 13:18:05'),
(19, 1, 0, 'Starting module install: ps_apiresources v0.5.0', 'Module', 0, 1, NULL, 1, 0, 1, '2026-06-09 13:18:05', '2026-06-09 13:18:05'),
(20, 1, 0, 'Module installed successfully: ps_apiresources v0.5.0', 'Module', 0, 1, NULL, 1, 0, 1, '2026-06-09 13:18:05', '2026-06-09 13:18:05'),
(21, 1, 0, 'Starting module install: ps_emailsubscription v2.8.3', 'Module', 0, 1, NULL, 1, 0, 1, '2026-06-09 13:18:06', '2026-06-09 13:18:06'),
(22, 1, 0, 'Module installed successfully: ps_emailsubscription v2.8.3', 'Module', 0, 1, NULL, 1, 0, 1, '2026-06-09 13:18:06', '2026-06-09 13:18:06'),
(23, 1, 0, 'Starting module install: blockreassurance v5.1.4', 'Module', 0, 1, NULL, 1, 0, 1, '2026-06-09 13:18:06', '2026-06-09 13:18:06'),
(24, 1, 0, 'Module installed successfully: blockreassurance v5.1.4', 'Module', 0, 1, NULL, 1, 0, 1, '2026-06-09 13:18:06', '2026-06-09 13:18:06'),
(25, 1, 0, 'Starting module install: blockwishlist v3.0.2', 'Module', 0, 1, NULL, 1, 0, 1, '2026-06-09 13:18:06', '2026-06-09 13:18:06'),
(26, 1, 0, 'Module installed successfully: blockwishlist v3.0.2', 'Module', 0, 1, NULL, 1, 0, 1, '2026-06-09 13:18:06', '2026-06-09 13:18:06'),
(27, 1, 0, 'Starting module install: ps_classic_edition v1.0.2', 'Module', 0, 1, NULL, 1, 0, 1, '2026-06-09 13:18:06', '2026-06-09 13:18:06'),
(28, 1, 0, 'Module installed successfully: ps_classic_edition v1.0.2', 'Module', 0, 1, NULL, 1, 0, 1, '2026-06-09 13:18:06', '2026-06-09 13:18:06'),
(29, 1, 0, 'Starting module install: statscheckup v2.0.4', 'Module', 0, 1, NULL, 1, 0, 1, '2026-06-09 13:18:07', '2026-06-09 13:18:07'),
(30, 1, 0, 'Module installed successfully: statscheckup v2.0.4', 'Module', 0, 1, NULL, 1, 0, 1, '2026-06-09 13:18:07', '2026-06-09 13:18:07'),
(31, 1, 0, 'Starting module install: ps_emailalerts v3.0.1', 'Module', 0, 1, NULL, 1, 0, 1, '2026-06-09 13:18:07', '2026-06-09 13:18:07'),
(32, 1, 0, 'Module installed successfully: ps_emailalerts v3.0.1', 'Module', 0, 1, NULL, 1, 0, 1, '2026-06-09 13:18:07', '2026-06-09 13:18:07'),
(33, 1, 0, 'Starting module install: graphnvd3 v2.0.3', 'Module', 0, 1, NULL, 1, 0, 1, '2026-06-09 13:18:07', '2026-06-09 13:18:07'),
(34, 1, 0, 'Module installed successfully: graphnvd3 v2.0.3', 'Module', 0, 1, NULL, 1, 0, 1, '2026-06-09 13:18:07', '2026-06-09 13:18:07'),
(35, 1, 0, 'Starting module install: ps_featuredproducts v3.0.0', 'Module', 0, 1, NULL, 1, 0, 1, '2026-06-09 13:18:07', '2026-06-09 13:18:07'),
(36, 1, 0, 'Module installed successfully: ps_featuredproducts v3.0.0', 'Module', 0, 1, NULL, 1, 0, 1, '2026-06-09 13:18:07', '2026-06-09 13:18:07'),
(37, 1, 0, 'Starting module install: ps_imageslider v3.2.2', 'Module', 0, 1, NULL, 1, 0, 1, '2026-06-09 13:18:07', '2026-06-09 13:18:07'),
(38, 1, 0, 'Module installed successfully: ps_imageslider v3.2.2', 'Module', 0, 1, NULL, 1, 0, 1, '2026-06-09 13:18:07', '2026-06-09 13:18:07'),
(39, 1, 0, 'Starting module install: ps_wirepayment v2.2.1', 'Module', 0, 1, NULL, 1, 0, 1, '2026-06-09 13:18:07', '2026-06-09 13:18:07'),
(40, 1, 0, 'Module installed successfully: ps_wirepayment v2.2.1', 'Module', 0, 1, NULL, 1, 0, 1, '2026-06-09 13:18:07', '2026-06-09 13:18:07'),
(41, 1, 0, 'Starting module install: dashactivity v2.1.1', 'Module', 0, 1, NULL, 1, 0, 1, '2026-06-09 13:18:07', '2026-06-09 13:18:07'),
(42, 1, 0, 'Module installed successfully: dashactivity v2.1.1', 'Module', 0, 1, NULL, 1, 0, 1, '2026-06-09 13:18:07', '2026-06-09 13:18:07'),
(43, 1, 0, 'Starting module install: ps_sharebuttons v2.1.3', 'Module', 0, 1, NULL, 1, 0, 1, '2026-06-09 13:18:07', '2026-06-09 13:18:07'),
(44, 1, 0, 'Module installed successfully: ps_sharebuttons v2.1.3', 'Module', 0, 1, NULL, 1, 0, 1, '2026-06-09 13:18:08', '2026-06-09 13:18:08'),
(45, 1, 0, 'Starting module install: ps_customeraccountlinks v3.2.0', 'Module', 0, 1, NULL, 1, 0, 1, '2026-06-09 13:18:08', '2026-06-09 13:18:08'),
(46, 1, 0, 'Module installed successfully: ps_customeraccountlinks v3.2.0', 'Module', 0, 1, NULL, 1, 0, 1, '2026-06-09 13:18:08', '2026-06-09 13:18:08'),
(47, 1, 0, 'Starting module install: ps_specials v1.0.3', 'Module', 0, 1, NULL, 1, 0, 1, '2026-06-09 13:18:08', '2026-06-09 13:18:08'),
(48, 1, 0, 'Module installed successfully: ps_specials v1.0.3', 'Module', 0, 1, NULL, 1, 0, 1, '2026-06-09 13:18:08', '2026-06-09 13:18:08'),
(49, 1, 0, 'Starting module install: statspersonalinfos v2.1.0', 'Module', 0, 1, NULL, 1, 0, 1, '2026-06-09 13:18:08', '2026-06-09 13:18:08'),
(50, 1, 0, 'Module installed successfully: statspersonalinfos v2.1.0', 'Module', 0, 1, NULL, 1, 0, 1, '2026-06-09 13:18:08', '2026-06-09 13:18:08'),
(51, 1, 0, 'Starting module install: ps_eventbus v4.0.13', 'Module', 0, 1, NULL, 1, 0, 1, '2026-06-09 13:18:08', '2026-06-09 13:18:08'),
(52, 1, 0, 'Module installed successfully: ps_eventbus v4.0.13', 'Module', 0, 1, NULL, 1, 0, 1, '2026-06-09 13:18:08', '2026-06-09 13:18:08'),
(53, 1, 0, 'Starting module install: ps_languageselector v2.1.3', 'Module', 0, 1, NULL, 1, 0, 1, '2026-06-09 13:18:09', '2026-06-09 13:18:09'),
(54, 1, 0, 'Module installed successfully: ps_languageselector v2.1.3', 'Module', 0, 1, NULL, 1, 0, 1, '2026-06-09 13:18:09', '2026-06-09 13:18:09'),
(55, 1, 0, 'Starting module install: ps_viewedproduct v2.0.0', 'Module', 0, 1, NULL, 1, 0, 1, '2026-06-09 13:18:09', '2026-06-09 13:18:09'),
(56, 1, 0, 'Module installed successfully: ps_viewedproduct v2.0.0', 'Module', 0, 1, NULL, 1, 0, 1, '2026-06-09 13:18:09', '2026-06-09 13:18:09'),
(57, 1, 0, 'Starting module install: ps_categorytree v3.0.2', 'Module', 0, 1, NULL, 1, 0, 1, '2026-06-09 13:18:09', '2026-06-09 13:18:09'),
(58, 1, 0, 'Module installed successfully: ps_categorytree v3.0.2', 'Module', 0, 1, NULL, 1, 0, 1, '2026-06-09 13:18:09', '2026-06-09 13:18:09'),
(59, 1, 0, 'Starting module install: ps_checkpayment v2.1.0', 'Module', 0, 1, NULL, 1, 0, 1, '2026-06-09 13:18:09', '2026-06-09 13:18:09'),
(60, 1, 0, 'Module installed successfully: ps_checkpayment v2.1.0', 'Module', 0, 1, NULL, 1, 0, 1, '2026-06-09 13:18:09', '2026-06-09 13:18:09'),
(61, 1, 0, 'Starting module install: ps_faviconnotificationbo v2.1.4', 'Module', 0, 1, NULL, 1, 0, 1, '2026-06-09 13:18:09', '2026-06-09 13:18:09'),
(62, 1, 0, 'Module installed successfully: ps_faviconnotificationbo v2.1.4', 'Module', 0, 1, NULL, 1, 0, 1, '2026-06-09 13:18:09', '2026-06-09 13:18:09'),
(63, 1, 0, 'Starting module install: psgdpr v1.4.3', 'Module', 0, 1, NULL, 1, 0, 1, '2026-06-09 13:18:09', '2026-06-09 13:18:09'),
(64, 1, 0, 'Module installed successfully: psgdpr v1.4.3', 'Module', 0, 1, NULL, 1, 0, 1, '2026-06-09 13:18:09', '2026-06-09 13:18:09'),
(65, 1, 0, 'Starting module install: ps_banner v2.1.2', 'Module', 0, 1, NULL, 1, 0, 1, '2026-06-09 13:18:09', '2026-06-09 13:18:09'),
(66, 1, 0, 'Module installed successfully: ps_banner v2.1.2', 'Module', 0, 1, NULL, 1, 0, 1, '2026-06-09 13:18:09', '2026-06-09 13:18:09'),
(67, 1, 0, 'Starting module install: ps_currencyselector v2.1.1', 'Module', 0, 1, NULL, 1, 0, 1, '2026-06-09 13:18:09', '2026-06-09 13:18:09'),
(68, 1, 0, 'Module installed successfully: ps_currencyselector v2.1.1', 'Module', 0, 1, NULL, 1, 0, 1, '2026-06-09 13:18:10', '2026-06-09 13:18:10'),
(69, 1, 0, 'Starting module install: ps_cashondelivery v2.0.1', 'Module', 0, 1, NULL, 1, 0, 1, '2026-06-09 13:18:10', '2026-06-09 13:18:10'),
(70, 1, 0, 'Module installed successfully: ps_cashondelivery v2.0.1', 'Module', 0, 1, NULL, 1, 0, 1, '2026-06-09 13:18:10', '2026-06-09 13:18:10'),
(71, 1, 0, 'Starting module install: psshipping v2.1.3', 'Module', 0, 1, NULL, 1, 0, 1, '2026-06-09 13:18:11', '2026-06-09 13:18:11'),
(72, 1, 0, 'Module installed successfully: psshipping v2.1.3', 'Module', 0, 1, NULL, 1, 0, 1, '2026-06-09 13:18:11', '2026-06-09 13:18:11'),
(73, 3, 0, 'Cannot register tab \"PsshippingCarrierController\" because it already exists', '', 0, 1, NULL, 1, 0, 1, '2026-06-09 13:18:11', '2026-06-09 13:18:11'),
(74, 3, 0, 'Cannot register tab \"PsshippingCarrierController\" because it already exists', '', 0, 1, NULL, 1, 0, 1, '2026-06-09 13:18:11', '2026-06-09 13:18:11'),
(75, 3, 0, 'Cannot register tab \"PsshippingCarrierController\" because it already exists', '', 0, 1, NULL, 1, 0, 1, '2026-06-09 13:18:11', '2026-06-09 13:18:11'),
(76, 3, 0, 'Cannot register tab \"PsshippingConfigurationController\" because it already exists', '', 0, 1, NULL, 1, 0, 1, '2026-06-09 13:18:11', '2026-06-09 13:18:11'),
(77, 3, 0, 'Cannot register tab \"PsshippingOrdersController\" because it already exists', '', 0, 1, NULL, 1, 0, 1, '2026-06-09 13:18:11', '2026-06-09 13:18:11'),
(78, 3, 0, 'Cannot register tab \"PsshippingOrdersController\" because it already exists', '', 0, 1, NULL, 1, 0, 1, '2026-06-09 13:18:11', '2026-06-09 13:18:11'),
(79, 3, 0, 'Cannot register tab \"PsshippingOrdersController\" because it already exists', '', 0, 1, NULL, 1, 0, 1, '2026-06-09 13:18:11', '2026-06-09 13:18:11'),
(80, 3, 0, 'Cannot register tab \"PsshippingConfigurationController\" because it already exists', '', 0, 1, NULL, 1, 0, 1, '2026-06-09 13:18:11', '2026-06-09 13:18:11'),
(81, 3, 0, 'Cannot register tab \"PsshippingConfigurationController\" because it already exists', '', 0, 1, NULL, 1, 0, 1, '2026-06-09 13:18:11', '2026-06-09 13:18:11'),
(82, 3, 0, 'Cannot register tab \"PsshippingConfigurationController\" because it already exists', '', 0, 1, NULL, 1, 0, 1, '2026-06-09 13:18:11', '2026-06-09 13:18:11'),
(83, 3, 0, 'Cannot register tab \"PsshippingConfigurationController\" because it already exists', '', 0, 1, NULL, 1, 0, 1, '2026-06-09 13:18:11', '2026-06-09 13:18:11'),
(84, 3, 0, 'Cannot register tab \"PsshippingConfigurationController\" because it already exists', '', 0, 1, NULL, 1, 0, 1, '2026-06-09 13:18:11', '2026-06-09 13:18:11'),
(85, 3, 0, 'Cannot register tab \"PsshippingConfigurationController\" because it already exists', '', 0, 1, NULL, 1, 0, 1, '2026-06-09 13:18:11', '2026-06-09 13:18:11'),
(86, 3, 0, 'Cannot register tab \"PsshippingConfigurationController\" because it already exists', '', 0, 1, NULL, 1, 0, 1, '2026-06-09 13:18:11', '2026-06-09 13:18:11'),
(87, 3, 0, 'Cannot register tab \"PsshippingKeycloakAuthController\" because it already exists', '', 0, 1, NULL, 1, 0, 1, '2026-06-09 13:18:11', '2026-06-09 13:18:11'),
(88, 1, 0, 'Starting module install: statsdata v2.1.2', 'Module', 0, 1, NULL, 1, 0, 1, '2026-06-09 13:18:11', '2026-06-09 13:18:11'),
(89, 1, 0, 'Module installed successfully: statsdata v2.1.2', 'Module', 0, 1, NULL, 1, 0, 1, '2026-06-09 13:18:11', '2026-06-09 13:18:11'),
(90, 1, 0, 'Starting module install: dashproducts v2.2.1', 'Module', 0, 1, NULL, 1, 0, 1, '2026-06-09 13:18:11', '2026-06-09 13:18:11'),
(91, 1, 0, 'Module installed successfully: dashproducts v2.2.1', 'Module', 0, 1, NULL, 1, 0, 1, '2026-06-09 13:18:11', '2026-06-09 13:18:11'),
(92, 1, 0, 'Starting module install: ps_mainmenu v2.3.6', 'Module', 0, 1, NULL, 1, 0, 1, '2026-06-09 13:18:12', '2026-06-09 13:18:12'),
(93, 1, 0, 'Module installed successfully: ps_mainmenu v2.3.6', 'Module', 0, 1, NULL, 1, 0, 1, '2026-06-09 13:18:14', '2026-06-09 13:18:14'),
(94, 1, 0, 'Starting module install: dashgoals v2.0.5', 'Module', 0, 1, NULL, 1, 0, 1, '2026-06-09 13:18:20', '2026-06-09 13:18:20'),
(95, 1, 0, 'Module installed successfully: dashgoals v2.0.5', 'Module', 0, 1, NULL, 1, 0, 1, '2026-06-09 13:18:20', '2026-06-09 13:18:20'),
(96, 1, 0, 'Starting module install: statsnewsletter v2.1.0', 'Module', 0, 1, NULL, 1, 0, 1, '2026-06-09 13:18:20', '2026-06-09 13:18:20'),
(97, 1, 0, 'Module installed successfully: statsnewsletter v2.1.0', 'Module', 0, 1, NULL, 1, 0, 1, '2026-06-09 13:18:20', '2026-06-09 13:18:20'),
(98, 1, 0, 'Starting module install: contactform v4.4.3', 'Module', 0, 1, NULL, 1, 0, 1, '2026-06-09 13:18:20', '2026-06-09 13:18:20'),
(99, 1, 0, 'Module installed successfully: contactform v4.4.3', 'Module', 0, 1, NULL, 1, 0, 1, '2026-06-09 13:18:20', '2026-06-09 13:18:20'),
(100, 1, 0, 'Starting module install: ps_distributionapiclient v2.1.1', 'Module', 0, 1, NULL, 1, 0, 1, '2026-06-09 13:18:20', '2026-06-09 13:18:20'),
(101, 1, 0, 'Module installed successfully: ps_distributionapiclient v2.1.1', 'Module', 0, 1, NULL, 1, 0, 1, '2026-06-09 13:18:20', '2026-06-09 13:18:20'),
(102, 1, 0, 'Starting module install: ps_accounts v8.0.13', 'Module', 0, 1, NULL, 1, 0, 1, '2026-06-09 13:18:21', '2026-06-09 13:18:21'),
(103, 1, 0, 'Module installed successfully: ps_accounts v8.0.13', 'Module', 0, 1, NULL, 1, 0, 1, '2026-06-09 13:18:21', '2026-06-09 13:18:21'),
(104, 1, 0, 'Starting module install: ps_linklist v7.0.1', 'Module', 0, 1, NULL, 1, 0, 1, '2026-06-09 13:18:24', '2026-06-09 13:18:24'),
(105, 1, 0, 'Module installed successfully: ps_linklist v7.0.1', 'Module', 0, 1, NULL, 1, 0, 1, '2026-06-09 13:18:24', '2026-06-09 13:18:24'),
(106, 1, 0, 'Starting module install: ps_supplierlist v1.0.7', 'Module', 0, 1, NULL, 1, 0, 1, '2026-06-09 13:18:26', '2026-06-09 13:18:26'),
(107, 1, 0, 'Module installed successfully: ps_supplierlist v1.0.7', 'Module', 0, 1, NULL, 1, 0, 1, '2026-06-09 13:18:26', '2026-06-09 13:18:26'),
(108, 1, 0, 'Starting module install: ps_newproducts v2.0.0', 'Module', 0, 1, NULL, 1, 0, 1, '2026-06-09 13:18:27', '2026-06-09 13:18:27'),
(109, 1, 0, 'Module installed successfully: ps_newproducts v2.0.0', 'Module', 0, 1, NULL, 1, 0, 1, '2026-06-09 13:18:28', '2026-06-09 13:18:28'),
(110, 1, 0, 'Starting module install: ps_checkout v9.5.3.2', 'Module', 0, NULL, NULL, 1, 1, 1, '2026-06-09 13:18:29', '2026-06-09 13:18:29'),
(111, 1, 0, 'Module installed successfully: ps_checkout v9.5.3.2', 'Module', 0, NULL, NULL, 1, 1, 1, '2026-06-09 13:18:29', '2026-06-09 13:18:29'),
(112, 1, 0, 'Starting module install: statsbestproducts v2.1.0', 'Module', 0, 1, NULL, 1, 0, 1, '2026-06-09 13:18:29', '2026-06-09 13:18:29'),
(113, 1, 0, 'Module installed successfully: statsbestproducts v2.1.0', 'Module', 0, 1, NULL, 1, 0, 1, '2026-06-09 13:18:29', '2026-06-09 13:18:29'),
(114, 1, 0, 'Starting module install: ps_customtext v4.2.2', 'Module', 0, 1, NULL, 1, 0, 1, '2026-06-09 13:18:29', '2026-06-09 13:18:29'),
(115, 1, 0, 'Module installed successfully: ps_customtext v4.2.2', 'Module', 0, 1, NULL, 1, 0, 1, '2026-06-09 13:18:29', '2026-06-09 13:18:29'),
(116, 1, 0, 'Starting module install: gridhtml v2.0.3', 'Module', 0, 1, NULL, 1, 0, 1, '2026-06-09 13:18:29', '2026-06-09 13:18:29'),
(117, 1, 0, 'Module installed successfully: gridhtml v2.0.3', 'Module', 0, 1, NULL, 1, 0, 1, '2026-06-09 13:18:29', '2026-06-09 13:18:29'),
(118, 1, 0, 'Starting module install: ps_mbo v5.2.2', 'Module', 0, 1, NULL, 1, 0, 1, '2026-06-09 13:18:29', '2026-06-09 13:18:29'),
(119, 1, 0, 'Module installed successfully: ps_mbo v5.2.2', 'Module', 0, 1, NULL, 1, 0, 1, '2026-06-09 13:18:30', '2026-06-09 13:18:30'),
(120, 1, 0, 'Starting module install: ps_bestsellers v2.0.0', 'Module', 0, 1, NULL, 1, 0, 1, '2026-06-09 13:18:30', '2026-06-09 13:18:30'),
(121, 1, 0, 'Module installed successfully: ps_bestsellers v2.0.0', 'Module', 0, 1, NULL, 1, 0, 1, '2026-06-09 13:18:30', '2026-06-09 13:18:30'),
(122, 1, 0, 'Starting module install: statsbestcustomers v2.1.0', 'Module', 0, 1, NULL, 1, 0, 1, '2026-06-09 13:18:30', '2026-06-09 13:18:30'),
(123, 1, 0, 'Module installed successfully: statsbestcustomers v2.1.0', 'Module', 0, 1, NULL, 1, 0, 1, '2026-06-09 13:18:30', '2026-06-09 13:18:30'),
(124, 1, 0, 'Starting module install: statssales v2.1.1', 'Module', 0, 1, NULL, 1, 0, 1, '2026-06-09 13:18:30', '2026-06-09 13:18:30'),
(125, 1, 0, 'Module installed successfully: statssales v2.1.1', 'Module', 0, 1, NULL, 1, 0, 1, '2026-06-09 13:18:30', '2026-06-09 13:18:30'),
(126, 1, 0, 'Starting module install: statsproduct v2.1.4', 'Module', 0, 1, NULL, 1, 0, 1, '2026-06-09 13:18:30', '2026-06-09 13:18:30'),
(127, 1, 0, 'Module installed successfully: statsproduct v2.1.4', 'Module', 0, 1, NULL, 1, 0, 1, '2026-06-09 13:18:30', '2026-06-09 13:18:30'),
(128, 1, 0, 'Starting module install: dashtrends v2.1.3', 'Module', 0, 1, NULL, 1, 0, 1, '2026-06-09 13:18:30', '2026-06-09 13:18:30'),
(129, 1, 0, 'Module installed successfully: dashtrends v2.1.3', 'Module', 0, 1, NULL, 1, 0, 1, '2026-06-09 13:18:30', '2026-06-09 13:18:30'),
(130, 1, 0, 'Starting module install: statsbestmanufacturers v2.0.4', 'Module', 0, 1, NULL, 1, 0, 1, '2026-06-09 13:18:30', '2026-06-09 13:18:30'),
(131, 1, 0, 'Module installed successfully: statsbestmanufacturers v2.0.4', 'Module', 0, 1, NULL, 1, 0, 1, '2026-06-09 13:18:30', '2026-06-09 13:18:30'),
(132, 1, 0, 'Starting module install: statsstock v2.0.2', 'Module', 0, 1, NULL, 1, 0, 1, '2026-06-09 13:18:30', '2026-06-09 13:18:30'),
(133, 1, 0, 'Module installed successfully: statsstock v2.0.2', 'Module', 0, 1, NULL, 1, 0, 1, '2026-06-09 13:18:30', '2026-06-09 13:18:30'),
(134, 1, 0, 'Starting module install: ps_brandlist v1.0.5', 'Module', 0, 1, NULL, 1, 0, 1, '2026-06-09 13:18:30', '2026-06-09 13:18:30'),
(135, 1, 0, 'Module installed successfully: ps_brandlist v1.0.5', 'Module', 0, 1, NULL, 1, 0, 1, '2026-06-09 13:18:30', '2026-06-09 13:18:30'),
(136, 1, 0, 'Starting module install: ps_themecusto v1.2.5', 'Module', 0, 1, NULL, 1, 0, 1, '2026-06-09 13:18:31', '2026-06-09 13:18:31'),
(137, 1, 0, 'Module installed successfully: ps_themecusto v1.2.5', 'Module', 0, 1, NULL, 1, 0, 1, '2026-06-09 13:18:31', '2026-06-09 13:18:31'),
(138, 1, 0, 'Starting module install: statsbestcategories v2.1.0', 'Module', 0, 1, NULL, 1, 0, 1, '2026-06-09 13:18:31', '2026-06-09 13:18:31'),
(139, 1, 0, 'Module installed successfully: statsbestcategories v2.1.0', 'Module', 0, 1, NULL, 1, 0, 1, '2026-06-09 13:18:31', '2026-06-09 13:18:31'),
(140, 1, 0, 'Starting module install: ps_contactinfo v3.3.3', 'Module', 0, 1, NULL, 1, 0, 1, '2026-06-09 13:18:31', '2026-06-09 13:18:31'),
(141, 1, 0, 'Module installed successfully: ps_contactinfo v3.3.3', 'Module', 0, 1, NULL, 1, 0, 1, '2026-06-09 13:18:31', '2026-06-09 13:18:31'),
(142, 1, 0, 'Starting module install: productcomments v8.0.0', 'Module', 0, 1, NULL, 1, 0, 1, '2026-06-09 13:18:31', '2026-06-09 13:18:31'),
(143, 1, 0, 'Module installed successfully: productcomments v8.0.0', 'Module', 0, 1, NULL, 1, 0, 1, '2026-06-09 13:18:31', '2026-06-09 13:18:31'),
(144, 1, 0, 'Starting module install: statsbestsuppliers v2.0.3', 'Module', 0, 1, NULL, 1, 0, 1, '2026-06-09 13:18:31', '2026-06-09 13:18:31'),
(145, 1, 0, 'Module installed successfully: statsbestsuppliers v2.0.3', 'Module', 0, 1, NULL, 1, 0, 1, '2026-06-09 13:18:31', '2026-06-09 13:18:31'),
(146, 1, 0, 'Starting module install: ps_categoryproducts v2.0.0', 'Module', 0, 1, NULL, 1, 0, 1, '2026-06-09 13:18:31', '2026-06-09 13:18:31'),
(147, 1, 0, 'Module installed successfully: ps_categoryproducts v2.0.0', 'Module', 0, 1, NULL, 1, 0, 1, '2026-06-09 13:18:31', '2026-06-09 13:18:31'),
(148, 1, 0, 'Starting module install: ps_shoppingcart v3.0.0', 'Module', 0, 1, NULL, 1, 0, 1, '2026-06-09 13:18:31', '2026-06-09 13:18:31'),
(149, 1, 0, 'Module installed successfully: ps_shoppingcart v3.0.0', 'Module', 0, 1, NULL, 1, 0, 1, '2026-06-09 13:18:31', '2026-06-09 13:18:31'),
(150, 1, 0, 'Starting module install: ps_facetedsearch v4.0.4', 'Module', 0, 1, NULL, 1, 0, 1, '2026-06-09 13:18:31', '2026-06-09 13:18:31'),
(151, 1, 0, 'Module installed successfully: ps_facetedsearch v4.0.4', 'Module', 0, 1, NULL, 1, 0, 1, '2026-06-09 13:18:32', '2026-06-09 13:18:32'),
(152, 1, 0, 'Starting module install: statscatalog v2.0.5', 'Module', 0, 1, NULL, 1, 0, 1, '2026-06-09 13:18:32', '2026-06-09 13:18:32'),
(153, 1, 0, 'Module installed successfully: statscatalog v2.0.5', 'Module', 0, 1, NULL, 1, 0, 1, '2026-06-09 13:18:32', '2026-06-09 13:18:32'),
(154, 1, 0, 'Starting module install: statsregistrations v2.1.0', 'Module', 0, 1, NULL, 1, 0, 1, '2026-06-09 13:18:32', '2026-06-09 13:18:32'),
(155, 1, 0, 'Module installed successfully: statsregistrations v2.1.0', 'Module', 0, 1, NULL, 1, 0, 1, '2026-06-09 13:18:32', '2026-06-09 13:18:32'),
(156, 1, 0, 'Starting module install: ps_dataprivacy v2.1.1', 'Module', 0, 1, NULL, 1, 0, 1, '2026-06-09 13:18:32', '2026-06-09 13:18:32'),
(157, 1, 0, 'Module installed successfully: ps_dataprivacy v2.1.1', 'Module', 0, 1, NULL, 1, 0, 1, '2026-06-09 13:18:32', '2026-06-09 13:18:32'),
(158, 1, 0, 'Starting module install: statssearch v2.1.0', 'Module', 0, 1, NULL, 1, 0, 1, '2026-06-09 13:18:32', '2026-06-09 13:18:32'),
(159, 1, 0, 'Module installed successfully: statssearch v2.1.0', 'Module', 0, 1, NULL, 1, 0, 1, '2026-06-09 13:18:32', '2026-06-09 13:18:32'),
(160, 1, 0, 'Starting module install: ps_searchbar v2.1.4', 'Module', 0, 1, NULL, 1, 0, 1, '2026-06-09 13:18:32', '2026-06-09 13:18:32'),
(161, 1, 0, 'Module installed successfully: ps_searchbar v2.1.4', 'Module', 0, 1, NULL, 1, 0, 1, '2026-06-09 13:18:32', '2026-06-09 13:18:32'),
(162, 1, 0, 'Starting module install: psxmarketingwithgoogle v1.75.6', 'Module', 0, 1, NULL, 1, 0, 1, '2026-06-09 13:18:33', '2026-06-09 13:18:33'),
(163, 1, 0, 'Module installed successfully: psxmarketingwithgoogle v1.75.6', 'Module', 0, 1, NULL, 1, 0, 1, '2026-06-09 13:18:33', '2026-06-09 13:18:33'),
(164, 1, 0, 'Starting module install: statsforecast v2.1.0', 'Module', 0, 1, NULL, 1, 0, 1, '2026-06-09 13:18:34', '2026-06-09 13:18:34'),
(165, 1, 0, 'Module installed successfully: statsforecast v2.1.0', 'Module', 0, 1, NULL, 1, 0, 1, '2026-06-09 13:18:34', '2026-06-09 13:18:34'),
(166, 1, 0, 'Starting module install: gsitemap v5.0.0', 'Module', 0, 1, NULL, 1, 0, 1, '2026-06-09 13:18:34', '2026-06-09 13:18:34'),
(167, 1, 0, 'Module installed successfully: gsitemap v5.0.0', 'Module', 0, 1, NULL, 1, 0, 1, '2026-06-09 13:18:34', '2026-06-09 13:18:34'),
(168, 1, 0, 'Starting module install: ps_facebook v1.38.18', 'Module', 0, 1, NULL, 1, 0, 1, '2026-06-09 13:18:34', '2026-06-09 13:18:34'),
(169, 1, 0, 'Module installed successfully: ps_facebook v1.38.18', 'Module', 0, 1, NULL, 1, 0, 1, '2026-06-09 13:18:34', '2026-06-09 13:18:34'),
(170, 1, 0, 'ExecKernelCacheClearer: Successfully cleared cache for prod env admin', '', 0, 1, NULL, 1, 0, 1, '2026-06-09 13:18:36', '2026-06-09 13:18:36'),
(171, 3, 0, 'ExecKernelCacheClearer: Could not warm up cache for admin env prod result: 1 output: array (\n  0 => \'\',\n  1 => \'In XmlUtils.php line 48:\',\n  2 => \'\',\n  3 => \'  Extension DOM is required.\',\n  4 => \'\',\n  5 => \'\',\n)', '', 0, 1, NULL, 1, 0, 1, '2026-06-09 13:18:36', '2026-06-09 13:18:36'),
(172, 1, 0, 'ApplicationKernelCacheClearer: Successfully cleared cache for admin env prod debug on', '', 0, 1, NULL, 1, 0, 1, '2026-06-09 13:18:44', '2026-06-09 13:18:44'),
(173, 1, 0, 'ApplicationKernelCacheClearer: Successfully cleared cache for admin env prod debug off', '', 0, 1, NULL, 1, 0, 1, '2026-06-09 13:18:50', '2026-06-09 13:18:50'),
(174, 1, 0, 'ApplicationKernelCacheClearer: Successfully warmed up cache for admin env prod debug on', '', 0, 1, NULL, 1, 0, 1, '2026-06-09 13:18:51', '2026-06-09 13:18:51'),
(175, 1, 0, 'ApplicationKernelCacheClearer: Successfully warmed up cache for admin env prod debug off', '', 0, 1, NULL, 1, 0, 1, '2026-06-09 13:18:51', '2026-06-09 13:18:51'),
(176, 1, 0, 'Starting module uninstall: ps_facetedsearch v4.0.4', 'Module', 0, 1, NULL, 1, 0, 1, '2026-06-09 13:20:20', '2026-06-09 13:20:20'),
(177, 1, 0, 'Module uninstalled successfully: ps_facetedsearch v4.0.4', 'Module', 0, 1, NULL, 1, 0, 1, '2026-06-09 13:20:21', '2026-06-09 13:20:21'),
(178, 1, 0, 'Starting module install: ps_facetedsearch v4.0.4', 'Module', 0, 1, NULL, 1, 0, 1, '2026-06-09 13:20:24', '2026-06-09 13:20:24'),
(179, 1, 0, 'Module installed successfully: ps_facetedsearch v4.0.4', 'Module', 0, 1, NULL, 1, 0, 1, '2026-06-09 13:20:24', '2026-06-09 13:20:24'),
(180, 1, 0, 'Shop modification', 'Shop', 1, NULL, NULL, 1, 1, 1, '2026-06-09 13:25:11', '2026-06-09 13:25:11'),
(181, 1, 0, 'ShopUrl addition', 'ShopUrl', 2, NULL, NULL, 1, 1, 1, '2026-06-09 13:25:56', '2026-06-09 13:25:56'),
(182, 1, 0, 'ShopUrl modification', 'ShopUrl', 1, NULL, NULL, 1, 1, 1, '2026-06-09 13:31:19', '2026-06-09 13:31:19'),
(183, 1, 0, 'ShopUrl modification', 'ShopUrl', 1, NULL, NULL, 1, 1, 1, '2026-06-09 13:32:27', '2026-06-09 13:32:27'),
(184, 1, 0, 'ShopUrl modification', 'ShopUrl', 1, NULL, NULL, 1, 1, 1, '2026-06-09 13:32:42', '2026-06-09 13:32:42'),
(185, 1, 0, 'ShopUrl modification', 'ShopUrl', 1, NULL, NULL, 1, 1, 1, '2026-06-09 14:59:58', '2026-06-09 14:59:58'),
(186, 1, 0, 'ShopUrl modification', 'ShopUrl', 1, NULL, NULL, 1, 1, 1, '2026-06-09 15:04:50', '2026-06-09 15:04:50'),
(187, 1, 0, 'ShopUrl modification', 'ShopUrl', 1, NULL, NULL, 1, 1, 1, '2026-06-09 15:05:21', '2026-06-09 15:05:21'),
(188, 1, 0, 'ShopUrl modification', 'ShopUrl', 1, NULL, NULL, 1, 1, 1, '2026-06-09 15:05:31', '2026-06-09 15:05:31'),
(189, 1, 0, 'ShopUrl modification', 'ShopUrl', 1, NULL, NULL, 1, 1, 1, '2026-06-09 15:05:50', '2026-06-09 15:05:50'),
(190, 1, 0, 'ShopUrl modification', 'ShopUrl', 1, NULL, NULL, 1, 1, 1, '2026-06-09 15:06:25', '2026-06-09 15:06:25'),
(191, 1, 0, 'ShopUrl modification', 'ShopUrl', 2, NULL, NULL, 1, 1, 1, '2026-06-09 15:09:14', '2026-06-09 15:09:14'),
(192, 1, 0, 'ShopUrl modification', 'ShopUrl', 1, NULL, NULL, 1, 1, 1, '2026-06-09 15:09:44', '2026-06-09 15:09:44'),
(193, 1, 0, 'ShopUrl modification', 'ShopUrl', 1, NULL, NULL, 1, 1, 1, '2026-06-09 15:10:06', '2026-06-09 15:10:06'),
(194, 1, 0, 'ShopUrl modification', 'ShopUrl', 1, NULL, NULL, 1, 1, 1, '2026-06-09 15:10:32', '2026-06-09 15:10:32'),
(195, 1, 0, 'ShopUrl modification', 'ShopUrl', 1, NULL, NULL, 1, 1, 1, '2026-06-09 15:11:05', '2026-06-09 15:11:05'),
(196, 1, 0, 'ShopUrl modification', 'ShopUrl', 1, NULL, NULL, 1, 1, 1, '2026-06-09 15:11:16', '2026-06-09 15:11:16'),
(197, 1, 0, 'ShopUrl modification', 'ShopUrl', 1, NULL, NULL, 1, 1, 1, '2026-06-09 15:14:52', '2026-06-09 15:14:52'),
(198, 1, 0, 'ShopUrl modification', 'ShopUrl', 1, NULL, NULL, 1, 1, 1, '2026-06-09 15:15:49', '2026-06-09 15:15:49'),
(199, 1, 0, 'ShopUrl modification', 'ShopUrl', 1, NULL, NULL, 1, 1, 1, '2026-06-09 15:16:51', '2026-06-09 15:16:51'),
(200, 3, 0, 'Mailer Error: Connection to \"process /usr/sbin/sendmail -bs\" has been closed unexpectedly.', 'MailerMessage', 0, 1, NULL, 1, 0, 0, '2026-06-09 16:21:33', '2026-06-09 16:21:33'),
(201, 3, 0, 'Mailer Error: Connection to \"process /usr/sbin/sendmail -bs\" has been closed unexpectedly.', 'MailerMessage', 0, 2, NULL, 1, 0, 0, '2026-06-09 16:23:31', '2026-06-09 16:23:31'),
(202, 3, 0, 'Mailer Error: Connection to \"process /usr/sbin/sendmail -bs\" has been closed unexpectedly.', 'MailerMessage', 0, 2, NULL, 1, 0, 1, '2026-06-09 18:23:03', '2026-06-09 18:23:03'),
(203, 3, 0, 'Mailer Error: Connection to \"process /usr/sbin/sendmail -bs\" has been closed unexpectedly.', 'MailerMessage', 0, NULL, NULL, 1, 1, 1, '2026-06-09 18:23:43', '2026-06-09 18:23:43'),
(204, 3, 0, 'Mailer Error: Connection to \"process /usr/sbin/sendmail -bs\" has been closed unexpectedly.', 'MailerMessage', 0, 2, NULL, 1, 0, 1, '2026-06-09 18:23:57', '2026-06-09 18:23:57'),
(205, 1, 0, 'Starting module install: tricoreproductsupplementfacts v2.0.0', 'Module', 0, NULL, NULL, 1, 1, 1, '2026-06-10 16:02:15', '2026-06-10 16:02:15'),
(206, 1, 0, 'Module installed successfully: tricoreproductsupplementfacts v2.0.0', 'Module', 0, NULL, NULL, 1, 1, 1, '2026-06-10 16:02:15', '2026-06-10 16:02:15'),
(207, 1, 0, 'Starting module uninstall: tricoreproductsupplementfacts v2.0.0', 'Module', 0, 1, NULL, 1, 0, 1, '2026-06-10 16:20:03', '2026-06-10 16:20:03'),
(208, 1, 0, 'Module uninstalled successfully: tricoreproductsupplementfacts v2.0.0', 'Module', 0, 1, NULL, 1, 0, 1, '2026-06-10 16:20:03', '2026-06-10 16:20:03'),
(209, 1, 0, 'Starting module install: tricoreproductsupplementfacts v2.0.0', 'Module', 0, 1, NULL, 1, 0, 1, '2026-06-10 16:20:08', '2026-06-10 16:20:08'),
(210, 1, 0, 'Module installed successfully: tricoreproductsupplementfacts v2.0.0', 'Module', 0, 1, NULL, 1, 0, 1, '2026-06-10 16:20:08', '2026-06-10 16:20:08'),
(211, 1, 0, 'Starting module uninstall: tricoreproductsupplementfacts v2.0.0', 'Module', 0, 1, NULL, 1, 0, 1, '2026-06-10 16:36:33', '2026-06-10 16:36:33'),
(212, 1, 0, 'Module uninstalled successfully: tricoreproductsupplementfacts v2.0.0', 'Module', 0, 1, NULL, 1, 0, 1, '2026-06-10 16:36:34', '2026-06-10 16:36:34'),
(213, 1, 0, 'Starting module install: tricoreproductsupplementfacts v2.0.0', 'Module', 0, 1, NULL, 1, 0, 1, '2026-06-10 16:36:41', '2026-06-10 16:36:41'),
(214, 1, 0, 'Module installed successfully: tricoreproductsupplementfacts v2.0.0', 'Module', 0, 1, NULL, 1, 0, 1, '2026-06-10 16:36:41', '2026-06-10 16:36:41'),
(215, 1, 0, 'Starting module uninstall: tricoreproductsupplementfacts v2.0.0', 'Module', 0, 1, NULL, 1, 0, 1, '2026-06-10 16:41:44', '2026-06-10 16:41:44'),
(216, 1, 0, 'Module uninstalled successfully: tricoreproductsupplementfacts v2.0.0', 'Module', 0, 1, NULL, 1, 0, 1, '2026-06-10 16:41:44', '2026-06-10 16:41:44'),
(217, 1, 0, 'Starting module install: tricoreproductsupplementfacts v2.2.0', 'Module', 0, 1, NULL, 1, 0, 1, '2026-06-10 16:43:47', '2026-06-10 16:43:47'),
(218, 1, 0, 'Module installed successfully: tricoreproductsupplementfacts v2.2.0', 'Module', 0, 1, NULL, 1, 0, 1, '2026-06-10 16:43:47', '2026-06-10 16:43:47'),
(219, 1, 0, 'Starting module install: tricoreproductsupplementfacts v2.2.0', 'Module', 0, 1, NULL, 1, 0, 1, '2026-06-10 16:45:25', '2026-06-10 16:45:25'),
(220, 1, 0, 'Starting module uninstall: tricoreproductsupplementfacts v2.2.0', 'Module', 0, 1, NULL, 1, 0, 1, '2026-06-10 16:50:24', '2026-06-10 16:50:24'),
(221, 1, 0, 'Module uninstalled successfully: tricoreproductsupplementfacts v2.2.0', 'Module', 0, 1, NULL, 1, 0, 1, '2026-06-10 16:50:24', '2026-06-10 16:50:24'),
(222, 1, 0, 'Starting module install: tricoreproductsupplementfacts v2.2.0', 'Module', 0, 1, NULL, 1, 0, 1, '2026-06-10 16:50:28', '2026-06-10 16:50:28'),
(223, 1, 0, 'Module installed successfully: tricoreproductsupplementfacts v2.2.0', 'Module', 0, 1, NULL, 1, 0, 1, '2026-06-10 16:50:28', '2026-06-10 16:50:28'),
(224, 1, 0, 'Starting module uninstall: tricoreproductsupplementfacts v2.3.1', 'Module', 0, 1, NULL, 1, 0, 1, '2026-06-10 16:56:43', '2026-06-10 16:56:43'),
(225, 1, 0, 'Module uninstalled successfully: tricoreproductsupplementfacts v2.3.1', 'Module', 0, 1, NULL, 1, 0, 1, '2026-06-10 16:56:43', '2026-06-10 16:56:43'),
(226, 1, 0, 'Starting module install: tricoreproductsupplementfacts v2.3.1', 'Module', 0, 1, NULL, 1, 0, 1, '2026-06-10 16:57:20', '2026-06-10 16:57:20'),
(227, 1, 0, 'Module installed successfully: tricoreproductsupplementfacts v2.3.1', 'Module', 0, 1, NULL, 1, 0, 1, '2026-06-10 16:57:20', '2026-06-10 16:57:20'),
(228, 3, 0, 'Mailer Error: Connection to \"process /usr/sbin/sendmail -bs\" has been closed unexpectedly.', 'MailerMessage', 0, 1, NULL, 1, 0, 0, '2026-06-10 18:22:29', '2026-06-10 18:22:29'),
(229, 3, 0, 'Mailer Error: Connection to \"process /usr/sbin/sendmail -bs\" has been closed unexpectedly.', 'MailerMessage', 0, 1, NULL, 1, 0, 0, '2026-06-10 18:27:11', '2026-06-10 18:27:11'),
(230, 3, 0, 'Mailer Error: Connection to \"process /usr/sbin/sendmail -bs\" has been closed unexpectedly.', 'MailerMessage', 0, 1, NULL, 1, 0, 0, '2026-06-10 18:30:19', '2026-06-10 18:30:19'),
(231, 3, 0, 'Mailer Error: Connection to \"process /usr/sbin/sendmail -bs\" has been closed unexpectedly.', 'MailerMessage', 0, 1, NULL, 1, 0, 0, '2026-06-10 18:30:19', '2026-06-10 18:30:19'),
(232, 3, 0, 'Mailer Error: Connection to \"process /usr/sbin/sendmail -bs\" has been closed unexpectedly.', 'MailerMessage', 0, 1, NULL, 1, 0, 0, '2026-06-10 18:36:28', '2026-06-10 18:36:28'),
(233, 3, 0, 'Mailer Error: Connection to \"process /usr/sbin/sendmail -bs\" has been closed unexpectedly.', 'MailerMessage', 0, 1, NULL, 1, 0, 0, '2026-06-10 18:36:28', '2026-06-10 18:36:28'),
(234, 1, 0, 'Starting module install: ps_eventbus v4.0.13', 'Module', 0, 1, NULL, 1, 0, 1, '2026-06-11 10:56:22', '2026-06-11 10:56:22'),
(235, 1, 0, 'Starting module install: stripe_official v3.7.3', 'Module', 0, 1, NULL, 1, 0, 1, '2026-06-11 10:56:25', '2026-06-11 10:56:25'),
(236, 1, 0, 'Module installed successfully: stripe_official v3.7.3', 'Module', 0, 1, NULL, 1, 0, 1, '2026-06-11 10:56:25', '2026-06-11 10:56:25'),
(237, 3, 0, 'stripe_official - mTpeRecacfNs - /classes/StripeWebhook.php:58 - Create Stripe Webhook Error => Invalid URL: URL must be publicly accessible. Consider using a tool like the Stripe CLI to test webhooks locally: https://github.com/stripe/stripe-cli - #0 /opt/lampp/htdocs/prestashop.sg/modules/stripe_official/vendor/stripe/stripe-php/lib/Exception/InvalidRequestException.php(35): Stripe\\Exception\\ApiErrorException::factory(\'Invalid URL: UR...\', 400, \'{\\n  \"error\": {\\n...\', Array, Object(Stripe\\Util\\CaseInsensitiveArray), NULL)\n#1 /opt/lampp/htdocs/prestashop.sg/modules/stripe_official/vendor/stripe/stripe-php/lib/ApiRequestor.php(225): Stripe\\Exception\\InvalidRequestException::factory(\'Invalid URL: UR...\', 400, \'{\\n  \"error\": {\\n...\', Array, Object(Stripe\\Util\\CaseInsensitiveArray), NULL, \'url\')\n#2 /opt/lampp/htdocs/prestashop.sg/modules/stripe_official/vendor/stripe/stripe-php/lib/ApiRequestor.php(187): Stripe\\ApiRequestor::_specificAPIError(\'{\\n  \"error\": {\\n...\', 400, Object(Stripe\\Util\\CaseInsensitiveArray), Array, Array)\n#3 /opt/lampp/htdocs/prestashop.sg/modules/stripe_official/vendor/stripe/stripe-php/lib/ApiRequestor.php(577): Stripe\\ApiRequestor->handleErrorResponse(\'{\\n  \"error\": {\\n...\', 400, Object(Stripe\\Util\\CaseInsensitiveArray), Array)\n#4 /opt/lampp/htdocs/prestashop.sg/modules/stripe_official/vendor/stripe/stripe-php/lib/ApiRequestor.php(135): Stripe\\ApiRequestor->_interpretResponse(\'{\\n  \"error\": {\\n...\', 400, Object(Stripe\\Util\\CaseInsensitiveArray))\n#5 /opt/lampp/htdocs/prestashop.sg/modules/stripe_official/vendor/stripe/stripe-php/lib/BaseStripeClient.php(158): Stripe\\ApiRequestor->request(\'post\', \'/v1/webhook_end...\', Array, Array, Array)\n#6 /opt/lampp/htdocs/prestashop.sg/modules/stripe_official/vendor/stripe/stripe-php/lib/Service/AbstractService.php(75): Stripe\\BaseStripeClient->request(\'post\', \'/v1/webhook_end...\', Array, Object(Stripe\\Util\\RequestOptions))\n#7 /opt/lampp/htdocs/prestashop.sg/modules/stripe_official/vendor/stripe/stripe-php/lib/Service/WebhookEndpointService.php(48): Stripe\\Service\\AbstractService->request(\'post\', \'/v1/webhook_end...\', Array, NULL)\n#8 /opt/lampp/htdocs/prestashop.sg/modules/stripe_official/classes/StripeWebhook.php(56): Stripe\\Service\\WebhookEndpointService->create(Array)\n#9 /opt/lampp/htdocs/prestashop.sg/modules/stripe_official/classes/StripeWebhook.php(206): StripeWebhook->createStripeWebhook()\n#10 /opt/lampp/htdocs/prestashop.sg/modules/stripe_official/classes/services/Registration/RegisterWebhookSignatureService.php(47): StripeWebhook->registerWebhook()\n#11 /opt/lampp/htdocs/prestashop.sg/modules/stripe_official/classes/actions/ConfigurationActions.php(90): StripeOfficial\\Classes\\services\\Registration\\RegisterWebhookSignatureService->registerWebhookSignature()\n#12 [internal function]: ConfigurationActions->registerWebhookSignature()\n#13 /opt/lampp/htdocs/prestashop.sg/modules/stripe_official/vendor/totpsclasslib/src/Actions/ActionsHandler.php(154): call_user_func_array(Array, Array)\n#14 /opt/lampp/htdocs/prestashop.sg/modules/stripe_official/classes/services/MainGetContent/Actions/LoginAction.php(47): Stripe_officialClasslib\\Actions\\ActionsHandler->process(\'ConfigurationAc...\')\n#15 /opt/lampp/htdocs/prestashop.sg/modules/stripe_official/classes/services/MainGetContent/MainGetContentService.php(57): StripeOfficial\\Classes\\services\\MainGetContent\\Actions\\LoginAction->execute()\n#16 /opt/lampp/htdocs/prestashop.sg/modules/stripe_official/stripe_official.php(705): StripeOfficial\\Classes\\services\\MainGetContent\\MainGetContentService->getContent()\n#17 /opt/lampp/htdocs/prestashop.sg/src/PrestaShopBundle/Controller/Admin/Improve/ModuleController.php(135): Stripe_official->getContent()\n#18 /opt/lampp/htdocs/prestashop.sg/vendor/symfony/http-kernel/HttpKernel.php(181): PrestaShopBundle\\Controller\\Admin\\Improve\\ModuleController->configureModuleAction(\'stripe_official\', Object(PrestaShop\\PrestaShop\\Adapter\\LegacyContext))\n#19 /opt/lampp/htdocs/prestashop.sg/vendor/symfony/http-kernel/HttpKernel.php(76): Symfony\\Component\\HttpKernel\\HttpKernel->handleRaw(Object(Symfony\\Component\\HttpFoundation\\Request), 1)\n#20 /opt/lampp/htdocs/prestashop.sg/vendor/symfony/http-kernel/Kernel.php(208): Symfony\\Component\\HttpKernel\\HttpKernel->handle(Object(Symfony\\Component\\HttpFoundation\\Request), 1, true)\n#21 /opt/lampp/htdocs/prestashop.sg/admin8680wjnojvo4se3zg4a/index.php(72): Symfony\\Component\\HttpKernel\\Kernel->handle(Object(Symfony\\Component\\HttpFoundation\\Request), 1, true)\n#22 {main}', 'StripeWebhook', 0, 1, NULL, 1, 0, 1, '2026-06-11 11:02:20', '2026-06-11 11:02:20'),
(238, 3, 0, 'stripe_official - mTpeRec0ac0fNsoff - /classes/StripeWebhook.php:58 - Create Stripe Webhook Error => Invalid URL: URL must be publicly accessible. Consider using a tool like the Stripe CLI to test webhooks locally: https://github.com/stripe/stripe-cli - #0 /opt/lampp/htdocs/prestashop.sg/modules/stripe_official/vendor/stripe/stripe-php/lib/Exception/InvalidRequestException.php(35): Stripe\\Exception\\ApiErrorException::factory(\'Invalid URL: UR...\', 400, \'{\\n  \"error\": {\\n...\', Array, Object(Stripe\\Util\\CaseInsensitiveArray), NULL)\n#1 /opt/lampp/htdocs/prestashop.sg/modules/stripe_official/vendor/stripe/stripe-php/lib/ApiRequestor.php(225): Stripe\\Exception\\InvalidRequestException::factory(\'Invalid URL: UR...\', 400, \'{\\n  \"error\": {\\n...\', Array, Object(Stripe\\Util\\CaseInsensitiveArray), NULL, \'url\')\n#2 /opt/lampp/htdocs/prestashop.sg/modules/stripe_official/vendor/stripe/stripe-php/lib/ApiRequestor.php(187): Stripe\\ApiRequestor::_specificAPIError(\'{\\n  \"error\": {\\n...\', 400, Object(Stripe\\Util\\CaseInsensitiveArray), Array, Array)\n#3 /opt/lampp/htdocs/prestashop.sg/modules/stripe_official/vendor/stripe/stripe-php/lib/ApiRequestor.php(577): Stripe\\ApiRequestor->handleErrorResponse(\'{\\n  \"error\": {\\n...\', 400, Object(Stripe\\Util\\CaseInsensitiveArray), Array)\n#4 /opt/lampp/htdocs/prestashop.sg/modules/stripe_official/vendor/stripe/stripe-php/lib/ApiRequestor.php(135): Stripe\\ApiRequestor->_interpretResponse(\'{\\n  \"error\": {\\n...\', 400, Object(Stripe\\Util\\CaseInsensitiveArray))\n#5 /opt/lampp/htdocs/prestashop.sg/modules/stripe_official/vendor/stripe/stripe-php/lib/BaseStripeClient.php(158): Stripe\\ApiRequestor->request(\'post\', \'/v1/webhook_end...\', Array, Array, Array)\n#6 /opt/lampp/htdocs/prestashop.sg/modules/stripe_official/vendor/stripe/stripe-php/lib/Service/AbstractService.php(75): Stripe\\BaseStripeClient->request(\'post\', \'/v1/webhook_end...\', Array, Object(Stripe\\Util\\RequestOptions))\n#7 /opt/lampp/htdocs/prestashop.sg/modules/stripe_official/vendor/stripe/stripe-php/lib/Service/WebhookEndpointService.php(48): Stripe\\Service\\AbstractService->request(\'post\', \'/v1/webhook_end...\', Array, NULL)\n#8 /opt/lampp/htdocs/prestashop.sg/modules/stripe_official/classes/StripeWebhook.php(56): Stripe\\Service\\WebhookEndpointService->create(Array)\n#9 /opt/lampp/htdocs/prestashop.sg/modules/stripe_official/classes/StripeWebhook.php(206): StripeWebhook->createStripeWebhook()\n#10 /opt/lampp/htdocs/prestashop.sg/modules/stripe_official/classes/services/Registration/RegisterWebhookSignatureService.php(47): StripeWebhook->registerWebhook()\n#11 /opt/lampp/htdocs/prestashop.sg/modules/stripe_official/classes/actions/ConfigurationActions.php(90): StripeOfficial\\Classes\\services\\Registration\\RegisterWebhookSignatureService->registerWebhookSignature()\n#12 [internal function]: ConfigurationActions->registerWebhookSignature()\n#13 /opt/lampp/htdocs/prestashop.sg/modules/stripe_official/vendor/totpsclasslib/src/Actions/ActionsHandler.php(154): call_user_func_array(Array, Array)\n#14 /opt/lampp/htdocs/prestashop.sg/modules/stripe_official/classes/services/MainGetContent/Actions/LoginAction.php(47): Stripe_officialClasslib\\Actions\\ActionsHandler->process(\'ConfigurationAc...\')\n#15 /opt/lampp/htdocs/prestashop.sg/modules/stripe_official/classes/services/MainGetContent/MainGetContentService.php(57): StripeOfficial\\Classes\\services\\MainGetContent\\Actions\\LoginAction->execute()\n#16 /opt/lampp/htdocs/prestashop.sg/modules/stripe_official/stripe_official.php(705): StripeOfficial\\Classes\\services\\MainGetContent\\MainGetContentService->getContent()\n#17 /opt/lampp/htdocs/prestashop.sg/src/PrestaShopBundle/Controller/Admin/Improve/ModuleController.php(135): Stripe_official->getContent()\n#18 /opt/lampp/htdocs/prestashop.sg/vendor/symfony/http-kernel/HttpKernel.php(181): PrestaShopBundle\\Controller\\Admin\\Improve\\ModuleController->configureModuleAction(\'stripe_official\', Object(PrestaShop\\PrestaShop\\Adapter\\LegacyContext))\n#19 /opt/lampp/htdocs/prestashop.sg/vendor/symfony/http-kernel/HttpKernel.php(76): Symfony\\Component\\HttpKernel\\HttpKernel->handleRaw(Object(Symfony\\Component\\HttpFoundation\\Request), 1)\n#20 /opt/lampp/htdocs/prestashop.sg/vendor/symfony/http-kernel/Kernel.php(208): Symfony\\Component\\HttpKernel\\HttpKernel->handle(Object(Symfony\\Component\\HttpFoundation\\Request), 1, true)\n#21 /opt/lampp/htdocs/prestashop.sg/admin8680wjnojvo4se3zg4a/index.php(72): Symfony\\Component\\HttpKernel\\Kernel->handle(Object(Symfony\\Component\\HttpFoundation\\Request), 1, true)\n#22 {main}', 'StripeWebhook', 0, 1, NULL, 1, 0, 1, '2026-06-11 11:04:24', '2026-06-11 11:04:24'),
(239, 3, 0, 'stripe_official - mTpeRec0ac0fNsoff - /classes/StripeWebhook.php:58 - Create Stripe Webhook Error => Invalid URL: URL must be publicly accessible. Consider using a tool like the Stripe CLI to test webhooks locally: https://github.com/stripe/stripe-cli - #0 /opt/lampp/htdocs/prestashop.sg/modules/stripe_official/vendor/stripe/stripe-php/lib/Exception/InvalidRequestException.php(35): Stripe\\Exception\\ApiErrorException::factory(\'Invalid URL: UR...\', 400, \'{\\n  \"error\": {\\n...\', Array, Object(Stripe\\Util\\CaseInsensitiveArray), NULL)\n#1 /opt/lampp/htdocs/prestashop.sg/modules/stripe_official/vendor/stripe/stripe-php/lib/ApiRequestor.php(225): Stripe\\Exception\\InvalidRequestException::factory(\'Invalid URL: UR...\', 400, \'{\\n  \"error\": {\\n...\', Array, Object(Stripe\\Util\\CaseInsensitiveArray), NULL, \'url\')\n#2 /opt/lampp/htdocs/prestashop.sg/modules/stripe_official/vendor/stripe/stripe-php/lib/ApiRequestor.php(187): Stripe\\ApiRequestor::_specificAPIError(\'{\\n  \"error\": {\\n...\', 400, Object(Stripe\\Util\\CaseInsensitiveArray), Array, Array)\n#3 /opt/lampp/htdocs/prestashop.sg/modules/stripe_official/vendor/stripe/stripe-php/lib/ApiRequestor.php(577): Stripe\\ApiRequestor->handleErrorResponse(\'{\\n  \"error\": {\\n...\', 400, Object(Stripe\\Util\\CaseInsensitiveArray), Array)\n#4 /opt/lampp/htdocs/prestashop.sg/modules/stripe_official/vendor/stripe/stripe-php/lib/ApiRequestor.php(135): Stripe\\ApiRequestor->_interpretResponse(\'{\\n  \"error\": {\\n...\', 400, Object(Stripe\\Util\\CaseInsensitiveArray))\n#5 /opt/lampp/htdocs/prestashop.sg/modules/stripe_official/vendor/stripe/stripe-php/lib/BaseStripeClient.php(158): Stripe\\ApiRequestor->request(\'post\', \'/v1/webhook_end...\', Array, Array, Array)\n#6 /opt/lampp/htdocs/prestashop.sg/modules/stripe_official/vendor/stripe/stripe-php/lib/Service/AbstractService.php(75): Stripe\\BaseStripeClient->request(\'post\', \'/v1/webhook_end...\', Array, Object(Stripe\\Util\\RequestOptions))\n#7 /opt/lampp/htdocs/prestashop.sg/modules/stripe_official/vendor/stripe/stripe-php/lib/Service/WebhookEndpointService.php(48): Stripe\\Service\\AbstractService->request(\'post\', \'/v1/webhook_end...\', Array, NULL)\n#8 /opt/lampp/htdocs/prestashop.sg/modules/stripe_official/classes/StripeWebhook.php(56): Stripe\\Service\\WebhookEndpointService->create(Array)\n#9 /opt/lampp/htdocs/prestashop.sg/modules/stripe_official/classes/StripeWebhook.php(206): StripeWebhook->createStripeWebhook()\n#10 /opt/lampp/htdocs/prestashop.sg/modules/stripe_official/classes/services/Registration/RegisterWebhookSignatureService.php(47): StripeWebhook->registerWebhook()\n#11 /opt/lampp/htdocs/prestashop.sg/modules/stripe_official/classes/actions/ConfigurationActions.php(90): StripeOfficial\\Classes\\services\\Registration\\RegisterWebhookSignatureService->registerWebhookSignature()\n#12 [internal function]: ConfigurationActions->registerWebhookSignature()\n#13 /opt/lampp/htdocs/prestashop.sg/modules/stripe_official/vendor/totpsclasslib/src/Actions/ActionsHandler.php(154): call_user_func_array(Array, Array)\n#14 /opt/lampp/htdocs/prestashop.sg/modules/stripe_official/classes/services/MainGetContent/Actions/LoginAction.php(47): Stripe_officialClasslib\\Actions\\ActionsHandler->process(\'ConfigurationAc...\')\n#15 /opt/lampp/htdocs/prestashop.sg/modules/stripe_official/classes/services/MainGetContent/MainGetContentService.php(57): StripeOfficial\\Classes\\services\\MainGetContent\\Actions\\LoginAction->execute()\n#16 /opt/lampp/htdocs/prestashop.sg/modules/stripe_official/stripe_official.php(705): StripeOfficial\\Classes\\services\\MainGetContent\\MainGetContentService->getContent()\n#17 /opt/lampp/htdocs/prestashop.sg/src/PrestaShopBundle/Controller/Admin/Improve/ModuleController.php(135): Stripe_official->getContent()\n#18 /opt/lampp/htdocs/prestashop.sg/vendor/symfony/http-kernel/HttpKernel.php(181): PrestaShopBundle\\Controller\\Admin\\Improve\\ModuleController->configureModuleAction(\'stripe_official\', Object(PrestaShop\\PrestaShop\\Adapter\\LegacyContext))\n#19 /opt/lampp/htdocs/prestashop.sg/vendor/symfony/http-kernel/HttpKernel.php(76): Symfony\\Component\\HttpKernel\\HttpKernel->handleRaw(Object(Symfony\\Component\\HttpFoundation\\Request), 1)\n#20 /opt/lampp/htdocs/prestashop.sg/vendor/symfony/http-kernel/Kernel.php(208): Symfony\\Component\\HttpKernel\\HttpKernel->handle(Object(Symfony\\Component\\HttpFoundation\\Request), 1, true)\n#21 /opt/lampp/htdocs/prestashop.sg/admin8680wjnojvo4se3zg4a/index.php(72): Symfony\\Component\\HttpKernel\\Kernel->handle(Object(Symfony\\Component\\HttpFoundation\\Request), 1, true)\n#22 {main}', 'StripeWebhook', 0, 1, NULL, 1, 0, 1, '2026-06-11 11:06:50', '2026-06-11 11:06:50');
INSERT INTO `xio8d_log` (`id_log`, `severity`, `error_code`, `message`, `object_type`, `object_id`, `id_shop`, `id_shop_group`, `id_lang`, `in_all_shops`, `id_employee`, `date_add`, `date_upd`) VALUES
(240, 1, 0, 'stripe_official - mTpeRec0ac0fNsoff - /classes/StripeWebhook.php:103 - getWebhookList response: {\"object\":\"list\",\"data\":[{\"id\":\"we_1Q9i7AHlmdsHKnZ5bJTY5wtQ\",\"object\":\"webhook_endpoint\",\"api_version\":\"2024-06-20\",\"application\":null,\"created\":1728888648,\"description\":null,\"enabled_events\":[\"source.chargeable\",\"source.canceled\",\"charge.succeeded\",\"charge.failed\",\"charge.captured\",\"charge.dispute.created\",\"charge.dispute.closed\",\"charge.refunded\",\"charge.refund.updated\",\"review.opened\",\"review.closed\",\"payment_intent.succeeded\",\"payment_intent.payment_failed\",\"payment_intent.amount_capturable_updated\",\"payment_intent.requires_action\",\"setup_intent.succeeded\",\"setup_intent.setup_failed\"],\"livemode\":false,\"metadata\":[],\"status\":\"enabled\",\"url\":\"https:\\/\\/booster.magentogroup.in\\/?wc-api=wc_stripe\"}],\"has_more\":false,\"url\":\"\\/v1\\/webhook_endpoints\"}', 'debugLog', 0, 1, NULL, 1, 0, 1, '2026-06-11 11:06:52', '2026-06-11 11:06:52'),
(241, 1, 0, 'stripe_official - mTpeRec0ac0fNsoff - /classes/StripeWebhook.php:103 - getWebhookList response: {\"object\":\"list\",\"data\":[{\"id\":\"we_1Q9i7AHlmdsHKnZ5bJTY5wtQ\",\"object\":\"webhook_endpoint\",\"api_version\":\"2024-06-20\",\"application\":null,\"created\":1728888648,\"description\":null,\"enabled_events\":[\"source.chargeable\",\"source.canceled\",\"charge.succeeded\",\"charge.failed\",\"charge.captured\",\"charge.dispute.created\",\"charge.dispute.closed\",\"charge.refunded\",\"charge.refund.updated\",\"review.opened\",\"review.closed\",\"payment_intent.succeeded\",\"payment_intent.payment_failed\",\"payment_intent.amount_capturable_updated\",\"payment_intent.requires_action\",\"setup_intent.succeeded\",\"setup_intent.setup_failed\"],\"livemode\":false,\"metadata\":[],\"status\":\"enabled\",\"url\":\"https:\\/\\/booster.magentogroup.in\\/?wc-api=wc_stripe\"}],\"has_more\":false,\"url\":\"\\/v1\\/webhook_endpoints\"}', 'debugLog', 0, 1, NULL, 1, 0, 1, '2026-06-11 11:06:53', '2026-06-11 11:06:53'),
(242, 1, 0, 'stripe_official - mTpeRec0ac0fNsoff - /classes/StripeWebhook.php:195 - registerWebhook {\"shopGroupId\":1,\"shopId\":1,\"webhookId\":\"\"}', 'debugLog', 0, 1, NULL, 1, 0, 1, '2026-06-11 11:09:06', '2026-06-11 11:09:06'),
(243, 1, 0, 'stripe_official - mTpeRec0ac0fNsoff - /classes/StripeWebhook.php:239 - checkIfExistsWebhookEndpoints called with ', 'debugLog', 0, 1, NULL, 1, 0, 1, '2026-06-11 11:09:06', '2026-06-11 11:09:06'),
(244, 1, 0, 'stripe_official - mTpeRec0ac0fNsoff - /classes/StripeWebhook.php:244 - checkIfExistsWebhookEndpoints with  found the existing:null', 'debugLog', 0, 1, NULL, 1, 0, 1, '2026-06-11 11:09:06', '2026-06-11 11:09:06'),
(245, 1, 0, 'stripe_official - mTpeRec0ac0fNsoff - /classes/StripeWebhook.php:254 - checkIfExistsWebhookEndpoints retrieved from stripe account:  with signature:  and existing: null', 'debugLog', 0, 1, NULL, 1, 0, 1, '2026-06-11 11:09:06', '2026-06-11 11:09:06'),
(246, 1, 0, 'stripe_official - mTpeRec0ac0fNsoff - /classes/StripeWebhook.php:103 - getWebhookList response: {\"object\":\"list\",\"data\":[{\"id\":\"we_1Q9i7AHlmdsHKnZ5bJTY5wtQ\",\"object\":\"webhook_endpoint\",\"api_version\":\"2024-06-20\",\"application\":null,\"created\":1728888648,\"description\":null,\"enabled_events\":[\"source.chargeable\",\"source.canceled\",\"charge.succeeded\",\"charge.failed\",\"charge.captured\",\"charge.dispute.created\",\"charge.dispute.closed\",\"charge.refunded\",\"charge.refund.updated\",\"review.opened\",\"review.closed\",\"payment_intent.succeeded\",\"payment_intent.payment_failed\",\"payment_intent.amount_capturable_updated\",\"payment_intent.requires_action\",\"setup_intent.succeeded\",\"setup_intent.setup_failed\"],\"livemode\":false,\"metadata\":[],\"status\":\"enabled\",\"url\":\"https:\\/\\/booster.magentogroup.in\\/?wc-api=wc_stripe\"}],\"has_more\":false,\"url\":\"\\/v1\\/webhook_endpoints\"}', 'debugLog', 0, 1, NULL, 1, 0, 1, '2026-06-11 11:09:07', '2026-06-11 11:09:07'),
(247, 1, 0, 'stripe_official - mTpeRec0ac0fNsoff - /classes/StripeWebhook.php:103 - getWebhookList response: {\"object\":\"list\",\"data\":[{\"id\":\"we_1Q9i7AHlmdsHKnZ5bJTY5wtQ\",\"object\":\"webhook_endpoint\",\"api_version\":\"2024-06-20\",\"application\":null,\"created\":1728888648,\"description\":null,\"enabled_events\":[\"source.chargeable\",\"source.canceled\",\"charge.succeeded\",\"charge.failed\",\"charge.captured\",\"charge.dispute.created\",\"charge.dispute.closed\",\"charge.refunded\",\"charge.refund.updated\",\"review.opened\",\"review.closed\",\"payment_intent.succeeded\",\"payment_intent.payment_failed\",\"payment_intent.amount_capturable_updated\",\"payment_intent.requires_action\",\"setup_intent.succeeded\",\"setup_intent.setup_failed\"],\"livemode\":false,\"metadata\":[],\"status\":\"enabled\",\"url\":\"https:\\/\\/booster.magentogroup.in\\/?wc-api=wc_stripe\"}],\"has_more\":false,\"url\":\"\\/v1\\/webhook_endpoints\"}', 'debugLog', 0, 1, NULL, 1, 0, 1, '2026-06-11 11:09:07', '2026-06-11 11:09:07'),
(248, 1, 0, 'stripe_official - mTpeRec0ac0fNsoff - /classes/StripeWebhook.php:103 - getWebhookList response: {\"object\":\"list\",\"data\":[{\"id\":\"we_1Q9i7AHlmdsHKnZ5bJTY5wtQ\",\"object\":\"webhook_endpoint\",\"api_version\":\"2024-06-20\",\"application\":null,\"created\":1728888648,\"description\":null,\"enabled_events\":[\"source.chargeable\",\"source.canceled\",\"charge.succeeded\",\"charge.failed\",\"charge.captured\",\"charge.dispute.created\",\"charge.dispute.closed\",\"charge.refunded\",\"charge.refund.updated\",\"review.opened\",\"review.closed\",\"payment_intent.succeeded\",\"payment_intent.payment_failed\",\"payment_intent.amount_capturable_updated\",\"payment_intent.requires_action\",\"setup_intent.succeeded\",\"setup_intent.setup_failed\"],\"livemode\":false,\"metadata\":[],\"status\":\"enabled\",\"url\":\"https:\\/\\/booster.magentogroup.in\\/?wc-api=wc_stripe\"}],\"has_more\":false,\"url\":\"\\/v1\\/webhook_endpoints\"}', 'debugLog', 0, 1, NULL, 1, 0, 1, '2026-06-11 11:09:08', '2026-06-11 11:09:08'),
(249, 1, 0, 'stripe_official - mTpeRec0ac0fNsoff - /classes/StripeWebhook.php:55 - createStripeWebhook {\"url\":\"http:\\/\\/localhost\\/prestashop.sg\\/module\\/stripe_official\\/webhook\",\"enabled_events\":[\"charge.expired\",\"charge.failed\",\"charge.succeeded\",\"charge.pending\",\"charge.captured\",\"charge.refunded\",\"charge.dispute.created\",\"payment_intent.requires_action\",\"payment_intent.succeeded\",\"payment_intent.canceled\"]}', 'debugLog', 0, 1, NULL, 1, 0, 1, '2026-06-11 11:09:08', '2026-06-11 11:09:08'),
(250, 3, 0, 'stripe_official - mTpeRec0ac0fNsoff - /classes/StripeWebhook.php:58 - Create Stripe Webhook Error => Invalid URL: URL must be publicly accessible. Consider using a tool like the Stripe CLI to test webhooks locally: https://github.com/stripe/stripe-cli - #0 /opt/lampp/htdocs/prestashop.sg/modules/stripe_official/vendor/stripe/stripe-php/lib/Exception/InvalidRequestException.php(35): Stripe\\Exception\\ApiErrorException::factory(\'Invalid URL: UR...\', 400, \'{\\n  \"error\": {\\n...\', Array, Object(Stripe\\Util\\CaseInsensitiveArray), NULL)\n#1 /opt/lampp/htdocs/prestashop.sg/modules/stripe_official/vendor/stripe/stripe-php/lib/ApiRequestor.php(225): Stripe\\Exception\\InvalidRequestException::factory(\'Invalid URL: UR...\', 400, \'{\\n  \"error\": {\\n...\', Array, Object(Stripe\\Util\\CaseInsensitiveArray), NULL, \'url\')\n#2 /opt/lampp/htdocs/prestashop.sg/modules/stripe_official/vendor/stripe/stripe-php/lib/ApiRequestor.php(187): Stripe\\ApiRequestor::_specificAPIError(\'{\\n  \"error\": {\\n...\', 400, Object(Stripe\\Util\\CaseInsensitiveArray), Array, Array)\n#3 /opt/lampp/htdocs/prestashop.sg/modules/stripe_official/vendor/stripe/stripe-php/lib/ApiRequestor.php(577): Stripe\\ApiRequestor->handleErrorResponse(\'{\\n  \"error\": {\\n...\', 400, Object(Stripe\\Util\\CaseInsensitiveArray), Array)\n#4 /opt/lampp/htdocs/prestashop.sg/modules/stripe_official/vendor/stripe/stripe-php/lib/ApiRequestor.php(135): Stripe\\ApiRequestor->_interpretResponse(\'{\\n  \"error\": {\\n...\', 400, Object(Stripe\\Util\\CaseInsensitiveArray))\n#5 /opt/lampp/htdocs/prestashop.sg/modules/stripe_official/vendor/stripe/stripe-php/lib/BaseStripeClient.php(158): Stripe\\ApiRequestor->request(\'post\', \'/v1/webhook_end...\', Array, Array, Array)\n#6 /opt/lampp/htdocs/prestashop.sg/modules/stripe_official/vendor/stripe/stripe-php/lib/Service/AbstractService.php(75): Stripe\\BaseStripeClient->request(\'post\', \'/v1/webhook_end...\', Array, Object(Stripe\\Util\\RequestOptions))\n#7 /opt/lampp/htdocs/prestashop.sg/modules/stripe_official/vendor/stripe/stripe-php/lib/Service/WebhookEndpointService.php(48): Stripe\\Service\\AbstractService->request(\'post\', \'/v1/webhook_end...\', Array, NULL)\n#8 /opt/lampp/htdocs/prestashop.sg/modules/stripe_official/classes/StripeWebhook.php(56): Stripe\\Service\\WebhookEndpointService->create(Array)\n#9 /opt/lampp/htdocs/prestashop.sg/modules/stripe_official/classes/StripeWebhook.php(206): StripeWebhook->createStripeWebhook()\n#10 /opt/lampp/htdocs/prestashop.sg/modules/stripe_official/classes/services/Registration/RegisterWebhookSignatureService.php(47): StripeWebhook->registerWebhook()\n#11 /opt/lampp/htdocs/prestashop.sg/modules/stripe_official/classes/actions/ConfigurationActions.php(90): StripeOfficial\\Classes\\services\\Registration\\RegisterWebhookSignatureService->registerWebhookSignature()\n#12 [internal function]: ConfigurationActions->registerWebhookSignature()\n#13 /opt/lampp/htdocs/prestashop.sg/modules/stripe_official/vendor/totpsclasslib/src/Actions/ActionsHandler.php(154): call_user_func_array(Array, Array)\n#14 /opt/lampp/htdocs/prestashop.sg/modules/stripe_official/classes/services/MainGetContent/Actions/LoginAction.php(47): Stripe_officialClasslib\\Actions\\ActionsHandler->process(\'ConfigurationAc...\')\n#15 /opt/lampp/htdocs/prestashop.sg/modules/stripe_official/classes/services/MainGetContent/MainGetContentService.php(57): StripeOfficial\\Classes\\services\\MainGetContent\\Actions\\LoginAction->execute()\n#16 /opt/lampp/htdocs/prestashop.sg/modules/stripe_official/stripe_official.php(705): StripeOfficial\\Classes\\services\\MainGetContent\\MainGetContentService->getContent()\n#17 /opt/lampp/htdocs/prestashop.sg/src/PrestaShopBundle/Controller/Admin/Improve/ModuleController.php(135): Stripe_official->getContent()\n#18 /opt/lampp/htdocs/prestashop.sg/vendor/symfony/http-kernel/HttpKernel.php(181): PrestaShopBundle\\Controller\\Admin\\Improve\\ModuleController->configureModuleAction(\'stripe_official\', Object(PrestaShop\\PrestaShop\\Adapter\\LegacyContext))\n#19 /opt/lampp/htdocs/prestashop.sg/vendor/symfony/http-kernel/HttpKernel.php(76): Symfony\\Component\\HttpKernel\\HttpKernel->handleRaw(Object(Symfony\\Component\\HttpFoundation\\Request), 1)\n#20 /opt/lampp/htdocs/prestashop.sg/vendor/symfony/http-kernel/Kernel.php(208): Symfony\\Component\\HttpKernel\\HttpKernel->handle(Object(Symfony\\Component\\HttpFoundation\\Request), 1, true)\n#21 /opt/lampp/htdocs/prestashop.sg/admin8680wjnojvo4se3zg4a/index.php(72): Symfony\\Component\\HttpKernel\\Kernel->handle(Object(Symfony\\Component\\HttpFoundation\\Request), 1, true)\n#22 {main}', 'StripeWebhook', 0, 1, NULL, 1, 0, 1, '2026-06-11 11:09:08', '2026-06-11 11:09:08'),
(251, 1, 0, 'stripe_official - mTpeRec0ac0fNsoff - /classes/StripeWebhook.php:167 - updateWebhookDataInDB null', 'debugLog', 0, 1, NULL, 1, 0, 1, '2026-06-11 11:09:08', '2026-06-11 11:09:08'),
(252, 1, 0, 'stripe_official - mTpeRec0ac1fNsoff - /classes/StripeWebhook.php:103 - getWebhookList response: {\"object\":\"list\",\"data\":[{\"id\":\"we_1Q9i7AHlmdsHKnZ5bJTY5wtQ\",\"object\":\"webhook_endpoint\",\"api_version\":\"2024-06-20\",\"application\":null,\"created\":1728888648,\"description\":null,\"enabled_events\":[\"source.chargeable\",\"source.canceled\",\"charge.succeeded\",\"charge.failed\",\"charge.captured\",\"charge.dispute.created\",\"charge.dispute.closed\",\"charge.refunded\",\"charge.refund.updated\",\"review.opened\",\"review.closed\",\"payment_intent.succeeded\",\"payment_intent.payment_failed\",\"payment_intent.amount_capturable_updated\",\"payment_intent.requires_action\",\"setup_intent.succeeded\",\"setup_intent.setup_failed\"],\"livemode\":false,\"metadata\":[],\"status\":\"enabled\",\"url\":\"https:\\/\\/booster.magentogroup.in\\/?wc-api=wc_stripe\"}],\"has_more\":false,\"url\":\"\\/v1\\/webhook_endpoints\"}', 'debugLog', 0, 1, NULL, 1, 0, 1, '2026-06-11 11:09:10', '2026-06-11 11:09:10'),
(253, 1, 0, 'stripe_official - mTpeRec0ac1fNsoff - /classes/StripeWebhook.php:103 - getWebhookList response: {\"object\":\"list\",\"data\":[{\"id\":\"we_1Q9i7AHlmdsHKnZ5bJTY5wtQ\",\"object\":\"webhook_endpoint\",\"api_version\":\"2024-06-20\",\"application\":null,\"created\":1728888648,\"description\":null,\"enabled_events\":[\"source.chargeable\",\"source.canceled\",\"charge.succeeded\",\"charge.failed\",\"charge.captured\",\"charge.dispute.created\",\"charge.dispute.closed\",\"charge.refunded\",\"charge.refund.updated\",\"review.opened\",\"review.closed\",\"payment_intent.succeeded\",\"payment_intent.payment_failed\",\"payment_intent.amount_capturable_updated\",\"payment_intent.requires_action\",\"setup_intent.succeeded\",\"setup_intent.setup_failed\"],\"livemode\":false,\"metadata\":[],\"status\":\"enabled\",\"url\":\"https:\\/\\/booster.magentogroup.in\\/?wc-api=wc_stripe\"}],\"has_more\":false,\"url\":\"\\/v1\\/webhook_endpoints\"}', 'debugLog', 0, 1, NULL, 1, 0, 1, '2026-06-11 11:09:10', '2026-06-11 11:09:10'),
(254, 1, 0, 'stripe_official - mTpeRec0ac0fNsoff - /classes/StripeWebhook.php:195 - registerWebhook {\"shopGroupId\":1,\"shopId\":1,\"webhookId\":\"\"}', 'debugLog', 0, 1, NULL, 1, 0, 1, '2026-06-11 11:09:14', '2026-06-11 11:09:14'),
(255, 1, 0, 'stripe_official - mTpeRec0ac0fNsoff - /classes/StripeWebhook.php:239 - checkIfExistsWebhookEndpoints called with ', 'debugLog', 0, 1, NULL, 1, 0, 1, '2026-06-11 11:09:14', '2026-06-11 11:09:14'),
(256, 1, 0, 'stripe_official - mTpeRec0ac0fNsoff - /classes/StripeWebhook.php:244 - checkIfExistsWebhookEndpoints with  found the existing:null', 'debugLog', 0, 1, NULL, 1, 0, 1, '2026-06-11 11:09:14', '2026-06-11 11:09:14'),
(257, 1, 0, 'stripe_official - mTpeRec0ac0fNsoff - /classes/StripeWebhook.php:254 - checkIfExistsWebhookEndpoints retrieved from stripe account:  with signature:  and existing: null', 'debugLog', 0, 1, NULL, 1, 0, 1, '2026-06-11 11:09:14', '2026-06-11 11:09:14'),
(258, 1, 0, 'stripe_official - mTpeRec0ac0fNsoff - /classes/StripeWebhook.php:103 - getWebhookList response: {\"object\":\"list\",\"data\":[{\"id\":\"we_1Q9i7AHlmdsHKnZ5bJTY5wtQ\",\"object\":\"webhook_endpoint\",\"api_version\":\"2024-06-20\",\"application\":null,\"created\":1728888648,\"description\":null,\"enabled_events\":[\"source.chargeable\",\"source.canceled\",\"charge.succeeded\",\"charge.failed\",\"charge.captured\",\"charge.dispute.created\",\"charge.dispute.closed\",\"charge.refunded\",\"charge.refund.updated\",\"review.opened\",\"review.closed\",\"payment_intent.succeeded\",\"payment_intent.payment_failed\",\"payment_intent.amount_capturable_updated\",\"payment_intent.requires_action\",\"setup_intent.succeeded\",\"setup_intent.setup_failed\"],\"livemode\":false,\"metadata\":[],\"status\":\"enabled\",\"url\":\"https:\\/\\/booster.magentogroup.in\\/?wc-api=wc_stripe\"}],\"has_more\":false,\"url\":\"\\/v1\\/webhook_endpoints\"}', 'debugLog', 0, 1, NULL, 1, 0, 1, '2026-06-11 11:09:14', '2026-06-11 11:09:14'),
(259, 1, 0, 'stripe_official - mTpeRec0ac0fNsoff - /classes/StripeWebhook.php:103 - getWebhookList response: {\"object\":\"list\",\"data\":[{\"id\":\"we_1Q9i7AHlmdsHKnZ5bJTY5wtQ\",\"object\":\"webhook_endpoint\",\"api_version\":\"2024-06-20\",\"application\":null,\"created\":1728888648,\"description\":null,\"enabled_events\":[\"source.chargeable\",\"source.canceled\",\"charge.succeeded\",\"charge.failed\",\"charge.captured\",\"charge.dispute.created\",\"charge.dispute.closed\",\"charge.refunded\",\"charge.refund.updated\",\"review.opened\",\"review.closed\",\"payment_intent.succeeded\",\"payment_intent.payment_failed\",\"payment_intent.amount_capturable_updated\",\"payment_intent.requires_action\",\"setup_intent.succeeded\",\"setup_intent.setup_failed\"],\"livemode\":false,\"metadata\":[],\"status\":\"enabled\",\"url\":\"https:\\/\\/booster.magentogroup.in\\/?wc-api=wc_stripe\"}],\"has_more\":false,\"url\":\"\\/v1\\/webhook_endpoints\"}', 'debugLog', 0, 1, NULL, 1, 0, 1, '2026-06-11 11:09:15', '2026-06-11 11:09:15'),
(260, 1, 0, 'stripe_official - mTpeRec0ac0fNsoff - /classes/StripeWebhook.php:103 - getWebhookList response: {\"object\":\"list\",\"data\":[{\"id\":\"we_1Q9i7AHlmdsHKnZ5bJTY5wtQ\",\"object\":\"webhook_endpoint\",\"api_version\":\"2024-06-20\",\"application\":null,\"created\":1728888648,\"description\":null,\"enabled_events\":[\"source.chargeable\",\"source.canceled\",\"charge.succeeded\",\"charge.failed\",\"charge.captured\",\"charge.dispute.created\",\"charge.dispute.closed\",\"charge.refunded\",\"charge.refund.updated\",\"review.opened\",\"review.closed\",\"payment_intent.succeeded\",\"payment_intent.payment_failed\",\"payment_intent.amount_capturable_updated\",\"payment_intent.requires_action\",\"setup_intent.succeeded\",\"setup_intent.setup_failed\"],\"livemode\":false,\"metadata\":[],\"status\":\"enabled\",\"url\":\"https:\\/\\/booster.magentogroup.in\\/?wc-api=wc_stripe\"}],\"has_more\":false,\"url\":\"\\/v1\\/webhook_endpoints\"}', 'debugLog', 0, 1, NULL, 1, 0, 1, '2026-06-11 11:09:15', '2026-06-11 11:09:15'),
(261, 1, 0, 'stripe_official - mTpeRec0ac0fNsoff - /classes/StripeWebhook.php:55 - createStripeWebhook {\"url\":\"http:\\/\\/localhost\\/prestashop.sg\\/module\\/stripe_official\\/webhook\",\"enabled_events\":[\"charge.expired\",\"charge.failed\",\"charge.succeeded\",\"charge.pending\",\"charge.captured\",\"charge.refunded\",\"charge.dispute.created\",\"payment_intent.requires_action\",\"payment_intent.succeeded\",\"payment_intent.canceled\"]}', 'debugLog', 0, 1, NULL, 1, 0, 1, '2026-06-11 11:09:15', '2026-06-11 11:09:15'),
(262, 3, 0, 'stripe_official - mTpeRec0ac0fNsoff - /classes/StripeWebhook.php:58 - Create Stripe Webhook Error => Invalid URL: URL must be publicly accessible. Consider using a tool like the Stripe CLI to test webhooks locally: https://github.com/stripe/stripe-cli - #0 /opt/lampp/htdocs/prestashop.sg/modules/stripe_official/vendor/stripe/stripe-php/lib/Exception/InvalidRequestException.php(35): Stripe\\Exception\\ApiErrorException::factory(\'Invalid URL: UR...\', 400, \'{\\n  \"error\": {\\n...\', Array, Object(Stripe\\Util\\CaseInsensitiveArray), NULL)\n#1 /opt/lampp/htdocs/prestashop.sg/modules/stripe_official/vendor/stripe/stripe-php/lib/ApiRequestor.php(225): Stripe\\Exception\\InvalidRequestException::factory(\'Invalid URL: UR...\', 400, \'{\\n  \"error\": {\\n...\', Array, Object(Stripe\\Util\\CaseInsensitiveArray), NULL, \'url\')\n#2 /opt/lampp/htdocs/prestashop.sg/modules/stripe_official/vendor/stripe/stripe-php/lib/ApiRequestor.php(187): Stripe\\ApiRequestor::_specificAPIError(\'{\\n  \"error\": {\\n...\', 400, Object(Stripe\\Util\\CaseInsensitiveArray), Array, Array)\n#3 /opt/lampp/htdocs/prestashop.sg/modules/stripe_official/vendor/stripe/stripe-php/lib/ApiRequestor.php(577): Stripe\\ApiRequestor->handleErrorResponse(\'{\\n  \"error\": {\\n...\', 400, Object(Stripe\\Util\\CaseInsensitiveArray), Array)\n#4 /opt/lampp/htdocs/prestashop.sg/modules/stripe_official/vendor/stripe/stripe-php/lib/ApiRequestor.php(135): Stripe\\ApiRequestor->_interpretResponse(\'{\\n  \"error\": {\\n...\', 400, Object(Stripe\\Util\\CaseInsensitiveArray))\n#5 /opt/lampp/htdocs/prestashop.sg/modules/stripe_official/vendor/stripe/stripe-php/lib/BaseStripeClient.php(158): Stripe\\ApiRequestor->request(\'post\', \'/v1/webhook_end...\', Array, Array, Array)\n#6 /opt/lampp/htdocs/prestashop.sg/modules/stripe_official/vendor/stripe/stripe-php/lib/Service/AbstractService.php(75): Stripe\\BaseStripeClient->request(\'post\', \'/v1/webhook_end...\', Array, Object(Stripe\\Util\\RequestOptions))\n#7 /opt/lampp/htdocs/prestashop.sg/modules/stripe_official/vendor/stripe/stripe-php/lib/Service/WebhookEndpointService.php(48): Stripe\\Service\\AbstractService->request(\'post\', \'/v1/webhook_end...\', Array, NULL)\n#8 /opt/lampp/htdocs/prestashop.sg/modules/stripe_official/classes/StripeWebhook.php(56): Stripe\\Service\\WebhookEndpointService->create(Array)\n#9 /opt/lampp/htdocs/prestashop.sg/modules/stripe_official/classes/StripeWebhook.php(206): StripeWebhook->createStripeWebhook()\n#10 /opt/lampp/htdocs/prestashop.sg/modules/stripe_official/classes/services/Registration/RegisterWebhookSignatureService.php(47): StripeWebhook->registerWebhook()\n#11 /opt/lampp/htdocs/prestashop.sg/modules/stripe_official/classes/actions/ConfigurationActions.php(90): StripeOfficial\\Classes\\services\\Registration\\RegisterWebhookSignatureService->registerWebhookSignature()\n#12 [internal function]: ConfigurationActions->registerWebhookSignature()\n#13 /opt/lampp/htdocs/prestashop.sg/modules/stripe_official/vendor/totpsclasslib/src/Actions/ActionsHandler.php(154): call_user_func_array(Array, Array)\n#14 /opt/lampp/htdocs/prestashop.sg/modules/stripe_official/classes/services/MainGetContent/Actions/LoginAction.php(47): Stripe_officialClasslib\\Actions\\ActionsHandler->process(\'ConfigurationAc...\')\n#15 /opt/lampp/htdocs/prestashop.sg/modules/stripe_official/classes/services/MainGetContent/MainGetContentService.php(57): StripeOfficial\\Classes\\services\\MainGetContent\\Actions\\LoginAction->execute()\n#16 /opt/lampp/htdocs/prestashop.sg/modules/stripe_official/stripe_official.php(705): StripeOfficial\\Classes\\services\\MainGetContent\\MainGetContentService->getContent()\n#17 /opt/lampp/htdocs/prestashop.sg/src/PrestaShopBundle/Controller/Admin/Improve/ModuleController.php(135): Stripe_official->getContent()\n#18 /opt/lampp/htdocs/prestashop.sg/vendor/symfony/http-kernel/HttpKernel.php(181): PrestaShopBundle\\Controller\\Admin\\Improve\\ModuleController->configureModuleAction(\'stripe_official\', Object(PrestaShop\\PrestaShop\\Adapter\\LegacyContext))\n#19 /opt/lampp/htdocs/prestashop.sg/vendor/symfony/http-kernel/HttpKernel.php(76): Symfony\\Component\\HttpKernel\\HttpKernel->handleRaw(Object(Symfony\\Component\\HttpFoundation\\Request), 1)\n#20 /opt/lampp/htdocs/prestashop.sg/vendor/symfony/http-kernel/Kernel.php(208): Symfony\\Component\\HttpKernel\\HttpKernel->handle(Object(Symfony\\Component\\HttpFoundation\\Request), 1, true)\n#21 /opt/lampp/htdocs/prestashop.sg/admin8680wjnojvo4se3zg4a/index.php(72): Symfony\\Component\\HttpKernel\\Kernel->handle(Object(Symfony\\Component\\HttpFoundation\\Request), 1, true)\n#22 {main}', 'StripeWebhook', 0, 1, NULL, 1, 0, 1, '2026-06-11 11:09:15', '2026-06-11 11:09:15'),
(263, 1, 0, 'stripe_official - mTpeRec0ac0fNsoff - /classes/StripeWebhook.php:167 - updateWebhookDataInDB null', 'debugLog', 0, 1, NULL, 1, 0, 1, '2026-06-11 11:09:15', '2026-06-11 11:09:15'),
(264, 1, 0, 'stripe_official - mTpeRec0ac1fNsoff - /stripe_official.php:1205 - CalculateShipping - stripeOfficial => [\"5\"]', 'stripe_official', 0, 1, NULL, 1, 0, 0, '2026-06-11 11:11:58', '2026-06-11 11:11:58'),
(265, 1, 0, 'stripe_official - mTpeRec0ac1fNsoff - /stripe_official.php:1205 - CalculateShipping - stripeOfficial => [\"5\"]', 'stripe_official', 0, 1, NULL, 1, 0, 0, '2026-06-11 11:12:02', '2026-06-11 11:12:02'),
(266, 1, 0, 'stripe_official - mTpeRec0ac1fNsoff - /stripe_official.php:1205 - CalculateShipping - stripeOfficial => [\"5\"]', 'stripe_official', 0, 1, NULL, 1, 0, 0, '2026-06-11 11:12:04', '2026-06-11 11:12:04'),
(267, 1, 0, 'stripe_official - mTpeRec0ac1fNsoff - /controllers/front/handleOrderAction.php:64 - Selected handler: PaymentHandlerUsing flow: stripe_checkout', 'handleOrderAction', 12, 1, NULL, 1, 0, 0, '2026-06-11 11:34:30', '2026-06-11 11:34:30'),
(268, 1, 0, 'stripe_official - mTpeRec0ac1fNsoff - /classes/payment/PaymentHandler.php:80 - Confirmation token null Selected handler: CheckoutFlowHandlerNew', 'PaymentHandler', 0, 1, NULL, 1, 0, 0, '2026-06-11 11:34:30', '2026-06-11 11:34:30'),
(269, 1, 0, 'stripe_official - mTpeRec0ac1fNsoff - /classes/services/PrestashopBuildOrderService.php:62 - Build order model {\"cartId\":12,\"cart\":{\"id\":12,\"id_lang\":1,\"id_shop\":1,\"id_shop_list\":[],\"force_id\":false,\"id_shop_group\":1,\"id_address_delivery\":13,\"id_address_invoice\":13,\"id_currency\":1,\"id_customer\":9,\"id_guest\":11,\"recyclable\":0,\"gift\":0,\"gift_message\":\"\",\"mobile_theme\":0,\"date_add\":\"2026-06-10 18:39:44\",\"secure_key\":\"10327e6abe575fe6700950c1b5da8f8a\",\"id_carrier\":5,\"date_upd\":\"2026-06-11 11:34:11\",\"checkedTos\":false,\"pictures\":null,\"textFields\":null,\"delivery_option\":\"{\\\"13\\\":\\\"5,\\\"}\",\"allow_seperated_package\":0},\"status\":\"23\",\"amount\":\"60.61\",\"paymentMethod\":null,\"paymentMethodType\":null,\"message\":\"Stripe Transaction ID: \",\"secureKey\":\"10327e6abe575fe6700950c1b5da8f8a\",\"shop\":{\"id\":1,\"id_shop_list\":[],\"force_id\":false,\"id_shop_group\":1,\"id_category\":2,\"theme_name\":\"hummingbird\",\"name\":\" Nutritional\",\"color\":\"\",\"active\":\"1\",\"deleted\":\"0\",\"physical_uri\":\"\\/prestashop.sg\\/\",\"virtual_uri\":\"\",\"domain\":\"localhost\",\"domain_ssl\":\"localhost\",\"address\":null,\"theme\":{}},\"order\":null,\"orderId\":null,\"orderReference\":null}', 'PrestashopBuildOrderService', 12, 1, NULL, 1, 0, 0, '2026-06-11 11:34:30', '2026-06-11 11:34:30'),
(270, 1, 0, 'stripe_official - mTpeRec0ac1fNsoff - /classes/services/PrestashopOrderService.php:104 - After Validate PrestaShop Order: {\"id\":12,\"id_lang\":1,\"id_shop\":1,\"id_shop_list\":[],\"force_id\":false,\"id_address_delivery\":13,\"id_address_invoice\":13,\"id_shop_group\":1,\"id_cart\":12,\"id_currency\":1,\"id_customer\":9,\"id_carrier\":5,\"current_state\":23,\"secure_key\":\"10327e6abe575fe6700950c1b5da8f8a\",\"payment\":\" via Stripe\",\"module\":\"stripe_official\",\"conversion_rate\":\"1.000000\",\"recyclable\":0,\"gift\":0,\"gift_message\":\"\",\"mobile_theme\":0,\"total_discounts\":\"0.000000\",\"total_discounts_tax_incl\":\"0.000000\",\"total_discounts_tax_excl\":\"0.000000\",\"total_paid\":\"60.610000\",\"total_paid_tax_incl\":\"60.610000\",\"total_paid_tax_excl\":\"57.720000\",\"total_paid_real\":\"60.610000\",\"total_products\":\"57.720000\",\"total_products_wt\":\"60.610000\",\"total_shipping\":\"0.000000\",\"total_shipping_tax_incl\":\"0.000000\",\"total_shipping_tax_excl\":\"0.000000\",\"carrier_tax_rate\":\"12.000\",\"total_wrapping\":\"0.000000\",\"total_wrapping_tax_incl\":\"0.000000\",\"total_wrapping_tax_excl\":\"0.000000\",\"invoice_number\":2,\"delivery_number\":0,\"invoice_date\":\"2026-06-11 11:34:30\",\"delivery_date\":\"0000-00-00 00:00:00\",\"valid\":1,\"date_add\":\"2026-06-11 11:34:30\",\"date_upd\":\"2026-06-11 11:34:30\",\"reference\":\"XYQBQQWHS\",\"round_mode\":2,\"round_type\":2,\"note\":\"\",\"product_list\":[],\"weight\":null}', 'PrestashopOrderService', 12, 1, NULL, 1, 0, 0, '2026-06-11 11:34:31', '2026-06-11 11:34:31'),
(271, 1, 0, 'stripe_official - mTpeRec0ac1fNsoff - /classes/services/PrestashopBuildOrderService.php:65 - Create order model {\"cartId\":12,\"cart\":{\"id\":12,\"id_lang\":1,\"id_shop\":1,\"id_shop_list\":[],\"force_id\":false,\"id_shop_group\":1,\"id_address_delivery\":13,\"id_address_invoice\":13,\"id_currency\":1,\"id_customer\":9,\"id_guest\":11,\"recyclable\":0,\"gift\":0,\"gift_message\":\"\",\"mobile_theme\":0,\"date_add\":\"2026-06-10 18:39:44\",\"secure_key\":\"10327e6abe575fe6700950c1b5da8f8a\",\"id_carrier\":5,\"date_upd\":\"2026-06-11 11:34:11\",\"checkedTos\":false,\"pictures\":null,\"textFields\":null,\"delivery_option\":\"{\\\"13\\\":\\\"5,\\\"}\",\"allow_seperated_package\":0},\"status\":\"23\",\"amount\":\"60.61\",\"paymentMethod\":null,\"paymentMethodType\":null,\"message\":\"Stripe Transaction ID: \",\"secureKey\":\"10327e6abe575fe6700950c1b5da8f8a\",\"shop\":{\"id\":1,\"id_shop_list\":[],\"force_id\":false,\"id_shop_group\":1,\"id_category\":2,\"theme_name\":\"hummingbird\",\"name\":\" Nutritional\",\"color\":\"\",\"active\":\"1\",\"deleted\":\"0\",\"physical_uri\":\"\\/prestashop.sg\\/\",\"virtual_uri\":\"\",\"domain\":\"localhost\",\"domain_ssl\":\"localhost\",\"address\":null,\"theme\":{}},\"order\":{\"id\":12,\"id_lang\":1,\"id_shop\":1,\"id_shop_list\":[],\"force_id\":false,\"id_address_delivery\":13,\"id_address_invoice\":13,\"id_shop_group\":1,\"id_cart\":12,\"id_currency\":1,\"id_customer\":9,\"id_carrier\":5,\"current_state\":23,\"secure_key\":\"10327e6abe575fe6700950c1b5da8f8a\",\"payment\":\" via Stripe\",\"module\":\"stripe_official\",\"conversion_rate\":\"1.000000\",\"recyclable\":0,\"gift\":0,\"gift_message\":\"\",\"mobile_theme\":0,\"total_discounts\":\"0.000000\",\"total_discounts_tax_incl\":\"0.000000\",\"total_discounts_tax_excl\":\"0.000000\",\"total_paid\":\"60.610000\",\"total_paid_tax_incl\":\"60.610000\",\"total_paid_tax_excl\":\"57.720000\",\"total_paid_real\":\"60.610000\",\"total_products\":\"57.720000\",\"total_products_wt\":\"60.610000\",\"total_shipping\":\"0.000000\",\"total_shipping_tax_incl\":\"0.000000\",\"total_shipping_tax_excl\":\"0.000000\",\"carrier_tax_rate\":\"12.000\",\"total_wrapping\":\"0.000000\",\"total_wrapping_tax_incl\":\"0.000000\",\"total_wrapping_tax_excl\":\"0.000000\",\"invoice_number\":2,\"delivery_number\":0,\"invoice_date\":\"2026-06-11 11:34:30\",\"delivery_date\":\"0000-00-00 00:00:00\",\"valid\":1,\"date_add\":\"2026-06-11 11:34:30\",\"date_upd\":\"2026-06-11 11:34:30\",\"reference\":\"XYQBQQWHS\",\"round_mode\":2,\"round_type\":2,\"note\":\"\",\"product_list\":[],\"weight\":null},\"orderId\":12,\"orderReference\":\" Nutritional \\/ Reference: XYQBQQWHS \\/ Order: 12\"}', 'PrestashopBuildOrderService', 12, 1, NULL, 1, 0, 0, '2026-06-11 11:34:31', '2026-06-11 11:34:31'),
(272, 1, 0, 'stripe_official - mTpeRec0ac1fNsoff - PaymentIntent: cs_test_a1iBJ15qIbK6RO3638XwbdywGq0TzGhFu1LhyRBa5N7bAOPLszKGM85tRi; /classes/services/StripeCheckoutSessionService.php:174 - Create Checkout Session Ending {\"id\":\"cs_test_a1iBJ15qIbK6RO3638XwbdywGq0TzGhFu1LhyRBa5N7bAOPLszKGM85tRi\",\"object\":\"checkout.session\",\"adaptive_pricing\":{\"enabled\":true},\"after_expiration\":null,\"allow_promotion_codes\":null,\"amount_subtotal\":6061,\"amount_total\":6061,\"automatic_tax\":{\"enabled\":false,\"liability\":null,\"provider\":null,\"status\":null},\"billing_address_collection\":null,\"branding_settings\":{\"background_color\":\"#ffffff\",\"border_style\":\"rounded\",\"button_color\":\"#0074d4\",\"display_name\":\"testing1 test\",\"font_family\":\"default\",\"icon\":null,\"logo\":null},\"cancel_url\":\"http:\\/\\/localhost\\/prestashop.sg\\/module\\/stripe_official\\/orderFailure?cartId=12&key=553d872cbc9a3572a5e357da573a5014836bf8d2406981f11be24a7de9c60dc2\",\"client_reference_id\":null,\"client_secret\":null,\"collected_information\":{\"business_name\":null,\"individual_name\":null,\"shipping_details\":null},\"consent\":null,\"consent_collection\":null,\"created\":1781157874,\"currency\":\"inr\",\"currency_conversion\":null,\"custom_fields\":[],\"custom_text\":{\"after_submit\":null,\"shipping_address\":null,\"submit\":null,\"terms_of_service_acceptance\":null},\"customer\":null,\"customer_account\":null,\"customer_creation\":\"if_required\",\"customer_details\":{\"address\":null,\"business_name\":null,\"email\":\"anonymous_5365@prestashop.com\",\"individual_name\":null,\"name\":\"Alice Brown\",\"phone\":\"(642) 780-3417\",\"tax_exempt\":\"none\",\"tax_ids\":null},\"customer_email\":\"anonymous_3282@prestashop.com\",\"discounts\":[],\"expires_at\":1781244273,\"integration_identifier\":null,\"invoice\":null,\"invoice_creation\":{\"enabled\":false,\"invoice_data\":{\"account_tax_ids\":null,\"custom_fields\":null,\"description\":null,\"footer\":null,\"issuer\":null,\"metadata\":[],\"rendering_options\":null}},\"livemode\":false,\"locale\":\"auto\",\"managed_payments\":{\"enabled\":false},\"metadata\":{\"id_cart\":\"12\"},\"mode\":\"payment\",\"origin_context\":null,\"payment_intent\":null,\"payment_link\":null,\"payment_method_collection\":\"always\",\"payment_method_configuration_details\":{\"id\":\"pmc_1RetczHlmdsHKnZ5QFimYKpE\",\"parent\":null},\"payment_method_options\":{\"card\":{\"request_three_d_secure\":\"automatic\"}},\"payment_method_types\":[\"card\",\"link\"],\"payment_status\":\"unpaid\",\"permissions\":null,\"phone_number_collection\":{\"enabled\":false},\"recovered_from\":null,\"saved_payment_method_options\":null,\"setup_intent\":null,\"shipping_address_collection\":null,\"shipping_cost\":null,\"shipping_details\":null,\"shipping_options\":[],\"status\":\"open\",\"submit_type\":null,\"subscription\":null,\"success_url\":\"http:\\/\\/localhost\\/prestashop.sg\\/module\\/stripe_official\\/orderConfirmationReturn?cartId=12&key=553d872cbc9a3572a5e357da573a5014836bf8d2406981f11be24a7de9c60dc2&session_id={CHECKOUT_SESSION_ID}\",\"total_details\":{\"amount_discount\":0,\"amount_shipping\":0,\"amount_tax\":0},\"ui_mode\":\"hosted\",\"url\":\"https:\\/\\/checkout.stripe.com\\/c\\/pay\\/cs_test_a1iBJ15qIbK6RO3638XwbdywGq0TzGhFu1LhyRBa5N7bAOPLszKGM85tRi#fidnandhYHdWcXxpYCc%2FJ2FgY2RwaXEnKSdpamZkaWAnPydkcHFqJyknYnBkZmRoamlgU2R3bGRrcSc%2FJ2Zqa3F3amknKSdkdWxOYHwnPyd1blpxYHZxWjA0VDxtQG9NaWhhdk1Oa18wM2FuM3dLVUpMYGx9QkZzb0pBXzw0X2t9NXc2T3cwfDNyf2ZKXDYxQ1I3Yk1uRmRtMFAzSmY3bDNsZ3NiRHxgYmtGfVJjS2JkNTVHSFJKZ2psMicpJ2N3amhWYHdzYHcnP3F3cGApJ2dkZm5id2pwa2FGamlqdyc%2FJyZjY2NjY2MnKSdpZHxqcHFRfHVgJz8ndmxrYmlgWmxxYGgnKSdga2RnaWBVaWRmYG1qaWFgd3YnP3F3cGB4JSUl\",\"wallet_options\":null}', 'StripeCheckoutSessionService', 12, 1, NULL, 1, 0, 0, '2026-06-11 11:34:34', '2026-06-11 11:34:34'),
(273, 1, 0, 'stripe_official - mTpeRec0ac1fNsoff - /classes/payment/CheckoutFlowHandlerNew.php:117 - Checkout flow handler - checkout session: {\"id\":\"cs_test_a1iBJ15qIbK6RO3638XwbdywGq0TzGhFu1LhyRBa5N7bAOPLszKGM85tRi\",\"object\":\"checkout.session\",\"adaptive_pricing\":{\"enabled\":true},\"after_expiration\":null,\"allow_promotion_codes\":null,\"amount_subtotal\":6061,\"amount_total\":6061,\"automatic_tax\":{\"enabled\":false,\"liability\":null,\"provider\":null,\"status\":null},\"billing_address_collection\":null,\"branding_settings\":{\"background_color\":\"#ffffff\",\"border_style\":\"rounded\",\"button_color\":\"#0074d4\",\"display_name\":\"testing1 test\",\"font_family\":\"default\",\"icon\":null,\"logo\":null},\"cancel_url\":\"http:\\/\\/localhost\\/prestashop.sg\\/module\\/stripe_official\\/orderFailure?cartId=12&key=553d872cbc9a3572a5e357da573a5014836bf8d2406981f11be24a7de9c60dc2\",\"client_reference_id\":null,\"client_secret\":null,\"collected_information\":{\"business_name\":null,\"individual_name\":null,\"shipping_details\":null},\"consent\":null,\"consent_collection\":null,\"created\":1781157874,\"currency\":\"inr\",\"currency_conversion\":null,\"custom_fields\":[],\"custom_text\":{\"after_submit\":null,\"shipping_address\":null,\"submit\":null,\"terms_of_service_acceptance\":null},\"customer\":null,\"customer_account\":null,\"customer_creation\":\"if_required\",\"customer_details\":{\"address\":null,\"business_name\":null,\"email\":\"anonymous_1781@prestashop.com\",\"individual_name\":null,\"name\":\"Olivia Brown\",\"phone\":\"(724) 665-7482\",\"tax_exempt\":\"none\",\"tax_ids\":null},\"customer_email\":\"anonymous_6035@prestashop.com\",\"discounts\":[],\"expires_at\":1781244273,\"integration_identifier\":null,\"invoice\":null,\"invoice_creation\":{\"enabled\":false,\"invoice_data\":{\"account_tax_ids\":null,\"custom_fields\":null,\"description\":null,\"footer\":null,\"issuer\":null,\"metadata\":[],\"rendering_options\":null}},\"livemode\":false,\"locale\":\"auto\",\"managed_payments\":{\"enabled\":false},\"metadata\":{\"id_cart\":\"12\"},\"mode\":\"payment\",\"origin_context\":null,\"payment_intent\":null,\"payment_link\":null,\"payment_method_collection\":\"always\",\"payment_method_configuration_details\":{\"id\":\"pmc_1RetczHlmdsHKnZ5QFimYKpE\",\"parent\":null},\"payment_method_options\":{\"card\":{\"request_three_d_secure\":\"automatic\"}},\"payment_method_types\":[\"card\",\"link\"],\"payment_status\":\"unpaid\",\"permissions\":null,\"phone_number_collection\":{\"enabled\":false},\"recovered_from\":null,\"saved_payment_method_options\":null,\"setup_intent\":null,\"shipping_address_collection\":null,\"shipping_cost\":null,\"shipping_details\":null,\"shipping_options\":[],\"status\":\"open\",\"submit_type\":null,\"subscription\":null,\"success_url\":\"http:\\/\\/localhost\\/prestashop.sg\\/module\\/stripe_official\\/orderConfirmationReturn?cartId=12&key=553d872cbc9a3572a5e357da573a5014836bf8d2406981f11be24a7de9c60dc2&session_id={CHECKOUT_SESSION_ID}\",\"total_details\":{\"amount_discount\":0,\"amount_shipping\":0,\"amount_tax\":0},\"ui_mode\":\"hosted\",\"url\":\"https:\\/\\/checkout.stripe.com\\/c\\/pay\\/cs_test_a1iBJ15qIbK6RO3638XwbdywGq0TzGhFu1LhyRBa5N7bAOPLszKGM85tRi#fidnandhYHdWcXxpYCc%2FJ2FgY2RwaXEnKSdpamZkaWAnPydkcHFqJyknYnBkZmRoamlgU2R3bGRrcSc%2FJ2Zqa3F3amknKSdkdWxOYHwnPyd1blpxYHZxWjA0VDxtQG9NaWhhdk1Oa18wM2FuM3dLVUpMYGx9QkZzb0pBXzw0X2t9NXc2T3cwfDNyf2ZKXDYxQ1I3Yk1uRmRtMFAzSmY3bDNsZ3NiRHxgYmtGfVJjS2JkNTVHSFJKZ2psMicpJ2N3amhWYHdzYHcnP3F3cGApJ2dkZm5id2pwa2FGamlqdyc%2FJyZjY2NjY2MnKSdpZHxqcHFRfHVgJz8ndmxrYmlgWmxxYGgnKSdga2RnaWBVaWRmYG1qaWFgd3YnP3F3cGB4JSUl\",\"wallet_options\":null}', 'CheckoutFlowHandlerNew', 12, 1, NULL, 1, 0, 0, '2026-06-11 11:34:34', '2026-06-11 11:34:34'),
(274, 1, 0, 'stripe_official - mTpeRec0ac1fNsoff - /classes/services/PrestashopOrderService.php:307 - Checkout flow $stripePaymentIntent {\"id\":\"cs_test_a1iBJ15qIbK6RO3638XwbdywGq0TzGhFu1LhyRBa5N7bAOPLszKGM85tRi\",\"object\":\"checkout.session\",\"adaptive_pricing\":{\"enabled\":true},\"after_expiration\":null,\"allow_promotion_codes\":null,\"amount_subtotal\":6061,\"amount_total\":6061,\"automatic_tax\":{\"enabled\":false,\"liability\":null,\"provider\":null,\"status\":null},\"billing_address_collection\":null,\"branding_settings\":{\"background_color\":\"#ffffff\",\"border_style\":\"rounded\",\"button_color\":\"#0074d4\",\"display_name\":\"testing1 test\",\"font_family\":\"default\",\"icon\":null,\"logo\":null},\"cancel_url\":\"http:\\/\\/localhost\\/prestashop.sg\\/module\\/stripe_official\\/orderFailure?cartId=12&key=553d872cbc9a3572a5e357da573a5014836bf8d2406981f11be24a7de9c60dc2\",\"client_reference_id\":null,\"client_secret\":null,\"collected_information\":{\"business_name\":null,\"individual_name\":null,\"shipping_details\":null},\"consent\":null,\"consent_collection\":null,\"created\":1781157874,\"currency\":\"inr\",\"currency_conversion\":null,\"custom_fields\":[],\"custom_text\":{\"after_submit\":null,\"shipping_address\":null,\"submit\":null,\"terms_of_service_acceptance\":null},\"customer\":null,\"customer_account\":null,\"customer_creation\":\"if_required\",\"customer_details\":{\"address\":null,\"business_name\":null,\"email\":\"anonymous_8846@prestashop.com\",\"individual_name\":null,\"name\":\"Maria Crawford\",\"phone\":\"(531) 821-9382\",\"tax_exempt\":\"none\",\"tax_ids\":null},\"customer_email\":\"anonymous_2873@prestashop.com\",\"discounts\":[],\"expires_at\":1781244273,\"integration_identifier\":null,\"invoice\":null,\"invoice_creation\":{\"enabled\":false,\"invoice_data\":{\"account_tax_ids\":null,\"custom_fields\":null,\"description\":null,\"footer\":null,\"issuer\":null,\"metadata\":[],\"rendering_options\":null}},\"livemode\":false,\"locale\":\"auto\",\"managed_payments\":{\"enabled\":false},\"metadata\":{\"id_cart\":\"12\"},\"mode\":\"payment\",\"origin_context\":null,\"payment_intent\":null,\"payment_link\":null,\"payment_method_collection\":\"always\",\"payment_method_configuration_details\":{\"id\":\"pmc_1RetczHlmdsHKnZ5QFimYKpE\",\"parent\":null},\"payment_method_options\":{\"card\":{\"request_three_d_secure\":\"automatic\"}},\"payment_method_types\":[\"card\",\"link\"],\"payment_status\":\"unpaid\",\"permissions\":null,\"phone_number_collection\":{\"enabled\":false},\"recovered_from\":null,\"saved_payment_method_options\":null,\"setup_intent\":null,\"shipping_address_collection\":null,\"shipping_cost\":null,\"shipping_details\":null,\"shipping_options\":[],\"status\":\"open\",\"submit_type\":null,\"subscription\":null,\"success_url\":\"http:\\/\\/localhost\\/prestashop.sg\\/module\\/stripe_official\\/orderConfirmationReturn?cartId=12&key=553d872cbc9a3572a5e357da573a5014836bf8d2406981f11be24a7de9c60dc2&session_id={CHECKOUT_SESSION_ID}\",\"total_details\":{\"amount_discount\":0,\"amount_shipping\":0,\"amount_tax\":0},\"ui_mode\":\"hosted\",\"url\":\"https:\\/\\/checkout.stripe.com\\/c\\/pay\\/cs_test_a1iBJ15qIbK6RO3638XwbdywGq0TzGhFu1LhyRBa5N7bAOPLszKGM85tRi#fidnandhYHdWcXxpYCc%2FJ2FgY2RwaXEnKSdpamZkaWAnPydkcHFqJyknYnBkZmRoamlgU2R3bGRrcSc%2FJ2Zqa3F3amknKSdkdWxOYHwnPyd1blpxYHZxWjA0VDxtQG9NaWhhdk1Oa18wM2FuM3dLVUpMYGx9QkZzb0pBXzw0X2t9NXc2T3cwfDNyf2ZKXDYxQ1I3Yk1uRmRtMFAzSmY3bDNsZ3NiRHxgYmtGfVJjS2JkNTVHSFJKZ2psMicpJ2N3amhWYHdzYHcnP3F3cGApJ2dkZm5id2pwa2FGamlqdyc%2FJyZjY2NjY2MnKSdpZHxqcHFRfHVgJz8ndmxrYmlgWmxxYGgnKSdga2RnaWBVaWRmYG1qaWFgd3YnP3F3cGB4JSUl\",\"wallet_options\":null}', 'PrestashopOrderService', 0, 1, NULL, 1, 0, 0, '2026-06-11 11:34:34', '2026-06-11 11:34:34'),
(275, 1, 0, 'Frontcontroller::init - Cart cannot be loaded or an order has already been placed using this cart', 'Cart', 12, 1, NULL, 1, 0, 0, '2026-06-11 11:35:17', '2026-06-11 11:35:17'),
(276, 1, 0, 'stripe_official - mTpeRec0ac1fNsoff - /controllers/front/orderConfirmationReturn.php:71 - Stripe session cs_test_a1iBJ15qIbK6RO3638XwbdywGq0TzGhFu1LhyRBa5N7bAOPLszKGM85tRi', 'orderConfirmationReturn', 12, 1, NULL, 1, 0, 0, '2026-06-11 11:35:18', '2026-06-11 11:35:18'),
(277, 1, 0, 'stripe_official - mTpeRec0ac1fNsoff - /controllers/front/orderConfirmationReturn.php:72 - Stripe  payment_intent ', 'orderConfirmationReturn', 12, 1, NULL, 1, 0, 0, '2026-06-11 11:35:18', '2026-06-11 11:35:18'),
(278, 1, 0, 'stripe_official - mTpeRec0ac1fNsoff - PaymentIntent: cs_test_a1iBJ15qIbK6RO3638XwbdywGq0TzGhFu1LhyRBa5N7bAOPLszKGM85tRi; /classes/services/StripeCheckoutSessionService.php:188 - Retrieve Session from Stripe {\"id\":\"cs_test_a1iBJ15qIbK6RO3638XwbdywGq0TzGhFu1LhyRBa5N7bAOPLszKGM85tRi\",\"object\":\"checkout.session\",\"adaptive_pricing\":{\"enabled\":true},\"after_expiration\":null,\"allow_promotion_codes\":null,\"amount_subtotal\":6061,\"amount_total\":6061,\"automatic_tax\":{\"enabled\":false,\"liability\":null,\"provider\":null,\"status\":null},\"billing_address_collection\":null,\"branding_settings\":{\"background_color\":\"#ffffff\",\"border_style\":\"rounded\",\"button_color\":\"#0074d4\",\"display_name\":\"testing1 test\",\"font_family\":\"default\",\"icon\":null,\"logo\":null},\"cancel_url\":\"http:\\/\\/localhost\\/prestashop.sg\\/module\\/stripe_official\\/orderFailure?cartId=12&key=553d872cbc9a3572a5e357da573a5014836bf8d2406981f11be24a7de9c60dc2\",\"client_reference_id\":null,\"client_secret\":null,\"collected_information\":{\"business_name\":null,\"individual_name\":null,\"shipping_details\":null},\"consent\":null,\"consent_collection\":null,\"created\":1781157874,\"currency\":\"inr\",\"currency_conversion\":null,\"custom_fields\":[],\"custom_text\":{\"after_submit\":null,\"shipping_address\":null,\"submit\":null,\"terms_of_service_acceptance\":null},\"customer\":null,\"customer_account\":null,\"customer_creation\":\"if_required\",\"customer_details\":{\"address\":{\"city\":\"Madrid\",\"country\":\"GR\",\"line1\":\"Maple Ave 963\",\"line2\":\"Sunset Blvd 4420\",\"postal_code\":23822,\"state\":\"New York\"},\"business_name\":null,\"email\":\"anonymous_1446@prestashop.com\",\"individual_name\":null,\"name\":\"Sophie Anderson\",\"phone\":\"(860) 247-6657\",\"tax_exempt\":\"none\",\"tax_ids\":[]},\"customer_email\":\"anonymous_9963@prestashop.com\",\"discounts\":[],\"expires_at\":1781244273,\"integration_identifier\":null,\"invoice\":null,\"invoice_creation\":{\"enabled\":false,\"invoice_data\":{\"account_tax_ids\":null,\"custom_fields\":null,\"description\":null,\"footer\":null,\"issuer\":null,\"metadata\":[],\"rendering_options\":null}},\"livemode\":false,\"locale\":\"auto\",\"managed_payments\":{\"enabled\":false},\"metadata\":{\"id_cart\":\"12\"},\"mode\":\"payment\",\"origin_context\":null,\"payment_intent\":\"pi_3Th1jnHlmdsHKnZ51iYfONez\",\"payment_link\":null,\"payment_method_collection\":\"always\",\"payment_method_configuration_details\":{\"id\":\"pmc_1RetczHlmdsHKnZ5QFimYKpE\",\"parent\":null},\"payment_method_options\":[],\"payment_method_types\":[\"card\",\"link\"],\"payment_status\":\"unpaid\",\"permissions\":null,\"phone_number_collection\":{\"enabled\":false},\"recovered_from\":null,\"saved_payment_method_options\":null,\"setup_intent\":null,\"shipping_address_collection\":null,\"shipping_cost\":null,\"shipping_details\":null,\"shipping_options\":[],\"status\":\"complete\",\"submit_type\":null,\"subscription\":null,\"success_url\":\"http:\\/\\/localhost\\/prestashop.sg\\/module\\/stripe_official\\/orderConfirmationReturn?cartId=12&key=553d872cbc9a3572a5e357da573a5014836bf8d2406981f11be24a7de9c60dc2&session_id={CHECKOUT_SESSION_ID}\",\"total_details\":{\"amount_discount\":0,\"amount_shipping\":0,\"amount_tax\":0},\"ui_mode\":\"hosted\",\"url\":null,\"wallet_options\":null}', 'StripeCheckoutSessionService', 0, 1, NULL, 1, 0, 0, '2026-06-11 11:35:18', '2026-06-11 11:35:18'),
(279, 1, 0, 'stripe_official - mTpeRec0ac1fNsoff - /classes/services/StripeOrderConfirmationService.php:62 - Order Confirmation Return init: ', 'StripeOrderConfirmationService', 12, 1, NULL, 1, 0, 0, '2026-06-11 11:35:18', '2026-06-11 11:35:18'),
(280, 1, 0, 'stripe_official - mTpeRec0ac1fNsoff - PaymentIntent: cs_test_a1iBJ15qIbK6RO3638XwbdywGq0TzGhFu1LhyRBa5N7bAOPLszKGM85tRi; /classes/services/StripeCheckoutSessionService.php:188 - Retrieve Session from Stripe {\"id\":\"cs_test_a1iBJ15qIbK6RO3638XwbdywGq0TzGhFu1LhyRBa5N7bAOPLszKGM85tRi\",\"object\":\"checkout.session\",\"adaptive_pricing\":{\"enabled\":true},\"after_expiration\":null,\"allow_promotion_codes\":null,\"amount_subtotal\":6061,\"amount_total\":6061,\"automatic_tax\":{\"enabled\":false,\"liability\":null,\"provider\":null,\"status\":null},\"billing_address_collection\":null,\"branding_settings\":{\"background_color\":\"#ffffff\",\"border_style\":\"rounded\",\"button_color\":\"#0074d4\",\"display_name\":\"testing1 test\",\"font_family\":\"default\",\"icon\":null,\"logo\":null},\"cancel_url\":\"http:\\/\\/localhost\\/prestashop.sg\\/module\\/stripe_official\\/orderFailure?cartId=12&key=553d872cbc9a3572a5e357da573a5014836bf8d2406981f11be24a7de9c60dc2\",\"client_reference_id\":null,\"client_secret\":null,\"collected_information\":{\"business_name\":null,\"individual_name\":null,\"shipping_details\":null},\"consent\":null,\"consent_collection\":null,\"created\":1781157874,\"currency\":\"inr\",\"currency_conversion\":null,\"custom_fields\":[],\"custom_text\":{\"after_submit\":null,\"shipping_address\":null,\"submit\":null,\"terms_of_service_acceptance\":null},\"customer\":null,\"customer_account\":null,\"customer_creation\":\"if_required\",\"customer_details\":{\"address\":{\"city\":\"Lion\",\"country\":\"MT\",\"line1\":\"Rue de l Eglise 9807\",\"line2\":\"Place de l Eglise 4406\",\"postal_code\":16979,\"state\":\"Hamburg\"},\"business_name\":null,\"email\":\"anonymous_6829@prestashop.com\",\"individual_name\":null,\"name\":\"Alice Crawford\",\"phone\":\"(530) 453-3136\",\"tax_exempt\":\"none\",\"tax_ids\":[]},\"customer_email\":\"anonymous_6967@prestashop.com\",\"discounts\":[],\"expires_at\":1781244273,\"integration_identifier\":null,\"invoice\":null,\"invoice_creation\":{\"enabled\":false,\"invoice_data\":{\"account_tax_ids\":null,\"custom_fields\":null,\"description\":null,\"footer\":null,\"issuer\":null,\"metadata\":[],\"rendering_options\":null}},\"livemode\":false,\"locale\":\"auto\",\"managed_payments\":{\"enabled\":false},\"metadata\":{\"id_cart\":\"12\"},\"mode\":\"payment\",\"origin_context\":null,\"payment_intent\":\"pi_3Th1jnHlmdsHKnZ51iYfONez\",\"payment_link\":null,\"payment_method_collection\":\"always\",\"payment_method_configuration_details\":{\"id\":\"pmc_1RetczHlmdsHKnZ5QFimYKpE\",\"parent\":null},\"payment_method_options\":[],\"payment_method_types\":[\"card\",\"link\"],\"payment_status\":\"unpaid\",\"permissions\":null,\"phone_number_collection\":{\"enabled\":false},\"recovered_from\":null,\"saved_payment_method_options\":null,\"setup_intent\":null,\"shipping_address_collection\":null,\"shipping_cost\":null,\"shipping_details\":null,\"shipping_options\":[],\"status\":\"complete\",\"submit_type\":null,\"subscription\":null,\"success_url\":\"http:\\/\\/localhost\\/prestashop.sg\\/module\\/stripe_official\\/orderConfirmationReturn?cartId=12&key=553d872cbc9a3572a5e357da573a5014836bf8d2406981f11be24a7de9c60dc2&session_id={CHECKOUT_SESSION_ID}\",\"total_details\":{\"amount_discount\":0,\"amount_shipping\":0,\"amount_tax\":0},\"ui_mode\":\"hosted\",\"url\":null,\"wallet_options\":null}', 'StripeCheckoutSessionService', 0, 1, NULL, 1, 0, 0, '2026-06-11 11:35:19', '2026-06-11 11:35:19'),
(281, 1, 0, 'stripe_official - mTpeRec0ac1fNsoff - /classes/services/PrestashopOrderService.php:301 - PrestaShop order : XYQBQQWHS was updated with Transaction ID: py_3Th1jnHlmdsHKnZ51gDGSRbf', 'PrestashopOrderService', 0, 1, NULL, 1, 0, 0, '2026-06-11 11:35:20', '2026-06-11 11:35:20');
INSERT INTO `xio8d_log` (`id_log`, `severity`, `error_code`, `message`, `object_type`, `object_id`, `id_shop`, `id_shop_group`, `id_lang`, `in_all_shops`, `id_employee`, `date_add`, `date_upd`) VALUES
(282, 1, 0, 'stripe_official - mTpeRec0ac1fNsoff - /classes/services/PrestashopOrderService.php:360 - Update PS Stripe Payment: {\"id\":\"pi_3Th1jnHlmdsHKnZ51iYfONez\",\"object\":\"payment_intent\",\"amount\":6061,\"amount_capturable\":6061,\"amount_details\":{\"tip\":[]},\"amount_received\":0,\"application\":null,\"application_fee_amount\":null,\"automatic_payment_methods\":null,\"canceled_at\":null,\"cancellation_reason\":null,\"capture_method\":\"manual\",\"charges\":{\"object\":\"list\",\"data\":[{\"id\":\"py_3Th1jnHlmdsHKnZ51gDGSRbf\",\"object\":\"charge\",\"amount\":6061,\"amount_captured\":0,\"amount_refunded\":0,\"application\":null,\"application_fee\":null,\"application_fee_amount\":null,\"balance_transaction\":null,\"billing_details\":{\"address\":{\"city\":\"Barcelona\",\"country\":\"IT\",\"line1\":\"Main St 1045\",\"line2\":\"Via Marconi 3884\",\"postal_code\":40128,\"state\":\"Indiana\"},\"email\":\"anonymous_1008@prestashop.com\",\"name\":\"Noah Lee\",\"phone\":\"(840) 377-1633\",\"tax_id\":null},\"calculated_statement_descriptor\":null,\"captured\":false,\"created\":1781157915,\"currency\":\"inr\",\"customer\":null,\"description\":\" Nutritional \\/ Reference: XYQBQQWHS \\/ Order: 12\",\"destination\":null,\"dispute\":null,\"disputed\":false,\"failure_balance_transaction\":null,\"failure_code\":null,\"failure_message\":null,\"fraud_details\":[],\"invoice\":null,\"livemode\":false,\"metadata\":{\"id_cart\":\"12\"},\"on_behalf_of\":null,\"order\":null,\"outcome\":{\"advice_code\":null,\"network_advice_code\":null,\"network_decline_code\":null,\"network_status\":\"approved_by_network\",\"reason\":null,\"risk_level\":\"normal\",\"risk_score\":41,\"seller_message\":\"Payment complete.\",\"type\":\"authorized\"},\"paid\":true,\"payment_intent\":\"pi_3Th1jnHlmdsHKnZ51iYfONez\",\"payment_method\":\"pm_1Th1jnHlmdsHKnZ5wIJRjKsa\",\"payment_method_details\":{\"link\":{\"country\":\"IT\"},\"type\":\"link\"},\"radar_options\":[],\"receipt_email\":null,\"receipt_number\":null,\"receipt_url\":\"https:\\/\\/pay.stripe.com\\/receipts\\/payment\\/CAcaFwoVYWNjdF8xUTloRWpIbG1kc0hLblo1KKCgqdEGMgbLkQtq4gs6LBa1pC8jsC-ICtsjrC6UvHbibAemkk0O_at7GNXvTl06qGhMWD0ZuxCk2xig\",\"refunded\":false,\"refunds\":{\"object\":\"list\",\"data\":[],\"has_more\":false,\"total_count\":0,\"url\":\"\\/v1\\/charges\\/py_3Th1jnHlmdsHKnZ51gDGSRbf\\/refunds\"},\"review\":null,\"shipping\":null,\"source\":null,\"source_transfer\":null,\"statement_descriptor\":null,\"statement_descriptor_suffix\":null,\"status\":\"succeeded\",\"transfer_data\":null,\"transfer_group\":null}],\"has_more\":false,\"total_count\":1,\"url\":\"\\/v1\\/charges?payment_intent=pi_3Th1jnHlmdsHKnZ51iYfONez\"},\"client_secret\":\"pi_3Th1jnHlmdsHKnZ51iYfONez_secret_XSJIHOmli64UpBV9BJwuMz4oW\",\"confirmation_method\":\"automatic\",\"created\":1781157911,\"currency\":\"inr\",\"customer\":null,\"customer_account\":null,\"description\":\" Nutritional \\/ Reference: XYQBQQWHS \\/ Order: 12\",\"excluded_payment_method_types\":null,\"invoice\":null,\"last_payment_error\":null,\"latest_charge\":\"py_3Th1jnHlmdsHKnZ51gDGSRbf\",\"livemode\":false,\"managed_payments\":{\"enabled\":false},\"metadata\":{\"id_cart\":\"12\"},\"next_action\":null,\"on_behalf_of\":null,\"payment_method\":\"pm_1Th1jnHlmdsHKnZ5wIJRjKsa\",\"payment_method_configuration_details\":null,\"payment_method_options\":{\"link\":{\"persistent_token\":null}},\"payment_method_types\":[\"link\"],\"processing\":null,\"receipt_email\":null,\"review\":null,\"setup_future_usage\":null,\"shared_payment_granted_token\":null,\"shipping\":null,\"source\":null,\"statement_descriptor\":null,\"statement_descriptor_suffix\":null,\"status\":\"requires_capture\",\"transfer_data\":null,\"transfer_group\":null}', 'PrestashopOrderService', 12, 1, NULL, 1, 0, 0, '2026-06-11 11:35:20', '2026-06-11 11:35:20'),
(283, 1, 0, 'stripe_official - mTpeRec0ac1fNsoff - /classes/services/PrestashopOrderService.php:410 - Update payment from PS Orders ids: 12 with \"Link via Stripe\"', 'PrestashopOrderService', 12, 1, NULL, 1, 0, 0, '2026-06-11 11:35:20', '2026-06-11 11:35:20'),
(284, 1, 0, 'stripe_official - mTpeRec0ac1fNsoff - /classes/services/StripeOrderConfirmationService.php:127 - Order Confirmation Return URL: \"http:\\/\\/localhost\\/prestashop.sg\\/order-confirmation?id_cart=12&id_module=83&id_order=12&key=10327e6abe575fe6700950c1b5da8f8a\"', 'StripeOrderConfirmationService', 12, 1, NULL, 1, 0, 0, '2026-06-11 11:35:20', '2026-06-11 11:35:20'),
(285, 1, 0, 'Starting module install: customtransactionid v1.0.0', 'Module', 0, 1, NULL, 1, 0, 1, '2026-06-11 11:46:29', '2026-06-11 11:46:29'),
(286, 1, 0, 'Module installed successfully: customtransactionid v1.0.0', 'Module', 0, 1, NULL, 1, 0, 1, '2026-06-11 11:46:29', '2026-06-11 11:46:29'),
(287, 1, 0, 'Starting module install: customtransactionid v1.0.0', 'Module', 0, 1, NULL, 1, 0, 1, '2026-06-11 11:49:04', '2026-06-11 11:49:04'),
(288, 1, 0, 'stripe_official - mTpeRec0ac1fNsoff - /stripe_official.php:1205 - CalculateShipping - stripeOfficial => [\"5\"]', 'stripe_official', 0, 1, NULL, 1, 0, 0, '2026-06-11 12:27:26', '2026-06-11 12:27:26'),
(289, 1, 0, 'stripe_official - mTpeRec0ac1fNsoff - /stripe_official.php:1205 - CalculateShipping - stripeOfficial => [\"5\"]', 'stripe_official', 0, 1, NULL, 1, 0, 0, '2026-06-11 12:27:29', '2026-06-11 12:27:29'),
(290, 1, 0, 'stripe_official - mTpeRec0ac1fNsoff - /stripe_official.php:1205 - CalculateShipping - stripeOfficial => [\"5\"]', 'stripe_official', 0, 1, NULL, 1, 0, 0, '2026-06-11 12:27:29', '2026-06-11 12:27:29'),
(291, 1, 0, 'stripe_official - mTpeRec0ac1fNsoff - /controllers/front/handleOrderAction.php:64 - Selected handler: PaymentHandlerUsing flow: stripe_checkout', 'handleOrderAction', 13, 1, NULL, 1, 0, 0, '2026-06-11 12:28:13', '2026-06-11 12:28:13'),
(292, 1, 0, 'stripe_official - mTpeRec0ac1fNsoff - /classes/payment/PaymentHandler.php:80 - Confirmation token null Selected handler: CheckoutFlowHandlerNew', 'PaymentHandler', 0, 1, NULL, 1, 0, 0, '2026-06-11 12:28:13', '2026-06-11 12:28:13'),
(293, 1, 0, 'stripe_official - mTpeRec0ac1fNsoff - /classes/services/PrestashopBuildOrderService.php:62 - Build order model {\"cartId\":13,\"cart\":{\"id\":13,\"id_lang\":1,\"id_shop\":1,\"id_shop_list\":[],\"force_id\":false,\"id_shop_group\":1,\"id_address_delivery\":14,\"id_address_invoice\":14,\"id_currency\":1,\"id_customer\":10,\"id_guest\":12,\"recyclable\":0,\"gift\":0,\"gift_message\":\"\",\"mobile_theme\":0,\"date_add\":\"2026-06-11 12:27:25\",\"secure_key\":\"a7d5843ece6e52204f60b40e5c5949b7\",\"id_carrier\":5,\"date_upd\":\"2026-06-11 12:28:05\",\"checkedTos\":false,\"pictures\":null,\"textFields\":null,\"delivery_option\":\"{\\\"14\\\":\\\"5,\\\"}\",\"allow_seperated_package\":0},\"status\":\"23\",\"amount\":\"30.45\",\"paymentMethod\":null,\"paymentMethodType\":null,\"message\":\"Stripe Transaction ID: \",\"secureKey\":\"a7d5843ece6e52204f60b40e5c5949b7\",\"shop\":{\"id\":1,\"id_shop_list\":[],\"force_id\":false,\"id_shop_group\":1,\"id_category\":2,\"theme_name\":\"hummingbird\",\"name\":\" Nutritional\",\"color\":\"\",\"active\":\"1\",\"deleted\":\"0\",\"physical_uri\":\"\\/prestashop.sg\\/\",\"virtual_uri\":\"\",\"domain\":\"localhost\",\"domain_ssl\":\"localhost\",\"address\":null,\"theme\":{}},\"order\":null,\"orderId\":null,\"orderReference\":null}', 'PrestashopBuildOrderService', 13, 1, NULL, 1, 0, 0, '2026-06-11 12:28:13', '2026-06-11 12:28:13'),
(294, 1, 0, 'stripe_official - mTpeRec0ac1fNsoff - /classes/services/PrestashopOrderService.php:104 - After Validate PrestaShop Order: {\"id\":13,\"id_lang\":1,\"id_shop\":1,\"id_shop_list\":[],\"force_id\":false,\"id_address_delivery\":14,\"id_address_invoice\":14,\"id_shop_group\":1,\"id_cart\":13,\"id_currency\":1,\"id_customer\":10,\"id_carrier\":5,\"current_state\":23,\"secure_key\":\"a7d5843ece6e52204f60b40e5c5949b7\",\"payment\":\" via Stripe\",\"module\":\"stripe_official\",\"conversion_rate\":\"1.000000\",\"recyclable\":0,\"gift\":0,\"gift_message\":\"\",\"mobile_theme\":0,\"total_discounts\":\"0.000000\",\"total_discounts_tax_incl\":\"0.000000\",\"total_discounts_tax_excl\":\"0.000000\",\"total_paid\":\"30.450000\",\"total_paid_tax_incl\":\"30.450000\",\"total_paid_tax_excl\":\"29.000000\",\"total_paid_real\":\"30.450000\",\"total_products\":\"29.000000\",\"total_products_wt\":\"30.450000\",\"total_shipping\":\"0.000000\",\"total_shipping_tax_incl\":\"0.000000\",\"total_shipping_tax_excl\":\"0.000000\",\"carrier_tax_rate\":\"12.000\",\"total_wrapping\":\"0.000000\",\"total_wrapping_tax_incl\":\"0.000000\",\"total_wrapping_tax_excl\":\"0.000000\",\"invoice_number\":3,\"delivery_number\":0,\"invoice_date\":\"2026-06-11 12:28:13\",\"delivery_date\":\"0000-00-00 00:00:00\",\"valid\":1,\"date_add\":\"2026-06-11 12:28:13\",\"date_upd\":\"2026-06-11 12:28:14\",\"reference\":\"UYSCREQQH\",\"round_mode\":2,\"round_type\":2,\"note\":\"\",\"product_list\":[],\"weight\":null}', 'PrestashopOrderService', 13, 1, NULL, 1, 0, 0, '2026-06-11 12:28:14', '2026-06-11 12:28:14'),
(295, 1, 0, 'stripe_official - mTpeRec0ac1fNsoff - /classes/services/PrestashopBuildOrderService.php:65 - Create order model {\"cartId\":13,\"cart\":{\"id\":13,\"id_lang\":1,\"id_shop\":1,\"id_shop_list\":[],\"force_id\":false,\"id_shop_group\":1,\"id_address_delivery\":14,\"id_address_invoice\":14,\"id_currency\":1,\"id_customer\":10,\"id_guest\":12,\"recyclable\":0,\"gift\":0,\"gift_message\":\"\",\"mobile_theme\":0,\"date_add\":\"2026-06-11 12:27:25\",\"secure_key\":\"a7d5843ece6e52204f60b40e5c5949b7\",\"id_carrier\":5,\"date_upd\":\"2026-06-11 12:28:05\",\"checkedTos\":false,\"pictures\":null,\"textFields\":null,\"delivery_option\":\"{\\\"14\\\":\\\"5,\\\"}\",\"allow_seperated_package\":0},\"status\":\"23\",\"amount\":\"30.45\",\"paymentMethod\":null,\"paymentMethodType\":null,\"message\":\"Stripe Transaction ID: \",\"secureKey\":\"a7d5843ece6e52204f60b40e5c5949b7\",\"shop\":{\"id\":1,\"id_shop_list\":[],\"force_id\":false,\"id_shop_group\":1,\"id_category\":2,\"theme_name\":\"hummingbird\",\"name\":\" Nutritional\",\"color\":\"\",\"active\":\"1\",\"deleted\":\"0\",\"physical_uri\":\"\\/prestashop.sg\\/\",\"virtual_uri\":\"\",\"domain\":\"localhost\",\"domain_ssl\":\"localhost\",\"address\":null,\"theme\":{}},\"order\":{\"id\":13,\"id_lang\":1,\"id_shop\":1,\"id_shop_list\":[],\"force_id\":false,\"id_address_delivery\":14,\"id_address_invoice\":14,\"id_shop_group\":1,\"id_cart\":13,\"id_currency\":1,\"id_customer\":10,\"id_carrier\":5,\"current_state\":23,\"secure_key\":\"a7d5843ece6e52204f60b40e5c5949b7\",\"payment\":\" via Stripe\",\"module\":\"stripe_official\",\"conversion_rate\":\"1.000000\",\"recyclable\":0,\"gift\":0,\"gift_message\":\"\",\"mobile_theme\":0,\"total_discounts\":\"0.000000\",\"total_discounts_tax_incl\":\"0.000000\",\"total_discounts_tax_excl\":\"0.000000\",\"total_paid\":\"30.450000\",\"total_paid_tax_incl\":\"30.450000\",\"total_paid_tax_excl\":\"29.000000\",\"total_paid_real\":\"30.450000\",\"total_products\":\"29.000000\",\"total_products_wt\":\"30.450000\",\"total_shipping\":\"0.000000\",\"total_shipping_tax_incl\":\"0.000000\",\"total_shipping_tax_excl\":\"0.000000\",\"carrier_tax_rate\":\"12.000\",\"total_wrapping\":\"0.000000\",\"total_wrapping_tax_incl\":\"0.000000\",\"total_wrapping_tax_excl\":\"0.000000\",\"invoice_number\":3,\"delivery_number\":0,\"invoice_date\":\"2026-06-11 12:28:13\",\"delivery_date\":\"0000-00-00 00:00:00\",\"valid\":1,\"date_add\":\"2026-06-11 12:28:13\",\"date_upd\":\"2026-06-11 12:28:14\",\"reference\":\"UYSCREQQH\",\"round_mode\":2,\"round_type\":2,\"note\":\"\",\"product_list\":[],\"weight\":null},\"orderId\":13,\"orderReference\":\" Nutritional \\/ Reference: UYSCREQQH \\/ Order: 13\"}', 'PrestashopBuildOrderService', 13, 1, NULL, 1, 0, 0, '2026-06-11 12:28:14', '2026-06-11 12:28:14'),
(296, 3, 0, 'stripe_official - mTpeRec0ac1fNsoff - /classes/services/StripeCheckoutSessionService.php:144 - Create Stripe Checkout Session Error => The Checkout Session\'s total amount must convert to at least 50 cents. ₹30.45 converts to approximately $0.32. - #0 /opt/lampp/htdocs/prestashop.sg/modules/stripe_official/vendor/stripe/stripe-php/lib/Exception/InvalidRequestException.php(35): Stripe\\Exception\\ApiErrorException::factory(\'The Checkout Se...\', 400, \'{\\n  \"error\": {\\n...\', Array, Object(Stripe\\Util\\CaseInsensitiveArray), \'amount_too_smal...\')\n#1 /opt/lampp/htdocs/prestashop.sg/modules/stripe_official/vendor/stripe/stripe-php/lib/ApiRequestor.php(225): Stripe\\Exception\\InvalidRequestException::factory(\'The Checkout Se...\', 400, \'{\\n  \"error\": {\\n...\', Array, Object(Stripe\\Util\\CaseInsensitiveArray), \'amount_too_smal...\', NULL)\n#2 /opt/lampp/htdocs/prestashop.sg/modules/stripe_official/vendor/stripe/stripe-php/lib/ApiRequestor.php(187): Stripe\\ApiRequestor::_specificAPIError(\'{\\n  \"error\": {\\n...\', 400, Object(Stripe\\Util\\CaseInsensitiveArray), Array, Array)\n#3 /opt/lampp/htdocs/prestashop.sg/modules/stripe_official/vendor/stripe/stripe-php/lib/ApiRequestor.php(577): Stripe\\ApiRequestor->handleErrorResponse(\'{\\n  \"error\": {\\n...\', 400, Object(Stripe\\Util\\CaseInsensitiveArray), Array)\n#4 /opt/lampp/htdocs/prestashop.sg/modules/stripe_official/vendor/stripe/stripe-php/lib/ApiRequestor.php(135): Stripe\\ApiRequestor->_interpretResponse(\'{\\n  \"error\": {\\n...\', 400, Object(Stripe\\Util\\CaseInsensitiveArray))\n#5 /opt/lampp/htdocs/prestashop.sg/modules/stripe_official/vendor/stripe/stripe-php/lib/BaseStripeClient.php(158): Stripe\\ApiRequestor->request(\'post\', \'/v1/checkout/se...\', Array, Array, Array)\n#6 /opt/lampp/htdocs/prestashop.sg/modules/stripe_official/vendor/stripe/stripe-php/lib/Service/AbstractService.php(75): Stripe\\BaseStripeClient->request(\'post\', \'/v1/checkout/se...\', Array, Object(Stripe\\Util\\RequestOptions))\n#7 /opt/lampp/htdocs/prestashop.sg/modules/stripe_official/vendor/stripe/stripe-php/lib/Service/Checkout/SessionService.php(59): Stripe\\Service\\AbstractService->request(\'post\', \'/v1/checkout/se...\', Array, Array)\n#8 /opt/lampp/htdocs/prestashop.sg/modules/stripe_official/classes/services/StripeCheckoutSessionService.php(142): Stripe\\Service\\Checkout\\SessionService->create(Array, Array)\n#9 /opt/lampp/htdocs/prestashop.sg/modules/stripe_official/classes/services/StripeCheckoutSessionService.php(165): StripeCheckoutSessionService->createStripeCheckoutSession(Array, Array)\n#10 /opt/lampp/htdocs/prestashop.sg/modules/stripe_official/classes/payment/CheckoutFlowHandlerNew.php(115): StripeCheckoutSessionService->createCheckoutSession(Object(CartContextModel), \'1\', \'http://localhos...\', \'http://localhos...\', Object(OrderModel))\n#11 /opt/lampp/htdocs/prestashop.sg/modules/stripe_official/classes/payment/CheckoutFlowHandlerNew.php(78): CheckoutFlowHandlerNew->getStripeCheckoutUrl(\'1\')\n#12 /opt/lampp/htdocs/prestashop.sg/modules/stripe_official/classes/payment/PaymentHandler.php(57): CheckoutFlowHandlerNew->handlePayment(\'1\')\n#13 /opt/lampp/htdocs/prestashop.sg/modules/stripe_official/controllers/front/handleOrderAction.php(65): PaymentHandler->handlePayment(\'stripe_checkout\', \'1\', NULL, NULL)\n#14 /opt/lampp/htdocs/prestashop.sg/classes/controller/Controller.php(297): stripe_officialHandleOrderActionModuleFrontController->postProcess()\n#15 /opt/lampp/htdocs/prestashop.sg/classes/Dispatcher.php(468): ControllerCore->run()\n#16 /opt/lampp/htdocs/prestashop.sg/index.php(66): DispatcherCore->dispatch()\n#17 {main}', 'StripeCheckoutSessionService', 13, 1, NULL, 1, 0, 0, '2026-06-11 12:28:16', '2026-06-11 12:28:16'),
(297, 3, 0, 'stripe_official - mTpeRec0ac1fNsoff - /stripe_official.php:391 - Uncaught error 2: Attempt to read property \"id\" on null at: /opt/lampp/htdocs/prestashop.sg/modules/stripe_official/classes/StripeIdempotencyKey.php:191', 'GeneralErrors', 13, 1, NULL, 1, 0, 0, '2026-06-11 12:28:16', '2026-06-11 12:28:16'),
(298, 3, 0, 'stripe_official - mTpeRec0ac1fNsoff - /stripe_official.php:391 - Uncaught error 2: Attempt to read property \"id\" on null at: /opt/lampp/htdocs/prestashop.sg/modules/stripe_official/classes/StripePaymentIntent.php:283', 'GeneralErrors', 13, 1, NULL, 1, 0, 0, '2026-06-11 12:28:16', '2026-06-11 12:28:16'),
(299, 3, 0, 'stripe_official - mTpeRec0ac1fNsoff - /stripe_official.php:391 - Uncaught error 2: Attempt to read property \"id\" on null at: /opt/lampp/htdocs/prestashop.sg/modules/stripe_official/classes/StripePaymentIntent.php:294', 'GeneralErrors', 13, 1, NULL, 1, 0, 0, '2026-06-11 12:28:16', '2026-06-11 12:28:16'),
(300, 3, 0, 'stripe_official - mTpeRec0ac1fNsoff - /stripe_official.php:391 - Uncaught error 2: Attempt to read property \"currency\" on null at: /opt/lampp/htdocs/prestashop.sg/modules/stripe_official/classes/StripePaymentIntent.php:297', 'GeneralErrors', 13, 1, NULL, 1, 0, 0, '2026-06-11 12:28:16', '2026-06-11 12:28:16'),
(301, 3, 0, 'stripe_official - mTpeRec0ac1fNsoff - /stripe_official.php:391 - Uncaught error 2: Attempt to read property \"created\" on null at: /opt/lampp/htdocs/prestashop.sg/modules/stripe_official/classes/StripePaymentIntent.php:298', 'GeneralErrors', 13, 1, NULL, 1, 0, 0, '2026-06-11 12:28:16', '2026-06-11 12:28:16'),
(302, 3, 0, 'stripe_official - mTpeRec0ac1fNsoff - /stripe_official.php:391 - Uncaught error 2: Attempt to read property \"created\" on null at: /opt/lampp/htdocs/prestashop.sg/modules/stripe_official/classes/StripePaymentIntent.php:299', 'GeneralErrors', 13, 1, NULL, 1, 0, 0, '2026-06-11 12:28:16', '2026-06-11 12:28:16'),
(303, 3, 0, 'stripe_official - mTpeRec0ac1fNsoff - /stripe_official.php:391 - Uncaught error 2: Attempt to read property \"id\" on null at: /opt/lampp/htdocs/prestashop.sg/modules/stripe_official/classes/services/StripeCheckoutSessionService.php:174', 'GeneralErrors', 13, 1, NULL, 1, 0, 0, '2026-06-11 12:28:16', '2026-06-11 12:28:16'),
(304, 1, 0, 'stripe_official - mTpeRec0ac1fNsoff - /classes/services/StripeCheckoutSessionService.php:174 - Create Checkout Session Ending []', 'StripeCheckoutSessionService', 13, 1, NULL, 1, 0, 0, '2026-06-11 12:28:16', '2026-06-11 12:28:16'),
(305, 1, 0, 'stripe_official - mTpeRec0ac1fNsoff - /classes/payment/CheckoutFlowHandlerNew.php:117 - Checkout flow handler - checkout session: []', 'CheckoutFlowHandlerNew', 13, 1, NULL, 1, 0, 0, '2026-06-11 12:28:16', '2026-06-11 12:28:16'),
(306, 3, 0, 'stripe_official - mTpeRec0ac1fNsoff - /stripe_official.php:405 - Uncaught exception: PrestashopOrderService::createPsStripePaymentFromSession(): Argument #1 ($stripeCheckoutSession) must be of type Stripe\\Checkout\\Session, null given, called in /opt/lampp/htdocs/prestashop.sg/modules/stripe_official/classes/payment/CheckoutFlowHandlerNew.php on line 125 at: /opt/lampp/htdocs/prestashop.sg/modules/stripe_official/classes/services/PrestashopOrderService.php:304 Trace: #0 /opt/lampp/htdocs/prestashop.sg/modules/stripe_official/classes/payment/CheckoutFlowHandlerNew.php(125): PrestashopOrderService->createPsStripePaymentFromSession(NULL, Object(OrderModel))\n#1 /opt/lampp/htdocs/prestashop.sg/modules/stripe_official/classes/payment/CheckoutFlowHandlerNew.php(78): CheckoutFlowHandlerNew->getStripeCheckoutUrl(\'1\')\n#2 /opt/lampp/htdocs/prestashop.sg/modules/stripe_official/classes/payment/PaymentHandler.php(57): CheckoutFlowHandlerNew->handlePayment(\'1\')\n#3 /opt/lampp/htdocs/prestashop.sg/modules/stripe_official/controllers/front/handleOrderAction.php(65): PaymentHandler->handlePayment(\'stripe_checkout\', \'1\', NULL, NULL)\n#4 /opt/lampp/htdocs/prestashop.sg/classes/controller/Controller.php(297): stripe_officialHandleOrderActionModuleFrontController->postProcess()\n#5 /opt/lampp/htdocs/prestashop.sg/classes/Dispatcher.php(468): ControllerCore->run()\n#6 /opt/lampp/htdocs/prestashop.sg/index.php(66): DispatcherCore->dispatch()\n#7 {main}', 'GeneralErrors', 13, 1, NULL, 1, 0, 0, '2026-06-11 12:28:16', '2026-06-11 12:28:16'),
(307, 1, 0, 'Frontcontroller::init - Cart cannot be loaded or an order has already been placed using this cart', 'Cart', 13, 1, NULL, 1, 0, 0, '2026-06-11 12:28:25', '2026-06-11 12:28:25'),
(308, 2, 0, 'stripe_official - mTpeRec0ac1fNsoff - /controllers/front/handleOrderAction.php:82 - Cart could not be loaded - url called outside of context: localhost/prestashop.sg/module/stripe_official/handleOrderAction', 'handleOrderAction', 0, 1, NULL, 1, 0, 0, '2026-06-11 12:28:25', '2026-06-11 12:28:25'),
(309, 3, 0, 'stripe_official - mTpeRec0ac1fNsoff - /controllers/front/handleOrderAction.php:102 - Error retrieving last open checkout session for cart id 13 -> No valid idempotency key or payment intent found for cart id 13', 'handleOrderAction', 13, 1, NULL, 1, 0, 0, '2026-06-11 12:28:25', '2026-06-11 12:28:25'),
(310, 1, 0, 'stripe_official - mTpeRec0ac1fNsoff - /stripe_official.php:1205 - CalculateShipping - stripeOfficial => [\"5\"]', 'stripe_official', 0, 1, NULL, 1, 0, 0, '2026-06-11 12:29:02', '2026-06-11 12:29:02'),
(311, 1, 0, 'stripe_official - mTpeRec0ac1fNsoff - /stripe_official.php:1205 - CalculateShipping - stripeOfficial => [\"5\"]', 'stripe_official', 0, 1, NULL, 1, 0, 0, '2026-06-11 12:29:05', '2026-06-11 12:29:05'),
(312, 1, 0, 'stripe_official - mTpeRec0ac1fNsoff - /stripe_official.php:1205 - CalculateShipping - stripeOfficial => [\"5\"]', 'stripe_official', 0, 1, NULL, 1, 0, 0, '2026-06-11 12:29:05', '2026-06-11 12:29:05'),
(313, 1, 0, 'stripe_official - mTpeRec0ac1fNsoff - /controllers/front/handleOrderAction.php:64 - Selected handler: PaymentHandlerUsing flow: stripe_checkout', 'handleOrderAction', 14, 1, NULL, 1, 0, 0, '2026-06-11 12:29:35', '2026-06-11 12:29:35'),
(314, 1, 0, 'stripe_official - mTpeRec0ac1fNsoff - /classes/payment/PaymentHandler.php:80 - Confirmation token null Selected handler: CheckoutFlowHandlerNew', 'PaymentHandler', 0, 1, NULL, 1, 0, 0, '2026-06-11 12:29:35', '2026-06-11 12:29:35'),
(315, 1, 0, 'stripe_official - mTpeRec0ac1fNsoff - /classes/services/PrestashopBuildOrderService.php:62 - Build order model {\"cartId\":14,\"cart\":{\"id\":14,\"id_lang\":1,\"id_shop\":1,\"id_shop_list\":[],\"force_id\":false,\"id_shop_group\":1,\"id_address_delivery\":14,\"id_address_invoice\":14,\"id_currency\":1,\"id_customer\":10,\"id_guest\":12,\"recyclable\":0,\"gift\":0,\"gift_message\":\"\",\"mobile_theme\":0,\"date_add\":\"2026-06-11 12:29:02\",\"secure_key\":\"a7d5843ece6e52204f60b40e5c5949b7\",\"id_carrier\":5,\"date_upd\":\"2026-06-11 12:29:24\",\"checkedTos\":false,\"pictures\":null,\"textFields\":null,\"delivery_option\":\"{\\\"14\\\":\\\"5,\\\"}\",\"allow_seperated_package\":0},\"status\":\"23\",\"amount\":\"30.45\",\"paymentMethod\":null,\"paymentMethodType\":null,\"message\":\"Stripe Transaction ID: \",\"secureKey\":\"a7d5843ece6e52204f60b40e5c5949b7\",\"shop\":{\"id\":1,\"id_shop_list\":[],\"force_id\":false,\"id_shop_group\":1,\"id_category\":2,\"theme_name\":\"hummingbird\",\"name\":\" Nutritional\",\"color\":\"\",\"active\":\"1\",\"deleted\":\"0\",\"physical_uri\":\"\\/prestashop.sg\\/\",\"virtual_uri\":\"\",\"domain\":\"localhost\",\"domain_ssl\":\"localhost\",\"address\":null,\"theme\":{}},\"order\":null,\"orderId\":null,\"orderReference\":null}', 'PrestashopBuildOrderService', 14, 1, NULL, 1, 0, 0, '2026-06-11 12:29:35', '2026-06-11 12:29:35'),
(316, 1, 0, 'stripe_official - mTpeRec0ac1fNsoff - /classes/services/PrestashopOrderService.php:104 - After Validate PrestaShop Order: {\"id\":14,\"id_lang\":1,\"id_shop\":1,\"id_shop_list\":[],\"force_id\":false,\"id_address_delivery\":14,\"id_address_invoice\":14,\"id_shop_group\":1,\"id_cart\":14,\"id_currency\":1,\"id_customer\":10,\"id_carrier\":5,\"current_state\":23,\"secure_key\":\"a7d5843ece6e52204f60b40e5c5949b7\",\"payment\":\" via Stripe\",\"module\":\"stripe_official\",\"conversion_rate\":\"1.000000\",\"recyclable\":0,\"gift\":0,\"gift_message\":\"\",\"mobile_theme\":0,\"total_discounts\":\"0.000000\",\"total_discounts_tax_incl\":\"0.000000\",\"total_discounts_tax_excl\":\"0.000000\",\"total_paid\":\"30.450000\",\"total_paid_tax_incl\":\"30.450000\",\"total_paid_tax_excl\":\"29.000000\",\"total_paid_real\":\"30.450000\",\"total_products\":\"29.000000\",\"total_products_wt\":\"30.450000\",\"total_shipping\":\"0.000000\",\"total_shipping_tax_incl\":\"0.000000\",\"total_shipping_tax_excl\":\"0.000000\",\"carrier_tax_rate\":\"12.000\",\"total_wrapping\":\"0.000000\",\"total_wrapping_tax_incl\":\"0.000000\",\"total_wrapping_tax_excl\":\"0.000000\",\"invoice_number\":4,\"delivery_number\":0,\"invoice_date\":\"2026-06-11 12:29:36\",\"delivery_date\":\"0000-00-00 00:00:00\",\"valid\":1,\"date_add\":\"2026-06-11 12:29:36\",\"date_upd\":\"2026-06-11 12:29:36\",\"reference\":\"LQLUOMFHW\",\"round_mode\":2,\"round_type\":2,\"note\":\"\",\"product_list\":[],\"weight\":null}', 'PrestashopOrderService', 14, 1, NULL, 1, 0, 0, '2026-06-11 12:29:36', '2026-06-11 12:29:36'),
(317, 1, 0, 'stripe_official - mTpeRec0ac1fNsoff - /classes/services/PrestashopBuildOrderService.php:65 - Create order model {\"cartId\":14,\"cart\":{\"id\":14,\"id_lang\":1,\"id_shop\":1,\"id_shop_list\":[],\"force_id\":false,\"id_shop_group\":1,\"id_address_delivery\":14,\"id_address_invoice\":14,\"id_currency\":1,\"id_customer\":10,\"id_guest\":12,\"recyclable\":0,\"gift\":0,\"gift_message\":\"\",\"mobile_theme\":0,\"date_add\":\"2026-06-11 12:29:02\",\"secure_key\":\"a7d5843ece6e52204f60b40e5c5949b7\",\"id_carrier\":5,\"date_upd\":\"2026-06-11 12:29:24\",\"checkedTos\":false,\"pictures\":null,\"textFields\":null,\"delivery_option\":\"{\\\"14\\\":\\\"5,\\\"}\",\"allow_seperated_package\":0},\"status\":\"23\",\"amount\":\"30.45\",\"paymentMethod\":null,\"paymentMethodType\":null,\"message\":\"Stripe Transaction ID: \",\"secureKey\":\"a7d5843ece6e52204f60b40e5c5949b7\",\"shop\":{\"id\":1,\"id_shop_list\":[],\"force_id\":false,\"id_shop_group\":1,\"id_category\":2,\"theme_name\":\"hummingbird\",\"name\":\" Nutritional\",\"color\":\"\",\"active\":\"1\",\"deleted\":\"0\",\"physical_uri\":\"\\/prestashop.sg\\/\",\"virtual_uri\":\"\",\"domain\":\"localhost\",\"domain_ssl\":\"localhost\",\"address\":null,\"theme\":{}},\"order\":{\"id\":14,\"id_lang\":1,\"id_shop\":1,\"id_shop_list\":[],\"force_id\":false,\"id_address_delivery\":14,\"id_address_invoice\":14,\"id_shop_group\":1,\"id_cart\":14,\"id_currency\":1,\"id_customer\":10,\"id_carrier\":5,\"current_state\":23,\"secure_key\":\"a7d5843ece6e52204f60b40e5c5949b7\",\"payment\":\" via Stripe\",\"module\":\"stripe_official\",\"conversion_rate\":\"1.000000\",\"recyclable\":0,\"gift\":0,\"gift_message\":\"\",\"mobile_theme\":0,\"total_discounts\":\"0.000000\",\"total_discounts_tax_incl\":\"0.000000\",\"total_discounts_tax_excl\":\"0.000000\",\"total_paid\":\"30.450000\",\"total_paid_tax_incl\":\"30.450000\",\"total_paid_tax_excl\":\"29.000000\",\"total_paid_real\":\"30.450000\",\"total_products\":\"29.000000\",\"total_products_wt\":\"30.450000\",\"total_shipping\":\"0.000000\",\"total_shipping_tax_incl\":\"0.000000\",\"total_shipping_tax_excl\":\"0.000000\",\"carrier_tax_rate\":\"12.000\",\"total_wrapping\":\"0.000000\",\"total_wrapping_tax_incl\":\"0.000000\",\"total_wrapping_tax_excl\":\"0.000000\",\"invoice_number\":4,\"delivery_number\":0,\"invoice_date\":\"2026-06-11 12:29:36\",\"delivery_date\":\"0000-00-00 00:00:00\",\"valid\":1,\"date_add\":\"2026-06-11 12:29:36\",\"date_upd\":\"2026-06-11 12:29:36\",\"reference\":\"LQLUOMFHW\",\"round_mode\":2,\"round_type\":2,\"note\":\"\",\"product_list\":[],\"weight\":null},\"orderId\":14,\"orderReference\":\" Nutritional \\/ Reference: LQLUOMFHW \\/ Order: 14\"}', 'PrestashopBuildOrderService', 14, 1, NULL, 1, 0, 0, '2026-06-11 12:29:36', '2026-06-11 12:29:36'),
(318, 3, 0, 'stripe_official - mTpeRec0ac1fNsoff - /classes/services/StripeCheckoutSessionService.php:144 - Create Stripe Checkout Session Error => The Checkout Session\'s total amount must convert to at least 50 cents. ₹30.45 converts to approximately $0.32. - #0 /opt/lampp/htdocs/prestashop.sg/modules/stripe_official/vendor/stripe/stripe-php/lib/Exception/InvalidRequestException.php(35): Stripe\\Exception\\ApiErrorException::factory(\'The Checkout Se...\', 400, \'{\\n  \"error\": {\\n...\', Array, Object(Stripe\\Util\\CaseInsensitiveArray), \'amount_too_smal...\')\n#1 /opt/lampp/htdocs/prestashop.sg/modules/stripe_official/vendor/stripe/stripe-php/lib/ApiRequestor.php(225): Stripe\\Exception\\InvalidRequestException::factory(\'The Checkout Se...\', 400, \'{\\n  \"error\": {\\n...\', Array, Object(Stripe\\Util\\CaseInsensitiveArray), \'amount_too_smal...\', NULL)\n#2 /opt/lampp/htdocs/prestashop.sg/modules/stripe_official/vendor/stripe/stripe-php/lib/ApiRequestor.php(187): Stripe\\ApiRequestor::_specificAPIError(\'{\\n  \"error\": {\\n...\', 400, Object(Stripe\\Util\\CaseInsensitiveArray), Array, Array)\n#3 /opt/lampp/htdocs/prestashop.sg/modules/stripe_official/vendor/stripe/stripe-php/lib/ApiRequestor.php(577): Stripe\\ApiRequestor->handleErrorResponse(\'{\\n  \"error\": {\\n...\', 400, Object(Stripe\\Util\\CaseInsensitiveArray), Array)\n#4 /opt/lampp/htdocs/prestashop.sg/modules/stripe_official/vendor/stripe/stripe-php/lib/ApiRequestor.php(135): Stripe\\ApiRequestor->_interpretResponse(\'{\\n  \"error\": {\\n...\', 400, Object(Stripe\\Util\\CaseInsensitiveArray))\n#5 /opt/lampp/htdocs/prestashop.sg/modules/stripe_official/vendor/stripe/stripe-php/lib/BaseStripeClient.php(158): Stripe\\ApiRequestor->request(\'post\', \'/v1/checkout/se...\', Array, Array, Array)\n#6 /opt/lampp/htdocs/prestashop.sg/modules/stripe_official/vendor/stripe/stripe-php/lib/Service/AbstractService.php(75): Stripe\\BaseStripeClient->request(\'post\', \'/v1/checkout/se...\', Array, Object(Stripe\\Util\\RequestOptions))\n#7 /opt/lampp/htdocs/prestashop.sg/modules/stripe_official/vendor/stripe/stripe-php/lib/Service/Checkout/SessionService.php(59): Stripe\\Service\\AbstractService->request(\'post\', \'/v1/checkout/se...\', Array, Array)\n#8 /opt/lampp/htdocs/prestashop.sg/modules/stripe_official/classes/services/StripeCheckoutSessionService.php(142): Stripe\\Service\\Checkout\\SessionService->create(Array, Array)\n#9 /opt/lampp/htdocs/prestashop.sg/modules/stripe_official/classes/services/StripeCheckoutSessionService.php(165): StripeCheckoutSessionService->createStripeCheckoutSession(Array, Array)\n#10 /opt/lampp/htdocs/prestashop.sg/modules/stripe_official/classes/payment/CheckoutFlowHandlerNew.php(115): StripeCheckoutSessionService->createCheckoutSession(Object(CartContextModel), \'1\', \'http://localhos...\', \'http://localhos...\', Object(OrderModel))\n#11 /opt/lampp/htdocs/prestashop.sg/modules/stripe_official/classes/payment/CheckoutFlowHandlerNew.php(78): CheckoutFlowHandlerNew->getStripeCheckoutUrl(\'1\')\n#12 /opt/lampp/htdocs/prestashop.sg/modules/stripe_official/classes/payment/PaymentHandler.php(57): CheckoutFlowHandlerNew->handlePayment(\'1\')\n#13 /opt/lampp/htdocs/prestashop.sg/modules/stripe_official/controllers/front/handleOrderAction.php(65): PaymentHandler->handlePayment(\'stripe_checkout\', \'1\', NULL, NULL)\n#14 /opt/lampp/htdocs/prestashop.sg/classes/controller/Controller.php(297): stripe_officialHandleOrderActionModuleFrontController->postProcess()\n#15 /opt/lampp/htdocs/prestashop.sg/classes/Dispatcher.php(468): ControllerCore->run()\n#16 /opt/lampp/htdocs/prestashop.sg/index.php(66): DispatcherCore->dispatch()\n#17 {main}', 'StripeCheckoutSessionService', 14, 1, NULL, 1, 0, 0, '2026-06-11 12:29:38', '2026-06-11 12:29:38'),
(319, 3, 0, 'stripe_official - mTpeRec0ac1fNsoff - /stripe_official.php:391 - Uncaught error 2: Attempt to read property \"id\" on null at: /opt/lampp/htdocs/prestashop.sg/modules/stripe_official/classes/StripeIdempotencyKey.php:191', 'GeneralErrors', 14, 1, NULL, 1, 0, 0, '2026-06-11 12:29:38', '2026-06-11 12:29:38'),
(320, 3, 0, 'stripe_official - mTpeRec0ac1fNsoff - /stripe_official.php:391 - Uncaught error 2: Attempt to read property \"id\" on null at: /opt/lampp/htdocs/prestashop.sg/modules/stripe_official/classes/StripePaymentIntent.php:283', 'GeneralErrors', 14, 1, NULL, 1, 0, 0, '2026-06-11 12:29:38', '2026-06-11 12:29:38'),
(321, 3, 0, 'stripe_official - mTpeRec0ac1fNsoff - /stripe_official.php:391 - Uncaught error 2: Attempt to read property \"id\" on null at: /opt/lampp/htdocs/prestashop.sg/modules/stripe_official/classes/services/StripeCheckoutSessionService.php:174', 'GeneralErrors', 14, 1, NULL, 1, 0, 0, '2026-06-11 12:29:38', '2026-06-11 12:29:38'),
(322, 1, 0, 'stripe_official - mTpeRec0ac1fNsoff - /classes/services/StripeCheckoutSessionService.php:174 - Create Checkout Session Ending []', 'StripeCheckoutSessionService', 14, 1, NULL, 1, 0, 0, '2026-06-11 12:29:38', '2026-06-11 12:29:38'),
(323, 1, 0, 'stripe_official - mTpeRec0ac1fNsoff - /classes/payment/CheckoutFlowHandlerNew.php:117 - Checkout flow handler - checkout session: []', 'CheckoutFlowHandlerNew', 14, 1, NULL, 1, 0, 0, '2026-06-11 12:29:38', '2026-06-11 12:29:38'),
(324, 3, 0, 'stripe_official - mTpeRec0ac1fNsoff - /stripe_official.php:405 - Uncaught exception: PrestashopOrderService::createPsStripePaymentFromSession(): Argument #1 ($stripeCheckoutSession) must be of type Stripe\\Checkout\\Session, null given, called in /opt/lampp/htdocs/prestashop.sg/modules/stripe_official/classes/payment/CheckoutFlowHandlerNew.php on line 125 at: /opt/lampp/htdocs/prestashop.sg/modules/stripe_official/classes/services/PrestashopOrderService.php:304 Trace: #0 /opt/lampp/htdocs/prestashop.sg/modules/stripe_official/classes/payment/CheckoutFlowHandlerNew.php(125): PrestashopOrderService->createPsStripePaymentFromSession(NULL, Object(OrderModel))\n#1 /opt/lampp/htdocs/prestashop.sg/modules/stripe_official/classes/payment/CheckoutFlowHandlerNew.php(78): CheckoutFlowHandlerNew->getStripeCheckoutUrl(\'1\')\n#2 /opt/lampp/htdocs/prestashop.sg/modules/stripe_official/classes/payment/PaymentHandler.php(57): CheckoutFlowHandlerNew->handlePayment(\'1\')\n#3 /opt/lampp/htdocs/prestashop.sg/modules/stripe_official/controllers/front/handleOrderAction.php(65): PaymentHandler->handlePayment(\'stripe_checkout\', \'1\', NULL, NULL)\n#4 /opt/lampp/htdocs/prestashop.sg/classes/controller/Controller.php(297): stripe_officialHandleOrderActionModuleFrontController->postProcess()\n#5 /opt/lampp/htdocs/prestashop.sg/classes/Dispatcher.php(468): ControllerCore->run()\n#6 /opt/lampp/htdocs/prestashop.sg/index.php(66): DispatcherCore->dispatch()\n#7 {main}', 'GeneralErrors', 14, 1, NULL, 1, 0, 0, '2026-06-11 12:29:38', '2026-06-11 12:29:38'),
(325, 3, 0, 'stripe_official - mTpeRec0ac1fNsoff - /classes/StripeWebhook.php:58 - Create Stripe Webhook Error => Invalid URL: URL must be publicly accessible. Consider using a tool like the Stripe CLI to test webhooks locally: https://github.com/stripe/stripe-cli - #0 /opt/lampp/htdocs/prestashop.sg/modules/stripe_official/vendor/stripe/stripe-php/lib/Exception/InvalidRequestException.php(35): Stripe\\Exception\\ApiErrorException::factory(\'Invalid URL: UR...\', 400, \'{\\n  \"error\": {\\n...\', Array, Object(Stripe\\Util\\CaseInsensitiveArray), NULL)\n#1 /opt/lampp/htdocs/prestashop.sg/modules/stripe_official/vendor/stripe/stripe-php/lib/ApiRequestor.php(225): Stripe\\Exception\\InvalidRequestException::factory(\'Invalid URL: UR...\', 400, \'{\\n  \"error\": {\\n...\', Array, Object(Stripe\\Util\\CaseInsensitiveArray), NULL, \'url\')\n#2 /opt/lampp/htdocs/prestashop.sg/modules/stripe_official/vendor/stripe/stripe-php/lib/ApiRequestor.php(187): Stripe\\ApiRequestor::_specificAPIError(\'{\\n  \"error\": {\\n...\', 400, Object(Stripe\\Util\\CaseInsensitiveArray), Array, Array)\n#3 /opt/lampp/htdocs/prestashop.sg/modules/stripe_official/vendor/stripe/stripe-php/lib/ApiRequestor.php(577): Stripe\\ApiRequestor->handleErrorResponse(\'{\\n  \"error\": {\\n...\', 400, Object(Stripe\\Util\\CaseInsensitiveArray), Array)\n#4 /opt/lampp/htdocs/prestashop.sg/modules/stripe_official/vendor/stripe/stripe-php/lib/ApiRequestor.php(135): Stripe\\ApiRequestor->_interpretResponse(\'{\\n  \"error\": {\\n...\', 400, Object(Stripe\\Util\\CaseInsensitiveArray))\n#5 /opt/lampp/htdocs/prestashop.sg/modules/stripe_official/vendor/stripe/stripe-php/lib/BaseStripeClient.php(158): Stripe\\ApiRequestor->request(\'post\', \'/v1/webhook_end...\', Array, Array, Array)\n#6 /opt/lampp/htdocs/prestashop.sg/modules/stripe_official/vendor/stripe/stripe-php/lib/Service/AbstractService.php(75): Stripe\\BaseStripeClient->request(\'post\', \'/v1/webhook_end...\', Array, Object(Stripe\\Util\\RequestOptions))\n#7 /opt/lampp/htdocs/prestashop.sg/modules/stripe_official/vendor/stripe/stripe-php/lib/Service/WebhookEndpointService.php(48): Stripe\\Service\\AbstractService->request(\'post\', \'/v1/webhook_end...\', Array, NULL)\n#8 /opt/lampp/htdocs/prestashop.sg/modules/stripe_official/classes/StripeWebhook.php(56): Stripe\\Service\\WebhookEndpointService->create(Array)\n#9 /opt/lampp/htdocs/prestashop.sg/modules/stripe_official/classes/StripeWebhook.php(206): StripeWebhook->createStripeWebhook()\n#10 /opt/lampp/htdocs/prestashop.sg/modules/stripe_official/classes/services/Registration/RegisterWebhookSignatureService.php(47): StripeWebhook->registerWebhook()\n#11 /opt/lampp/htdocs/prestashop.sg/modules/stripe_official/classes/actions/ConfigurationActions.php(90): StripeOfficial\\Classes\\services\\Registration\\RegisterWebhookSignatureService->registerWebhookSignature()\n#12 [internal function]: ConfigurationActions->registerWebhookSignature()\n#13 /opt/lampp/htdocs/prestashop.sg/modules/stripe_official/vendor/totpsclasslib/src/Actions/ActionsHandler.php(154): call_user_func_array(Array, Array)\n#14 /opt/lampp/htdocs/prestashop.sg/modules/stripe_official/classes/services/MainGetContent/Actions/LoginAction.php(47): Stripe_officialClasslib\\Actions\\ActionsHandler->process(\'ConfigurationAc...\')\n#15 /opt/lampp/htdocs/prestashop.sg/modules/stripe_official/classes/services/MainGetContent/MainGetContentService.php(57): StripeOfficial\\Classes\\services\\MainGetContent\\Actions\\LoginAction->execute()\n#16 /opt/lampp/htdocs/prestashop.sg/modules/stripe_official/stripe_official.php(705): StripeOfficial\\Classes\\services\\MainGetContent\\MainGetContentService->getContent()\n#17 /opt/lampp/htdocs/prestashop.sg/src/PrestaShopBundle/Controller/Admin/Improve/ModuleController.php(135): Stripe_official->getContent()\n#18 /opt/lampp/htdocs/prestashop.sg/vendor/symfony/http-kernel/HttpKernel.php(181): PrestaShopBundle\\Controller\\Admin\\Improve\\ModuleController->configureModuleAction(\'stripe_official\', Object(PrestaShop\\PrestaShop\\Adapter\\LegacyContext))\n#19 /opt/lampp/htdocs/prestashop.sg/vendor/symfony/http-kernel/HttpKernel.php(76): Symfony\\Component\\HttpKernel\\HttpKernel->handleRaw(Object(Symfony\\Component\\HttpFoundation\\Request), 1)\n#20 /opt/lampp/htdocs/prestashop.sg/vendor/symfony/http-kernel/Kernel.php(208): Symfony\\Component\\HttpKernel\\HttpKernel->handle(Object(Symfony\\Component\\HttpFoundation\\Request), 1, true)\n#21 /opt/lampp/htdocs/prestashop.sg/admin8680wjnojvo4se3zg4a/index.php(72): Symfony\\Component\\HttpKernel\\Kernel->handle(Object(Symfony\\Component\\HttpFoundation\\Request), 1, true)\n#22 {main}', 'StripeWebhook', 0, 1, NULL, 1, 0, 1, '2026-06-11 12:30:42', '2026-06-11 12:30:42'),
(326, 1, 0, 'Frontcontroller::init - Cart cannot be loaded or an order has already been placed using this cart', 'Cart', 14, 1, NULL, 1, 0, 0, '2026-06-11 12:32:26', '2026-06-11 12:32:26'),
(327, 1, 0, 'stripe_official - mTpeIec0ac1fNsoff - /stripe_official.php:1205 - CalculateShipping - stripeOfficial => [\"5\"]', 'stripe_official', 0, 1, NULL, 1, 0, 0, '2026-06-11 12:34:01', '2026-06-11 12:34:01'),
(328, 1, 0, 'stripe_official - mTpeIec0ac1fNsoff - /stripe_official.php:1205 - CalculateShipping - stripeOfficial => [\"5\"]', 'stripe_official', 0, 1, NULL, 1, 0, 0, '2026-06-11 12:34:09', '2026-06-11 12:34:09'),
(329, 1, 0, 'stripe_official - mTpeIec0ac1fNsoff - /stripe_official.php:1205 - CalculateShipping - stripeOfficial => [\"5\"]', 'stripe_official', 0, 1, NULL, 1, 0, 0, '2026-06-11 12:34:09', '2026-06-11 12:34:09'),
(330, 3, 0, 'Mailer Error: Connection to \"process /usr/sbin/sendmail -bs\" has been closed unexpectedly.', 'MailerMessage', 0, 1, NULL, 1, 0, 0, '2026-06-11 12:35:10', '2026-06-11 12:35:10'),
(331, 3, 0, 'Mailer Error: Connection to \"process /usr/sbin/sendmail -bs\" has been closed unexpectedly.', 'MailerMessage', 0, 1, NULL, 1, 0, 0, '2026-06-11 12:35:10', '2026-06-11 12:35:10'),
(332, 1, 0, 'stripe_official - mTpeIec0ac1fNsoff - /stripe_official.php:1205 - CalculateShipping - stripeOfficial => [\"5\"]', 'stripe_official', 0, 1, NULL, 1, 0, 0, '2026-06-11 12:35:34', '2026-06-11 12:35:34'),
(333, 1, 0, 'stripe_official - mTpeIec0ac1fNsoff - /stripe_official.php:1205 - CalculateShipping - stripeOfficial => [\"5\"]', 'stripe_official', 0, 1, NULL, 1, 0, 0, '2026-06-11 12:35:38', '2026-06-11 12:35:38'),
(334, 1, 0, 'stripe_official - mTpeIec0ac1fNsoff - /stripe_official.php:1205 - CalculateShipping - stripeOfficial => [\"5\"]', 'stripe_official', 0, 1, NULL, 1, 0, 0, '2026-06-11 12:35:38', '2026-06-11 12:35:38'),
(335, 3, 0, 'stripe_official - mTpeIec0ac1fNsoff - /classes/StripeWebhook.php:58 - Create Stripe Webhook Error => Invalid URL: URL must be publicly accessible. Consider using a tool like the Stripe CLI to test webhooks locally: https://github.com/stripe/stripe-cli - #0 /opt/lampp/htdocs/prestashop.sg/modules/stripe_official/vendor/stripe/stripe-php/lib/Exception/InvalidRequestException.php(35): Stripe\\Exception\\ApiErrorException::factory(\'Invalid URL: UR...\', 400, \'{\\n  \"error\": {\\n...\', Array, Object(Stripe\\Util\\CaseInsensitiveArray), NULL)\n#1 /opt/lampp/htdocs/prestashop.sg/modules/stripe_official/vendor/stripe/stripe-php/lib/ApiRequestor.php(225): Stripe\\Exception\\InvalidRequestException::factory(\'Invalid URL: UR...\', 400, \'{\\n  \"error\": {\\n...\', Array, Object(Stripe\\Util\\CaseInsensitiveArray), NULL, \'url\')\n#2 /opt/lampp/htdocs/prestashop.sg/modules/stripe_official/vendor/stripe/stripe-php/lib/ApiRequestor.php(187): Stripe\\ApiRequestor::_specificAPIError(\'{\\n  \"error\": {\\n...\', 400, Object(Stripe\\Util\\CaseInsensitiveArray), Array, Array)\n#3 /opt/lampp/htdocs/prestashop.sg/modules/stripe_official/vendor/stripe/stripe-php/lib/ApiRequestor.php(577): Stripe\\ApiRequestor->handleErrorResponse(\'{\\n  \"error\": {\\n...\', 400, Object(Stripe\\Util\\CaseInsensitiveArray), Array)\n#4 /opt/lampp/htdocs/prestashop.sg/modules/stripe_official/vendor/stripe/stripe-php/lib/ApiRequestor.php(135): Stripe\\ApiRequestor->_interpretResponse(\'{\\n  \"error\": {\\n...\', 400, Object(Stripe\\Util\\CaseInsensitiveArray))\n#5 /opt/lampp/htdocs/prestashop.sg/modules/stripe_official/vendor/stripe/stripe-php/lib/BaseStripeClient.php(158): Stripe\\ApiRequestor->request(\'post\', \'/v1/webhook_end...\', Array, Array, Array)\n#6 /opt/lampp/htdocs/prestashop.sg/modules/stripe_official/vendor/stripe/stripe-php/lib/Service/AbstractService.php(75): Stripe\\BaseStripeClient->request(\'post\', \'/v1/webhook_end...\', Array, Object(Stripe\\Util\\RequestOptions))\n#7 /opt/lampp/htdocs/prestashop.sg/modules/stripe_official/vendor/stripe/stripe-php/lib/Service/WebhookEndpointService.php(48): Stripe\\Service\\AbstractService->request(\'post\', \'/v1/webhook_end...\', Array, NULL)\n#8 /opt/lampp/htdocs/prestashop.sg/modules/stripe_official/classes/StripeWebhook.php(56): Stripe\\Service\\WebhookEndpointService->create(Array)\n#9 /opt/lampp/htdocs/prestashop.sg/modules/stripe_official/classes/StripeWebhook.php(206): StripeWebhook->createStripeWebhook()\n#10 /opt/lampp/htdocs/prestashop.sg/modules/stripe_official/classes/services/Registration/RegisterWebhookSignatureService.php(47): StripeWebhook->registerWebhook()\n#11 /opt/lampp/htdocs/prestashop.sg/modules/stripe_official/classes/actions/ConfigurationActions.php(90): StripeOfficial\\Classes\\services\\Registration\\RegisterWebhookSignatureService->registerWebhookSignature()\n#12 [internal function]: ConfigurationActions->registerWebhookSignature()\n#13 /opt/lampp/htdocs/prestashop.sg/modules/stripe_official/vendor/totpsclasslib/src/Actions/ActionsHandler.php(154): call_user_func_array(Array, Array)\n#14 /opt/lampp/htdocs/prestashop.sg/modules/stripe_official/classes/services/MainGetContent/Actions/LoginAction.php(47): Stripe_officialClasslib\\Actions\\ActionsHandler->process(\'ConfigurationAc...\')\n#15 /opt/lampp/htdocs/prestashop.sg/modules/stripe_official/classes/services/MainGetContent/MainGetContentService.php(57): StripeOfficial\\Classes\\services\\MainGetContent\\Actions\\LoginAction->execute()\n#16 /opt/lampp/htdocs/prestashop.sg/modules/stripe_official/stripe_official.php(705): StripeOfficial\\Classes\\services\\MainGetContent\\MainGetContentService->getContent()\n#17 /opt/lampp/htdocs/prestashop.sg/src/PrestaShopBundle/Controller/Admin/Improve/ModuleController.php(135): Stripe_official->getContent()\n#18 /opt/lampp/htdocs/prestashop.sg/vendor/symfony/http-kernel/HttpKernel.php(181): PrestaShopBundle\\Controller\\Admin\\Improve\\ModuleController->configureModuleAction(\'stripe_official\', Object(PrestaShop\\PrestaShop\\Adapter\\LegacyContext))\n#19 /opt/lampp/htdocs/prestashop.sg/vendor/symfony/http-kernel/HttpKernel.php(76): Symfony\\Component\\HttpKernel\\HttpKernel->handleRaw(Object(Symfony\\Component\\HttpFoundation\\Request), 1)\n#20 /opt/lampp/htdocs/prestashop.sg/vendor/symfony/http-kernel/Kernel.php(208): Symfony\\Component\\HttpKernel\\HttpKernel->handle(Object(Symfony\\Component\\HttpFoundation\\Request), 1, true)\n#21 /opt/lampp/htdocs/prestashop.sg/admin8680wjnojvo4se3zg4a/index.php(72): Symfony\\Component\\HttpKernel\\Kernel->handle(Object(Symfony\\Component\\HttpFoundation\\Request), 1, true)\n#22 {main}', 'StripeWebhook', 0, 1, NULL, 1, 0, 1, '2026-06-11 12:39:49', '2026-06-11 12:39:49'),
(336, 1, 0, 'stripe_official - mTpeRec0ac1fNsoff - /controllers/front/handleOrderAction.php:64 - Selected handler: PaymentHandlerUsing flow: stripe_checkout', 'handleOrderAction', 16, 1, NULL, 1, 0, 0, '2026-06-11 12:41:56', '2026-06-11 12:41:56'),
(337, 1, 0, 'stripe_official - mTpeRec0ac1fNsoff - /classes/payment/PaymentHandler.php:80 - Confirmation token null Selected handler: CheckoutFlowHandlerNew', 'PaymentHandler', 0, 1, NULL, 1, 0, 0, '2026-06-11 12:41:56', '2026-06-11 12:41:56'),
(338, 1, 0, 'stripe_official - mTpeRec0ac1fNsoff - /classes/services/PrestashopBuildOrderService.php:62 - Build order model {\"cartId\":16,\"cart\":{\"id\":16,\"id_lang\":1,\"id_shop\":1,\"id_shop_list\":[],\"force_id\":false,\"id_shop_group\":1,\"id_address_delivery\":15,\"id_address_invoice\":15,\"id_currency\":1,\"id_customer\":11,\"id_guest\":13,\"recyclable\":0,\"gift\":0,\"gift_message\":\"\",\"mobile_theme\":0,\"date_add\":\"2026-06-11 12:35:33\",\"secure_key\":\"30cef14fdd9b5bbd6f7cb7f157af283c\",\"id_carrier\":5,\"date_upd\":\"2026-06-11 12:36:08\",\"checkedTos\":false,\"pictures\":null,\"textFields\":null,\"delivery_option\":\"{\\\"15\\\":\\\"5,\\\"}\",\"allow_seperated_package\":0},\"status\":\"23\",\"amount\":\"30.45\",\"paymentMethod\":null,\"paymentMethodType\":null,\"message\":\"Stripe Transaction ID: \",\"secureKey\":\"30cef14fdd9b5bbd6f7cb7f157af283c\",\"shop\":{\"id\":1,\"id_shop_list\":[],\"force_id\":false,\"id_shop_group\":1,\"id_category\":2,\"theme_name\":\"hummingbird\",\"name\":\" Nutritional\",\"color\":\"\",\"active\":\"1\",\"deleted\":\"0\",\"physical_uri\":\"\\/prestashop.sg\\/\",\"virtual_uri\":\"\",\"domain\":\"localhost\",\"domain_ssl\":\"localhost\",\"address\":null,\"theme\":{}},\"order\":null,\"orderId\":null,\"orderReference\":null}', 'PrestashopBuildOrderService', 16, 1, NULL, 1, 0, 0, '2026-06-11 12:41:56', '2026-06-11 12:41:56'),
(339, 1, 0, 'stripe_official - mTpeRec0ac1fNsoff - /classes/services/PrestashopOrderService.php:104 - After Validate PrestaShop Order: {\"id\":16,\"id_lang\":1,\"id_shop\":1,\"id_shop_list\":[],\"force_id\":false,\"id_address_delivery\":15,\"id_address_invoice\":15,\"id_shop_group\":1,\"id_cart\":16,\"id_currency\":1,\"id_customer\":11,\"id_carrier\":5,\"current_state\":23,\"secure_key\":\"30cef14fdd9b5bbd6f7cb7f157af283c\",\"payment\":\" via Stripe\",\"module\":\"stripe_official\",\"conversion_rate\":\"1.000000\",\"recyclable\":0,\"gift\":0,\"gift_message\":\"\",\"mobile_theme\":0,\"total_discounts\":\"0.000000\",\"total_discounts_tax_incl\":\"0.000000\",\"total_discounts_tax_excl\":\"0.000000\",\"total_paid\":\"30.450000\",\"total_paid_tax_incl\":\"30.450000\",\"total_paid_tax_excl\":\"29.000000\",\"total_paid_real\":\"30.450000\",\"total_products\":\"29.000000\",\"total_products_wt\":\"30.450000\",\"total_shipping\":\"0.000000\",\"total_shipping_tax_incl\":\"0.000000\",\"total_shipping_tax_excl\":\"0.000000\",\"carrier_tax_rate\":\"12.000\",\"total_wrapping\":\"0.000000\",\"total_wrapping_tax_incl\":\"0.000000\",\"total_wrapping_tax_excl\":\"0.000000\",\"invoice_number\":5,\"delivery_number\":0,\"invoice_date\":\"2026-06-11 12:41:57\",\"delivery_date\":\"0000-00-00 00:00:00\",\"valid\":1,\"date_add\":\"2026-06-11 12:41:57\",\"date_upd\":\"2026-06-11 12:41:57\",\"reference\":\"DUVEZWKKL\",\"round_mode\":2,\"round_type\":2,\"note\":\"\",\"product_list\":[],\"weight\":null}', 'PrestashopOrderService', 16, 1, NULL, 1, 0, 0, '2026-06-11 12:41:58', '2026-06-11 12:41:58');
INSERT INTO `xio8d_log` (`id_log`, `severity`, `error_code`, `message`, `object_type`, `object_id`, `id_shop`, `id_shop_group`, `id_lang`, `in_all_shops`, `id_employee`, `date_add`, `date_upd`) VALUES
(340, 1, 0, 'stripe_official - mTpeRec0ac1fNsoff - /classes/services/PrestashopBuildOrderService.php:65 - Create order model {\"cartId\":16,\"cart\":{\"id\":16,\"id_lang\":1,\"id_shop\":1,\"id_shop_list\":[],\"force_id\":false,\"id_shop_group\":1,\"id_address_delivery\":15,\"id_address_invoice\":15,\"id_currency\":1,\"id_customer\":11,\"id_guest\":13,\"recyclable\":0,\"gift\":0,\"gift_message\":\"\",\"mobile_theme\":0,\"date_add\":\"2026-06-11 12:35:33\",\"secure_key\":\"30cef14fdd9b5bbd6f7cb7f157af283c\",\"id_carrier\":5,\"date_upd\":\"2026-06-11 12:36:08\",\"checkedTos\":false,\"pictures\":null,\"textFields\":null,\"delivery_option\":\"{\\\"15\\\":\\\"5,\\\"}\",\"allow_seperated_package\":0},\"status\":\"23\",\"amount\":\"30.45\",\"paymentMethod\":null,\"paymentMethodType\":null,\"message\":\"Stripe Transaction ID: \",\"secureKey\":\"30cef14fdd9b5bbd6f7cb7f157af283c\",\"shop\":{\"id\":1,\"id_shop_list\":[],\"force_id\":false,\"id_shop_group\":1,\"id_category\":2,\"theme_name\":\"hummingbird\",\"name\":\" Nutritional\",\"color\":\"\",\"active\":\"1\",\"deleted\":\"0\",\"physical_uri\":\"\\/prestashop.sg\\/\",\"virtual_uri\":\"\",\"domain\":\"localhost\",\"domain_ssl\":\"localhost\",\"address\":null,\"theme\":{}},\"order\":{\"id\":16,\"id_lang\":1,\"id_shop\":1,\"id_shop_list\":[],\"force_id\":false,\"id_address_delivery\":15,\"id_address_invoice\":15,\"id_shop_group\":1,\"id_cart\":16,\"id_currency\":1,\"id_customer\":11,\"id_carrier\":5,\"current_state\":23,\"secure_key\":\"30cef14fdd9b5bbd6f7cb7f157af283c\",\"payment\":\" via Stripe\",\"module\":\"stripe_official\",\"conversion_rate\":\"1.000000\",\"recyclable\":0,\"gift\":0,\"gift_message\":\"\",\"mobile_theme\":0,\"total_discounts\":\"0.000000\",\"total_discounts_tax_incl\":\"0.000000\",\"total_discounts_tax_excl\":\"0.000000\",\"total_paid\":\"30.450000\",\"total_paid_tax_incl\":\"30.450000\",\"total_paid_tax_excl\":\"29.000000\",\"total_paid_real\":\"30.450000\",\"total_products\":\"29.000000\",\"total_products_wt\":\"30.450000\",\"total_shipping\":\"0.000000\",\"total_shipping_tax_incl\":\"0.000000\",\"total_shipping_tax_excl\":\"0.000000\",\"carrier_tax_rate\":\"12.000\",\"total_wrapping\":\"0.000000\",\"total_wrapping_tax_incl\":\"0.000000\",\"total_wrapping_tax_excl\":\"0.000000\",\"invoice_number\":5,\"delivery_number\":0,\"invoice_date\":\"2026-06-11 12:41:57\",\"delivery_date\":\"0000-00-00 00:00:00\",\"valid\":1,\"date_add\":\"2026-06-11 12:41:57\",\"date_upd\":\"2026-06-11 12:41:57\",\"reference\":\"DUVEZWKKL\",\"round_mode\":2,\"round_type\":2,\"note\":\"\",\"product_list\":[],\"weight\":null},\"orderId\":16,\"orderReference\":\" Nutritional \\/ Reference: DUVEZWKKL \\/ Order: 16\"}', 'PrestashopBuildOrderService', 16, 1, NULL, 1, 0, 0, '2026-06-11 12:41:58', '2026-06-11 12:41:58'),
(341, 3, 0, 'stripe_official - mTpeRec0ac1fNsoff - /classes/services/StripeCheckoutSessionService.php:144 - Create Stripe Checkout Session Error => The Checkout Session\'s total amount must convert to at least 50 cents. ₹30.45 converts to approximately $0.32. - #0 /opt/lampp/htdocs/prestashop.sg/modules/stripe_official/vendor/stripe/stripe-php/lib/Exception/InvalidRequestException.php(35): Stripe\\Exception\\ApiErrorException::factory(\'The Checkout Se...\', 400, \'{\\n  \"error\": {\\n...\', Array, Object(Stripe\\Util\\CaseInsensitiveArray), \'amount_too_smal...\')\n#1 /opt/lampp/htdocs/prestashop.sg/modules/stripe_official/vendor/stripe/stripe-php/lib/ApiRequestor.php(225): Stripe\\Exception\\InvalidRequestException::factory(\'The Checkout Se...\', 400, \'{\\n  \"error\": {\\n...\', Array, Object(Stripe\\Util\\CaseInsensitiveArray), \'amount_too_smal...\', NULL)\n#2 /opt/lampp/htdocs/prestashop.sg/modules/stripe_official/vendor/stripe/stripe-php/lib/ApiRequestor.php(187): Stripe\\ApiRequestor::_specificAPIError(\'{\\n  \"error\": {\\n...\', 400, Object(Stripe\\Util\\CaseInsensitiveArray), Array, Array)\n#3 /opt/lampp/htdocs/prestashop.sg/modules/stripe_official/vendor/stripe/stripe-php/lib/ApiRequestor.php(577): Stripe\\ApiRequestor->handleErrorResponse(\'{\\n  \"error\": {\\n...\', 400, Object(Stripe\\Util\\CaseInsensitiveArray), Array)\n#4 /opt/lampp/htdocs/prestashop.sg/modules/stripe_official/vendor/stripe/stripe-php/lib/ApiRequestor.php(135): Stripe\\ApiRequestor->_interpretResponse(\'{\\n  \"error\": {\\n...\', 400, Object(Stripe\\Util\\CaseInsensitiveArray))\n#5 /opt/lampp/htdocs/prestashop.sg/modules/stripe_official/vendor/stripe/stripe-php/lib/BaseStripeClient.php(158): Stripe\\ApiRequestor->request(\'post\', \'/v1/checkout/se...\', Array, Array, Array)\n#6 /opt/lampp/htdocs/prestashop.sg/modules/stripe_official/vendor/stripe/stripe-php/lib/Service/AbstractService.php(75): Stripe\\BaseStripeClient->request(\'post\', \'/v1/checkout/se...\', Array, Object(Stripe\\Util\\RequestOptions))\n#7 /opt/lampp/htdocs/prestashop.sg/modules/stripe_official/vendor/stripe/stripe-php/lib/Service/Checkout/SessionService.php(59): Stripe\\Service\\AbstractService->request(\'post\', \'/v1/checkout/se...\', Array, Array)\n#8 /opt/lampp/htdocs/prestashop.sg/modules/stripe_official/classes/services/StripeCheckoutSessionService.php(142): Stripe\\Service\\Checkout\\SessionService->create(Array, Array)\n#9 /opt/lampp/htdocs/prestashop.sg/modules/stripe_official/classes/services/StripeCheckoutSessionService.php(165): StripeCheckoutSessionService->createStripeCheckoutSession(Array, Array)\n#10 /opt/lampp/htdocs/prestashop.sg/modules/stripe_official/classes/payment/CheckoutFlowHandlerNew.php(115): StripeCheckoutSessionService->createCheckoutSession(Object(CartContextModel), \'1\', \'http://localhos...\', \'http://localhos...\', Object(OrderModel))\n#11 /opt/lampp/htdocs/prestashop.sg/modules/stripe_official/classes/payment/CheckoutFlowHandlerNew.php(78): CheckoutFlowHandlerNew->getStripeCheckoutUrl(\'1\')\n#12 /opt/lampp/htdocs/prestashop.sg/modules/stripe_official/classes/payment/PaymentHandler.php(57): CheckoutFlowHandlerNew->handlePayment(\'1\')\n#13 /opt/lampp/htdocs/prestashop.sg/modules/stripe_official/controllers/front/handleOrderAction.php(65): PaymentHandler->handlePayment(\'stripe_checkout\', \'1\', NULL, NULL)\n#14 /opt/lampp/htdocs/prestashop.sg/classes/controller/Controller.php(297): stripe_officialHandleOrderActionModuleFrontController->postProcess()\n#15 /opt/lampp/htdocs/prestashop.sg/classes/Dispatcher.php(468): ControllerCore->run()\n#16 /opt/lampp/htdocs/prestashop.sg/index.php(66): DispatcherCore->dispatch()\n#17 {main}', 'StripeCheckoutSessionService', 16, 1, NULL, 1, 0, 0, '2026-06-11 12:42:01', '2026-06-11 12:42:01'),
(342, 3, 0, 'stripe_official - mTpeRec0ac1fNsoff - /stripe_official.php:391 - Uncaught error 2: Attempt to read property \"id\" on null at: /opt/lampp/htdocs/prestashop.sg/modules/stripe_official/classes/StripeIdempotencyKey.php:191', 'GeneralErrors', 16, 1, NULL, 1, 0, 0, '2026-06-11 12:42:01', '2026-06-11 12:42:01'),
(343, 3, 0, 'stripe_official - mTpeRec0ac1fNsoff - /stripe_official.php:391 - Uncaught error 2: Attempt to read property \"id\" on null at: /opt/lampp/htdocs/prestashop.sg/modules/stripe_official/classes/StripePaymentIntent.php:283', 'GeneralErrors', 16, 1, NULL, 1, 0, 0, '2026-06-11 12:42:01', '2026-06-11 12:42:01'),
(344, 3, 0, 'stripe_official - mTpeRec0ac1fNsoff - /stripe_official.php:391 - Uncaught error 2: Attempt to read property \"id\" on null at: /opt/lampp/htdocs/prestashop.sg/modules/stripe_official/classes/services/StripeCheckoutSessionService.php:174', 'GeneralErrors', 16, 1, NULL, 1, 0, 0, '2026-06-11 12:42:01', '2026-06-11 12:42:01'),
(345, 1, 0, 'stripe_official - mTpeRec0ac1fNsoff - /classes/services/StripeCheckoutSessionService.php:174 - Create Checkout Session Ending []', 'StripeCheckoutSessionService', 16, 1, NULL, 1, 0, 0, '2026-06-11 12:42:01', '2026-06-11 12:42:01'),
(346, 1, 0, 'stripe_official - mTpeRec0ac1fNsoff - /classes/payment/CheckoutFlowHandlerNew.php:117 - Checkout flow handler - checkout session: []', 'CheckoutFlowHandlerNew', 16, 1, NULL, 1, 0, 0, '2026-06-11 12:42:01', '2026-06-11 12:42:01'),
(347, 3, 0, 'stripe_official - mTpeRec0ac1fNsoff - /stripe_official.php:405 - Uncaught exception: PrestashopOrderService::createPsStripePaymentFromSession(): Argument #1 ($stripeCheckoutSession) must be of type Stripe\\Checkout\\Session, null given, called in /opt/lampp/htdocs/prestashop.sg/modules/stripe_official/classes/payment/CheckoutFlowHandlerNew.php on line 125 at: /opt/lampp/htdocs/prestashop.sg/modules/stripe_official/classes/services/PrestashopOrderService.php:304 Trace: #0 /opt/lampp/htdocs/prestashop.sg/modules/stripe_official/classes/payment/CheckoutFlowHandlerNew.php(125): PrestashopOrderService->createPsStripePaymentFromSession(NULL, Object(OrderModel))\n#1 /opt/lampp/htdocs/prestashop.sg/modules/stripe_official/classes/payment/CheckoutFlowHandlerNew.php(78): CheckoutFlowHandlerNew->getStripeCheckoutUrl(\'1\')\n#2 /opt/lampp/htdocs/prestashop.sg/modules/stripe_official/classes/payment/PaymentHandler.php(57): CheckoutFlowHandlerNew->handlePayment(\'1\')\n#3 /opt/lampp/htdocs/prestashop.sg/modules/stripe_official/controllers/front/handleOrderAction.php(65): PaymentHandler->handlePayment(\'stripe_checkout\', \'1\', NULL, NULL)\n#4 /opt/lampp/htdocs/prestashop.sg/classes/controller/Controller.php(297): stripe_officialHandleOrderActionModuleFrontController->postProcess()\n#5 /opt/lampp/htdocs/prestashop.sg/classes/Dispatcher.php(468): ControllerCore->run()\n#6 /opt/lampp/htdocs/prestashop.sg/index.php(66): DispatcherCore->dispatch()\n#7 {main}', 'GeneralErrors', 16, 1, NULL, 1, 0, 0, '2026-06-11 12:42:01', '2026-06-11 12:42:01'),
(348, 1, 0, 'Frontcontroller::init - Cart cannot be loaded or an order has already been placed using this cart', 'Cart', 16, 1, NULL, 1, 0, 0, '2026-06-11 12:42:11', '2026-06-11 12:42:11'),
(349, 2, 0, 'stripe_official - mTpeRec0ac1fNsoff - /controllers/front/handleOrderAction.php:82 - Cart could not be loaded - url called outside of context: localhost/prestashop.sg/module/stripe_official/handleOrderAction', 'handleOrderAction', 0, 1, NULL, 1, 0, 0, '2026-06-11 12:42:11', '2026-06-11 12:42:11'),
(350, 3, 0, 'stripe_official - mTpeRec0ac1fNsoff - /controllers/front/handleOrderAction.php:102 - Error retrieving last open checkout session for cart id 16 -> No valid idempotency key or payment intent found for cart id 16', 'handleOrderAction', 16, 1, NULL, 1, 0, 0, '2026-06-11 12:42:11', '2026-06-11 12:42:11'),
(351, 1, 0, 'stripe_official - mTpeRec0ac1fNsoff - /stripe_official.php:1205 - CalculateShipping - stripeOfficial => [\"5\"]', 'stripe_official', 0, 1, NULL, 1, 0, 0, '2026-06-11 12:44:19', '2026-06-11 12:44:19'),
(352, 1, 0, 'stripe_official - mTpeRec0ac1fNsoff - /stripe_official.php:1205 - CalculateShipping - stripeOfficial => [\"5\"]', 'stripe_official', 0, 1, NULL, 1, 0, 0, '2026-06-11 12:44:22', '2026-06-11 12:44:22'),
(353, 1, 0, 'stripe_official - mTpeRec0ac1fNsoff - /stripe_official.php:1205 - CalculateShipping - stripeOfficial => [\"5\"]', 'stripe_official', 0, 1, NULL, 1, 0, 0, '2026-06-11 12:44:22', '2026-06-11 12:44:22'),
(354, 1, 0, 'stripe_official - mTpeRec0ac1fNsoff - /controllers/front/handleOrderAction.php:64 - Selected handler: PaymentHandlerUsing flow: stripe_checkout', 'handleOrderAction', 17, 1, NULL, 1, 0, 0, '2026-06-11 12:45:04', '2026-06-11 12:45:04'),
(355, 1, 0, 'stripe_official - mTpeRec0ac1fNsoff - /classes/payment/PaymentHandler.php:80 - Confirmation token null Selected handler: CheckoutFlowHandlerNew', 'PaymentHandler', 0, 1, NULL, 1, 0, 0, '2026-06-11 12:45:04', '2026-06-11 12:45:04'),
(356, 1, 0, 'stripe_official - mTpeRec0ac1fNsoff - /classes/services/PrestashopBuildOrderService.php:62 - Build order model {\"cartId\":17,\"cart\":{\"id\":17,\"id_lang\":1,\"id_shop\":1,\"id_shop_list\":[],\"force_id\":false,\"id_shop_group\":1,\"id_address_delivery\":15,\"id_address_invoice\":15,\"id_currency\":1,\"id_customer\":11,\"id_guest\":13,\"recyclable\":0,\"gift\":0,\"gift_message\":\"\",\"mobile_theme\":0,\"date_add\":\"2026-06-11 12:44:19\",\"secure_key\":\"30cef14fdd9b5bbd6f7cb7f157af283c\",\"id_carrier\":5,\"date_upd\":\"2026-06-11 12:44:55\",\"checkedTos\":false,\"pictures\":null,\"textFields\":null,\"delivery_option\":\"{\\\"15\\\":\\\"5,\\\"}\",\"allow_seperated_package\":0},\"status\":\"23\",\"amount\":\"30.45\",\"paymentMethod\":null,\"paymentMethodType\":null,\"message\":\"Stripe Transaction ID: \",\"secureKey\":\"30cef14fdd9b5bbd6f7cb7f157af283c\",\"shop\":{\"id\":1,\"id_shop_list\":[],\"force_id\":false,\"id_shop_group\":1,\"id_category\":2,\"theme_name\":\"hummingbird\",\"name\":\" Nutritional\",\"color\":\"\",\"active\":\"1\",\"deleted\":\"0\",\"physical_uri\":\"\\/prestashop.sg\\/\",\"virtual_uri\":\"\",\"domain\":\"localhost\",\"domain_ssl\":\"localhost\",\"address\":null,\"theme\":{}},\"order\":null,\"orderId\":null,\"orderReference\":null}', 'PrestashopBuildOrderService', 17, 1, NULL, 1, 0, 0, '2026-06-11 12:45:04', '2026-06-11 12:45:04'),
(357, 1, 0, 'stripe_official - mTpeRec0ac1fNsoff - /classes/services/PrestashopOrderService.php:104 - After Validate PrestaShop Order: {\"id\":17,\"id_lang\":1,\"id_shop\":1,\"id_shop_list\":[],\"force_id\":false,\"id_address_delivery\":15,\"id_address_invoice\":15,\"id_shop_group\":1,\"id_cart\":17,\"id_currency\":1,\"id_customer\":11,\"id_carrier\":5,\"current_state\":23,\"secure_key\":\"30cef14fdd9b5bbd6f7cb7f157af283c\",\"payment\":\" via Stripe\",\"module\":\"stripe_official\",\"conversion_rate\":\"1.000000\",\"recyclable\":0,\"gift\":0,\"gift_message\":\"\",\"mobile_theme\":0,\"total_discounts\":\"0.000000\",\"total_discounts_tax_incl\":\"0.000000\",\"total_discounts_tax_excl\":\"0.000000\",\"total_paid\":\"30.450000\",\"total_paid_tax_incl\":\"30.450000\",\"total_paid_tax_excl\":\"29.000000\",\"total_paid_real\":\"30.450000\",\"total_products\":\"29.000000\",\"total_products_wt\":\"30.450000\",\"total_shipping\":\"0.000000\",\"total_shipping_tax_incl\":\"0.000000\",\"total_shipping_tax_excl\":\"0.000000\",\"carrier_tax_rate\":\"12.000\",\"total_wrapping\":\"0.000000\",\"total_wrapping_tax_incl\":\"0.000000\",\"total_wrapping_tax_excl\":\"0.000000\",\"invoice_number\":6,\"delivery_number\":0,\"invoice_date\":\"2026-06-11 12:45:05\",\"delivery_date\":\"0000-00-00 00:00:00\",\"valid\":1,\"date_add\":\"2026-06-11 12:45:05\",\"date_upd\":\"2026-06-11 12:45:05\",\"reference\":\"PFUBYSBXE\",\"round_mode\":2,\"round_type\":2,\"note\":\"\",\"product_list\":[],\"weight\":null}', 'PrestashopOrderService', 17, 1, NULL, 1, 0, 0, '2026-06-11 12:45:05', '2026-06-11 12:45:05'),
(358, 1, 0, 'stripe_official - mTpeRec0ac1fNsoff - /classes/services/PrestashopBuildOrderService.php:65 - Create order model {\"cartId\":17,\"cart\":{\"id\":17,\"id_lang\":1,\"id_shop\":1,\"id_shop_list\":[],\"force_id\":false,\"id_shop_group\":1,\"id_address_delivery\":15,\"id_address_invoice\":15,\"id_currency\":1,\"id_customer\":11,\"id_guest\":13,\"recyclable\":0,\"gift\":0,\"gift_message\":\"\",\"mobile_theme\":0,\"date_add\":\"2026-06-11 12:44:19\",\"secure_key\":\"30cef14fdd9b5bbd6f7cb7f157af283c\",\"id_carrier\":5,\"date_upd\":\"2026-06-11 12:44:55\",\"checkedTos\":false,\"pictures\":null,\"textFields\":null,\"delivery_option\":\"{\\\"15\\\":\\\"5,\\\"}\",\"allow_seperated_package\":0},\"status\":\"23\",\"amount\":\"30.45\",\"paymentMethod\":null,\"paymentMethodType\":null,\"message\":\"Stripe Transaction ID: \",\"secureKey\":\"30cef14fdd9b5bbd6f7cb7f157af283c\",\"shop\":{\"id\":1,\"id_shop_list\":[],\"force_id\":false,\"id_shop_group\":1,\"id_category\":2,\"theme_name\":\"hummingbird\",\"name\":\" Nutritional\",\"color\":\"\",\"active\":\"1\",\"deleted\":\"0\",\"physical_uri\":\"\\/prestashop.sg\\/\",\"virtual_uri\":\"\",\"domain\":\"localhost\",\"domain_ssl\":\"localhost\",\"address\":null,\"theme\":{}},\"order\":{\"id\":17,\"id_lang\":1,\"id_shop\":1,\"id_shop_list\":[],\"force_id\":false,\"id_address_delivery\":15,\"id_address_invoice\":15,\"id_shop_group\":1,\"id_cart\":17,\"id_currency\":1,\"id_customer\":11,\"id_carrier\":5,\"current_state\":23,\"secure_key\":\"30cef14fdd9b5bbd6f7cb7f157af283c\",\"payment\":\" via Stripe\",\"module\":\"stripe_official\",\"conversion_rate\":\"1.000000\",\"recyclable\":0,\"gift\":0,\"gift_message\":\"\",\"mobile_theme\":0,\"total_discounts\":\"0.000000\",\"total_discounts_tax_incl\":\"0.000000\",\"total_discounts_tax_excl\":\"0.000000\",\"total_paid\":\"30.450000\",\"total_paid_tax_incl\":\"30.450000\",\"total_paid_tax_excl\":\"29.000000\",\"total_paid_real\":\"30.450000\",\"total_products\":\"29.000000\",\"total_products_wt\":\"30.450000\",\"total_shipping\":\"0.000000\",\"total_shipping_tax_incl\":\"0.000000\",\"total_shipping_tax_excl\":\"0.000000\",\"carrier_tax_rate\":\"12.000\",\"total_wrapping\":\"0.000000\",\"total_wrapping_tax_incl\":\"0.000000\",\"total_wrapping_tax_excl\":\"0.000000\",\"invoice_number\":6,\"delivery_number\":0,\"invoice_date\":\"2026-06-11 12:45:05\",\"delivery_date\":\"0000-00-00 00:00:00\",\"valid\":1,\"date_add\":\"2026-06-11 12:45:05\",\"date_upd\":\"2026-06-11 12:45:05\",\"reference\":\"PFUBYSBXE\",\"round_mode\":2,\"round_type\":2,\"note\":\"\",\"product_list\":[],\"weight\":null},\"orderId\":17,\"orderReference\":\" Nutritional \\/ Reference: PFUBYSBXE \\/ Order: 17\"}', 'PrestashopBuildOrderService', 17, 1, NULL, 1, 0, 0, '2026-06-11 12:45:05', '2026-06-11 12:45:05'),
(359, 3, 0, 'stripe_official - mTpeRec0ac1fNsoff - /classes/services/StripeCheckoutSessionService.php:144 - Create Stripe Checkout Session Error => The Checkout Session\'s total amount must convert to at least 50 cents. ₹30.45 converts to approximately $0.32. - #0 /opt/lampp/htdocs/prestashop.sg/modules/stripe_official/vendor/stripe/stripe-php/lib/Exception/InvalidRequestException.php(35): Stripe\\Exception\\ApiErrorException::factory(\'The Checkout Se...\', 400, \'{\\n  \"error\": {\\n...\', Array, Object(Stripe\\Util\\CaseInsensitiveArray), \'amount_too_smal...\')\n#1 /opt/lampp/htdocs/prestashop.sg/modules/stripe_official/vendor/stripe/stripe-php/lib/ApiRequestor.php(225): Stripe\\Exception\\InvalidRequestException::factory(\'The Checkout Se...\', 400, \'{\\n  \"error\": {\\n...\', Array, Object(Stripe\\Util\\CaseInsensitiveArray), \'amount_too_smal...\', NULL)\n#2 /opt/lampp/htdocs/prestashop.sg/modules/stripe_official/vendor/stripe/stripe-php/lib/ApiRequestor.php(187): Stripe\\ApiRequestor::_specificAPIError(\'{\\n  \"error\": {\\n...\', 400, Object(Stripe\\Util\\CaseInsensitiveArray), Array, Array)\n#3 /opt/lampp/htdocs/prestashop.sg/modules/stripe_official/vendor/stripe/stripe-php/lib/ApiRequestor.php(577): Stripe\\ApiRequestor->handleErrorResponse(\'{\\n  \"error\": {\\n...\', 400, Object(Stripe\\Util\\CaseInsensitiveArray), Array)\n#4 /opt/lampp/htdocs/prestashop.sg/modules/stripe_official/vendor/stripe/stripe-php/lib/ApiRequestor.php(135): Stripe\\ApiRequestor->_interpretResponse(\'{\\n  \"error\": {\\n...\', 400, Object(Stripe\\Util\\CaseInsensitiveArray))\n#5 /opt/lampp/htdocs/prestashop.sg/modules/stripe_official/vendor/stripe/stripe-php/lib/BaseStripeClient.php(158): Stripe\\ApiRequestor->request(\'post\', \'/v1/checkout/se...\', Array, Array, Array)\n#6 /opt/lampp/htdocs/prestashop.sg/modules/stripe_official/vendor/stripe/stripe-php/lib/Service/AbstractService.php(75): Stripe\\BaseStripeClient->request(\'post\', \'/v1/checkout/se...\', Array, Object(Stripe\\Util\\RequestOptions))\n#7 /opt/lampp/htdocs/prestashop.sg/modules/stripe_official/vendor/stripe/stripe-php/lib/Service/Checkout/SessionService.php(59): Stripe\\Service\\AbstractService->request(\'post\', \'/v1/checkout/se...\', Array, Array)\n#8 /opt/lampp/htdocs/prestashop.sg/modules/stripe_official/classes/services/StripeCheckoutSessionService.php(142): Stripe\\Service\\Checkout\\SessionService->create(Array, Array)\n#9 /opt/lampp/htdocs/prestashop.sg/modules/stripe_official/classes/services/StripeCheckoutSessionService.php(165): StripeCheckoutSessionService->createStripeCheckoutSession(Array, Array)\n#10 /opt/lampp/htdocs/prestashop.sg/modules/stripe_official/classes/payment/CheckoutFlowHandlerNew.php(115): StripeCheckoutSessionService->createCheckoutSession(Object(CartContextModel), \'1\', \'http://localhos...\', \'http://localhos...\', Object(OrderModel))\n#11 /opt/lampp/htdocs/prestashop.sg/modules/stripe_official/classes/payment/CheckoutFlowHandlerNew.php(78): CheckoutFlowHandlerNew->getStripeCheckoutUrl(\'1\')\n#12 /opt/lampp/htdocs/prestashop.sg/modules/stripe_official/classes/payment/PaymentHandler.php(57): CheckoutFlowHandlerNew->handlePayment(\'1\')\n#13 /opt/lampp/htdocs/prestashop.sg/modules/stripe_official/controllers/front/handleOrderAction.php(65): PaymentHandler->handlePayment(\'stripe_checkout\', \'1\', NULL, NULL)\n#14 /opt/lampp/htdocs/prestashop.sg/classes/controller/Controller.php(297): stripe_officialHandleOrderActionModuleFrontController->postProcess()\n#15 /opt/lampp/htdocs/prestashop.sg/classes/Dispatcher.php(468): ControllerCore->run()\n#16 /opt/lampp/htdocs/prestashop.sg/index.php(66): DispatcherCore->dispatch()\n#17 {main}', 'StripeCheckoutSessionService', 17, 1, NULL, 1, 0, 0, '2026-06-11 12:45:07', '2026-06-11 12:45:07'),
(360, 3, 0, 'stripe_official - mTpeRec0ac1fNsoff - /stripe_official.php:391 - Uncaught error 2: Attempt to read property \"id\" on null at: /opt/lampp/htdocs/prestashop.sg/modules/stripe_official/classes/StripeIdempotencyKey.php:191', 'GeneralErrors', 17, 1, NULL, 1, 0, 0, '2026-06-11 12:45:07', '2026-06-11 12:45:07'),
(361, 3, 0, 'stripe_official - mTpeRec0ac1fNsoff - /stripe_official.php:391 - Uncaught error 2: Attempt to read property \"id\" on null at: /opt/lampp/htdocs/prestashop.sg/modules/stripe_official/classes/StripePaymentIntent.php:283', 'GeneralErrors', 17, 1, NULL, 1, 0, 0, '2026-06-11 12:45:07', '2026-06-11 12:45:07'),
(362, 3, 0, 'stripe_official - mTpeRec0ac1fNsoff - /stripe_official.php:391 - Uncaught error 2: Attempt to read property \"id\" on null at: /opt/lampp/htdocs/prestashop.sg/modules/stripe_official/classes/services/StripeCheckoutSessionService.php:174', 'GeneralErrors', 17, 1, NULL, 1, 0, 0, '2026-06-11 12:45:07', '2026-06-11 12:45:07'),
(363, 1, 0, 'stripe_official - mTpeRec0ac1fNsoff - /classes/services/StripeCheckoutSessionService.php:174 - Create Checkout Session Ending []', 'StripeCheckoutSessionService', 17, 1, NULL, 1, 0, 0, '2026-06-11 12:45:07', '2026-06-11 12:45:07'),
(364, 1, 0, 'stripe_official - mTpeRec0ac1fNsoff - /classes/payment/CheckoutFlowHandlerNew.php:117 - Checkout flow handler - checkout session: []', 'CheckoutFlowHandlerNew', 17, 1, NULL, 1, 0, 0, '2026-06-11 12:45:07', '2026-06-11 12:45:07'),
(365, 3, 0, 'stripe_official - mTpeRec0ac1fNsoff - /stripe_official.php:405 - Uncaught exception: PrestashopOrderService::createPsStripePaymentFromSession(): Argument #1 ($stripeCheckoutSession) must be of type Stripe\\Checkout\\Session, null given, called in /opt/lampp/htdocs/prestashop.sg/modules/stripe_official/classes/payment/CheckoutFlowHandlerNew.php on line 125 at: /opt/lampp/htdocs/prestashop.sg/modules/stripe_official/classes/services/PrestashopOrderService.php:304 Trace: #0 /opt/lampp/htdocs/prestashop.sg/modules/stripe_official/classes/payment/CheckoutFlowHandlerNew.php(125): PrestashopOrderService->createPsStripePaymentFromSession(NULL, Object(OrderModel))\n#1 /opt/lampp/htdocs/prestashop.sg/modules/stripe_official/classes/payment/CheckoutFlowHandlerNew.php(78): CheckoutFlowHandlerNew->getStripeCheckoutUrl(\'1\')\n#2 /opt/lampp/htdocs/prestashop.sg/modules/stripe_official/classes/payment/PaymentHandler.php(57): CheckoutFlowHandlerNew->handlePayment(\'1\')\n#3 /opt/lampp/htdocs/prestashop.sg/modules/stripe_official/controllers/front/handleOrderAction.php(65): PaymentHandler->handlePayment(\'stripe_checkout\', \'1\', NULL, NULL)\n#4 /opt/lampp/htdocs/prestashop.sg/classes/controller/Controller.php(297): stripe_officialHandleOrderActionModuleFrontController->postProcess()\n#5 /opt/lampp/htdocs/prestashop.sg/classes/Dispatcher.php(468): ControllerCore->run()\n#6 /opt/lampp/htdocs/prestashop.sg/index.php(66): DispatcherCore->dispatch()\n#7 {main}', 'GeneralErrors', 17, 1, NULL, 1, 0, 0, '2026-06-11 12:45:07', '2026-06-11 12:45:07'),
(366, 1, 0, 'Frontcontroller::init - Cart cannot be loaded or an order has already been placed using this cart', 'Cart', 17, 1, NULL, 1, 0, 0, '2026-06-11 12:46:49', '2026-06-11 12:46:49'),
(367, 1, 0, 'stripe_official - mTpeRec0ac1fNsoff - /stripe_official.php:1205 - CalculateShipping - stripeOfficial => [\"5\"]', 'stripe_official', 0, 1, NULL, 1, 0, 0, '2026-06-11 12:48:05', '2026-06-11 12:48:05'),
(368, 1, 0, 'stripe_official - mTpeRec0ac1fNsoff - /stripe_official.php:1205 - CalculateShipping - stripeOfficial => [\"5\"]', 'stripe_official', 0, 1, NULL, 1, 0, 0, '2026-06-11 12:48:08', '2026-06-11 12:48:08'),
(369, 1, 0, 'stripe_official - mTpeRec0ac1fNsoff - /stripe_official.php:1205 - CalculateShipping - stripeOfficial => [\"5\"]', 'stripe_official', 0, 1, NULL, 1, 0, 0, '2026-06-11 12:48:09', '2026-06-11 12:48:09'),
(370, 1, 0, 'stripe_official - mTpeRec0ac1fNsoff - /controllers/front/handleOrderAction.php:64 - Selected handler: PaymentHandlerUsing flow: stripe_checkout', 'handleOrderAction', 18, 1, NULL, 1, 0, 0, '2026-06-11 12:48:53', '2026-06-11 12:48:53'),
(371, 1, 0, 'stripe_official - mTpeRec0ac1fNsoff - /classes/payment/PaymentHandler.php:80 - Confirmation token null Selected handler: CheckoutFlowHandlerNew', 'PaymentHandler', 0, 1, NULL, 1, 0, 0, '2026-06-11 12:48:53', '2026-06-11 12:48:53'),
(372, 1, 0, 'stripe_official - mTpeRec0ac1fNsoff - /classes/services/PrestashopBuildOrderService.php:62 - Build order model {\"cartId\":18,\"cart\":{\"id\":18,\"id_lang\":1,\"id_shop\":1,\"id_shop_list\":[],\"force_id\":false,\"id_shop_group\":1,\"id_address_delivery\":15,\"id_address_invoice\":15,\"id_currency\":1,\"id_customer\":11,\"id_guest\":13,\"recyclable\":0,\"gift\":0,\"gift_message\":\"\",\"mobile_theme\":0,\"date_add\":\"2026-06-11 12:48:04\",\"secure_key\":\"30cef14fdd9b5bbd6f7cb7f157af283c\",\"id_carrier\":5,\"date_upd\":\"2026-06-11 12:48:45\",\"checkedTos\":false,\"pictures\":null,\"textFields\":null,\"delivery_option\":\"{\\\"15\\\":\\\"5,\\\"}\",\"allow_seperated_package\":0},\"status\":\"23\",\"amount\":\"13.55\",\"paymentMethod\":null,\"paymentMethodType\":null,\"message\":\"Stripe Transaction ID: \",\"secureKey\":\"30cef14fdd9b5bbd6f7cb7f157af283c\",\"shop\":{\"id\":1,\"id_shop_list\":[],\"force_id\":false,\"id_shop_group\":1,\"id_category\":2,\"theme_name\":\"hummingbird\",\"name\":\" Nutritional\",\"color\":\"\",\"active\":\"1\",\"deleted\":\"0\",\"physical_uri\":\"\\/prestashop.sg\\/\",\"virtual_uri\":\"\",\"domain\":\"localhost\",\"domain_ssl\":\"localhost\",\"address\":null,\"theme\":{}},\"order\":null,\"orderId\":null,\"orderReference\":null}', 'PrestashopBuildOrderService', 18, 1, NULL, 1, 0, 0, '2026-06-11 12:48:53', '2026-06-11 12:48:53'),
(373, 1, 0, 'stripe_official - mTpeRec0ac1fNsoff - /classes/services/PrestashopOrderService.php:104 - After Validate PrestaShop Order: {\"id\":18,\"id_lang\":1,\"id_shop\":1,\"id_shop_list\":[],\"force_id\":false,\"id_address_delivery\":15,\"id_address_invoice\":15,\"id_shop_group\":1,\"id_cart\":18,\"id_currency\":1,\"id_customer\":11,\"id_carrier\":5,\"current_state\":23,\"secure_key\":\"30cef14fdd9b5bbd6f7cb7f157af283c\",\"payment\":\" via Stripe\",\"module\":\"stripe_official\",\"conversion_rate\":\"1.000000\",\"recyclable\":0,\"gift\":0,\"gift_message\":\"\",\"mobile_theme\":0,\"total_discounts\":\"0.000000\",\"total_discounts_tax_incl\":\"0.000000\",\"total_discounts_tax_excl\":\"0.000000\",\"total_paid\":\"13.550000\",\"total_paid_tax_incl\":\"13.550000\",\"total_paid_tax_excl\":\"12.900000\",\"total_paid_real\":\"13.550000\",\"total_products\":\"12.900000\",\"total_products_wt\":\"13.550000\",\"total_shipping\":\"0.000000\",\"total_shipping_tax_incl\":\"0.000000\",\"total_shipping_tax_excl\":\"0.000000\",\"carrier_tax_rate\":\"12.000\",\"total_wrapping\":\"0.000000\",\"total_wrapping_tax_incl\":\"0.000000\",\"total_wrapping_tax_excl\":\"0.000000\",\"invoice_number\":7,\"delivery_number\":0,\"invoice_date\":\"2026-06-11 12:48:53\",\"delivery_date\":\"0000-00-00 00:00:00\",\"valid\":1,\"date_add\":\"2026-06-11 12:48:53\",\"date_upd\":\"2026-06-11 12:48:53\",\"reference\":\"UPEJDQEAG\",\"round_mode\":2,\"round_type\":2,\"note\":\"\",\"product_list\":[],\"weight\":null}', 'PrestashopOrderService', 18, 1, NULL, 1, 0, 0, '2026-06-11 12:48:54', '2026-06-11 12:48:54'),
(374, 1, 0, 'stripe_official - mTpeRec0ac1fNsoff - /classes/services/PrestashopBuildOrderService.php:65 - Create order model {\"cartId\":18,\"cart\":{\"id\":18,\"id_lang\":1,\"id_shop\":1,\"id_shop_list\":[],\"force_id\":false,\"id_shop_group\":1,\"id_address_delivery\":15,\"id_address_invoice\":15,\"id_currency\":1,\"id_customer\":11,\"id_guest\":13,\"recyclable\":0,\"gift\":0,\"gift_message\":\"\",\"mobile_theme\":0,\"date_add\":\"2026-06-11 12:48:04\",\"secure_key\":\"30cef14fdd9b5bbd6f7cb7f157af283c\",\"id_carrier\":5,\"date_upd\":\"2026-06-11 12:48:45\",\"checkedTos\":false,\"pictures\":null,\"textFields\":null,\"delivery_option\":\"{\\\"15\\\":\\\"5,\\\"}\",\"allow_seperated_package\":0},\"status\":\"23\",\"amount\":\"13.55\",\"paymentMethod\":null,\"paymentMethodType\":null,\"message\":\"Stripe Transaction ID: \",\"secureKey\":\"30cef14fdd9b5bbd6f7cb7f157af283c\",\"shop\":{\"id\":1,\"id_shop_list\":[],\"force_id\":false,\"id_shop_group\":1,\"id_category\":2,\"theme_name\":\"hummingbird\",\"name\":\" Nutritional\",\"color\":\"\",\"active\":\"1\",\"deleted\":\"0\",\"physical_uri\":\"\\/prestashop.sg\\/\",\"virtual_uri\":\"\",\"domain\":\"localhost\",\"domain_ssl\":\"localhost\",\"address\":null,\"theme\":{}},\"order\":{\"id\":18,\"id_lang\":1,\"id_shop\":1,\"id_shop_list\":[],\"force_id\":false,\"id_address_delivery\":15,\"id_address_invoice\":15,\"id_shop_group\":1,\"id_cart\":18,\"id_currency\":1,\"id_customer\":11,\"id_carrier\":5,\"current_state\":23,\"secure_key\":\"30cef14fdd9b5bbd6f7cb7f157af283c\",\"payment\":\" via Stripe\",\"module\":\"stripe_official\",\"conversion_rate\":\"1.000000\",\"recyclable\":0,\"gift\":0,\"gift_message\":\"\",\"mobile_theme\":0,\"total_discounts\":\"0.000000\",\"total_discounts_tax_incl\":\"0.000000\",\"total_discounts_tax_excl\":\"0.000000\",\"total_paid\":\"13.550000\",\"total_paid_tax_incl\":\"13.550000\",\"total_paid_tax_excl\":\"12.900000\",\"total_paid_real\":\"13.550000\",\"total_products\":\"12.900000\",\"total_products_wt\":\"13.550000\",\"total_shipping\":\"0.000000\",\"total_shipping_tax_incl\":\"0.000000\",\"total_shipping_tax_excl\":\"0.000000\",\"carrier_tax_rate\":\"12.000\",\"total_wrapping\":\"0.000000\",\"total_wrapping_tax_incl\":\"0.000000\",\"total_wrapping_tax_excl\":\"0.000000\",\"invoice_number\":7,\"delivery_number\":0,\"invoice_date\":\"2026-06-11 12:48:53\",\"delivery_date\":\"0000-00-00 00:00:00\",\"valid\":1,\"date_add\":\"2026-06-11 12:48:53\",\"date_upd\":\"2026-06-11 12:48:53\",\"reference\":\"UPEJDQEAG\",\"round_mode\":2,\"round_type\":2,\"note\":\"\",\"product_list\":[],\"weight\":null},\"orderId\":18,\"orderReference\":\" Nutritional \\/ Reference: UPEJDQEAG \\/ Order: 18\"}', 'PrestashopBuildOrderService', 18, 1, NULL, 1, 0, 0, '2026-06-11 12:48:54', '2026-06-11 12:48:54'),
(375, 3, 0, 'stripe_official - mTpeRec0ac1fNsoff - /classes/services/StripeCheckoutSessionService.php:144 - Create Stripe Checkout Session Error => The Checkout Session\'s total amount must convert to at least 50 cents. ₹13.55 converts to approximately $0.14. - #0 /opt/lampp/htdocs/prestashop.sg/modules/stripe_official/vendor/stripe/stripe-php/lib/Exception/InvalidRequestException.php(35): Stripe\\Exception\\ApiErrorException::factory(\'The Checkout Se...\', 400, \'{\\n  \"error\": {\\n...\', Array, Object(Stripe\\Util\\CaseInsensitiveArray), \'amount_too_smal...\')\n#1 /opt/lampp/htdocs/prestashop.sg/modules/stripe_official/vendor/stripe/stripe-php/lib/ApiRequestor.php(225): Stripe\\Exception\\InvalidRequestException::factory(\'The Checkout Se...\', 400, \'{\\n  \"error\": {\\n...\', Array, Object(Stripe\\Util\\CaseInsensitiveArray), \'amount_too_smal...\', NULL)\n#2 /opt/lampp/htdocs/prestashop.sg/modules/stripe_official/vendor/stripe/stripe-php/lib/ApiRequestor.php(187): Stripe\\ApiRequestor::_specificAPIError(\'{\\n  \"error\": {\\n...\', 400, Object(Stripe\\Util\\CaseInsensitiveArray), Array, Array)\n#3 /opt/lampp/htdocs/prestashop.sg/modules/stripe_official/vendor/stripe/stripe-php/lib/ApiRequestor.php(577): Stripe\\ApiRequestor->handleErrorResponse(\'{\\n  \"error\": {\\n...\', 400, Object(Stripe\\Util\\CaseInsensitiveArray), Array)\n#4 /opt/lampp/htdocs/prestashop.sg/modules/stripe_official/vendor/stripe/stripe-php/lib/ApiRequestor.php(135): Stripe\\ApiRequestor->_interpretResponse(\'{\\n  \"error\": {\\n...\', 400, Object(Stripe\\Util\\CaseInsensitiveArray))\n#5 /opt/lampp/htdocs/prestashop.sg/modules/stripe_official/vendor/stripe/stripe-php/lib/BaseStripeClient.php(158): Stripe\\ApiRequestor->request(\'post\', \'/v1/checkout/se...\', Array, Array, Array)\n#6 /opt/lampp/htdocs/prestashop.sg/modules/stripe_official/vendor/stripe/stripe-php/lib/Service/AbstractService.php(75): Stripe\\BaseStripeClient->request(\'post\', \'/v1/checkout/se...\', Array, Object(Stripe\\Util\\RequestOptions))\n#7 /opt/lampp/htdocs/prestashop.sg/modules/stripe_official/vendor/stripe/stripe-php/lib/Service/Checkout/SessionService.php(59): Stripe\\Service\\AbstractService->request(\'post\', \'/v1/checkout/se...\', Array, Array)\n#8 /opt/lampp/htdocs/prestashop.sg/modules/stripe_official/classes/services/StripeCheckoutSessionService.php(142): Stripe\\Service\\Checkout\\SessionService->create(Array, Array)\n#9 /opt/lampp/htdocs/prestashop.sg/modules/stripe_official/classes/services/StripeCheckoutSessionService.php(165): StripeCheckoutSessionService->createStripeCheckoutSession(Array, Array)\n#10 /opt/lampp/htdocs/prestashop.sg/modules/stripe_official/classes/payment/CheckoutFlowHandlerNew.php(115): StripeCheckoutSessionService->createCheckoutSession(Object(CartContextModel), \'1\', \'http://localhos...\', \'http://localhos...\', Object(OrderModel))\n#11 /opt/lampp/htdocs/prestashop.sg/modules/stripe_official/classes/payment/CheckoutFlowHandlerNew.php(78): CheckoutFlowHandlerNew->getStripeCheckoutUrl(\'1\')\n#12 /opt/lampp/htdocs/prestashop.sg/modules/stripe_official/classes/payment/PaymentHandler.php(57): CheckoutFlowHandlerNew->handlePayment(\'1\')\n#13 /opt/lampp/htdocs/prestashop.sg/modules/stripe_official/controllers/front/handleOrderAction.php(65): PaymentHandler->handlePayment(\'stripe_checkout\', \'1\', NULL, NULL)\n#14 /opt/lampp/htdocs/prestashop.sg/classes/controller/Controller.php(297): stripe_officialHandleOrderActionModuleFrontController->postProcess()\n#15 /opt/lampp/htdocs/prestashop.sg/classes/Dispatcher.php(468): ControllerCore->run()\n#16 /opt/lampp/htdocs/prestashop.sg/index.php(66): DispatcherCore->dispatch()\n#17 {main}', 'StripeCheckoutSessionService', 18, 1, NULL, 1, 0, 0, '2026-06-11 12:48:56', '2026-06-11 12:48:56'),
(376, 3, 0, 'stripe_official - mTpeRec0ac1fNsoff - /stripe_official.php:391 - Uncaught error 2: Attempt to read property \"id\" on null at: /opt/lampp/htdocs/prestashop.sg/modules/stripe_official/classes/StripeIdempotencyKey.php:191', 'GeneralErrors', 18, 1, NULL, 1, 0, 0, '2026-06-11 12:48:56', '2026-06-11 12:48:56'),
(377, 3, 0, 'stripe_official - mTpeRec0ac1fNsoff - /stripe_official.php:391 - Uncaught error 2: Attempt to read property \"id\" on null at: /opt/lampp/htdocs/prestashop.sg/modules/stripe_official/classes/StripePaymentIntent.php:283', 'GeneralErrors', 18, 1, NULL, 1, 0, 0, '2026-06-11 12:48:56', '2026-06-11 12:48:56'),
(378, 3, 0, 'stripe_official - mTpeRec0ac1fNsoff - /stripe_official.php:391 - Uncaught error 2: Attempt to read property \"id\" on null at: /opt/lampp/htdocs/prestashop.sg/modules/stripe_official/classes/services/StripeCheckoutSessionService.php:174', 'GeneralErrors', 18, 1, NULL, 1, 0, 0, '2026-06-11 12:48:56', '2026-06-11 12:48:56'),
(379, 1, 0, 'stripe_official - mTpeRec0ac1fNsoff - /classes/services/StripeCheckoutSessionService.php:174 - Create Checkout Session Ending []', 'StripeCheckoutSessionService', 18, 1, NULL, 1, 0, 0, '2026-06-11 12:48:56', '2026-06-11 12:48:56'),
(380, 1, 0, 'stripe_official - mTpeRec0ac1fNsoff - /classes/payment/CheckoutFlowHandlerNew.php:117 - Checkout flow handler - checkout session: []', 'CheckoutFlowHandlerNew', 18, 1, NULL, 1, 0, 0, '2026-06-11 12:48:56', '2026-06-11 12:48:56'),
(381, 3, 0, 'stripe_official - mTpeRec0ac1fNsoff - /stripe_official.php:405 - Uncaught exception: PrestashopOrderService::createPsStripePaymentFromSession(): Argument #1 ($stripeCheckoutSession) must be of type Stripe\\Checkout\\Session, null given, called in /opt/lampp/htdocs/prestashop.sg/modules/stripe_official/classes/payment/CheckoutFlowHandlerNew.php on line 125 at: /opt/lampp/htdocs/prestashop.sg/modules/stripe_official/classes/services/PrestashopOrderService.php:304 Trace: #0 /opt/lampp/htdocs/prestashop.sg/modules/stripe_official/classes/payment/CheckoutFlowHandlerNew.php(125): PrestashopOrderService->createPsStripePaymentFromSession(NULL, Object(OrderModel))\n#1 /opt/lampp/htdocs/prestashop.sg/modules/stripe_official/classes/payment/CheckoutFlowHandlerNew.php(78): CheckoutFlowHandlerNew->getStripeCheckoutUrl(\'1\')\n#2 /opt/lampp/htdocs/prestashop.sg/modules/stripe_official/classes/payment/PaymentHandler.php(57): CheckoutFlowHandlerNew->handlePayment(\'1\')\n#3 /opt/lampp/htdocs/prestashop.sg/modules/stripe_official/controllers/front/handleOrderAction.php(65): PaymentHandler->handlePayment(\'stripe_checkout\', \'1\', NULL, NULL)\n#4 /opt/lampp/htdocs/prestashop.sg/classes/controller/Controller.php(297): stripe_officialHandleOrderActionModuleFrontController->postProcess()\n#5 /opt/lampp/htdocs/prestashop.sg/classes/Dispatcher.php(468): ControllerCore->run()\n#6 /opt/lampp/htdocs/prestashop.sg/index.php(66): DispatcherCore->dispatch()\n#7 {main}', 'GeneralErrors', 18, 1, NULL, 1, 0, 0, '2026-06-11 12:48:56', '2026-06-11 12:48:56'),
(382, 1, 0, 'Frontcontroller::init - Cart cannot be loaded or an order has already been placed using this cart', 'Cart', 18, 1, NULL, 1, 0, 0, '2026-06-11 12:50:01', '2026-06-11 12:50:01'),
(383, 1, 0, 'stripe_official - mTpeRec0ac1fNsoff - /stripe_official.php:1205 - CalculateShipping - stripeOfficial => [\"5\"]', 'stripe_official', 0, 1, NULL, 1, 0, 0, '2026-06-11 12:52:29', '2026-06-11 12:52:29'),
(384, 1, 0, 'stripe_official - mTpeRec0ac1fNsoff - /stripe_official.php:1205 - CalculateShipping - stripeOfficial => [\"5\"]', 'stripe_official', 0, 1, NULL, 1, 0, 0, '2026-06-11 12:52:32', '2026-06-11 12:52:32'),
(385, 1, 0, 'stripe_official - mTpeRec0ac1fNsoff - /stripe_official.php:1205 - CalculateShipping - stripeOfficial => [\"5\"]', 'stripe_official', 0, 1, NULL, 1, 0, 0, '2026-06-11 12:52:33', '2026-06-11 12:52:33'),
(386, 1, 0, 'stripe_official - mTpeRec0ac1fNsoff - /controllers/front/handleOrderAction.php:64 - Selected handler: PaymentHandlerUsing flow: stripe_checkout', 'handleOrderAction', 19, 1, NULL, 1, 0, 0, '2026-06-11 12:53:09', '2026-06-11 12:53:09'),
(387, 1, 0, 'stripe_official - mTpeRec0ac1fNsoff - /classes/payment/PaymentHandler.php:80 - Confirmation token null Selected handler: CheckoutFlowHandlerNew', 'PaymentHandler', 0, 1, NULL, 1, 0, 0, '2026-06-11 12:53:09', '2026-06-11 12:53:09'),
(388, 1, 0, 'stripe_official - mTpeRec0ac1fNsoff - /classes/services/PrestashopBuildOrderService.php:62 - Build order model {\"cartId\":19,\"cart\":{\"id\":19,\"id_lang\":1,\"id_shop\":1,\"id_shop_list\":[],\"force_id\":false,\"id_shop_group\":1,\"id_address_delivery\":15,\"id_address_invoice\":15,\"id_currency\":1,\"id_customer\":11,\"id_guest\":13,\"recyclable\":0,\"gift\":0,\"gift_message\":\"\",\"mobile_theme\":0,\"date_add\":\"2026-06-11 12:52:28\",\"secure_key\":\"30cef14fdd9b5bbd6f7cb7f157af283c\",\"id_carrier\":5,\"date_upd\":\"2026-06-11 12:52:56\",\"checkedTos\":false,\"pictures\":null,\"textFields\":null,\"delivery_option\":\"{\\\"15\\\":\\\"5,\\\"}\",\"allow_seperated_package\":0},\"status\":\"23\",\"amount\":\"13.55\",\"paymentMethod\":null,\"paymentMethodType\":null,\"message\":\"Stripe Transaction ID: \",\"secureKey\":\"30cef14fdd9b5bbd6f7cb7f157af283c\",\"shop\":{\"id\":1,\"id_shop_list\":[],\"force_id\":false,\"id_shop_group\":1,\"id_category\":2,\"theme_name\":\"hummingbird\",\"name\":\" Nutritional\",\"color\":\"\",\"active\":\"1\",\"deleted\":\"0\",\"physical_uri\":\"\\/prestashop.sg\\/\",\"virtual_uri\":\"\",\"domain\":\"localhost\",\"domain_ssl\":\"localhost\",\"address\":null,\"theme\":{}},\"order\":null,\"orderId\":null,\"orderReference\":null}', 'PrestashopBuildOrderService', 19, 1, NULL, 1, 0, 0, '2026-06-11 12:53:09', '2026-06-11 12:53:09'),
(389, 1, 0, 'stripe_official - mTpeRec0ac1fNsoff - /classes/services/PrestashopOrderService.php:104 - After Validate PrestaShop Order: {\"id\":19,\"id_lang\":1,\"id_shop\":1,\"id_shop_list\":[],\"force_id\":false,\"id_address_delivery\":15,\"id_address_invoice\":15,\"id_shop_group\":1,\"id_cart\":19,\"id_currency\":1,\"id_customer\":11,\"id_carrier\":5,\"current_state\":23,\"secure_key\":\"30cef14fdd9b5bbd6f7cb7f157af283c\",\"payment\":\" via Stripe\",\"module\":\"stripe_official\",\"conversion_rate\":\"1.000000\",\"recyclable\":0,\"gift\":0,\"gift_message\":\"\",\"mobile_theme\":0,\"total_discounts\":\"0.000000\",\"total_discounts_tax_incl\":\"0.000000\",\"total_discounts_tax_excl\":\"0.000000\",\"total_paid\":\"13.550000\",\"total_paid_tax_incl\":\"13.550000\",\"total_paid_tax_excl\":\"12.900000\",\"total_paid_real\":\"13.550000\",\"total_products\":\"12.900000\",\"total_products_wt\":\"13.550000\",\"total_shipping\":\"0.000000\",\"total_shipping_tax_incl\":\"0.000000\",\"total_shipping_tax_excl\":\"0.000000\",\"carrier_tax_rate\":\"12.000\",\"total_wrapping\":\"0.000000\",\"total_wrapping_tax_incl\":\"0.000000\",\"total_wrapping_tax_excl\":\"0.000000\",\"invoice_number\":8,\"delivery_number\":0,\"invoice_date\":\"2026-06-11 12:53:09\",\"delivery_date\":\"0000-00-00 00:00:00\",\"valid\":1,\"date_add\":\"2026-06-11 12:53:09\",\"date_upd\":\"2026-06-11 12:53:09\",\"reference\":\"RRTGMWVDQ\",\"round_mode\":2,\"round_type\":2,\"note\":\"\",\"product_list\":[],\"weight\":null}', 'PrestashopOrderService', 19, 1, NULL, 1, 0, 0, '2026-06-11 12:53:10', '2026-06-11 12:53:10'),
(390, 1, 0, 'stripe_official - mTpeRec0ac1fNsoff - /classes/services/PrestashopBuildOrderService.php:65 - Create order model {\"cartId\":19,\"cart\":{\"id\":19,\"id_lang\":1,\"id_shop\":1,\"id_shop_list\":[],\"force_id\":false,\"id_shop_group\":1,\"id_address_delivery\":15,\"id_address_invoice\":15,\"id_currency\":1,\"id_customer\":11,\"id_guest\":13,\"recyclable\":0,\"gift\":0,\"gift_message\":\"\",\"mobile_theme\":0,\"date_add\":\"2026-06-11 12:52:28\",\"secure_key\":\"30cef14fdd9b5bbd6f7cb7f157af283c\",\"id_carrier\":5,\"date_upd\":\"2026-06-11 12:52:56\",\"checkedTos\":false,\"pictures\":null,\"textFields\":null,\"delivery_option\":\"{\\\"15\\\":\\\"5,\\\"}\",\"allow_seperated_package\":0},\"status\":\"23\",\"amount\":\"13.55\",\"paymentMethod\":null,\"paymentMethodType\":null,\"message\":\"Stripe Transaction ID: \",\"secureKey\":\"30cef14fdd9b5bbd6f7cb7f157af283c\",\"shop\":{\"id\":1,\"id_shop_list\":[],\"force_id\":false,\"id_shop_group\":1,\"id_category\":2,\"theme_name\":\"hummingbird\",\"name\":\" Nutritional\",\"color\":\"\",\"active\":\"1\",\"deleted\":\"0\",\"physical_uri\":\"\\/prestashop.sg\\/\",\"virtual_uri\":\"\",\"domain\":\"localhost\",\"domain_ssl\":\"localhost\",\"address\":null,\"theme\":{}},\"order\":{\"id\":19,\"id_lang\":1,\"id_shop\":1,\"id_shop_list\":[],\"force_id\":false,\"id_address_delivery\":15,\"id_address_invoice\":15,\"id_shop_group\":1,\"id_cart\":19,\"id_currency\":1,\"id_customer\":11,\"id_carrier\":5,\"current_state\":23,\"secure_key\":\"30cef14fdd9b5bbd6f7cb7f157af283c\",\"payment\":\" via Stripe\",\"module\":\"stripe_official\",\"conversion_rate\":\"1.000000\",\"recyclable\":0,\"gift\":0,\"gift_message\":\"\",\"mobile_theme\":0,\"total_discounts\":\"0.000000\",\"total_discounts_tax_incl\":\"0.000000\",\"total_discounts_tax_excl\":\"0.000000\",\"total_paid\":\"13.550000\",\"total_paid_tax_incl\":\"13.550000\",\"total_paid_tax_excl\":\"12.900000\",\"total_paid_real\":\"13.550000\",\"total_products\":\"12.900000\",\"total_products_wt\":\"13.550000\",\"total_shipping\":\"0.000000\",\"total_shipping_tax_incl\":\"0.000000\",\"total_shipping_tax_excl\":\"0.000000\",\"carrier_tax_rate\":\"12.000\",\"total_wrapping\":\"0.000000\",\"total_wrapping_tax_incl\":\"0.000000\",\"total_wrapping_tax_excl\":\"0.000000\",\"invoice_number\":8,\"delivery_number\":0,\"invoice_date\":\"2026-06-11 12:53:09\",\"delivery_date\":\"0000-00-00 00:00:00\",\"valid\":1,\"date_add\":\"2026-06-11 12:53:09\",\"date_upd\":\"2026-06-11 12:53:09\",\"reference\":\"RRTGMWVDQ\",\"round_mode\":2,\"round_type\":2,\"note\":\"\",\"product_list\":[],\"weight\":null},\"orderId\":19,\"orderReference\":\" Nutritional \\/ Reference: RRTGMWVDQ \\/ Order: 19\"}', 'PrestashopBuildOrderService', 19, 1, NULL, 1, 0, 0, '2026-06-11 12:53:10', '2026-06-11 12:53:10'),
(391, 3, 0, 'stripe_official - mTpeRec0ac1fNsoff - /classes/services/StripeCheckoutSessionService.php:144 - Create Stripe Checkout Session Error => The Checkout Session\'s total amount must convert to at least 50 cents. ₹13.55 converts to approximately $0.14. - #0 /opt/lampp/htdocs/prestashop.sg/modules/stripe_official/vendor/stripe/stripe-php/lib/Exception/InvalidRequestException.php(35): Stripe\\Exception\\ApiErrorException::factory(\'The Checkout Se...\', 400, \'{\\n  \"error\": {\\n...\', Array, Object(Stripe\\Util\\CaseInsensitiveArray), \'amount_too_smal...\')\n#1 /opt/lampp/htdocs/prestashop.sg/modules/stripe_official/vendor/stripe/stripe-php/lib/ApiRequestor.php(225): Stripe\\Exception\\InvalidRequestException::factory(\'The Checkout Se...\', 400, \'{\\n  \"error\": {\\n...\', Array, Object(Stripe\\Util\\CaseInsensitiveArray), \'amount_too_smal...\', NULL)\n#2 /opt/lampp/htdocs/prestashop.sg/modules/stripe_official/vendor/stripe/stripe-php/lib/ApiRequestor.php(187): Stripe\\ApiRequestor::_specificAPIError(\'{\\n  \"error\": {\\n...\', 400, Object(Stripe\\Util\\CaseInsensitiveArray), Array, Array)\n#3 /opt/lampp/htdocs/prestashop.sg/modules/stripe_official/vendor/stripe/stripe-php/lib/ApiRequestor.php(577): Stripe\\ApiRequestor->handleErrorResponse(\'{\\n  \"error\": {\\n...\', 400, Object(Stripe\\Util\\CaseInsensitiveArray), Array)\n#4 /opt/lampp/htdocs/prestashop.sg/modules/stripe_official/vendor/stripe/stripe-php/lib/ApiRequestor.php(135): Stripe\\ApiRequestor->_interpretResponse(\'{\\n  \"error\": {\\n...\', 400, Object(Stripe\\Util\\CaseInsensitiveArray))\n#5 /opt/lampp/htdocs/prestashop.sg/modules/stripe_official/vendor/stripe/stripe-php/lib/BaseStripeClient.php(158): Stripe\\ApiRequestor->request(\'post\', \'/v1/checkout/se...\', Array, Array, Array)\n#6 /opt/lampp/htdocs/prestashop.sg/modules/stripe_official/vendor/stripe/stripe-php/lib/Service/AbstractService.php(75): Stripe\\BaseStripeClient->request(\'post\', \'/v1/checkout/se...\', Array, Object(Stripe\\Util\\RequestOptions))\n#7 /opt/lampp/htdocs/prestashop.sg/modules/stripe_official/vendor/stripe/stripe-php/lib/Service/Checkout/SessionService.php(59): Stripe\\Service\\AbstractService->request(\'post\', \'/v1/checkout/se...\', Array, Array)\n#8 /opt/lampp/htdocs/prestashop.sg/modules/stripe_official/classes/services/StripeCheckoutSessionService.php(142): Stripe\\Service\\Checkout\\SessionService->create(Array, Array)\n#9 /opt/lampp/htdocs/prestashop.sg/modules/stripe_official/classes/services/StripeCheckoutSessionService.php(165): StripeCheckoutSessionService->createStripeCheckoutSession(Array, Array)\n#10 /opt/lampp/htdocs/prestashop.sg/modules/stripe_official/classes/payment/CheckoutFlowHandlerNew.php(115): StripeCheckoutSessionService->createCheckoutSession(Object(CartContextModel), \'1\', \'http://localhos...\', \'http://localhos...\', Object(OrderModel))\n#11 /opt/lampp/htdocs/prestashop.sg/modules/stripe_official/classes/payment/CheckoutFlowHandlerNew.php(78): CheckoutFlowHandlerNew->getStripeCheckoutUrl(\'1\')\n#12 /opt/lampp/htdocs/prestashop.sg/modules/stripe_official/classes/payment/PaymentHandler.php(57): CheckoutFlowHandlerNew->handlePayment(\'1\')\n#13 /opt/lampp/htdocs/prestashop.sg/modules/stripe_official/controllers/front/handleOrderAction.php(65): PaymentHandler->handlePayment(\'stripe_checkout\', \'1\', NULL, NULL)\n#14 /opt/lampp/htdocs/prestashop.sg/classes/controller/Controller.php(297): stripe_officialHandleOrderActionModuleFrontController->postProcess()\n#15 /opt/lampp/htdocs/prestashop.sg/classes/Dispatcher.php(468): ControllerCore->run()\n#16 /opt/lampp/htdocs/prestashop.sg/index.php(66): DispatcherCore->dispatch()\n#17 {main}', 'StripeCheckoutSessionService', 19, 1, NULL, 1, 0, 0, '2026-06-11 12:53:12', '2026-06-11 12:53:12'),
(392, 3, 0, 'stripe_official - mTpeRec0ac1fNsoff - /stripe_official.php:391 - Uncaught error 2: Attempt to read property \"id\" on null at: /opt/lampp/htdocs/prestashop.sg/modules/stripe_official/classes/StripeIdempotencyKey.php:191', 'GeneralErrors', 19, 1, NULL, 1, 0, 0, '2026-06-11 12:53:12', '2026-06-11 12:53:12'),
(393, 3, 0, 'stripe_official - mTpeRec0ac1fNsoff - /stripe_official.php:391 - Uncaught error 2: Attempt to read property \"id\" on null at: /opt/lampp/htdocs/prestashop.sg/modules/stripe_official/classes/StripePaymentIntent.php:283', 'GeneralErrors', 19, 1, NULL, 1, 0, 0, '2026-06-11 12:53:12', '2026-06-11 12:53:12');
