INSERT INTO `xio8d_order_invoice` (`id_order_invoice`, `id_order`, `number`, `delivery_number`, `delivery_date`, `total_discount_tax_excl`, `total_discount_tax_incl`, `total_paid_tax_excl`, `total_paid_tax_incl`, `total_products`, `total_products_wt`, `total_shipping_tax_excl`, `total_shipping_tax_incl`, `shipping_tax_computation_method`, `total_wrapping_tax_excl`, `total_wrapping_tax_incl`, `shop_address`, `note`, `date_add`) VALUES
(6097, 6261, 6097, 5331, '2025-12-30 14:42:16', 0.000000, 0.000000, 61.940000, 61.940000, 55.950000, 55.950000, 5.990000, 5.990000, 0, 0.000000, 0.000000, 'Prestashop', '', '2025-12-19 05:52:27'),
(6098, 6262, 6098, 5332, '2025-12-29 03:55:11', 0.000000, 0.000000, 61.940000, 61.940000, 55.950000, 55.950000, 5.990000, 5.990000, 0, 0.000000, 0.000000, 'Prestashop', '', '2025-12-21 04:46:55'),
(6099, 6263, 6099, 5333, '2025-12-29 03:57:17', 0.000000, 0.000000, 117.890000, 117.890000, 111.900000, 111.900000, 5.990000, 5.990000, 0, 0.000000, 0.000000, 'Prestashop', '', '2025-12-21 09:43:04'),
(6100, 6264, 6100, 5334, '2026-01-01 10:17:53', 0.000000, 0.000000, 165.000000, 165.000000, 155.000000, 155.000000, 10.000000, 10.000000, 0, 0.000000, 0.000000, 'Prestashop', '', '2025-12-22 22:34:25'),
(6101, 6265, 6101, 5335, '2025-12-29 03:59:26', 0.000000, 0.000000, 61.940000, 61.940000, 55.950000, 55.950000, 5.990000, 5.990000, 0, 0.000000, 0.000000, 'Prestashop', '', '2025-12-23 02:10:03'),
(6102, 6266, 6102, 5336, '2026-01-01 09:23:02', 0.000000, 0.000000, 33.950000, 33.950000, 27.960000, 27.960000, 5.990000, 5.990000, 0, 0.000000, 0.000000, 'Prestashop', '', '2025-12-23 05:15:56'),
(6103, 6267, 6103, 5337, '2026-01-01 10:07:12', 0.000000, 0.000000, 41.910000, 41.910000, 35.920000, 35.920000, 5.990000, 5.990000, 0, 0.000000, 0.000000, 'Prestashop', '', '2025-12-26 15:00:41'),
(6104, 6268, 6104, 5340, '2026-01-08 03:40:42', 0.000000, 0.000000, 109.860000, 109.860000, 103.870000, 103.870000, 5.990000, 5.990000, 0, 0.000000, 0.000000, 'Prestashop', '', '2025-12-28 04:47:28'),
(6105, 6269, 6105, 5341, '2026-01-08 03:42:04', 0.000000, 0.000000, 41.940000, 41.940000, 35.950000, 35.950000, 5.990000, 5.990000, 0, 0.000000, 0.000000, 'Prestashop', '', '2025-12-28 16:24:48'),
(6106, 6270, 6106, 5342, '2026-01-08 03:43:33', 0.000000, 0.000000, 99.950000, 99.950000, 93.960000, 93.960000, 5.990000, 5.990000, 0, 0.000000, 0.000000, 'Prestashop', '', '2025-12-29 03:31:46'),
(6107, 6271, 6107, 5338, '2026-01-08 03:44:54', 0.000000, 0.000000, 224.000000, 224.000000, 214.000000, 214.000000, 10.000000, 10.000000, 0, 0.000000, 0.000000, 'Prestashop', '', '2025-12-29 06:57:17'),
(6108, 6272, 6108, 5343, '2026-01-08 03:46:19', 0.000000, 0.000000, 137.400000, 137.400000, 131.410000, 131.410000, 5.990000, 5.990000, 0, 0.000000, 0.000000, 'Prestashop', '', '2025-12-29 11:23:41'),
(6109, 6273, 6109, 5344, '2026-01-08 03:47:43', 0.000000, 0.000000, 183.820000, 183.820000, 177.830000, 177.830000, 5.990000, 5.990000, 0, 0.000000, 0.000000, 'Prestashop', '', '2025-12-30 09:52:07'),
(6110, 6274, 6110, 5345, '2026-01-08 03:48:56', 0.000000, 0.000000, 61.940000, 61.940000, 55.950000, 55.950000, 5.990000, 5.990000, 0, 0.000000, 0.000000, 'Prestashop', '', '2025-12-30 14:24:26'),
(6111, 6275, 6111, 5346, '2026-01-08 03:50:06', 0.000000, 0.000000, 117.890000, 117.890000, 111.900000, 111.900000, 5.990000, 5.990000, 0, 0.000000, 0.000000, 'Prestashop', '', '2025-12-31 00:14:37'),
(6112, 6276, 6112, 5347, '2026-01-08 03:51:57', 0.000000, 0.000000, 61.940000, 61.940000, 55.950000, 55.950000, 5.990000, 5.990000, 0, 0.000000, 0.000000, 'Prestashop', '', '2026-01-01 06:21:05'),
(6113, 6277, 6113, 5348, '2026-01-08 03:53:21', 0.000000, 0.000000, 61.940000, 61.940000, 55.950000, 55.950000, 5.990000, 5.990000, 0, 0.000000, 0.000000, 'Prestashop', '', '2026-01-01 06:27:47'),
(6114, 6278, 6114, 5339, '2026-01-08 03:54:13', 0.000000, 0.000000, 117.000000, 117.000000, 107.000000, 107.000000, 10.000000, 10.000000, 0, 0.000000, 0.000000, 'Prestashop', '', '2026-01-01 21:34:04'),
(6115, 6279, 6115, 5349, '2026-01-08 03:56:15', 0.000000, 0.000000, 99.950000, 99.950000, 93.960000, 93.960000, 5.990000, 5.990000, 0, 0.000000, 0.000000, 'Prestashop', '', '2026-01-02 12:40:33'),
(6116, 6280, 6116, 5350, '2026-01-08 03:59:28', 0.000000, 0.000000, 117.890000, 117.890000, 111.900000, 111.900000, 5.990000, 5.990000, 0, 0.000000, 0.000000, 'Prestashop', '', '2026-01-02 15:42:04'),
(6117, 6281, 6117, 5351, '2026-01-07 14:51:17', 0.000000, 0.000000, 61.940000, 61.940000, 55.950000, 55.950000, 5.990000, 5.990000, 0, 0.000000, 0.000000, 'Prestashop', '', '2026-01-03 03:35:43'),
(6118, 6282, 6118, 5352, '2026-01-07 14:52:14', 0.000000, 0.000000, 578.400000, 578.400000, 572.410000, 572.410000, 5.990000, 5.990000, 0, 0.000000, 0.000000, 'Prestashop', '', '2026-01-05 09:40:17'),
(6119, 6283, 6119, 5353, '2026-01-07 14:53:02', 0.000000, 0.000000, 61.940000, 61.940000, 55.950000, 55.950000, 5.990000, 5.990000, 0, 0.000000, 0.000000, 'Prestashop', '', '2026-01-05 09:58:24'),
(6120, 6284, 6120, 5354, '2026-01-12 06:07:20', 0.000000, 0.000000, 209.830000, 209.830000, 203.840000, 203.840000, 5.990000, 5.990000, 0, 0.000000, 0.000000, 'Prestashop', '', '2026-01-07 12:13:12'),
(6121, 6285, 6121, 5355, '2026-01-13 09:12:17', 0.000000, 0.000000, 281.000000, 281.000000, 271.000000, 271.000000, 10.000000, 10.000000, 0, 0.000000, 0.000000, 'Prestashop', '', '2026-01-07 23:07:29'),
(6122, 6286, 6122, 5356, '2026-01-12 06:04:36', 0.000000, 0.000000, 95.800000, 95.800000, 89.810000, 89.810000, 5.990000, 5.990000, 0, 0.000000, 0.000000, 'Prestashop', '', '2026-01-08 05:03:33'),
(6123, 6287, 6123, 5357, '2026-01-12 06:05:59', 0.000000, 0.000000, 61.940000, 61.940000, 55.950000, 55.950000, 5.990000, 5.990000, 0, 0.000000, 0.000000, 'Prestashop', '', '2026-01-08 14:10:07'),
(6124, 6288, 6124, 5358, '2026-01-14 15:36:03', 0.000000, 0.000000, 61.940000, 61.940000, 55.950000, 55.950000, 5.990000, 5.990000, 0, 0.000000, 0.000000, 'Prestashop', '', '2026-01-09 00:58:59'),
(6125, 6289, 6125, 5360, '2026-01-14 15:37:27', 0.000000, 0.000000, 117.890000, 117.890000, 111.900000, 111.900000, 5.990000, 5.990000, 0, 0.000000, 0.000000, 'Prestashop', '', '2026-01-09 07:17:16'),
(6126, 6290, 6126, 5361, '2026-01-14 15:38:25', 0.000000, 0.000000, 85.910000, 85.910000, 79.920000, 79.920000, 5.990000, 5.990000, 0, 0.000000, 0.000000, 'Prestashop', '', '2026-01-09 15:28:41'),
(6127, 6291, 6127, 5359, '2026-01-13 09:18:11', 0.000000, 0.000000, 61.940000, 61.940000, 55.950000, 55.950000, 5.990000, 5.990000, 0, 0.000000, 0.000000, 'Prestashop', '', '2026-01-10 13:07:20'),
(6128, 6292, 6128, 0, '0000-00-00 00:00:00', 0.000000, 0.000000, 770.010000, 770.010000, 760.010000, 760.010000, 10.000000, 10.000000, 0, 0.000000, 0.000000, 'Prestashop', '', '2026-01-11 02:34:39'),
(6129, 6293, 6129, 5362, '2026-01-16 12:03:57', 0.000000, 0.000000, 76.990000, 76.990000, 71.000000, 71.000000, 5.990000, 5.990000, 0, 0.000000, 0.000000, 'Prestashop', '', '2026-01-11 13:07:32'),
(6130, 6294, 6130, 5363, '2026-01-16 12:06:20', 0.000000, 0.000000, 41.940000, 41.940000, 35.950000, 35.950000, 5.990000, 5.990000, 0, 0.000000, 0.000000, 'Prestashop', '', '2026-01-12 06:45:13'),
(6131, 6295, 6131, 5365, '2026-01-16 12:07:34', 0.000000, 0.000000, 61.940000, 61.940000, 55.950000, 55.950000, 5.990000, 5.990000, 0, 0.000000, 0.000000, 'Prestashop', '', '2026-01-12 10:12:15'),
(6132, 6296, 6132, 5364, '2026-01-16 12:09:06', 0.000000, 0.000000, 117.890000, 117.890000, 111.900000, 111.900000, 5.990000, 5.990000, 0, 0.000000, 0.000000, 'Prestashop', '', '2026-01-12 16:35:14'),
(6133, 6297, 6133, 5366, '2026-01-18 10:45:18', 0.000000, 0.000000, 129.830000, 129.830000, 123.840000, 123.840000, 5.990000, 5.990000, 0, 0.000000, 0.000000, 'Prestashop', '', '2026-01-13 11:59:27'),
(6134, 6298, 6134, 5367, '2026-01-18 10:45:28', 0.000000, 0.000000, 61.940000, 61.940000, 55.950000, 55.950000, 5.990000, 5.990000, 0, 0.000000, 0.000000, 'Prestashop', '', '2026-01-14 02:27:20'),
(6135, 6299, 6135, 5368, '2026-01-24 05:53:37', 0.000000, 0.000000, 173.840000, 173.840000, 167.850000, 167.850000, 5.990000, 5.990000, 0, 0.000000, 0.000000, 'Prestashop', '', '2026-01-15 10:22:10'),
(6136, 6300, 6136, 5369, '2026-01-24 05:54:34', 0.000000, 0.000000, 61.940000, 61.940000, 55.950000, 55.950000, 5.990000, 5.990000, 0, 0.000000, 0.000000, 'Prestashop', '', '2026-01-15 18:19:04'),
(6137, 6301, 6137, 5370, '2026-01-24 05:57:09', 0.000000, 0.000000, 61.940000, 61.940000, 55.950000, 55.950000, 5.990000, 5.990000, 0, 0.000000, 0.000000, 'Prestashop', '', '2026-01-16 05:12:53'),
(6138, 6302, 6138, 5371, '2026-01-24 05:58:33', 0.000000, 0.000000, 61.940000, 61.940000, 55.950000, 55.950000, 5.990000, 5.990000, 0, 0.000000, 0.000000, 'Prestashop', '', '2026-01-16 08:57:54'),
(6139, 6303, 6139, 5372, '2026-01-24 06:00:10', 0.000000, 0.000000, 57.840000, 57.840000, 51.850000, 51.850000, 5.990000, 5.990000, 0, 0.000000, 0.000000, 'Prestashop', '', '2026-01-16 23:08:36'),
(6140, 6304, 6140, 5374, '2026-01-22 23:44:11', 0.000000, 0.000000, 45.950000, 45.950000, 39.960000, 39.960000, 5.990000, 5.990000, 0, 0.000000, 0.000000, 'Prestashop', '', '2026-01-17 11:16:27'),
(6141, 6305, 6141, 5375, '2026-01-22 23:43:13', 0.000000, 0.000000, 61.940000, 61.940000, 55.950000, 55.950000, 5.990000, 5.990000, 0, 0.000000, 0.000000, 'Prestashop', '', '2026-01-18 10:04:07'),
(6142, 6306, 6142, 5376, '2026-01-22 23:45:18', 0.000000, 0.000000, 45.950000, 45.950000, 39.960000, 39.960000, 5.990000, 5.990000, 0, 0.000000, 0.000000, 'Prestashop', '', '2026-01-18 16:21:35'),
(6143, 6307, 6143, 5373, '2026-01-24 06:06:27', 0.000000, 0.000000, 260.000000, 260.000000, 250.000000, 250.000000, 10.000000, 10.000000, 0, 0.000000, 0.000000, 'Prestashop', '', '2026-01-18 22:31:17'),
(6144, 6308, 6144, 5377, '2026-01-25 15:17:28', 0.000000, 0.000000, 89.870000, 89.870000, 83.880000, 83.880000, 5.990000, 5.990000, 0, 0.000000, 0.000000, 'Prestashop', '', '2026-01-19 03:22:26'),
(6145, 6309, 6145, 5378, '2026-01-25 15:17:15', 0.000000, 0.000000, 69.900000, 69.900000, 63.910000, 63.910000, 5.990000, 5.990000, 0, 0.000000, 0.000000, 'Prestashop', '', '2026-01-20 05:30:08'),
(6146, 6310, 6146, 5379, '2026-01-25 15:26:28', 0.000000, 0.000000, 61.940000, 61.940000, 55.950000, 55.950000, 5.990000, 5.990000, 0, 0.000000, 0.000000, 'Prestashop', '', '2026-01-20 16:16:38'),
(6147, 6311, 6147, 5380, '2026-01-25 15:33:12', 0.000000, 0.000000, 33.950000, 33.950000, 27.960000, 27.960000, 5.990000, 5.990000, 0, 0.000000, 0.000000, 'Prestashop', '', '2026-01-21 05:48:26'),
(6148, 6312, 6148, 5381, '2026-01-25 15:34:26', 0.000000, 0.000000, 125.850000, 125.850000, 119.860000, 119.860000, 5.990000, 5.990000, 0, 0.000000, 0.000000, 'Prestashop', '', '2026-01-21 09:58:43'),
(6149, 6313, 6149, 5382, '2026-01-25 15:35:22', 0.000000, 0.000000, 173.840000, 173.840000, 167.850000, 167.850000, 5.990000, 5.990000, 0, 0.000000, 0.000000, 'Prestashop', '', '2026-01-21 17:27:32'),
(6150, 6314, 6150, 5383, '2026-01-27 13:29:55', 0.000000, 0.000000, 173.840000, 173.840000, 167.850000, 167.850000, 5.990000, 5.990000, 0, 0.000000, 0.000000, 'Prestashop', '', '2026-01-23 02:00:36'),
(6151, 6315, 6151, 5384, '2026-01-27 13:30:44', 0.000000, 0.000000, 40.940000, 40.940000, 34.950000, 34.950000, 5.990000, 5.990000, 0, 0.000000, 0.000000, 'Prestashop', '', '2026-01-23 06:20:07'),
(6152, 6316, 6152, 5385, '2026-01-29 07:47:21', 0.000000, 0.000000, 68.840000, 68.840000, 62.850000, 62.850000, 5.990000, 5.990000, 0, 0.000000, 0.000000, 'Prestashop', '', '2026-01-25 21:26:52'),
(6153, 6317, 6153, 5386, '2026-01-30 03:02:47', 0.000000, 0.000000, 79.900000, 79.900000, 73.910000, 73.910000, 5.990000, 5.990000, 0, 0.000000, 0.000000, 'Prestashop', '', '2026-01-26 11:29:25'),
(6154, 6318, 6154, 5388, '2026-02-08 04:40:30', 0.000000, 0.000000, 412.000000, 412.000000, 402.000000, 402.000000, 10.000000, 10.000000, 0, 0.000000, 0.000000, 'Prestashop', '', '2026-01-27 05:47:42'),
(6155, 6319, 6155, 5387, '2026-01-30 03:03:46', 0.000000, 0.000000, 89.900000, 89.900000, 83.910000, 83.910000, 5.990000, 5.990000, 0, 0.000000, 0.000000, 'Prestashop', '', '2026-01-27 08:44:28'),
(6156, 6320, 6156, 5389, '2026-02-08 04:00:22', 0.000000, 0.000000, 341.690000, 341.690000, 335.700000, 335.700000, 5.990000, 5.990000, 0, 0.000000, 0.000000, 'Prestashop', '', '2026-01-29 03:39:05'),
(6157, 6321, 6157, 5390, '2026-02-08 04:03:03', 0.000000, 0.000000, 61.910000, 61.910000, 55.920000, 55.920000, 5.990000, 5.990000, 0, 0.000000, 0.000000, 'Prestashop', '', '2026-01-29 10:40:21'),
(6158, 6322, 6158, 5391, '2026-02-08 04:34:30', 0.000000, 0.000000, 167.870000, 167.870000, 161.880000, 161.880000, 5.990000, 5.990000, 0, 0.000000, 0.000000, 'Prestashop', '', '2026-01-29 10:58:53'),
(6159, 6323, 6159, 5392, '2026-02-08 04:36:16', 0.000000, 0.000000, 214.000000, 214.000000, 204.000000, 204.000000, 10.000000, 10.000000, 0, 0.000000, 0.000000, 'Prestashop', '', '2026-01-30 00:11:03'),
(6160, 6324, 6160, 5393, '2026-02-08 04:37:50', 0.000000, 0.000000, 117.890000, 117.890000, 111.900000, 111.900000, 5.990000, 5.990000, 0, 0.000000, 0.000000, 'Prestashop', '', '2026-01-30 09:16:50'),
(6161, 6325, 6161, 5394, '2026-02-08 04:39:30', 0.000000, 0.000000, 147.000000, 147.000000, 137.000000, 137.000000, 10.000000, 10.000000, 0, 0.000000, 0.000000, 'Prestashop', '', '2026-01-31 03:40:45'),
(6162, 6326, 6162, 5395, '2026-02-04 17:16:24', 0.000000, 0.000000, 107.910000, 107.910000, 101.920000, 101.920000, 5.990000, 5.990000, 0, 0.000000, 0.000000, 'Prestashop', '', '2026-02-01 02:25:46'),
(6163, 6327, 6163, 5396, '2026-02-04 17:17:18', 0.000000, 0.000000, 158.820000, 158.820000, 152.830000, 152.830000, 5.990000, 5.990000, 0, 0.000000, 0.000000, 'Prestashop', '', '2026-02-01 04:00:10'),
(6164, 6328, 6164, 5411, '2026-02-08 04:42:37', 0.000000, 0.000000, 162.000000, 162.000000, 152.000000, 152.000000, 10.000000, 10.000000, 0, 0.000000, 0.000000, 'Prestashop', '', '2026-02-01 19:49:41'),
(6165, 6329, 6165, 5397, '2026-02-04 17:18:34', 0.000000, 0.000000, 45.950000, 45.950000, 39.960000, 39.960000, 5.990000, 5.990000, 0, 0.000000, 0.000000, 'Prestashop', '', '2026-02-02 07:41:13'),
(6166, 6330, 6166, 5398, '2026-02-06 13:02:35', 0.000000, 0.000000, 61.940000, 61.940000, 55.950000, 55.950000, 5.990000, 5.990000, 0, 0.000000, 0.000000, 'Prestashop', '', '2026-02-03 00:53:24'),
(6167, 6331, 6167, 5399, '2026-02-06 13:04:20', 0.000000, 0.000000, 61.940000, 61.940000, 55.950000, 55.950000, 5.990000, 5.990000, 0, 0.000000, 0.000000, 'Prestashop', '', '2026-02-03 03:26:10'),
(6168, 6332, 6168, 5400, '2026-02-06 13:06:16', 0.000000, 0.000000, 117.890000, 117.890000, 111.900000, 111.900000, 5.990000, 5.990000, 0, 0.000000, 0.000000, 'Prestashop', '', '2026-02-03 03:31:59'),
(6169, 6333, 6169, 5401, '2026-02-06 13:07:33', 0.000000, 0.000000, 61.940000, 61.940000, 55.950000, 55.950000, 5.990000, 5.990000, 0, 0.000000, 0.000000, 'Prestashop', '', '2026-02-03 06:06:52'),
(6170, 6334, 6170, 5402, '2026-02-06 13:08:31', 0.000000, 0.000000, 61.940000, 61.940000, 55.950000, 55.950000, 5.990000, 5.990000, 0, 0.000000, 0.000000, 'Prestashop', '', '2026-02-03 10:08:46'),
(6171, 6335, 6171, 5403, '2026-02-06 13:10:05', 0.000000, 0.000000, 582.450000, 582.450000, 576.460000, 576.460000, 5.990000, 5.990000, 0, 0.000000, 0.000000, 'Prestashop', '', '2026-02-03 12:29:13'),
(6172, 6336, 6172, 5405, '2026-02-09 13:47:31', 0.000000, 0.000000, 61.940000, 61.940000, 55.950000, 55.950000, 5.990000, 5.990000, 0, 0.000000, 0.000000, 'Prestashop', '', '2026-02-05 02:23:11'),
(6173, 6337, 6173, 5404, '2026-02-08 04:43:40', 0.000000, 0.000000, 104.000000, 104.000000, 94.000000, 94.000000, 10.000000, 10.000000, 0, 0.000000, 0.000000, 'Prestashop', '', '2026-02-05 08:10:15'),
(6174, 6338, 6174, 5406, '2026-02-09 13:48:46', 0.000000, 0.000000, 149.790000, 149.790000, 143.800000, 143.800000, 5.990000, 5.990000, 0, 0.000000, 0.000000, 'Prestashop', '', '2026-02-05 10:00:41'),
(6175, 6339, 6175, 5407, '2026-02-09 13:49:46', 0.000000, 0.000000, 117.890000, 117.890000, 111.900000, 111.900000, 5.990000, 5.990000, 0, 0.000000, 0.000000, 'Prestashop', '', '2026-02-05 18:38:43'),
(6176, 6340, 6176, 5408, '2026-02-10 22:17:14', 0.000000, 0.000000, 61.940000, 61.940000, 55.950000, 55.950000, 5.990000, 5.990000, 0, 0.000000, 0.000000, 'Prestashop', '', '2026-02-06 00:09:51'),
(6177, 6341, 6177, 5409, '2026-02-10 22:18:09', 0.000000, 0.000000, 41.940000, 41.940000, 35.950000, 35.950000, 5.990000, 5.990000, 0, 0.000000, 0.000000, 'Prestashop', '', '2026-02-06 15:27:34'),
(6178, 6342, 6178, 5410, '2026-02-22 01:57:40', 0.000000, 0.000000, 37.940000, 37.940000, 31.950000, 31.950000, 5.990000, 5.990000, 0, 0.000000, 0.000000, 'Prestashop', '', '2026-02-07 07:07:56'),
(6179, 6343, 6179, 5412, '2026-02-22 01:59:09', 0.000000, 0.000000, 46.940000, 46.940000, 40.950000, 40.950000, 5.990000, 5.990000, 0, 0.000000, 0.000000, 'Prestashop', '', '2026-02-10 05:57:27'),
(6180, 6344, 6180, 5413, '2026-02-22 02:00:50', 0.000000, 0.000000, 121.890000, 121.890000, 115.900000, 115.900000, 5.990000, 5.990000, 0, 0.000000, 0.000000, 'Prestashop', '', '2026-02-12 09:18:21'),
(6181, 6345, 6181, 5414, '2026-02-22 02:02:10', 0.000000, 0.000000, 121.890000, 121.890000, 115.900000, 115.900000, 5.990000, 5.990000, 0, 0.000000, 0.000000, 'Prestashop', '', '2026-02-13 04:49:44'),
(6182, 6346, 6182, 5415, '2026-02-22 02:03:38', 0.000000, 0.000000, 197.890000, 197.890000, 191.900000, 191.900000, 5.990000, 5.990000, 0, 0.000000, 0.000000, 'Prestashop', '', '2026-02-13 16:05:17'),
(6183, 6347, 6183, 5416, '2026-02-25 02:16:28', 0.000000, 0.000000, 285.000000, 285.000000, 275.000000, 275.000000, 10.000000, 10.000000, 0, 0.000000, 0.000000, 'Prestashop', '', '2026-02-15 06:04:23'),
(6184, 6348, 6184, 5417, '2026-02-20 21:55:03', 0.000000, 0.000000, 42.940000, 42.940000, 36.950000, 36.950000, 5.990000, 5.990000, 0, 0.000000, 0.000000, 'Prestashop', '', '2026-02-15 13:04:45'),
(6185, 6349, 6185, 5418, '2026-02-23 19:11:30', 0.000000, 0.000000, 63.940000, 63.940000, 57.950000, 57.950000, 5.990000, 5.990000, 0, 0.000000, 0.000000, 'Prestashop', '', '2026-02-18 05:08:02'),
(6186, 6350, 6186, 5419, '2026-02-23 19:13:03', 0.000000, 0.000000, 63.940000, 63.940000, 57.950000, 57.950000, 5.990000, 5.990000, 0, 0.000000, 0.000000, 'Prestashop', '', '2026-02-19 12:48:16'),
(6187, 6351, 6187, 5420, '2026-02-23 19:16:42', 0.000000, 0.000000, 113.790000, 113.790000, 107.800000, 107.800000, 5.990000, 5.990000, 0, 0.000000, 0.000000, 'Prestashop', '', '2026-02-20 02:49:05'),
(6188, 6352, 6188, 5421, '2026-02-25 02:14:40', 0.000000, 0.000000, 490.000000, 490.000000, 480.000000, 480.000000, 10.000000, 10.000000, 0, 0.000000, 0.000000, 'Prestashop', '', '2026-02-20 23:16:10'),
(6189, 6353, 6189, 5422, '2026-02-25 02:07:51', 0.000000, 0.000000, 121.890000, 121.890000, 115.900000, 115.900000, 5.990000, 5.990000, 0, 0.000000, 0.000000, 'Prestashop', '', '2026-02-21 11:33:02'),
(6190, 6354, 6190, 5423, '2026-02-27 02:50:15', 0.000000, 0.000000, 87.890000, 87.890000, 81.900000, 81.900000, 5.990000, 5.990000, 0, 0.000000, 0.000000, 'Prestashop', '', '2026-02-22 03:07:08'),
(6191, 6355, 6191, 5424, '2026-02-27 02:51:32', 0.000000, 0.000000, 63.940000, 63.940000, 57.950000, 57.950000, 5.990000, 5.990000, 0, 0.000000, 0.000000, 'Prestashop', '', '2026-02-23 07:22:12'),
(6192, 6356, 6192, 5425, '2026-02-27 02:52:52', 0.000000, 0.000000, 63.940000, 63.940000, 57.950000, 57.950000, 5.990000, 5.990000, 0, 0.000000, 0.000000, 'Prestashop', '', '2026-02-24 06:46:53'),
(6193, 6357, 6193, 5426, '2026-02-27 02:54:00', 0.000000, 0.000000, 331.000000, 331.000000, 321.000000, 321.000000, 10.000000, 10.000000, 0, 0.000000, 0.000000, 'Prestashop', '', '2026-02-24 11:08:23'),
(6194, 6358, 6194, 5427, '2026-02-27 02:58:10', 0.000000, 0.000000, 63.940000, 63.940000, 57.950000, 57.950000, 5.990000, 5.990000, 0, 0.000000, 0.000000, 'Prestashop', '', '2026-02-24 16:26:50'),
(6195, 6359, 6195, 5428, '2026-03-02 08:38:14', 0.000000, 0.000000, 39.890000, 39.890000, 33.900000, 33.900000, 5.990000, 5.990000, 0, 0.000000, 0.000000, 'Prestashop', '', '2026-02-25 04:43:10'),
(6196, 6360, 6196, 5429, '2026-03-13 12:24:50', 0.000000, 0.000000, 63.940000, 63.940000, 57.950000, 57.950000, 5.990000, 5.990000, 0, 0.000000, 0.000000, 'Prestashop', '', '2026-02-26 13:31:24'),
(6197, 6361, 6197, 5430, '2026-03-13 12:12:42', 0.000000, 0.000000, 207.000000, 207.000000, 197.000000, 197.000000, 10.000000, 10.000000, 0, 0.000000, 0.000000, 'Prestashop', '', '2026-02-26 20:58:33'),
(6198, 6362, 6198, 5432, '2026-03-03 12:30:47', 0.000000, 0.000000, 63.940000, 63.940000, 57.950000, 57.950000, 5.990000, 5.990000, 0, 0.000000, 0.000000, 'Prestashop', '', '2026-02-27 07:25:27'),
(6199, 6363, 6199, 5435, '2026-03-06 15:36:38', 0.000000, 0.000000, 101.940000, 101.940000, 95.950000, 95.950000, 5.990000, 5.990000, 0, 0.000000, 0.000000, 'Prestashop', '', '2026-02-28 14:52:49'),
(6200, 6364, 6200, 5433, '2026-03-13 12:25:19', 0.000000, 0.000000, 117.000000, 117.000000, 107.000000, 107.000000, 10.000000, 10.000000, 0, 0.000000, 0.000000, 'Prestashop', '', '2026-03-01 01:40:52'),
(6201, 6365, 6201, 5431, '2026-03-06 15:41:43', 0.000000, 0.000000, 135.840000, 135.840000, 129.850000, 129.850000, 5.990000, 5.990000, 0, 0.000000, 0.000000, 'Prestashop', '', '2026-03-01 02:10:01'),
(6202, 6366, 6202, 5434, '2026-03-13 12:25:37', 0.000000, 0.000000, 104.000000, 104.000000, 94.000000, 94.000000, 10.000000, 10.000000, 0, 0.000000, 0.000000, 'Prestashop', '', '2026-03-02 07:49:43'),
(6203, 6367, 6203, 5436, '2026-03-13 12:25:59', 0.000000, 0.000000, 110.000000, 110.000000, 100.000000, 100.000000, 10.000000, 10.000000, 0, 0.000000, 0.000000, 'Prestashop', '', '2026-03-03 01:42:20'),
(6204, 6368, 6204, 5437, '2026-03-06 15:39:46', 0.000000, 0.000000, 175.840000, 175.840000, 169.850000, 169.850000, 5.990000, 5.990000, 0, 0.000000, 0.000000, 'Prestashop', '', '2026-03-03 09:48:48'),
(6205, 6369, 6205, 5438, '2026-03-06 15:40:28', 0.000000, 0.000000, 96.890000, 96.890000, 90.900000, 90.900000, 5.990000, 5.990000, 0, 0.000000, 0.000000, 'Prestashop', '', '2026-03-03 16:08:17'),
(6206, 6370, 6206, 5439, '2026-03-06 15:51:50', 0.000000, 0.000000, 87.890000, 87.890000, 81.900000, 81.900000, 5.990000, 5.990000, 0, 0.000000, 0.000000, 'Prestashop', '', '2026-03-04 02:52:02'),
(6207, 6371, 6207, 5440, '2026-03-06 15:52:43', 0.000000, 0.000000, 43.940000, 43.940000, 37.950000, 37.950000, 5.990000, 5.990000, 0, 0.000000, 0.000000, 'Prestashop', '', '2026-03-04 07:31:35'),
(6208, 6372, 6208, 5441, '2026-03-09 03:45:07', 0.000000, 0.000000, 63.940000, 63.940000, 57.950000, 57.950000, 5.990000, 5.990000, 0, 0.000000, 0.000000, 'Prestashop', '', '2026-03-05 06:22:16'),
(6209, 6373, 6209, 5442, '2026-03-09 03:47:28', 0.000000, 0.000000, 121.890000, 121.890000, 115.900000, 115.900000, 5.990000, 5.990000, 0, 0.000000, 0.000000, 'Prestashop', '', '2026-03-05 07:23:28'),
(6210, 6374, 6210, 5443, '2026-03-13 12:26:30', 0.000000, 0.000000, 148.000000, 148.000000, 138.000000, 138.000000, 10.000000, 10.000000, 0, 0.000000, 0.000000, 'Prestashop', '', '2026-03-05 09:55:49'),
(6211, 6375, 6211, 5444, '2026-03-10 20:09:07', 0.000000, 0.000000, 63.940000, 63.940000, 57.950000, 57.950000, 5.990000, 5.990000, 0, 0.000000, 0.000000, 'Prestashop', '', '2026-03-06 02:34:30'),
(6212, 6376, 6212, 5445, '2026-03-10 20:10:06', 0.000000, 0.000000, 81.890000, 81.890000, 75.900000, 75.900000, 5.990000, 5.990000, 0, 0.000000, 0.000000, 'Prestashop', '', '2026-03-06 11:55:40'),
(6213, 6377, 6213, 5448, '2026-03-12 15:21:48', 0.000000, 0.000000, 292.640000, 292.640000, 286.650000, 286.650000, 5.990000, 5.990000, 0, 0.000000, 0.000000, 'Prestashop', '', '2026-03-06 20:10:56'),
(6214, 6378, 6214, 5446, '2026-03-13 12:06:20', 0.000000, 0.000000, 113.890000, 113.890000, 107.900000, 107.900000, 5.990000, 5.990000, 0, 0.000000, 0.000000, 'Prestashop', '', '2026-03-08 04:43:18'),
(6215, 6379, 6215, 5447, '2026-03-13 12:07:53', 0.000000, 0.000000, 63.940000, 63.940000, 57.950000, 57.950000, 5.990000, 5.990000, 0, 0.000000, 0.000000, 'Prestashop', '', '2026-03-08 08:19:28'),
(6216, 6380, 6216, 5449, '2026-03-13 12:09:20', 0.000000, 0.000000, 55.890000, 55.890000, 49.900000, 49.900000, 5.990000, 5.990000, 0, 0.000000, 0.000000, 'Prestashop', '', '2026-03-10 08:14:53'),
(6217, 6381, 6217, 5450, '2026-03-13 12:10:43', 0.000000, 0.000000, 63.940000, 63.940000, 57.950000, 57.950000, 5.990000, 5.990000, 0, 0.000000, 0.000000, 'Prestashop', '', '2026-03-10 09:30:08'),
(6218, 6382, 6218, 5451, '2026-03-20 06:51:32', 0.000000, 0.000000, 121.890000, 121.890000, 115.900000, 115.900000, 5.990000, 5.990000, 0, 0.000000, 0.000000, 'Prestashop', '', '2026-03-11 12:17:26'),
(6219, 6383, 6219, 5452, '2026-03-20 06:51:16', 0.000000, 0.000000, 121.890000, 121.890000, 115.900000, 115.900000, 5.990000, 5.990000, 0, 0.000000, 0.000000, 'Prestashop', '', '2026-03-13 03:28:34'),
(6220, 6384, 6220, 5453, '2026-03-18 16:08:55', 0.000000, 0.000000, 59.940000, 59.940000, 53.950000, 53.950000, 5.990000, 5.990000, 0, 0.000000, 0.000000, 'Prestashop', '', '2026-03-14 20:49:48'),
(6221, 6385, 6221, 5454, '2026-03-18 16:09:43', 0.000000, 0.000000, 63.940000, 63.940000, 57.950000, 57.950000, 5.990000, 5.990000, 0, 0.000000, 0.000000, 'Prestashop', '', '2026-03-16 09:57:02'),
(6222, 6386, 6222, 5455, '2026-03-19 13:37:20', 0.000000, 0.000000, 197.890000, 197.890000, 191.900000, 191.900000, 5.990000, 5.990000, 0, 0.000000, 0.000000, 'Prestashop', '', '2026-03-17 08:27:33'),
(6223, 6387, 6223, 5456, '2026-03-26 02:17:15', 0.000000, 0.000000, 63.940000, 63.940000, 57.950000, 57.950000, 5.990000, 5.990000, 0, 0.000000, 0.000000, 'Prestashop', '', '2026-03-23 16:43:36'),
(6224, 6388, 6224, 5457, '2026-04-01 06:37:06', 0.000000, 0.000000, 387.000000, 387.000000, 377.000000, 377.000000, 10.000000, 10.000000, 0, 0.000000, 0.000000, 'Prestashop', '', '2026-03-24 13:23:19'),
(6225, 6389, 6225, 5458, '2026-04-01 06:39:56', 0.000000, 0.000000, 69.890000, 69.890000, 63.900000, 63.900000, 5.990000, 5.990000, 0, 0.000000, 0.000000, 'Prestashop', '', '2026-03-25 14:53:21'),
(6226, 6390, 6226, 5459, '2026-04-01 06:30:09', 0.000000, 0.000000, 121.890000, 121.890000, 115.900000, 115.900000, 5.990000, 5.990000, 0, 0.000000, 0.000000, 'Prestashop', '', '2026-03-26 08:54:04'),
(6227, 6391, 6227, 5460, '2026-04-01 06:38:26', 0.000000, 0.000000, 224.000000, 224.000000, 214.000000, 214.000000, 10.000000, 10.000000, 0, 0.000000, 0.000000, 'Prestashop', '', '2026-03-26 10:27:31'),
(6228, 6392, 6228, 5461, '2026-04-01 06:31:50', 0.000000, 0.000000, 101.840000, 101.840000, 95.850000, 95.850000, 5.990000, 5.990000, 0, 0.000000, 0.000000, 'Prestashop', '', '2026-03-27 13:21:50'),
(6229, 6393, 6229, 5462, '2026-04-01 15:39:03', 0.000000, 0.000000, 63.940000, 63.940000, 57.950000, 57.950000, 5.990000, 5.990000, 0, 0.000000, 0.000000, 'Prestashop', '', '2026-03-28 06:37:44'),
(6230, 6394, 6230, 5463, '2026-04-01 15:40:29', 0.000000, 0.000000, 63.940000, 63.940000, 57.950000, 57.950000, 5.990000, 5.990000, 0, 0.000000, 0.000000, 'Prestashop', '', '2026-03-29 06:35:39'),
(6231, 6395, 6231, 5464, '2026-04-01 15:41:32', 0.000000, 0.000000, 121.890000, 121.890000, 115.900000, 115.900000, 5.990000, 5.990000, 0, 0.000000, 0.000000, 'Prestashop', '', '2026-03-30 07:43:05'),
(6232, 6396, 6232, 5465, '2026-04-06 20:52:37', 0.000000, 0.000000, 121.890000, 121.890000, 115.900000, 115.900000, 5.990000, 5.990000, 0, 0.000000, 0.000000, 'Prestashop', '', '2026-04-01 12:48:01'),
(6233, 6397, 6233, 5466, '2026-04-06 20:58:49', 0.000000, 0.000000, 96.890000, 96.890000, 90.900000, 90.900000, 5.990000, 5.990000, 0, 0.000000, 0.000000, 'Prestashop', '', '2026-04-01 16:40:45'),
(6234, 6398, 6234, 5467, '2026-04-08 19:50:05', 0.000000, 0.000000, 71.890000, 71.890000, 65.900000, 65.900000, 5.990000, 5.990000, 0, 0.000000, 0.000000, 'Prestashop', '', '2026-04-03 10:49:13'),
(6235, 6399, 6235, 5468, '2026-04-08 19:51:46', 0.000000, 0.000000, 63.940000, 63.940000, 57.950000, 57.950000, 5.990000, 5.990000, 0, 0.000000, 0.000000, 'Prestashop', '', '2026-04-03 13:52:08'),
(6236, 6400, 6236, 5469, '2026-04-08 19:52:38', 0.000000, 0.000000, 39.890000, 39.890000, 33.900000, 33.900000, 5.990000, 5.990000, 0, 0.000000, 0.000000, 'Prestashop', '', '2026-04-03 17:43:08'),
(6237, 6401, 6237, 5470, '2026-04-08 09:11:53', 0.000000, 0.000000, 74.840000, 74.840000, 68.850000, 68.850000, 5.990000, 5.990000, 0, 0.000000, 0.000000, 'Prestashop', '', '2026-04-04 06:44:16'),
(6238, 6402, 6238, 5471, '2026-04-08 09:13:40', 0.000000, 0.000000, 79.890000, 79.890000, 73.900000, 73.900000, 5.990000, 5.990000, 0, 0.000000, 0.000000, 'Prestashop', '', '2026-04-04 17:08:51'),
(6239, 6403, 6239, 5472, '2026-04-12 05:08:49', 0.000000, 0.000000, 69.890000, 69.890000, 63.900000, 63.900000, 5.990000, 5.990000, 0, 0.000000, 0.000000, 'Prestashop', '', '2026-04-07 00:49:12'),
(6240, 6404, 6240, 5473, '2026-04-12 05:11:07', 0.000000, 0.000000, 63.940000, 63.940000, 57.950000, 57.950000, 5.990000, 5.990000, 0, 0.000000, 0.000000, 'Prestashop', '', '2026-04-07 04:59:55'),
(6241, 6405, 6241, 5474, '2026-04-12 05:14:51', 0.000000, 0.000000, 99.890000, 99.890000, 93.900000, 93.900000, 5.990000, 5.990000, 0, 0.000000, 0.000000, 'Prestashop', '', '2026-04-07 17:49:19'),
(6242, 6406, 6242, 5475, '2026-04-12 05:17:45', 0.000000, 0.000000, 247.790000, 247.790000, 241.800000, 241.800000, 5.990000, 5.990000, 0, 0.000000, 0.000000, 'Prestashop', '', '2026-04-07 18:47:41'),
(6243, 6407, 6243, 5476, '2026-04-19 12:53:49', 0.000000, 0.000000, 56.840000, 56.840000, 50.850000, 50.850000, 5.990000, 5.990000, 0, 0.000000, 0.000000, 'Prestashop', '', '2026-04-09 04:59:15'),
(6244, 6408, 6244, 5477, '2026-04-19 12:55:28', 0.000000, 0.000000, 92.000000, 92.000000, 82.000000, 82.000000, 10.000000, 10.000000, 0, 0.000000, 0.000000, 'Prestashop', '', '2026-04-11 08:01:46'),
(6245, 6409, 6245, 5478, '2026-04-17 23:58:33', 0.000000, 0.000000, 28.940000, 28.940000, 22.950000, 22.950000, 5.990000, 5.990000, 0, 0.000000, 0.000000, 'Prestashop', '', '2026-04-13 07:57:59'),
(6246, 6410, 6246, 5479, '2026-04-19 12:56:48', 0.000000, 0.000000, 260.000000, 260.000000, 250.000000, 250.000000, 10.000000, 10.000000, 0, 0.000000, 0.000000, 'Prestashop', '', '2026-04-14 02:31:40'),
(6247, 6411, 6247, 5480, '2026-04-22 09:09:09', 0.000000, 0.000000, 121.890000, 121.890000, 115.900000, 115.900000, 5.990000, 5.990000, 0, 0.000000, 0.000000, 'Prestashop', '', '2026-04-18 05:41:05'),
(6248, 6412, 6248, 5481, '2026-04-21 07:20:45', 0.000000, 0.000000, 104.890000, 104.890000, 98.900000, 98.900000, 5.990000, 5.990000, 0, 0.000000, 0.000000, 'Prestashop', '', '2026-04-19 07:29:21'),
(6249, 6413, 6249, 5482, '2026-04-22 09:10:26', 0.000000, 0.000000, 121.890000, 121.890000, 115.900000, 115.900000, 5.990000, 5.990000, 0, 0.000000, 0.000000, 'Prestashop', '', '2026-04-19 09:49:05'),
(6250, 6414, 6250, 5483, '2026-04-26 02:22:51', 0.000000, 0.000000, 187.790000, 187.790000, 181.800000, 181.800000, 5.990000, 5.990000, 0, 0.000000, 0.000000, 'Prestashop', '', '2026-04-20 10:07:22'),
(6251, 6415, 6251, 5484, '2026-04-26 02:23:50', 0.000000, 0.000000, 145.790000, 145.790000, 139.800000, 139.800000, 5.990000, 5.990000, 0, 0.000000, 0.000000, 'Prestashop', '', '2026-04-20 17:51:10'),
(6252, 6416, 6252, 5485, '2026-04-26 02:26:30', 0.000000, 0.000000, 63.940000, 63.940000, 57.950000, 57.950000, 5.990000, 5.990000, 0, 0.000000, 0.000000, 'Prestashop', '', '2026-04-21 10:49:16'),
(6253, 6417, 6253, 5486, '2026-04-29 18:12:30', 0.000000, 0.000000, 46.940000, 46.940000, 40.950000, 40.950000, 5.990000, 5.990000, 0, 0.000000, 0.000000, 'Prestashop', '', '2026-04-25 12:46:05'),
(6254, 6418, 6254, 5491, '2026-05-07 04:06:21', 0.000000, 0.000000, 117.000000, 117.000000, 107.000000, 107.000000, 10.000000, 10.000000, 0, 0.000000, 0.000000, 'Prestashop', '', '2026-04-26 05:59:46'),
(6255, 6419, 6255, 5487, '2026-04-29 18:11:50', 0.000000, 0.000000, 101.940000, 101.940000, 95.950000, 95.950000, 5.990000, 5.990000, 0, 0.000000, 0.000000, 'Prestashop', '', '2026-04-26 14:11:40'),
(6256, 6420, 6256, 5488, '2026-04-29 18:11:05', 0.000000, 0.000000, 425.440000, 425.440000, 419.450000, 419.450000, 5.990000, 5.990000, 0, 0.000000, 0.000000, 'Prestashop', '', '2026-04-26 23:49:00'),
(6257, 6421, 6257, 5489, '2026-04-29 18:13:07', 0.000000, 0.000000, 104.840000, 104.840000, 98.850000, 98.850000, 5.990000, 5.990000, 0, 0.000000, 0.000000, 'Prestashop', '', '2026-04-27 03:12:22'),
(6258, 6422, 6258, 5490, '2026-04-29 18:13:45', 0.000000, 0.000000, 63.940000, 63.940000, 57.950000, 57.950000, 5.990000, 5.990000, 0, 0.000000, 0.000000, 'Prestashop', '', '2026-04-27 09:07:01'),
(6259, 6423, 6259, 5492, '2026-05-07 04:06:39', 0.000000, 0.000000, 250.000000, 250.000000, 240.000000, 240.000000, 10.000000, 10.000000, 0, 0.000000, 0.000000, 'Prestashop', '', '2026-04-30 01:21:59'),
(6260, 6424, 6260, 5493, '2026-05-06 14:25:12', 0.000000, 0.000000, 121.890000, 121.890000, 115.900000, 115.900000, 5.990000, 5.990000, 0, 0.000000, 0.000000, 'Prestashop', '', '2026-05-01 07:20:54'),
(6261, 6425, 6261, 5494, '2026-05-07 03:57:43', 0.000000, 0.000000, 212.740000, 212.740000, 206.750000, 206.750000, 5.990000, 5.990000, 0, 0.000000, 0.000000, 'Prestashop', '', '2026-05-03 11:56:58'),
(6262, 6426, 6262, 5495, '2026-05-07 03:59:07', 0.000000, 0.000000, 63.940000, 63.940000, 57.950000, 57.950000, 5.990000, 5.990000, 0, 0.000000, 0.000000, 'Prestashop', '', '2026-05-03 13:21:31'),
(6263, 6427, 6263, 5496, '2026-05-07 04:07:02', 0.000000, 0.000000, 452.000000, 452.000000, 442.000000, 442.000000, 10.000000, 10.000000, 0, 0.000000, 0.000000, 'Prestashop', '', '2026-05-03 22:30:53'),
(6264, 6428, 6264, 5497, '2026-05-07 04:00:28', 0.000000, 0.000000, 81.890000, 81.890000, 75.900000, 75.900000, 5.990000, 5.990000, 0, 0.000000, 0.000000, 'Prestashop', '', '2026-05-04 08:30:09'),
(6265, 6429, 6265, 5498, '2026-05-09 03:41:13', 0.000000, 0.000000, 63.940000, 63.940000, 57.950000, 57.950000, 5.990000, 5.990000, 0, 0.000000, 0.000000, 'Prestashop', '', '2026-05-04 19:58:59'),
(6266, 6430, 6266, 5499, '2026-05-09 03:43:21', 0.000000, 0.000000, 58.940000, 58.940000, 52.950000, 52.950000, 5.990000, 5.990000, 0, 0.000000, 0.000000, 'Prestashop', '', '2026-05-05 16:48:15'),
(6267, 6431, 6267, 5500, '2026-05-17 02:49:08', 0.000000, 0.000000, 63.940000, 63.940000, 57.950000, 57.950000, 5.990000, 5.990000, 0, 0.000000, 0.000000, 'Prestashop', '', '2026-05-06 12:14:24'),
(6268, 6432, 6268, 5501, '2026-05-17 02:47:21', 0.000000, 0.000000, 96.890000, 96.890000, 90.900000, 90.900000, 5.990000, 5.990000, 0, 0.000000, 0.000000, 'Prestashop', '', '2026-05-07 06:48:06'),
(6269, 6433, 6269, 5502, '2026-05-17 02:54:48', 0.000000, 0.000000, 93.000000, 93.000000, 83.000000, 83.000000, 10.000000, 10.000000, 0, 0.000000, 0.000000, 'Prestashop', '', '2026-05-09 23:48:55'),
(6270, 6434, 6270, 5503, '2026-05-13 21:42:40', 0.000000, 0.000000, 121.890000, 121.890000, 115.900000, 115.900000, 5.990000, 5.990000, 0, 0.000000, 0.000000, 'Prestashop', '', '2026-05-10 03:41:09'),
(6271, 6435, 6271, 5504, '2026-05-13 21:43:38', 0.000000, 0.000000, 63.940000, 63.940000, 57.950000, 57.950000, 5.990000, 5.990000, 0, 0.000000, 0.000000, 'Prestashop', '', '2026-05-10 17:28:31'),
(6272, 6436, 6272, 5505, '2026-05-16 21:21:24', 0.000000, 0.000000, 42.940000, 42.940000, 36.950000, 36.950000, 5.990000, 5.990000, 0, 0.000000, 0.000000, 'Prestashop', '', '2026-05-12 07:12:40'),
(6273, 6437, 6273, 5506, '2026-05-16 21:22:39', 0.000000, 0.000000, 104.890000, 104.890000, 98.900000, 98.900000, 5.990000, 5.990000, 0, 0.000000, 0.000000, 'Prestashop', '', '2026-05-13 17:39:52'),
(6274, 6438, 6274, 5507, '2026-05-19 17:25:24', 0.000000, 0.000000, 63.940000, 63.940000, 57.950000, 57.950000, 5.990000, 5.990000, 0, 0.000000, 0.000000, 'Prestashop', '', '2026-05-15 09:08:34'),
(6275, 6439, 6275, 5508, '2026-05-21 06:11:30', 0.000000, 0.000000, 104.840000, 104.840000, 98.850000, 98.850000, 5.990000, 5.990000, 0, 0.000000, 0.000000, 'Prestashop', '', '2026-05-16 04:10:39'),
(6276, 6440, 6276, 5509, '2026-05-21 06:12:42', 0.000000, 0.000000, 63.940000, 63.940000, 57.950000, 57.950000, 5.990000, 5.990000, 0, 0.000000, 0.000000, 'Prestashop', '', '2026-05-16 11:33:31'),
(6277, 6441, 6277, 5510, '2026-05-21 06:14:19', 0.000000, 0.000000, 430.000000, 430.000000, 420.000000, 420.000000, 10.000000, 10.000000, 0, 0.000000, 0.000000, 'Prestashop', '', '2026-05-17 23:22:29'),
(6278, 6442, 6278, 5511, '2026-05-21 06:15:43', 0.000000, 0.000000, 81.000000, 81.000000, 71.000000, 71.000000, 10.000000, 10.000000, 0, 0.000000, 0.000000, 'Prestashop', '', '2026-05-18 22:01:56'),
(6279, 6443, 6279, 5512, '2026-05-21 06:17:45', 0.000000, 0.000000, 281.000000, 281.000000, 271.000000, 271.000000, 10.000000, 10.000000, 0, 0.000000, 0.000000, 'Prestashop', '', '2026-05-19 07:50:38'),
(6280, 6444, 6280, 5513, '2026-06-02 02:14:54', 0.000000, 0.000000, 121.890000, 121.890000, 115.900000, 115.900000, 5.990000, 5.990000, 0, 0.000000, 0.000000, 'Prestashop', '', '2026-05-22 13:16:09'),
(6281, 6445, 6281, 5514, '2026-06-02 02:16:20', 0.000000, 0.000000, 63.940000, 63.940000, 57.950000, 57.950000, 5.990000, 5.990000, 0, 0.000000, 0.000000, 'Prestashop', '', '2026-05-22 13:21:41'),
(6282, 6446, 6282, 5516, '2026-05-29 17:28:26', 0.000000, 0.000000, 112.840000, 112.840000, 106.850000, 106.850000, 5.990000, 5.990000, 0, 0.000000, 0.000000, 'Prestashop', '', '2026-05-24 08:10:42'),
(6283, 6447, 6283, 5515, '2026-06-02 02:17:45', 0.000000, 0.000000, 292.000000, 292.000000, 282.000000, 282.000000, 10.000000, 10.000000, 0, 0.000000, 0.000000, 'Prestashop', '', '2026-05-25 01:58:04'),
(6284, 6448, 6284, 5517, '2026-05-29 17:29:08', 0.000000, 0.000000, 46.940000, 46.940000, 40.950000, 40.950000, 5.990000, 5.990000, 0, 0.000000, 0.000000, 'Prestashop', '', '2026-05-25 06:32:48'),
(6285, 6449, 6285, 5518, '2026-05-29 17:46:20', 0.000000, 0.000000, 63.940000, 63.940000, 57.950000, 57.950000, 5.990000, 5.990000, 0, 0.000000, 0.000000, 'Prestashop', '', '2026-05-25 13:24:31'),
(6286, 6450, 6286, 5519, '2026-05-29 17:46:47', 0.000000, 0.000000, 75.890000, 75.890000, 69.900000, 69.900000, 5.990000, 5.990000, 0, 0.000000, 0.000000, 'Prestashop', '', '2026-05-25 13:26:25'),
(6287, 6451, 6287, 5520, '2026-05-29 17:48:29', 0.000000, 0.000000, 153.790000, 153.790000, 147.800000, 147.800000, 5.990000, 5.990000, 0, 0.000000, 0.000000, 'Prestashop', '', '2026-05-25 15:49:09'),
(6288, 6452, 6288, 5521, '2026-05-29 17:49:07', 0.000000, 0.000000, 104.890000, 104.890000, 98.900000, 98.900000, 5.990000, 5.990000, 0, 0.000000, 0.000000, 'Prestashop', '', '2026-05-27 06:21:29'),
(6289, 6453, 6289, 5522, '2026-05-31 16:00:19', 0.000000, 0.000000, 38.940000, 38.940000, 32.950000, 32.950000, 5.990000, 5.990000, 0, 0.000000, 0.000000, 'Prestashop', '', '2026-05-27 18:47:59'),
(6290, 6454, 6290, 5523, '2026-06-02 13:45:38', 0.000000, 0.000000, 63.940000, 63.940000, 57.950000, 57.950000, 5.990000, 5.990000, 0, 0.000000, 0.000000, 'Prestashop', '', '2026-05-28 11:55:54'),
(6291, 6455, 6291, 5524, '2026-06-02 13:45:15', 0.000000, 0.000000, 63.940000, 63.940000, 57.950000, 57.950000, 5.990000, 5.990000, 0, 0.000000, 0.000000, 'Prestashop', '', '2026-05-29 01:55:08'),
(6292, 6456, 6292, 5525, '2026-06-04 04:59:24', 0.000000, 0.000000, 59.940000, 59.940000, 53.950000, 53.950000, 5.990000, 5.990000, 0, 0.000000, 0.000000, 'Prestashop', '', '2026-05-30 10:34:21'),
(6293, 6457, 6293, 5526, '2026-06-04 05:00:55', 0.000000, 0.000000, 129.840000, 129.840000, 123.850000, 123.850000, 5.990000, 5.990000, 0, 0.000000, 0.000000, 'Prestashop', '', '2026-05-31 22:50:26'),
(6294, 6458, 6294, 5527, '2026-06-04 05:11:09', 0.000000, 0.000000, 63.940000, 63.940000, 57.950000, 57.950000, 5.990000, 5.990000, 0, 0.000000, 0.000000, 'Prestashop', '', '2026-06-01 18:14:51'),
(6295, 6459, 6295, 5528, '2026-06-06 08:42:18', 0.000000, 0.000000, 210.000000, 210.000000, 200.000000, 200.000000, 10.000000, 10.000000, 0, 0.000000, 0.000000, 'Prestashop', '', '2026-06-02 04:54:30'),
(6296, 6460, 6296, 5529, '2026-06-06 08:44:20', 0.000000, 0.000000, 175.840000, 175.840000, 169.850000, 169.850000, 5.990000, 5.990000, 0, 0.000000, 0.000000, 'Prestashop', '', '2026-06-03 17:13:37'),
(6297, 6461, 6297, 5530, '2026-06-06 08:46:05', 0.000000, 0.000000, 420.000000, 420.000000, 410.000000, 410.000000, 10.000000, 10.000000, 0, 0.000000, 0.000000, 'Prestashop', '', '2026-06-03 23:45:39'),
(6298, 6462, 6298, 5531, '2026-06-14 02:13:08', 0.000000, 0.000000, 121.890000, 121.890000, 115.900000, 115.900000, 5.990000, 5.990000, 0, 0.000000, 0.000000, 'Prestashop', '', '2026-06-04 17:21:17'),
(6299, 6463, 6299, 5532, '2026-06-14 02:15:08', 0.000000, 0.000000, 121.890000, 121.890000, 115.900000, 115.900000, 5.990000, 5.990000, 0, 0.000000, 0.000000, 'Prestashop', '', '2026-06-08 06:21:46'),
(6300, 6464, 6300, 5533, '2026-06-14 02:17:05', 0.000000, 0.000000, 121.890000, 121.890000, 115.900000, 115.900000, 5.990000, 5.990000, 0, 0.000000, 0.000000, 'Prestashop', '', '2026-06-08 15:26:02'),
(6301, 6465, 6301, 5534, '2026-06-14 02:19:11', 0.000000, 0.000000, 79.890000, 79.890000, 73.900000, 73.900000, 5.990000, 5.990000, 0, 0.000000, 0.000000, 'Prestashop', '', '2026-06-09 17:03:02'),
(6302, 6466, 6302, 5535, '2026-06-12 10:54:30', 0.000000, 0.000000, 133.840000, 133.840000, 127.850000, 127.850000, 5.990000, 5.990000, 0, 0.000000, 0.000000, 'Prestashop', '', '2026-06-12 08:51:55'),
(6303, 6467, 6303, 5536, '2026-06-13 01:46:28', 0.000000, 0.000000, 59.940000, 59.940000, 53.950000, 53.950000, 5.990000, 5.990000, 0, 0.000000, 0.000000, 'Prestashop', '', '2026-06-12 15:43:11'),
(6304, 6468, 6304, 5537, '2026-06-14 16:29:40', 0.000000, 0.000000, 63.940000, 63.940000, 57.950000, 57.950000, 5.990000, 5.990000, 0, 0.000000, 0.000000, 'Prestashop', '', '2026-06-13 05:30:32'),
(6305, 6469, 6305, 5538, '2026-06-15 01:35:42', 0.000000, 0.000000, 107.000000, 107.000000, 97.000000, 97.000000, 10.000000, 10.000000, 0, 0.000000, 0.000000, 'Prestashop', '', '2026-06-14 19:46:37'),
(6306, 6470, 6306, 5539, '2026-06-15 13:59:34', 0.000000, 0.000000, 76.840000, 76.840000, 70.850000, 70.850000, 5.990000, 5.990000, 0, 0.000000, 0.000000, 'Prestashop', '', '2026-06-15 08:13:24'),
(6307, 6471, 6307, 5540, '2026-06-15 16:24:03', 0.000000, 0.000000, 113.840000, 113.840000, 107.850000, 107.850000, 5.990000, 5.990000, 0, 0.000000, 0.000000, 'Prestashop', '', '2026-06-15 14:39:15'),
(6308, 6472, 6308, 5541, '2026-06-17 00:46:58', 0.000000, 0.000000, 63.940000, 63.940000, 57.950000, 57.950000, 5.990000, 5.990000, 0, 0.000000, 0.000000, 'Prestashop', '', '2026-06-16 13:43:40'),
(6309, 6473, 6309, 5542, '2026-06-17 19:42:03', 0.000000, 0.000000, 63.940000, 63.940000, 57.950000, 57.950000, 5.990000, 5.990000, 0, 0.000000, 0.000000, 'Prestashop', '', '2026-06-17 04:56:20'),
(6310, 6474, 6310, 5543, '2026-06-17 19:56:03', 0.000000, 0.000000, 63.940000, 63.940000, 57.950000, 57.950000, 5.990000, 5.990000, 0, 0.000000, 0.000000, 'Prestashop', '', '2026-06-17 06:42:56'),
(6311, 6475, 6311, 0, '0000-00-00 00:00:00', 0.000000, 0.000000, 173.000000, 173.000000, 163.000000, 163.000000, 10.000000, 10.000000, 0, 0.000000, 0.000000, 'Prestashop', '', '2026-06-17 22:35:23'),
(6312, 6476, 6312, 0, '0000-00-00 00:00:00', 0.000000, 0.000000, 201.250000, 201.250000, 201.250000, 201.250000, 0.000000, 0.000000, 0, 0.000000, 0.000000, 'Prestashop', '', '2026-06-19 04:11:46');

-- --------------------------------------------------------

--
-- Table structure for table `xio8d_order_invoice_payment`
--

CREATE TABLE `xio8d_order_invoice_payment` (
  `id_order_invoice` int(11) UNSIGNED NOT NULL,
  `id_order_payment` int(11) UNSIGNED NOT NULL,
  `id_order` int(11) UNSIGNED NOT NULL
) ENGINE=InnoDB DEFAULT CHARSET=utf8mb4 COLLATE=utf8mb4_general_ci;

--
-- Dumping data for table `xio8d_order_invoice_payment`
--

INSERT INTO `xio8d_order_invoice_payment` (`id_order_invoice`, `id_order_payment`, `id_order`) VALUES
(4, 0, 2),
(3, 0, 4),
(1, 0, 10),
(2, 0, 11),
(5, 0, 13),
(6, 0, 14),
(7, 0, 15),
(8, 0, 16),
(9, 0, 17),
(10, 0, 18),
(11, 0, 19),
(12, 0, 20),
(14, 0, 21),
(13, 0, 22),
(15, 0, 23),
(16, 0, 24),
(17, 0, 25),
(18, 0, 26),
(19, 0, 27),
(20, 0, 28),
(21, 0, 29),
(22, 0, 30),
(23, 0, 31),
(24, 0, 32),
(25, 0, 35),
(26, 0, 36),
(27, 0, 38),
(28, 0, 39),
(29, 0, 40),
(30, 0, 43),
(31, 0, 44),
(32, 0, 45),
(33, 0, 46),
(34, 0, 47),
(35, 0, 48),
(36, 0, 49),
(37, 0, 50),
(38, 0, 52),
(39, 0, 53),
(40, 0, 54),
(41, 0, 56),
(42, 0, 58),
(43, 0, 59),
(64, 0, 60),
(44, 0, 61),
(45, 0, 62),
(46, 0, 63),
(47, 0, 65),
(48, 0, 66),
(49, 0, 67),
(50, 0, 68),
(51, 0, 69),
(52, 0, 70),
(53, 0, 71),
(54, 0, 72),
(55, 0, 73),
(56, 0, 74),
(57, 0, 75),
(58, 0, 76),
(59, 0, 77),
(60, 0, 78),
(61, 0, 79),
(63, 0, 81),
(65, 0, 82),
(66, 0, 83),
(68, 0, 84),
(67, 0, 85),
(69, 0, 86),
(70, 0, 87),
(71, 0, 88),
(72, 0, 89),
(73, 0, 90),
(74, 0, 91),
(75, 0, 92),
(76, 0, 94),
(77, 0, 95),
(78, 0, 97),
(79, 0, 98),
(80, 0, 99),
(81, 0, 100),
(82, 0, 101),
(83, 0, 102),
(84, 0, 103),
(85, 0, 104),
(86, 0, 105),
(87, 0, 106),
(88, 0, 107),
(89, 0, 108),
(90, 0, 109),
(91, 0, 110),
(92, 0, 111),
(93, 0, 112),
(94, 0, 114),
(95, 0, 115),
(96, 0, 116),
(97, 0, 117),
(98, 0, 118),
(99, 0, 119),
(100, 0, 120),
(101, 0, 121),
(102, 0, 123),
(103, 0, 124),
(104, 0, 125),
(105, 0, 126),
(106, 0, 127),
(107, 0, 128),
(108, 0, 129),
(109, 0, 130),
(110, 0, 131),
(111, 0, 132),
(113, 0, 134),
(114, 0, 135),
(117, 0, 138),
(118, 0, 139),
(119, 0, 140),
(120, 0, 141),
(121, 0, 142),
(122, 0, 143),
(123, 0, 144),
(124, 0, 145),
(125, 0, 146),
(126, 0, 147),
(127, 0, 148),
(128, 0, 149),
(129, 0, 150),
(130, 0, 151),
(131, 0, 152),
(132, 0, 153),
(133, 0, 154),
(134, 0, 155),
(135, 0, 156),
(136, 0, 157),
(137, 0, 158),
(138, 0, 160),
(139, 0, 161),
(140, 0, 162),
(141, 0, 163),
(142, 0, 164),
(143, 0, 165),
(144, 0, 166),
(145, 0, 167),
(146, 0, 168),
(147, 0, 169),
(148, 0, 170),
(149, 0, 171),
(150, 0, 172),
(151, 0, 173),
(152, 0, 174),
(153, 0, 175),
(154, 0, 176),
(155, 0, 177),
(156, 0, 178),
(157, 0, 179),
(158, 0, 180),
(159, 0, 181),
(160, 0, 182),
(161, 0, 183),
(162, 0, 184),
(163, 0, 185),
(164, 0, 186),
(165, 0, 187),
(166, 0, 188),
(167, 0, 189),
(168, 0, 191),
(169, 0, 192),
(170, 0, 193),
(171, 0, 194),
(172, 0, 195),
(173, 0, 196),
(174, 0, 197),
(184, 0, 198),
(175, 0, 199),
(176, 0, 200),
(177, 0, 201),
(178, 0, 202),
(179, 0, 203),
(180, 0, 204),
(181, 0, 207),
(182, 0, 208),
(183, 0, 209),
(185, 0, 210),
(186, 0, 213),
(187, 0, 218),
(188, 0, 219),
(189, 0, 220),
(190, 0, 221),
(191, 0, 222),
(192, 0, 225),
(193, 0, 226),
(194, 0, 227),
(195, 0, 228),
(196, 0, 229),
(197, 0, 230),
(198, 0, 235),
(199, 0, 238),
(200, 0, 239),
(201, 0, 240),
(202, 0, 241),
(203, 0, 242),
(204, 0, 243),
(205, 0, 244),
(206, 0, 246),
(207, 0, 247),
(208, 0, 250),
(209, 0, 251),
(210, 0, 252),
(211, 0, 253),
(212, 0, 254),
(213, 0, 255),
(214, 0, 256),
(215, 0, 257),
(216, 0, 258),
(217, 0, 259),
(218, 0, 260),
(219, 0, 261),
(220, 0, 262),
(221, 0, 263),
(222, 0, 264),
(223, 0, 265),
(224, 0, 266),
(225, 0, 268),
(226, 0, 269),
(227, 0, 270),
(228, 0, 271),
(229, 0, 272),
(230, 0, 273),
(231, 0, 274),
(232, 0, 275),
(233, 0, 276),
(234, 0, 277),
(235, 0, 278),
(236, 0, 279),
(237, 0, 280),
(238, 0, 281),
(239, 0, 282),
(240, 0, 284),
(241, 0, 285),
(243, 0, 287),
(244, 0, 288),
(245, 0, 289),
(246, 0, 290),
(247, 0, 291),
(248, 0, 292),
(249, 0, 293),
(250, 0, 294),
(251, 0, 295),
(253, 0, 295),
(252, 0, 296),
(254, 0, 297),
(255, 0, 298),
(256, 0, 300),
(257, 0, 301),
(258, 0, 302),
(259, 0, 303),
(260, 0, 304),
(261, 0, 305),
(262, 0, 307),
(264, 0, 314),
(265, 0, 315),
(266, 0, 316),
(267, 0, 317),
(268, 0, 318),
(269, 0, 319),
(270, 0, 320),
(271, 0, 321),
(272, 0, 322),
(273, 0, 323),
(274, 0, 324),
(275, 0, 325),
(277, 0, 327),
(278, 0, 328),
(279, 0, 329),
(280, 0, 330),
(281, 0, 331),
(282, 0, 332),
(283, 0, 333),
(284, 0, 334),
(285, 0, 335),
(286, 0, 336),
(287, 0, 337),
(288, 0, 338),
(289, 0, 339),
(290, 0, 340),
(291, 0, 341),
(292, 0, 342),
(293, 0, 343),
(294, 0, 344),
(295, 0, 345),
(296, 0, 346),
(297, 0, 347),
(298, 0, 348),
(299, 0, 349),
(300, 0, 350),
(301, 0, 351),
(302, 0, 352),
(303, 0, 353),
(304, 0, 354),
(305, 0, 355),
(306, 0, 356),
(307, 0, 357),
(308, 0, 358),
(309, 0, 359),
(310, 0, 360),
(311, 0, 361),
(312, 0, 362),
(313, 0, 363),
(314, 0, 364),
(315, 0, 365),
(316, 0, 366),
(317, 0, 367),
(318, 0, 368),
(319, 0, 369),
(320, 0, 370),
(321, 0, 371),
(322, 0, 372),
(323, 0, 373),
(331, 0, 373),
(324, 0, 374),
(325, 0, 375),
(326, 0, 376),
(327, 0, 377),
(328, 0, 378),
(330, 0, 380),
(332, 0, 381),
(333, 0, 382),
(334, 0, 383),
(335, 0, 384),
(336, 0, 385),
(337, 0, 386),
(338, 0, 387),
(339, 0, 388),
(340, 0, 389),
(341, 0, 390),
(342, 0, 391),
(343, 0, 392),
(344, 0, 393),
(345, 0, 394),
(346, 0, 395),
(347, 0, 396),
(348, 0, 397),
(349, 0, 398),
(350, 0, 399),
(351, 0, 400),
(352, 0, 401),
(353, 0, 402),
(354, 0, 403),
(355, 0, 404),
(356, 0, 405),
(357, 0, 406),
(358, 0, 407),
(359, 0, 408),
(360, 0, 409),
(361, 0, 410),
(362, 0, 411),
(363, 0, 412),
(364, 0, 413),
(365, 0, 414),
(366, 0, 415),
(367, 0, 416),
(368, 0, 417),
(369, 0, 418),
(370, 0, 419),
(371, 0, 420),
(372, 0, 421),
(373, 0, 422),
(374, 0, 423),
(375, 0, 424),
(376, 0, 425),
(377, 0, 426),
(378, 0, 427),
(379, 0, 428),
(380, 0, 429),
(381, 0, 430),
(382, 0, 431),
(383, 0, 432),
(384, 0, 433),
(385, 0, 434),
(386, 0, 435),
(387, 0, 436),
(388, 0, 437),
(389, 0, 438),
(390, 0, 439),
(391, 0, 440),
(392, 0, 441),
(393, 0, 442),
(394, 0, 443),
(395, 0, 444),
(396, 0, 445),
(398, 0, 447),
(399, 0, 448),
(400, 0, 449),
(401, 0, 450),
(402, 0, 451),
(403, 0, 452),
(404, 0, 453),
(405, 0, 454),
(406, 0, 455),
(407, 0, 456),
(408, 0, 457),
(409, 0, 458),
(410, 0, 459),
(411, 0, 460),
(412, 0, 461),
(413, 0, 462),
(414, 0, 463),
(415, 0, 464),
(416, 0, 465),
(417, 0, 466),
(418, 0, 467),
(419, 0, 468),
(420, 0, 469),
(421, 0, 470),
(422, 0, 471),
(423, 0, 472),
(424, 0, 473),
(425, 0, 474),
(426, 0, 475),
(427, 0, 476),
(428, 0, 477),
(429, 0, 479),
(430, 0, 481),
(431, 0, 482),
(432, 0, 483),
(433, 0, 484),
(434, 0, 485),
(435, 0, 486),
(436, 0, 487),
(437, 0, 488),
(438, 0, 489),
(439, 0, 490),
(440, 0, 491),
(441, 0, 492),
(442, 0, 494),
(443, 0, 495),
(444, 0, 496),
(445, 0, 497),
(446, 0, 498),
(447, 0, 499),
(448, 0, 500),
(449, 0, 501),
(450, 0, 502),
(451, 0, 503),
(452, 0, 504),
(453, 0, 505),
(454, 0, 506),
(455, 0, 507),
(456, 0, 508),
(457, 0, 509),
(458, 0, 510),
(459, 0, 511),
(460, 0, 512),
(461, 0, 513),
(462, 0, 514),
(463, 0, 515),
(464, 0, 516),
(465, 0, 517),
(466, 0, 518),
(467, 0, 519),
(468, 0, 520),
(469, 0, 521),
(470, 0, 522),
(471, 0, 523),
(472, 0, 524),
(473, 0, 525),
(474, 0, 526),
(475, 0, 527),
(476, 0, 528),
(477, 0, 529),
(478, 0, 530),
(479, 0, 531),
(480, 0, 532),
(481, 0, 533),
(482, 0, 534),
(483, 0, 535),
(484, 0, 537),
(489, 0, 538),
(485, 0, 539),
(486, 0, 540),
(487, 0, 541),
(488, 0, 542),
(490, 0, 543),
(491, 0, 544),
(492, 0, 545),
(493, 0, 546),
(494, 0, 547),
(495, 0, 548),
(496, 0, 549),
(497, 0, 550),
(498, 0, 551),
(499, 0, 552),
(500, 0, 553),
(501, 0, 554),
(502, 0, 555),
(503, 0, 556),
(504, 0, 557),
(505, 0, 558),
(506, 0, 559),
(507, 0, 560),
(508, 0, 562),
(509, 0, 563),
(510, 0, 564),
(511, 0, 565),
(512, 0, 566),
(514, 0, 568),
(515, 0, 569),
(516, 0, 570),
(517, 0, 571),
(518, 0, 572),
(519, 0, 573),
(520, 0, 574),
(521, 0, 575),
(522, 0, 576),
(523, 0, 577),
(524, 0, 578),
(525, 0, 579),
(526, 0, 580),
(527, 0, 581),
(528, 0, 582),
(529, 0, 583),
(530, 0, 584),
(531, 0, 585),
(532, 0, 586),
(533, 0, 587),
(534, 0, 588),
(535, 0, 589),
(536, 0, 590),
(537, 0, 591),
(538, 0, 592),
(539, 0, 593),
(540, 0, 594),
(541, 0, 595),
(542, 0, 596),
(543, 0, 597),
(544, 0, 598),
(545, 0, 599),
(546, 0, 600),
(547, 0, 601),
(548, 0, 602),
(549, 0, 603),
(550, 0, 604),
(551, 0, 605),
(552, 0, 606),
(553, 0, 607),
(554, 0, 608),
(555, 0, 609),
(556, 0, 610),
(557, 0, 611),
(558, 0, 612),
(559, 0, 613),
(560, 0, 614),
(561, 0, 615),
(562, 0, 616),
(563, 0, 617),
(564, 0, 618),
(565, 0, 619),
(566, 0, 620),
(567, 0, 621),
(568, 0, 622),
(569, 0, 623),
(570, 0, 624),
(571, 0, 625),
(572, 0, 626),
(573, 0, 627),
(574, 0, 628),
(575, 0, 629),
(576, 0, 630),
(577, 0, 631),
(578, 0, 632),
(579, 0, 633),
(580, 0, 634),
(581, 0, 635),
(582, 0, 636),
(583, 0, 637),
(584, 0, 638),
(585, 0, 639),
(586, 0, 640),
(587, 0, 641),
(588, 0, 642),
(589, 0, 643),
(590, 0, 644),
(591, 0, 645),
(592, 0, 646),
(593, 0, 647),
(594, 0, 648),
(595, 0, 649),
(596, 0, 650),
(597, 0, 651),
(598, 0, 652),
(599, 0, 653),
(600, 0, 656),
(601, 0, 657),
(602, 0, 658),
(603, 0, 659),
(604, 0, 660),
(605, 0, 661),
(606, 0, 662),
(607, 0, 663),
(608, 0, 664),
(609, 0, 665),
(610, 0, 666),
(611, 0, 667),
(612, 0, 668),
(613, 0, 669),
(614, 0, 670),
(615, 0, 671),
(616, 0, 672),
(617, 0, 673),
(618, 0, 674),
(619, 0, 675),
(620, 0, 676),
(621, 0, 677),
(622, 0, 678),
(623, 0, 679),
(624, 0, 680),
(625, 0, 681),
(626, 0, 682),
(627, 0, 683),
(628, 0, 684),
(629, 0, 685),
(632, 0, 686),
(630, 0, 687),
(631, 0, 688),
(633, 0, 689),
(634, 0, 690),
(635, 0, 691),
(636, 0, 692),
(637, 0, 693),
(638, 0, 694),
(639, 0, 695),
(640, 0, 696),
(641, 0, 697),
(642, 0, 698),
(643, 0, 699),
(644, 0, 700),
(645, 0, 701),
(646, 0, 702),
(647, 0, 703),
(648, 0, 704),
(649, 0, 705),
(650, 0, 706),
(651, 0, 707),
(652, 0, 709),
(653, 0, 710),
(654, 0, 711),
(655, 0, 712),
(656, 0, 713),
(657, 0, 714),
(658, 0, 715),
(659, 0, 716),
(660, 0, 717),
(661, 0, 718),
(662, 0, 719),
(663, 0, 720),
(664, 0, 721),
(665, 0, 722),
(666, 0, 723),
(667, 0, 724),
(668, 0, 725),
(669, 0, 726),
(670, 0, 727),
(671, 0, 728),
(672, 0, 729),
(673, 0, 730),
(674, 0, 731),
(675, 0, 732),
(676, 0, 733),
(677, 0, 734),
(678, 0, 735),
(679, 0, 736),
(680, 0, 737),
(681, 0, 738),
(682, 0, 739),
(683, 0, 740),
(684, 0, 741),
(685, 0, 742),
(686, 0, 743),
(687, 0, 745),
(688, 0, 746),
(689, 0, 747),
(690, 0, 748),
(691, 0, 749),
(692, 0, 750),
(693, 0, 751),
(694, 0, 752),
(695, 0, 753),
(696, 0, 754),
(697, 0, 755),
(698, 0, 756),
(699, 0, 757),
(700, 0, 758),
(701, 0, 759),
(702, 0, 760),
(703, 0, 761),
(704, 0, 762),
(705, 0, 763),
(706, 0, 764),
(707, 0, 765),
(708, 0, 766),
(709, 0, 767),
(710, 0, 768),
(711, 0, 769),
(712, 0, 770),
(713, 0, 771),
(714, 0, 772),
(715, 0, 773),
(716, 0, 774),
(717, 0, 775),
(718, 0, 776),
(719, 0, 777),
(720, 0, 778),
(721, 0, 779),
(722, 0, 780),
(723, 0, 781),
(724, 0, 782),
(725, 0, 783),
(726, 0, 784),
(727, 0, 785),
(728, 0, 786),
(729, 0, 787),
(730, 0, 788),
(731, 0, 789),
(732, 0, 790),
(733, 0, 791),
(734, 0, 792),
(735, 0, 793),
(736, 0, 794),
(737, 0, 795),
(738, 0, 796),
(739, 0, 797),
(740, 0, 798),
(741, 0, 799),
(742, 0, 800),
(743, 0, 801),
(744, 0, 802),
(745, 0, 803),
(746, 0, 804),
(747, 0, 805),
(748, 0, 806),
(749, 0, 807),
(750, 0, 808),
(751, 0, 809),
(752, 0, 810),
(753, 0, 811),
(754, 0, 812),
(755, 0, 813),
(756, 0, 814),
(757, 0, 815),
(758, 0, 816),
(759, 0, 817),
(760, 0, 818),
(761, 0, 819),
(762, 0, 820),
(763, 0, 821),
(764, 0, 822),
(765, 0, 823),
(766, 0, 824),
(767, 0, 825),
(768, 0, 826),
(769, 0, 827),
(770, 0, 828),
(771, 0, 829),
(772, 0, 830),
(773, 0, 831),
(774, 0, 832),
(775, 0, 833),
(776, 0, 834),
(777, 0, 835),
(778, 0, 836),
(779, 0, 837),
(780, 0, 838),
(781, 0, 839),
(782, 0, 840),
(783, 0, 841),
(784, 0, 842),
(785, 0, 843),
(786, 0, 844),
(787, 0, 845),
(788, 0, 846),
(789, 0, 847),
(790, 0, 848),
(791, 0, 849),
(792, 0, 850),
(793, 0, 851),
(794, 0, 852),
(795, 0, 853),
(797, 0, 854),
(796, 0, 855),
(798, 0, 856),
(799, 0, 857),
(800, 0, 858),
(801, 0, 859),
(802, 0, 860),
(803, 0, 861),
(804, 0, 862),
(805, 0, 863),
(806, 0, 864),
(807, 0, 865),
(808, 0, 866),
(809, 0, 867),
(810, 0, 868),
(811, 0, 869),
(812, 0, 870),
(813, 0, 871),
(814, 0, 872),
(815, 0, 873),
(816, 0, 874),
(817, 0, 875),
(818, 0, 876),
(819, 0, 877),
(820, 0, 878),
(821, 0, 880),
(822, 0, 881),
(823, 0, 882),
(824, 0, 883),
(825, 0, 884),
(826, 0, 885),
(827, 0, 887),
(828, 0, 889),
(829, 0, 890),
(830, 0, 891),
(831, 0, 892),
(832, 0, 893),
(833, 0, 894),
(834, 0, 895),
(835, 0, 896),
(836, 0, 897),
(837, 0, 898),
(838, 0, 899),
(839, 0, 900),
(840, 0, 901),
(841, 0, 902),
(842, 0, 903),
(843, 0, 904),
(844, 0, 905),
(845, 0, 906),
(846, 0, 907),
(847, 0, 908),
(848, 0, 909),
(849, 0, 910),
(850, 0, 911),
(851, 0, 912),
(852, 0, 913),
(853, 0, 914),
(854, 0, 915),
(855, 0, 916),
(856, 0, 917),
(857, 0, 918),
(858, 0, 919),
(859, 0, 920),
(860, 0, 921),
(861, 0, 922),
(862, 0, 923),
(863, 0, 924),
(864, 0, 925),
(865, 0, 926),
(866, 0, 927),
(867, 0, 928),
(868, 0, 929),
(869, 0, 930),
(870, 0, 931),
(871, 0, 932),
(872, 0, 933),
(873, 0, 934),
(874, 0, 935),
(875, 0, 936),
(876, 0, 937),
(877, 0, 938),
(878, 0, 939),
(879, 0, 940),
(880, 0, 941),
(881, 0, 942),
(882, 0, 943),
(883, 0, 944),
(884, 0, 945),
(885, 0, 946),
(886, 0, 947),
(887, 0, 948),
(888, 0, 949),
(889, 0, 950),
(890, 0, 951),
(891, 0, 952),
(892, 0, 953),
(893, 0, 954),
(894, 0, 955),
(895, 0, 956),
(896, 0, 957),
(897, 0, 958),
(898, 0, 959),
(899, 0, 960),
(900, 0, 961),
(901, 0, 962),
(902, 0, 963),
(903, 0, 964),
(904, 0, 965),
(905, 0, 966),
(906, 0, 967),
(907, 0, 968),
(908, 0, 969),
(909, 0, 970),
(910, 0, 971),
(911, 0, 972),
(912, 0, 973),
(913, 0, 974),
(914, 0, 975),
(915, 0, 976),
(916, 0, 977),
(917, 0, 978),
(918, 0, 979),
(919, 0, 980),
(920, 0, 982),
(921, 0, 983),
(922, 0, 984),
(923, 0, 985),
(924, 0, 986),
(925, 0, 987),
(926, 0, 988),
(927, 0, 989),
(928, 0, 991),
(929, 0, 992),
(930, 0, 993),
(931, 0, 994),
(932, 0, 995),
(933, 0, 996),
(934, 0, 997),
(935, 0, 998),
(936, 0, 999),
(937, 0, 1000),
(938, 0, 1001),
(939, 0, 1002),
(940, 0, 1003),
(941, 0, 1004),
(942, 0, 1005),
(943, 0, 1006),
(944, 0, 1007),
(945, 0, 1008),
(946, 0, 1009),
(947, 0, 1010),
(948, 0, 1011),
(949, 0, 1012),
(950, 0, 1013),
(951, 0, 1014),
(952, 0, 1016),
(953, 0, 1017),
(954, 0, 1018),
(955, 0, 1019),
(956, 0, 1020),
(957, 0, 1021),
(958, 0, 1022),
(959, 0, 1023),
(960, 0, 1024),
(961, 0, 1025),
(962, 0, 1026),
(963, 0, 1027),
(964, 0, 1028),
(965, 0, 1029),
(966, 0, 1030),
(967, 0, 1031),
(968, 0, 1033),
(969, 0, 1034),
(970, 0, 1035),
(971, 0, 1036),
(972, 0, 1037),
(973, 0, 1038),
(974, 0, 1039),
(975, 0, 1040),
(976, 0, 1041),
(977, 0, 1042),
(980, 0, 1043),
(978, 0, 1044),
(979, 0, 1045),
(981, 0, 1046),
(982, 0, 1047),
(983, 0, 1048),
(984, 0, 1050),
(985, 0, 1051),
(986, 0, 1052),
(987, 0, 1053),
(988, 0, 1054),
(989, 0, 1055),
(990, 0, 1056),
(991, 0, 1057),
(992, 0, 1058),
(993, 0, 1059),
(994, 0, 1060),
(995, 0, 1061),
(996, 0, 1062),
(997, 0, 1063),
(998, 0, 1064),
(999, 0, 1065),
(1000, 0, 1066),
(1001, 0, 1067),
(1002, 0, 1068),
(1003, 0, 1069),
(1004, 0, 1070),
(1005, 0, 1071),
(1006, 0, 1072),
(1007, 0, 1073),
(1008, 0, 1074),
(1009, 0, 1075),
(1010, 0, 1076),
(1011, 0, 1077),
(1012, 0, 1078),
(1013, 0, 1079),
(1014, 0, 1080),
(1015, 0, 1081),
(1016, 0, 1082),
(1017, 0, 1083),
(1018, 0, 1084),
(1019, 0, 1085),
(1020, 0, 1086),
(1021, 0, 1087),
(1022, 0, 1088),
(1023, 0, 1089),
(1024, 0, 1090),
(1025, 0, 1091),
(1026, 0, 1092),
(1027, 0, 1093),
(1028, 0, 1094),
(1029, 0, 1095),
(1030, 0, 1097),
(1032, 0, 1099),
(1033, 0, 1100),
(1034, 0, 1101),
(1035, 0, 1102),
(1036, 0, 1103),
(1037, 0, 1104),
(1038, 0, 1105),
(1039, 0, 1106),
(1040, 0, 1107),
(1041, 0, 1108),
(1042, 0, 1109),
(1043, 0, 1110),
(1044, 0, 1111),
(1045, 0, 1112),
(1046, 0, 1113),
(1047, 0, 1114),
(1048, 0, 1115),
(1049, 0, 1116),
(1050, 0, 1117),
(1051, 0, 1118),
(1052, 0, 1119),
(1053, 0, 1120),
(1054, 0, 1121),
(1055, 0, 1122),
(1056, 0, 1123),
(1057, 0, 1124),
(1058, 0, 1125),
(1059, 0, 1126),
(1060, 0, 1127),
(1061, 0, 1128),
(1062, 0, 1129),
(1063, 0, 1130),
(1064, 0, 1131),
(1065, 0, 1132),
(1066, 0, 1133),
(1067, 0, 1134),
(1068, 0, 1135),
(1069, 0, 1136),
(1070, 0, 1137),
(1071, 0, 1138),
(1072, 0, 1139),
(1073, 0, 1140),
(1074, 0, 1141),
(1075, 0, 1142),
(1076, 0, 1143),
(1077, 0, 1144),
(1078, 0, 1145),
(1079, 0, 1146),
(1080, 0, 1147),
(1081, 0, 1148),
(1082, 0, 1149),
(1083, 0, 1150),
(1084, 0, 1151),
(1085, 0, 1152),
(1086, 0, 1153),
(1087, 0, 1154),
(1088, 0, 1155),
(1089, 0, 1156),
(1090, 0, 1157),
(1091, 0, 1158),
(1092, 0, 1159),
(1093, 0, 1160),
(1094, 0, 1161),
(1095, 0, 1162),
(1096, 0, 1163),
(1097, 0, 1164),
(1098, 0, 1165),
(1099, 0, 1166),
(1100, 0, 1167),
(1101, 0, 1168),
(1102, 0, 1169),
(1103, 0, 1170),
(1104, 0, 1171),
(1105, 0, 1172),
(1106, 0, 1173),
(1107, 0, 1174),
(1108, 0, 1175),
(1109, 0, 1176),
(1110, 0, 1177),
(1111, 0, 1178),
(1112, 0, 1179),
(1113, 0, 1180),
(1114, 0, 1181),
(1115, 0, 1182),
(1116, 0, 1183),
(1117, 0, 1184),
(1118, 0, 1185),
(1119, 0, 1186),
(1120, 0, 1187),
(1121, 0, 1189),
(1122, 0, 1190),
(1123, 0, 1191),
(1124, 0, 1192),
(1125, 0, 1193),
(1126, 0, 1194),
(1127, 0, 1195),
(1128, 0, 1196),
(1129, 0, 1197),
(1130, 0, 1198),
(1131, 0, 1199),
(1132, 0, 1200),
(1133, 0, 1201),
(1134, 0, 1202),
(1135, 0, 1203),
(1136, 0, 1204),
(1137, 0, 1205),
(1138, 0, 1206),
(1139, 0, 1207),
(1140, 0, 1208),
(1141, 0, 1209),
(1142, 0, 1210),
(1143, 0, 1211),
(1144, 0, 1212),
(1145, 0, 1213),
(1146, 0, 1216),
(1147, 0, 1217),
(1148, 0, 1218),
(1149, 0, 1219),
(1150, 0, 1220),
(1151, 0, 1221),
(1152, 0, 1222),
(1153, 0, 1223),
(1154, 0, 1224),
(1155, 0, 1225),
(1156, 0, 1226),
(1157, 0, 1227),
(1158, 0, 1228),
(1159, 0, 1229),
(1160, 0, 1230),
(1161, 0, 1231),
(1162, 0, 1232),
(1163, 0, 1233),
(1164, 0, 1234),
(1165, 0, 1235),
(1166, 0, 1236),
(1167, 0, 1237),
(1168, 0, 1238),
(1169, 0, 1239),
(1170, 0, 1240),
(1171, 0, 1241),
(1172, 0, 1242),
(1173, 0, 1243),
(1174, 0, 1244),
(1175, 0, 1245),
(1176, 0, 1246),
(1177, 0, 1247),
(1178, 0, 1248),
(1179, 0, 1249),
(1180, 0, 1250),
(1181, 0, 1251),
(1182, 0, 1252),
(1183, 0, 1253),
(1184, 0, 1254),
(1185, 0, 1255),
(1186, 0, 1256),
(1187, 0, 1257),
(1188, 0, 1258),
(1189, 0, 1259),
(1190, 0, 1260),
(1191, 0, 1261),
(1192, 0, 1262),
(1193, 0, 1263),
(1194, 0, 1264),
(1195, 0, 1265),
(1196, 0, 1266),
(1197, 0, 1267),
(1198, 0, 1268),
(1199, 0, 1269),
(1200, 0, 1270),
(1201, 0, 1271),
(1202, 0, 1272),
(1203, 0, 1273),
(1204, 0, 1274),
(1205, 0, 1275),
(1206, 0, 1276),
(1207, 0, 1277),
(1208, 0, 1278),
(1209, 0, 1279),
(1210, 0, 1280),
(1211, 0, 1281),
(1212, 0, 1282),
(1213, 0, 1283),
(1214, 0, 1284),
(1215, 0, 1285),
(1216, 0, 1286),
(1217, 0, 1287),
(1218, 0, 1288),
(1219, 0, 1289),
(1220, 0, 1290),
(1221, 0, 1291),
(1222, 0, 1292),
(1223, 0, 1294),
(1224, 0, 1295),
(1225, 0, 1296),
(1226, 0, 1297),
(1227, 0, 1298),
(1228, 0, 1299),
(1229, 0, 1300),
(1230, 0, 1301),
(1231, 0, 1302),
(1232, 0, 1303),
(1233, 0, 1304),
(1234, 0, 1305),
(1235, 0, 1306),
(1236, 0, 1307),
(1237, 0, 1308),
(1238, 0, 1309),
(1239, 0, 1310),
(1240, 0, 1311),
(1241, 0, 1312),
(1242, 0, 1313),
(1243, 0, 1314),
(1244, 0, 1315),
(1245, 0, 1316),
(1246, 0, 1317),
(1247, 0, 1318),
(1248, 0, 1319),
(1249, 0, 1320),
(1250, 0, 1321),
(1251, 0, 1322),
(1252, 0, 1323),
(1253, 0, 1324),
(1254, 0, 1325),
(1255, 0, 1326),
(1256, 0, 1327),
(1257, 0, 1328),
(1258, 0, 1329),
(1259, 0, 1330),
(1260, 0, 1331),
(1261, 0, 1332),
(1262, 0, 1333),
(1263, 0, 1335),
(1264, 0, 1336),
(1265, 0, 1337),
(1266, 0, 1339),
(1267, 0, 1340),
(1268, 0, 1341),
(1269, 0, 1342),
(1270, 0, 1344),
(1271, 0, 1345),
(1272, 0, 1346),
(1273, 0, 1347),
(1274, 0, 1348),
(1275, 0, 1349),
(1276, 0, 1350),
(1277, 0, 1351),
(1278, 0, 1352),
(1279, 0, 1353),
(1280, 0, 1354),
(1281, 0, 1355),
(1282, 0, 1356),
(1283, 0, 1357),
(1284, 0, 1358),
(1285, 0, 1359),
(1286, 0, 1360),
(1287, 0, 1361),
(1288, 0, 1362),
(1289, 0, 1363),
(1290, 0, 1364),
(1291, 0, 1365),
(1292, 0, 1366),
(1293, 0, 1367),
(1294, 0, 1368),
(1295, 0, 1369),
(1296, 0, 1370),
(1297, 0, 1371),
(1298, 0, 1372),
(1303, 0, 1373),
(1299, 0, 1374),
(1300, 0, 1375),
(1301, 0, 1376),
(1302, 0, 1378),
(1304, 0, 1379),
(1305, 0, 1380),
(1306, 0, 1381),
(1307, 0, 1382),
(1308, 0, 1383),
(1309, 0, 1384),
(1310, 0, 1385),
(1311, 0, 1386),
(1312, 0, 1387),
(1313, 0, 1388),
(1314, 0, 1389),
(1315, 0, 1390),
(1316, 0, 1391),
(1317, 0, 1392),
(1318, 0, 1393),
(1319, 0, 1394),
(1320, 0, 1395),
(1321, 0, 1396),
(1322, 0, 1397),
(1323, 0, 1398),
(1324, 0, 1399),
(1325, 0, 1400),
(1326, 0, 1401),
(1327, 0, 1402),
(1328, 0, 1404),
(1329, 0, 1405),
(1330, 0, 1406),
(1331, 0, 1407),
(1332, 0, 1408),
(1333, 0, 1409),
(1334, 0, 1410),
(1335, 0, 1411),
(1336, 0, 1412),
(1337, 0, 1413),
(1338, 0, 1414),
(1339, 0, 1415),
(1340, 0, 1416),
(1341, 0, 1417),
(1342, 0, 1418),
(1343, 0, 1419),
(1344, 0, 1422),
(1345, 0, 1423),
(1346, 0, 1424),
(1347, 0, 1425),
(1348, 0, 1426),
(1349, 0, 1427),
(1350, 0, 1428),
(1351, 0, 1429),
(1352, 0, 1430),
(1353, 0, 1431),
(1354, 0, 1432),
(1355, 0, 1433),
(1356, 0, 1434),
(1357, 0, 1435),
(1358, 0, 1436),
(1359, 0, 1437),
(1360, 0, 1438),
(1361, 0, 1439),
(1362, 0, 1440),
(1363, 0, 1441),
(1364, 0, 1442),
(1365, 0, 1443),
(1366, 0, 1444),
(1367, 0, 1445),
(1368, 0, 1446),
(1369, 0, 1447),
(1370, 0, 1448),
(1371, 0, 1450),
(1372, 0, 1451),
(1373, 0, 1452),
(1374, 0, 1453),
(1375, 0, 1454),
(1376, 0, 1455),
(1377, 0, 1456),
(1378, 0, 1457),
(1379, 0, 1458),
(1380, 0, 1459),
(1381, 0, 1460),
(1382, 0, 1461),
(1383, 0, 1462),
(1384, 0, 1463),
(1385, 0, 1464),
(1386, 0, 1465),
(1387, 0, 1467),
(1388, 0, 1468),
(1389, 0, 1469),
(1390, 0, 1470),
(1391, 0, 1471),
(1392, 0, 1472),
(1393, 0, 1473),
(1394, 0, 1474),
(1395, 0, 1475),
(1396, 0, 1476),
(1397, 0, 1477),
(1398, 0, 1478),
(1399, 0, 1479),
(1400, 0, 1480),
(1401, 0, 1481),
(1402, 0, 1482),
(1403, 0, 1483),
(1404, 0, 1484),
(1405, 0, 1485),
(1406, 0, 1486),
(1407, 0, 1487),
(1408, 0, 1488),
(1409, 0, 1489),
(1410, 0, 1490),
(1417, 0, 1491),
(1411, 0, 1492),
(1412, 0, 1493),
(1413, 0, 1494),
(1414, 0, 1495),
(1415, 0, 1496),
(1416, 0, 1497),
(1418, 0, 1498),
(1419, 0, 1499),
(1420, 0, 1500),
(1421, 0, 1501),
(1422, 0, 1502),
(1423, 0, 1503),
(1424, 0, 1504),
(1425, 0, 1505),
(1426, 0, 1506),
(1427, 0, 1507),
(1428, 0, 1508),
(1429, 0, 1509),
(1430, 0, 1510),
(1431, 0, 1511),
(1432, 0, 1512),
(1433, 0, 1513),
(1434, 0, 1514),
(1435, 0, 1515),
(1436, 0, 1516),
(1437, 0, 1517),
(1438, 0, 1518),
(1439, 0, 1519),
(1440, 0, 1521),
(1441, 0, 1522),
(1442, 0, 1523),
(1443, 0, 1524),
(1444, 0, 1525),
(1445, 0, 1526),
(1446, 0, 1527),
(1447, 0, 1528),
(1448, 0, 1529),
(1449, 0, 1530),
(1450, 0, 1531),
(1451, 0, 1532),
(1452, 0, 1533),
(1453, 0, 1534),
(1454, 0, 1535),
(1455, 0, 1536),
(1456, 0, 1537),
(1457, 0, 1538),
(1458, 0, 1539),
(1459, 0, 1540),
(1460, 0, 1541),
(1461, 0, 1542),
(1462, 0, 1543),
(1463, 0, 1544),
(1464, 0, 1545),
(1465, 0, 1546),
(1466, 0, 1547),
(1467, 0, 1548),
(1468, 0, 1549),
(1469, 0, 1550),
(1470, 0, 1551),
(1471, 0, 1553),
(1472, 0, 1554),
(1473, 0, 1555),
(1474, 0, 1556),
(1475, 0, 1557),
(1476, 0, 1558),
(1477, 0, 1559),
(1478, 0, 1560),
(1479, 0, 1561),
(1480, 0, 1562),
(1481, 0, 1563),
(1482, 0, 1564),
(1483, 0, 1565),
(1484, 0, 1566),
(1485, 0, 1567),
(1486, 0, 1568),
(1487, 0, 1569),
(1488, 0, 1570),
(1489, 0, 1571),
(1490, 0, 1572),
(1491, 0, 1573),
(1492, 0, 1574),
(1493, 0, 1575),
(1494, 0, 1576),
(1495, 0, 1577),
(1496, 0, 1578),
(1497, 0, 1579),
(1498, 0, 1580),
(1499, 0, 1581),
(1500, 0, 1582),
(1501, 0, 1583),
(1502, 0, 1584),
(1503, 0, 1585),
(1504, 0, 1586),
(1505, 0, 1587),
(1506, 0, 1588),
(1507, 0, 1589),
(1508, 0, 1590),
(1509, 0, 1591),
(1510, 0, 1592),
(1511, 0, 1593),
(1512, 0, 1594),
(1513, 0, 1595),
(1514, 0, 1596),
(1515, 0, 1597),
(1516, 0, 1598),
(1517, 0, 1599),
(1518, 0, 1600),
(1519, 0, 1601),
(1520, 0, 1602),
(1521, 0, 1603),
(1522, 0, 1604),
(1523, 0, 1605),
(1524, 0, 1606),
(1525, 0, 1607),
(1526, 0, 1608),
(1527, 0, 1609),
(1528, 0, 1610),
(1529, 0, 1611),
(1530, 0, 1612),
(1531, 0, 1613),
(1532, 0, 1614),
(1533, 0, 1615),
(1534, 0, 1616),
(1535, 0, 1617),
(1536, 0, 1618),
(1537, 0, 1619),
(1538, 0, 1620),
(1539, 0, 1621),
(1540, 0, 1622),
(1541, 0, 1623),
(1542, 0, 1624),
(1543, 0, 1625),
(1544, 0, 1626),
(1545, 0, 1627),
(1546, 0, 1628),
(1547, 0, 1629),
(1548, 0, 1630),
(1549, 0, 1631),
(1550, 0, 1632),
(1551, 0, 1633),
(1552, 0, 1634),
(1553, 0, 1635),
(1554, 0, 1636),
(1555, 0, 1637),
(1556, 0, 1638),
(1557, 0, 1639),
(1558, 0, 1640),
(1559, 0, 1641),
(1560, 0, 1642),
(1561, 0, 1643),
(1563, 0, 1644),
(1562, 0, 1645),
(1564, 0, 1646),
(1565, 0, 1647),
(1566, 0, 1648),
(1567, 0, 1649),
(1568, 0, 1650),
(1569, 0, 1651),
(1570, 0, 1652),
(1571, 0, 1654),
(1572, 0, 1655),
(1573, 0, 1656),
(1574, 0, 1657),
(1575, 0, 1658),
(1576, 0, 1659),
(1577, 0, 1660),
(1578, 0, 1661),
(1579, 0, 1662),
(1580, 0, 1663),
(1581, 0, 1664),
(1582, 0, 1665),
(1583, 0, 1666),
(1584, 0, 1667),
(1585, 0, 1668),
(1586, 0, 1669),
(1587, 0, 1670),
(1588, 0, 1671),
(1589, 0, 1672),
(1590, 0, 1673),
(1591, 0, 1674),
(1592, 0, 1675),
(1593, 0, 1676),
(1594, 0, 1677),
(1595, 0, 1678),
(1596, 0, 1679),
(1597, 0, 1680),
(1598, 0, 1681),
(1599, 0, 1682),
(1600, 0, 1683),
(1601, 0, 1684),
(1602, 0, 1685),
(1603, 0, 1686),
(1604, 0, 1687),
(1605, 0, 1688),
(1606, 0, 1689),
(1607, 0, 1690),
(1608, 0, 1691),
(1609, 0, 1692),
(1610, 0, 1693),
(1611, 0, 1694),
(1612, 0, 1695),
(1613, 0, 1696),
(1614, 0, 1698),
(1615, 0, 1699),
(1616, 0, 1700),
(1617, 0, 1701),
(1618, 0, 1702),
(1619, 0, 1703),
(1620, 0, 1704),
(1621, 0, 1705),
(1622, 0, 1706),
(1623, 0, 1707),
(1624, 0, 1708),
(1625, 0, 1709),
(1626, 0, 1710),
(1627, 0, 1711),
(1628, 0, 1712),
(1629, 0, 1713),
(1630, 0, 1714),
(1631, 0, 1715),
(1632, 0, 1716),
(1633, 0, 1717),
(1634, 0, 1718),
(1635, 0, 1719),
(1636, 0, 1720),
(1637, 0, 1721),
(1638, 0, 1723),
(1639, 0, 1724),
(1640, 0, 1725),
(1641, 0, 1726),
(1642, 0, 1727),
(1643, 0, 1728),
(1644, 0, 1729),
(1645, 0, 1730),
(1646, 0, 1731),
(1647, 0, 1732),
(1648, 0, 1733),
(1649, 0, 1734),
(1650, 0, 1735),
(1651, 0, 1736),
(1652, 0, 1737),
(1653, 0, 1738),
(1654, 0, 1739),
(1655, 0, 1740),
(1656, 0, 1742),
(1657, 0, 1743),
(1658, 0, 1744),
(1659, 0, 1745),
(1660, 0, 1746),
(1661, 0, 1747),
(1662, 0, 1748),
(1663, 0, 1749),
(1664, 0, 1750),
(1665, 0, 1751),
(1666, 0, 1752),
(1667, 0, 1753),
(1668, 0, 1754),
(1669, 0, 1755),
(1670, 0, 1756),
(1671, 0, 1757),
(1672, 0, 1758),
(1673, 0, 1759),
(1674, 0, 1760),
(1675, 0, 1761),
(1676, 0, 1762),
(1677, 0, 1763),
(1678, 0, 1764),
(1679, 0, 1765),
(1680, 0, 1766),
(1681, 0, 1767),
(1682, 0, 1768),
(1683, 0, 1769),
(1684, 0, 1770),
(1685, 0, 1771),
(1686, 0, 1773),
(1687, 0, 1774),
(1688, 0, 1775),
(1689, 0, 1776),
(1690, 0, 1777),
(1691, 0, 1778),
(1692, 0, 1779),
(1693, 0, 1780),
(1694, 0, 1781),
(1695, 0, 1782),
(1696, 0, 1783),
(1697, 0, 1784),
(1698, 0, 1785),
(1699, 0, 1786),
(1700, 0, 1787),
(1701, 0, 1788),
(1702, 0, 1789),
(1703, 0, 1790),
(1704, 0, 1791),
(1705, 0, 1792),
(1706, 0, 1793),
(1707, 0, 1794),
(1708, 0, 1795),
(1709, 0, 1796),
(1710, 0, 1797),
(1711, 0, 1798),
(1712, 0, 1799),
(1713, 0, 1800),
(1714, 0, 1801),
(1715, 0, 1802),
(1716, 0, 1803),
(1717, 0, 1804),
(1718, 0, 1805),
(1719, 0, 1806),
(1720, 0, 1807),
(1721, 0, 1808),
(1722, 0, 1809),
(1723, 0, 1810),
(1724, 0, 1811),
(1725, 0, 1812),
(1726, 0, 1813),
(1727, 0, 1814),
(1728, 0, 1815),
(1730, 0, 1816),
(1729, 0, 1817),
(1731, 0, 1818),
(1732, 0, 1819),
(1733, 0, 1820),
(1734, 0, 1821),
(1735, 0, 1822),
(1736, 0, 1823),
(1737, 0, 1824),
(1738, 0, 1825),
(1739, 0, 1826),
(1740, 0, 1827),
(1741, 0, 1828),
(1742, 0, 1829),
(1743, 0, 1830),
(1744, 0, 1831),
(1745, 0, 1832),
(1746, 0, 1833),
(1747, 0, 1834),
(1748, 0, 1835),
(1749, 0, 1836),
(1750, 0, 1837),
(1751, 0, 1838),
(1752, 0, 1839),
(1753, 0, 1840),
(1754, 0, 1841),
(1755, 0, 1842),
(1756, 0, 1843),
(1757, 0, 1844),
(1758, 0, 1845),
(1759, 0, 1846),
(1760, 0, 1847),
(1761, 0, 1848),
(1762, 0, 1849),
(1763, 0, 1850),
(1764, 0, 1851),
(1765, 0, 1852),
(1766, 0, 1853),
(1767, 0, 1854),
(1768, 0, 1855),
(1769, 0, 1856),
(1770, 0, 1857),
(1771, 0, 1858),
(1772, 0, 1859),
(1773, 0, 1860),
(1774, 0, 1861),
(1775, 0, 1862),
(1776, 0, 1863),
(1777, 0, 1864),
(1778, 0, 1865),
(1779, 0, 1866),
(1780, 0, 1867),
(1781, 0, 1868),
(1784, 0, 1869),
(1782, 0, 1870),
(1783, 0, 1871),
(1785, 0, 1872),
(1786, 0, 1873),
(1787, 0, 1874),
(1788, 0, 1875),
(1789, 0, 1877),
(1790, 0, 1878),
(1791, 0, 1879),
(1792, 0, 1880),
(1793, 0, 1881),
(1794, 0, 1883),
(1795, 0, 1884),
(1796, 0, 1885),
(1797, 0, 1886),
(1798, 0, 1887),
(1799, 0, 1888),
(1800, 0, 1889),
(1801, 0, 1890),
(1802, 0, 1891),
(1803, 0, 1892),
(1804, 0, 1893),
(1805, 0, 1894),
(1806, 0, 1895),
(1807, 0, 1896),
(1808, 0, 1897),
(1809, 0, 1898),
(1810, 0, 1899),
(1811, 0, 1900),
(1812, 0, 1901),
(1813, 0, 1902),
(1814, 0, 1903),
(1815, 0, 1904),
(1816, 0, 1905),
(1817, 0, 1906),
(1818, 0, 1907),
(1819, 0, 1908),
(1820, 0, 1909),
(1821, 0, 1910),
(1822, 0, 1911),
(1823, 0, 1912),
(1824, 0, 1913),
(1825, 0, 1914),
(1826, 0, 1915),
(1827, 0, 1916),
(1828, 0, 1917),
(1829, 0, 1918),
(1830, 0, 1919),
(1831, 0, 1920),
(1832, 0, 1921),
(1833, 0, 1922),
(1834, 0, 1923),
(1835, 0, 1924),
(1836, 0, 1925),
(1837, 0, 1926),
(1838, 0, 1927),
(1839, 0, 1928),
(1840, 0, 1929),
(1841, 0, 1930),
(1842, 0, 1931),
(1843, 0, 1932),
(1844, 0, 1933),
(1845, 0, 1934),
(1846, 0, 1935),
(1847, 0, 1936),
(1848, 0, 1937),
(1849, 0, 1938),
(1850, 0, 1939),
(1851, 0, 1940),
(1852, 0, 1941),
(1853, 0, 1942),
(1854, 0, 1943),
(1855, 0, 1944),
(1856, 0, 1945),
(1857, 0, 1946),
(1858, 0, 1947),
(1859, 0, 1948),
(1860, 0, 1949),
(1861, 0, 1950),
(1862, 0, 1951),
(1863, 0, 1952),
(1864, 0, 1953),
(1865, 0, 1954),
(1866, 0, 1955),
(1867, 0, 1956),
(1868, 0, 1957),
(1869, 0, 1958),
(1870, 0, 1959),
(1871, 0, 1960),
(1872, 0, 1961),
(1873, 0, 1962),
(1874, 0, 1963),
(1875, 0, 1964),
(1876, 0, 1965),
(1877, 0, 1966),
(1878, 0, 1967),
(1879, 0, 1968),
(1880, 0, 1969),
(1881, 0, 1970),
(1882, 0, 1971),
(1883, 0, 1972),
(1884, 0, 1973),
(1885, 0, 1974),
(1886, 0, 1975),
(1887, 0, 1976),
(1888, 0, 1977),
(1889, 0, 1978),
(1890, 0, 1979),
(1891, 0, 1980),
(1892, 0, 1981),
(1893, 0, 1982),
(1894, 0, 1983),
(1895, 0, 1984),
(1896, 0, 1985),
(1897, 0, 1986),
(1898, 0, 1987),
(1899, 0, 1988),
(1900, 0, 1989),
(1901, 0, 1990),
(1902, 0, 1991),
(1903, 0, 1992),
(1904, 0, 1993),
(1905, 0, 1994),
(1906, 0, 1995),
(1907, 0, 1996),
(1908, 0, 1997),
(1909, 0, 1998),
(1910, 0, 2000),
(1911, 0, 2001),
(1912, 0, 2002),
(1913, 0, 2003),
(1914, 0, 2004),
(1915, 0, 2005),
(1916, 0, 2006),
(1917, 0, 2007),
(1918, 0, 2008),
(1919, 0, 2009),
(1920, 0, 2010),
(1921, 0, 2011),
(1922, 0, 2012),
(1923, 0, 2013),
(1924, 0, 2014),
(1925, 0, 2015),
(1926, 0, 2016),
(1927, 0, 2017),
(1928, 0, 2018),
(1929, 0, 2019),
(1930, 0, 2020),
(1931, 0, 2021),
(1932, 0, 2022),
(1933, 0, 2023),
(1934, 0, 2024),
(1935, 0, 2025),
(1936, 0, 2026),
(1937, 0, 2027),
(1938, 0, 2028),
(1939, 0, 2029),
(1940, 0, 2030),
(1941, 0, 2031),
(1942, 0, 2032),
(1943, 0, 2033),
(1944, 0, 2034),
(1945, 0, 2035),
(1946, 0, 2036),
(1947, 0, 2037),
(1948, 0, 2038),
(1949, 0, 2039),
(1950, 0, 2040),
(1951, 0, 2041),
(1952, 0, 2042),
(1953, 0, 2044),
(1954, 0, 2045),
(1955, 0, 2046),
(1956, 0, 2047),
(1957, 0, 2048),
(1958, 0, 2049),
(1959, 0, 2050),
(1960, 0, 2051),
(1961, 0, 2052),
(1962, 0, 2053),
(1963, 0, 2054),
(1964, 0, 2055),
(1965, 0, 2056),
(1966, 0, 2058),
(1967, 0, 2059),
(1968, 0, 2060),
(1969, 0, 2061),
(1970, 0, 2062),
(1971, 0, 2063),
(1972, 0, 2064),
(1973, 0, 2065),
(1974, 0, 2066),
(1975, 0, 2067),
(1976, 0, 2068),
(1977, 0, 2069),
(1978, 0, 2070),
(1979, 0, 2071),
(1980, 0, 2072),
(1981, 0, 2073),
(1982, 0, 2074),
(1983, 0, 2075),
(1984, 0, 2076),
(1985, 0, 2077),
(1986, 0, 2078),
(1987, 0, 2079),
(1988, 0, 2081),
(1989, 0, 2082),
(1990, 0, 2084),
(1991, 0, 2085),
(1992, 0, 2086),
(1993, 0, 2087),
(1994, 0, 2088),
(1995, 0, 2090),
(1996, 0, 2091),
(1997, 0, 2092),
(1998, 0, 2093),
(1999, 0, 2094),
(2000, 0, 2096),
(2001, 0, 2097),
(2002, 0, 2098),
(2003, 0, 2099),
(2004, 0, 2100),
(2005, 0, 2101),
(2006, 0, 2102),
(2007, 0, 2103),
(2008, 0, 2104),
(2009, 0, 2105),
(2010, 0, 2106),
(2011, 0, 2107),
(2012, 0, 2108),
(2013, 0, 2109),
(2014, 0, 2110),
(2015, 0, 2113),
(2016, 0, 2114),
(2017, 0, 2115),
(2018, 0, 2116),
(2019, 0, 2118),
(2020, 0, 2119),
(2021, 0, 2120),
(2022, 0, 2121),
(2023, 0, 2122),
(2024, 0, 2123),
(2025, 0, 2124),
(2026, 0, 2125),
(2027, 0, 2126),
(2028, 0, 2127),
(2029, 0, 2128),
(2030, 0, 2129),
(2031, 0, 2130),
(2032, 0, 2131),
(2033, 0, 2132),
(2034, 0, 2133),
(2035, 0, 2134),
(2036, 0, 2135),
(2037, 0, 2136),
(2038, 0, 2137),
(2039, 0, 2138),
(2040, 0, 2139),
(2041, 0, 2140),
(2042, 0, 2141),
(2043, 0, 2142),
(2044, 0, 2143),
(2045, 0, 2144),
(2046, 0, 2145),
(2047, 0, 2146),
(2048, 0, 2147),
(2049, 0, 2148),
(2050, 0, 2149),
(2051, 0, 2150),
(2052, 0, 2151),
(2053, 0, 2152),
(2054, 0, 2153),
(2055, 0, 2154),
(2056, 0, 2155),
(2057, 0, 2156),
(2058, 0, 2157),
(2059, 0, 2158),
(2060, 0, 2159),
(2061, 0, 2160),
(2062, 0, 2161),
(2063, 0, 2162),
(2064, 0, 2163),
(2065, 0, 2164),
(2066, 0, 2166),
(2067, 0, 2167),
(2068, 0, 2168),
(2069, 0, 2169),
(2070, 0, 2170),
(2071, 0, 2171),
(2072, 0, 2172),
(2073, 0, 2173),
(2074, 0, 2174),
(2075, 0, 2175),
(2076, 0, 2176),
(2077, 0, 2177),
(2078, 0, 2178),
(2079, 0, 2179),
(2080, 0, 2180),
(2081, 0, 2181),
(2082, 0, 2182),
(2083, 0, 2183),
(2084, 0, 2184),
(2085, 0, 2186),
(2086, 0, 2187),
(2087, 0, 2188),
(2088, 0, 2189),
(2089, 0, 2191),
(2090, 0, 2192),
(2091, 0, 2193),
(2092, 0, 2194),
(2093, 0, 2195),
(2094, 0, 2196),
(2095, 0, 2197),
(2096, 0, 2198),
(2097, 0, 2199),
(2098, 0, 2200),
(2099, 0, 2201),
(2100, 0, 2202),
(2101, 0, 2203),
(2102, 0, 2204),
(2103, 0, 2205),
(2104, 0, 2206),
(2105, 0, 2207),
(2106, 0, 2208),
(2107, 0, 2209),
(2108, 0, 2210),
(2109, 0, 2211),
(2110, 0, 2212),
(2111, 0, 2213),
(2112, 0, 2214),
(2113, 0, 2215),
(2114, 0, 2216),
(2115, 0, 2217),
(2116, 0, 2218),
(2117, 0, 2219),
(2118, 0, 2220),
(2119, 0, 2223),
(2120, 0, 2224),
(2121, 0, 2225),
(2122, 0, 2226),
(2123, 0, 2227),
(2124, 0, 2228),
(2125, 0, 2230),
(2126, 0, 2231),
(2127, 0, 2232),
(2128, 0, 2233),
(2129, 0, 2234),
(2130, 0, 2235),
(2131, 0, 2236),
(2132, 0, 2237),
(2133, 0, 2238),
(2134, 0, 2239),
(2135, 0, 2240),
(2136, 0, 2241),
(2137, 0, 2242),
(2138, 0, 2243),
(2139, 0, 2244),
(2140, 0, 2245),
(2141, 0, 2246),
(2142, 0, 2247),
(2143, 0, 2248),
(2144, 0, 2249),
(2145, 0, 2250),
(2146, 0, 2251),
(2147, 0, 2252),
(2148, 0, 2255),
(2149, 0, 2256),
(2150, 0, 2257),
(2151, 0, 2258),
(2152, 0, 2259),
(2153, 0, 2260),
(2154, 0, 2261),
(2155, 0, 2262),
(2156, 0, 2263),
(2157, 0, 2264),
(2158, 0, 2265),
(2159, 0, 2266),
(2160, 0, 2267),
(2161, 0, 2268),
(2162, 0, 2269),
(2163, 0, 2270),
(2164, 0, 2271),
(2165, 0, 2272),
(2166, 0, 2273),
(2167, 0, 2274),
(2168, 0, 2275),
(2169, 0, 2276),
(2170, 0, 2277),
(2171, 0, 2278),
(2172, 0, 2279),
(2173, 0, 2280),
(2174, 0, 2281),
(2175, 0, 2282),
(2176, 0, 2283),
(2177, 0, 2285),
(2178, 0, 2286),
(2179, 0, 2287),
(2180, 0, 2288),
(2181, 0, 2289),
(2182, 0, 2290),
(2183, 0, 2291),
(2184, 0, 2292),
(2185, 0, 2293),
(2186, 0, 2294),
(2187, 0, 2295),
(2188, 0, 2296),
(2189, 0, 2297),
(2190, 0, 2298),
(2191, 0, 2299),
(2192, 0, 2300),
(2193, 0, 2301),
(2194, 0, 2302),
(2195, 0, 2303),
(2196, 0, 2304),
(2197, 0, 2305),
(2198, 0, 2306),
(2199, 0, 2307),
(2200, 0, 2308),
(2201, 0, 2309),
(2202, 0, 2310),
(2203, 0, 2311),
(2204, 0, 2312),
(2205, 0, 2313),
(2206, 0, 2314),
(2207, 0, 2315),
(2208, 0, 2316),
(2209, 0, 2317),
(2210, 0, 2318),
(2211, 0, 2319),
(2212, 0, 2320),
(2213, 0, 2321),
(2214, 0, 2322),
(2215, 0, 2323),
(2216, 0, 2324),
(2217, 0, 2325),
(2218, 0, 2326),
(2219, 0, 2327),
(2220, 0, 2328),
(2221, 0, 2329),
(2222, 0, 2330),
(2223, 0, 2331),
(2224, 0, 2332),
(2225, 0, 2333),
(2226, 0, 2334),
(2227, 0, 2335),
(2228, 0, 2336),
(2229, 0, 2337),
(2230, 0, 2339),
(2231, 0, 2340),
(2232, 0, 2342),
(2233, 0, 2343),
(2234, 0, 2344),
(2235, 0, 2345),
(2236, 0, 2346),
(2237, 0, 2347),
(2238, 0, 2348),
(2239, 0, 2349),
(2240, 0, 2350),
(2241, 0, 2351),
(2242, 0, 2352),
(2243, 0, 2353),
(2244, 0, 2354),
(2245, 0, 2355),
(2246, 0, 2356),
(2247, 0, 2357),
(2248, 0, 2358),
(2249, 0, 2360),
(2250, 0, 2362),
(2251, 0, 2363),
(2252, 0, 2364),
(2253, 0, 2365),
(2254, 0, 2366),
(2255, 0, 2367),
(2256, 0, 2368),
(2257, 0, 2369),
(2258, 0, 2370),
(2259, 0, 2371),
(2260, 0, 2372),
(2261, 0, 2373),
(2262, 0, 2374),
(2263, 0, 2375),
(2264, 0, 2376),
(2265, 0, 2377),
(2267, 0, 2379),
(2268, 0, 2380),
(2269, 0, 2381),
(2270, 0, 2382),
(2271, 0, 2383),
(2272, 0, 2384),
(2273, 0, 2385),
(2274, 0, 2386),
(2275, 0, 2387),
(2276, 0, 2388),
(2277, 0, 2389),
(2278, 0, 2390),
(2279, 0, 2391),
(2280, 0, 2392),
(2281, 0, 2393),
(2282, 0, 2394),
(2283, 0, 2395),
(2284, 0, 2396),
(2285, 0, 2398),
(2286, 0, 2399),
(2287, 0, 2401),
(2288, 0, 2402),
(2289, 0, 2403),
(2290, 0, 2404),
(2291, 0, 2405),
(2292, 0, 2406),
(2293, 0, 2407),
(2294, 0, 2408),
(2295, 0, 2409),
(2296, 0, 2410),
(2297, 0, 2411),
(2298, 0, 2412),
(2299, 0, 2413),
(2300, 0, 2414),
(2301, 0, 2415),
(2302, 0, 2416),
(2303, 0, 2417),
(2304, 0, 2418),
(2305, 0, 2419),
(2306, 0, 2420),
(2307, 0, 2421),
(2308, 0, 2422),
(2309, 0, 2423),
(2310, 0, 2425),
(2311, 118, 2426),
(2312, 0, 2427),
(2313, 0, 2428),
(2314, 0, 2432),
(2315, 0, 2433),
(2316, 0, 2434),
(2317, 0, 2435),
(2318, 0, 2436),
(2319, 0, 2437),
(2320, 0, 2438),
(2321, 0, 2439),
(2322, 0, 2440),
(2323, 0, 2441),
(2324, 0, 2442),
(2325, 0, 2443),
(2326, 0, 2444),
(2327, 0, 2445),
(2328, 119, 2446),
(2329, 0, 2448),
(2330, 0, 2449),
(2331, 0, 2450),
(2332, 0, 2451),
(2333, 0, 2454),
(2334, 0, 2455),
(2335, 0, 2456),
(2336, 0, 2457),
(2337, 0, 2458),
(2338, 0, 2459),
(2339, 0, 2460),
(2340, 0, 2461),
(2341, 0, 2462),
(2342, 0, 2463),
(2343, 0, 2464),
(2344, 0, 2465),
(2345, 0, 2466),
(2346, 0, 2467),
(2347, 0, 2468),
(2348, 0, 2469),
(2349, 0, 2470),
(2350, 0, 2471),
(2351, 0, 2472),
(2352, 0, 2473),
(2353, 0, 2474),
(2354, 0, 2475),
(2355, 0, 2476),
(2356, 0, 2477),
(2357, 0, 2478),
(2358, 0, 2479),
(2359, 0, 2480),
(2360, 0, 2481),
(2361, 0, 2482),
(2362, 0, 2483),
(2363, 0, 2484),
(2364, 0, 2485),
(2365, 0, 2486),
(2366, 0, 2487),
(2367, 0, 2488),
(2368, 0, 2489),
(2369, 0, 2490),
(2370, 0, 2491),
(2371, 0, 2492),
(2372, 0, 2493),
(2373, 0, 2494),
(2374, 0, 2495),
(2375, 0, 2496),
(2376, 0, 2498),
(2377, 0, 2499),
(2378, 0, 2500),
(2379, 0, 2501),
(2380, 0, 2502),
(2381, 0, 2503),
(2382, 0, 2504),
(2383, 0, 2505),
(2384, 0, 2506),
(2385, 0, 2507),
(2386, 0, 2508),
(2387, 0, 2509),
(2388, 0, 2510),
(2389, 0, 2511),
(2390, 0, 2512),
(2391, 0, 2513),
(2392, 0, 2514),
(2393, 0, 2516),
(2394, 0, 2517),
(2395, 0, 2518),
(2396, 0, 2519),
(2397, 0, 2520),
(2398, 0, 2521),
(2399, 0, 2522),
(2400, 0, 2523),
(2401, 0, 2524),
(2402, 0, 2525),
(2403, 0, 2526),
(2404, 0, 2527),
(2405, 0, 2528),
(2406, 0, 2529),
(2407, 0, 2530),
(2408, 0, 2531),
(2409, 0, 2532),
(2410, 0, 2533),
(2411, 0, 2534),
(2412, 0, 2535),
(2413, 0, 2536),
(2414, 0, 2537),
(2415, 0, 2538),
(2416, 0, 2539),
(2417, 0, 2540),
(2418, 0, 2541),
(2419, 0, 2542),
(2420, 0, 2543),
(2421, 0, 2544),
(2422, 0, 2545),
(2423, 0, 2546),
(2424, 0, 2547),
(2425, 0, 2548),
(2426, 0, 2549),
(2427, 0, 2550),
(2428, 0, 2551),
(2429, 0, 2552),
(2430, 0, 2553),
(2431, 0, 2554),
(2432, 0, 2555),
(2433, 0, 2556),
(2434, 0, 2557),
(2435, 0, 2558),
(2436, 0, 2559),
(2437, 0, 2560),
(2438, 0, 2561),
(2439, 0, 2562),
(2440, 0, 2563),
(2441, 0, 2564),
(2442, 0, 2565),
(2443, 0, 2566),
(2444, 0, 2567),
(2445, 0, 2568),
(2446, 0, 2570),
(2447, 0, 2571),
(2448, 0, 2572),
(2449, 0, 2573),
(2450, 0, 2574),
(2451, 0, 2575),
(2452, 0, 2576),
(2453, 0, 2577),
(2454, 0, 2578),
(2455, 0, 2579),
(2456, 0, 2580),
(2457, 0, 2581),
(2458, 0, 2582),
(2459, 0, 2583),
(2460, 0, 2584),
(2461, 0, 2585),
(2462, 0, 2586),
(2463, 0, 2587),
(2464, 0, 2588),
(2465, 0, 2589),
(2466, 0, 2590),
(2467, 108, 2591),
(2468, 0, 2592),
(2469, 0, 2593),
(2470, 0, 2594),
(2471, 0, 2596),
(2472, 109, 2597),
(2473, 0, 2598),
(2474, 0, 2599),
(2475, 0, 2600),
(2476, 0, 2601),
(2477, 0, 2602),
(2478, 0, 2603),
(2479, 0, 2605),
(2480, 0, 2606),
(2481, 110, 2607),
(2482, 111, 2608),
(2483, 0, 2609),
(2484, 0, 2611),
(2485, 0, 2612),
(2486, 0, 2613),
(2487, 0, 2614),
(2488, 0, 2616),
(2489, 0, 2617),
(2490, 0, 2619),
(2491, 0, 2620),
(2492, 112, 2621),
(2493, 0, 2622),
(2494, 0, 2623),
(2495, 0, 2625),
(2496, 0, 2626),
(2497, 0, 2627),
(2498, 113, 2628),
(2499, 0, 2629),
(2500, 0, 2631),
(2501, 0, 2632),
(2502, 0, 2634),
(2503, 114, 2635),
(2504, 0, 2636),
(2505, 0, 2637),
(2506, 0, 2639),
(2507, 0, 2640),
(2508, 0, 2641),
(2509, 0, 2643),
(2510, 0, 2644),
(2511, 0, 2645),
(2512, 115, 2647),
(2513, 0, 2648),
(2514, 0, 2649),
(2515, 0, 2650),
(2516, 0, 2651),
(2517, 0, 2652),
(2518, 0, 2653),
(2519, 0, 2655),
(2520, 0, 2656),
(2521, 0, 2657),
(2522, 116, 2658),
(2523, 0, 2659),
(2524, 0, 2660),
(2525, 0, 2661),
(2526, 0, 2662),
(2527, 0, 2663),
(2528, 0, 2664),
(2529, 0, 2665),
(2530, 0, 2666),
(2531, 0, 2667),
(2532, 0, 2668),
(2533, 0, 2669),
(2534, 0, 2671),
(2535, 0, 2673),
(2536, 0, 2674),
(2537, 0, 2675),
(2538, 0, 2676),
(2539, 0, 2677),
(2540, 0, 2678),
(2541, 0, 2679),
(2542, 0, 2680),
(2543, 0, 2681),
(2544, 0, 2682),
(2545, 0, 2683),
(2546, 0, 2684),
(2547, 0, 2685),
(2548, 0, 2686),
(2549, 0, 2687),
(2550, 0, 2688),
(2551, 0, 2689),
(2552, 0, 2690),
(2553, 0, 2691),
(2554, 0, 2692),
(2555, 0, 2693),
(2556, 0, 2694),
(2557, 0, 2695),
(2558, 0, 2696),
(2559, 117, 2697),
(2560, 0, 2698),
(2561, 0, 2699),
(2562, 0, 2700),
(2563, 0, 2701),
(2564, 0, 2702),
(2565, 0, 2703),
(2566, 0, 2704),
(2567, 0, 2705),
(2568, 0, 2706),
(2569, 0, 2707),
(2570, 0, 2708),
(2571, 0, 2709),
(2572, 0, 2712),
(2573, 0, 2713),
(2574, 0, 2714),
(2575, 0, 2715),
(2576, 0, 2716),
(2577, 0, 2718),
(2578, 0, 2719),
(2579, 0, 2720),
(2580, 0, 2721),
(2581, 0, 2722),
(2582, 0, 2723),
(2583, 0, 2724),
(2584, 0, 2725),
(2585, 0, 2726),
(2586, 0, 2727),
(2587, 0, 2728),
(2588, 0, 2729),
(2589, 0, 2730),
(2590, 0, 2731),
(2591, 0, 2732),
(2592, 0, 2733),
(2593, 0, 2734),
(2594, 0, 2735),
(2595, 0, 2736),
(2596, 0, 2737),
(2597, 0, 2738),
(2598, 0, 2739),
(2599, 0, 2740),
(2600, 0, 2741),
(2601, 0, 2742),
(2602, 0, 2743),
(2603, 0, 2744),
(2604, 0, 2745),
(2605, 0, 2746),
(2606, 0, 2747),
(2607, 0, 2749),
(2608, 0, 2750),
(2609, 0, 2751),
(2610, 0, 2752),
(2611, 0, 2753),
(2612, 0, 2755),
(2613, 0, 2756),
(2614, 0, 2757),
(2615, 0, 2758),
(2616, 0, 2759),
(2617, 0, 2760),
(2618, 0, 2761),
(2619, 0, 2762),
(2620, 0, 2764),
(2621, 0, 2765),
(2622, 0, 2766),
(2623, 0, 2767),
(2624, 0, 2770),
(2625, 0, 2771),
(2626, 0, 2772),
(2627, 0, 2774),
(2628, 0, 2775),
(2629, 0, 2776),
(2630, 0, 2777),
(2631, 0, 2778),
(2632, 0, 2779),
(2633, 0, 2780),
(2634, 0, 2781),
(2635, 0, 2782),
(2636, 0, 2783),
(2637, 0, 2784),
(2638, 0, 2785),
(2639, 0, 2786),
(2640, 0, 2788),
(2641, 0, 2789),
(2642, 0, 2790),
(2643, 0, 2791),
(2644, 0, 2792),
(2645, 0, 2793),
(2646, 0, 2794),
(2647, 0, 2795),
(2648, 0, 2796),
(2649, 0, 2797),
(2650, 0, 2798),
(2651, 0, 2799),
(2652, 0, 2800),
(2653, 0, 2801),
(2654, 0, 2802),
(2655, 0, 2803),
(2656, 0, 2804),
(2657, 0, 2805),
(2658, 0, 2806),
(2659, 0, 2807),
(2660, 0, 2808),
(2661, 0, 2809),
(2662, 0, 2810),
(2663, 0, 2811),
(2664, 1, 2813),
(2665, 2, 2816),
(2666, 3, 2821),
(2669, 6, 2824),
(2671, 8, 2826),
(2673, 10, 2828),
(2674, 11, 2829),
(2675, 12, 2830),
(2677, 14, 2832),
(2679, 191, 2834),
(2682, 19, 2837),
(2683, 20, 2838),
(2684, 21, 2839),
(2685, 22, 2840),
(2686, 23, 2841),
(2687, 24, 2842),
(2688, 25, 2843),
(2689, 26, 2844),
(2690, 27, 2845),
(2691, 28, 2846),
(2692, 29, 2847),
(2693, 30, 2854),
(2694, 31, 2855),
(2695, 32, 2856),
(2696, 33, 2857),
(2697, 34, 2858),
(2698, 35, 2859),
(2700, 37, 2861),
(2702, 39, 2863),
(2703, 40, 2864),
(2704, 41, 2865),
(2705, 42, 2866),
(2706, 43, 2867),
(2707, 44, 2868),
(2708, 45, 2869),
(2709, 46, 2870),
(2710, 47, 2871),
(2720, 57, 2881),
(2721, 58, 2882),
(2722, 59, 2883),
(2723, 60, 2884),
(2724, 61, 2885),
(2725, 62, 2886),
(2726, 63, 2887),
(2727, 64, 2888),
(2728, 65, 2889),
(2729, 66, 2890),
(2730, 67, 2891),
(2731, 68, 2892),
(2732, 69, 2893),
(2733, 70, 2894),
(2734, 71, 2895),
(2735, 72, 2896),
(2736, 73, 2897),
(2737, 74, 2898),
(2738, 75, 2899),
(2739, 76, 2900),
(2740, 77, 2901),
(2741, 78, 2902),
(2742, 79, 2903),
(2743, 80, 2904),
(2744, 81, 2905),
(2745, 82, 2906),
(2746, 83, 2907),
(2747, 84, 2908),
(2749, 86, 2910),
(2750, 87, 2911),
(2751, 88, 2912),
(2752, 89, 2913),
(2753, 90, 2914),
(2754, 91, 2915),
(2755, 92, 2916),
(2756, 93, 2917),
(2757, 93, 2917),
(2758, 95, 2919),
(2759, 96, 2920),
(2760, 97, 2921),
(2761, 98, 2922),
(2762, 99, 2923),
(2763, 100, 2924),
(2764, 101, 2925),
(2765, 102, 2926),
(2767, 104, 2927),
(2766, 103, 2928),
(2768, 105, 2929),
(2769, 106, 2930),
(2770, 107, 2931),
(2771, 120, 2932),
(2772, 121, 2933),
(2773, 122, 2934),
(2774, 123, 2935),
(2775, 124, 2937),
(2776, 125, 2938),
(2782, 131, 2946),
(2783, 132, 2947),
(2784, 133, 2948),
(2785, 134, 2949),
(2786, 135, 2950),
(2787, 136, 2951),
(2788, 137, 2952),
(2789, 138, 2953),
(2790, 139, 2954),
(2791, 140, 2955),
(2792, 141, 2956),
(2793, 142, 2957),
(2794, 143, 2958),
(2795, 144, 2959),
(2796, 145, 2960),
(2797, 146, 2961),
(2798, 147, 2962),
(2799, 148, 2963),
(2800, 149, 2964),
(2801, 150, 2965),
(2802, 151, 2966),
(2803, 152, 2967),
(2804, 153, 2968),
(2805, 154, 2969),
(2806, 155, 2970),
(2807, 156, 2971),
(2808, 157, 2972),
(2809, 158, 2973),
(2810, 159, 2974),
(2811, 160, 2975),
(2812, 161, 2976),
(2813, 162, 2977),
(2814, 163, 2978),
(2815, 164, 2979),
(2816, 165, 2980),
(2817, 166, 2981),
(2818, 167, 2982),
(2819, 168, 2983),
(2820, 169, 2984),
(2821, 170, 2985),
(2822, 171, 2986),
(2823, 172, 2987),
(2824, 173, 2988),
(2825, 174, 2989),
(2826, 175, 2990),
(2827, 176, 2991),
(2828, 177, 2992),
(2829, 178, 2993),
(2830, 179, 2994),
(2831, 180, 2995),
(2832, 181, 2996),
(2833, 182, 2997),
(2834, 183, 2998),
(2835, 184, 2999),
(2836, 185, 3000),
(2837, 186, 3001),
(2838, 187, 3002),
(2839, 188, 3003),
(2840, 189, 3004),
(2841, 190, 3005),
(2842, 192, 3006),
(2843, 193, 3007),
(2844, 194, 3008),
(2845, 195, 3009),
(2846, 196, 3010),
(2847, 197, 3011),
(2848, 198, 3012),
(2849, 199, 3013),
(2850, 200, 3014),
(2851, 201, 3015),
(2852, 202, 3016),
(2853, 203, 3017),
(2854, 204, 3018),
(2855, 205, 3019),
(2856, 206, 3020),
(2857, 207, 3021),
(2858, 208, 3022),
(2859, 209, 3023),
(2860, 210, 3024),
(2861, 211, 3025),
(2862, 212, 3026),
(2863, 213, 3027),
(2864, 214, 3028),
(2865, 215, 3029),
(2866, 216, 3030),
(2867, 217, 3031),
(2868, 218, 3032),
(2869, 219, 3033),
(2870, 220, 3034),
(2871, 221, 3035),
(2872, 222, 3036),
(2873, 223, 3037),
(2874, 224, 3038),
(2875, 225, 3039),
(2876, 226, 3040),
(2877, 227, 3041),
(2878, 228, 3042),
(2879, 229, 3043),
(2880, 230, 3044),
(2881, 231, 3045),
(2882, 232, 3046),
(2883, 233, 3047),
(2884, 234, 3048),
(2885, 235, 3049),
(2886, 236, 3050),
(2887, 237, 3051),
(2888, 238, 3052),
(2889, 239, 3053),
(2890, 240, 3054),
(2891, 241, 3055),
(2892, 242, 3056),
(2893, 243, 3057),
(2894, 244, 3058),
(2895, 245, 3059),
(2896, 246, 3060),
(2897, 247, 3061),
(2898, 248, 3062),
(2899, 249, 3063),
(2900, 250, 3064),
(2901, 251, 3065),
(2902, 252, 3066),
(2903, 253, 3067),
(2904, 254, 3068),
(2905, 255, 3069),
(2906, 256, 3070),
(2907, 257, 3071),
(2908, 258, 3072),
(2909, 259, 3073),
(2910, 260, 3074),
(2911, 261, 3075),
(2912, 262, 3076),
(2913, 263, 3077),
(2914, 264, 3078),
(2915, 265, 3079),
(2916, 266, 3080),
(2917, 267, 3081),
(2918, 268, 3082),
(2919, 269, 3083),
(2920, 270, 3084),
(2921, 271, 3085),
(2922, 272, 3086),
(2923, 273, 3087),
(2924, 274, 3088),
(2925, 275, 3089),
(2926, 276, 3090),
(2927, 277, 3091),
(2928, 278, 3092),
(2929, 279, 3093),
(2930, 280, 3094),
(2931, 281, 3095),
(2932, 282, 3096),
(2933, 283, 3097),
(2934, 284, 3098),
(2935, 285, 3099),
(2936, 286, 3100),
(2937, 287, 3101),
(2938, 288, 3102),
(2939, 289, 3103),
(2940, 290, 3104),
(2941, 291, 3105),
(2942, 292, 3106),
(2943, 293, 3107),
(2944, 294, 3108),
(2945, 295, 3109),
(2946, 296, 3110),
(2947, 297, 3111),
(2948, 298, 3112),
(2949, 299, 3113),
(2950, 300, 3114),
(2951, 301, 3115),
(2952, 302, 3116),
(2953, 303, 3117),
(2954, 304, 3118),
(2955, 305, 3119),
(2956, 306, 3120),
(2957, 307, 3121),
(2958, 308, 3122),
(2959, 309, 3123),
(2960, 310, 3124),
(2961, 311, 3125),
(2962, 312, 3126),
(2963, 313, 3127),
(2964, 314, 3128),
(2965, 315, 3129),
(2966, 316, 3130),
(2967, 317, 3131),
(2968, 318, 3132),
(2969, 319, 3133),
(2970, 320, 3134),
(2971, 321, 3135),
(2972, 322, 3136),
(2973, 323, 3137),
(2974, 324, 3138),
(2975, 325, 3139),
(2976, 326, 3140),
(2977, 327, 3141),
(2978, 328, 3142),
(2979, 329, 3143),
(2980, 330, 3144),
(2981, 331, 3145),
(2982, 332, 3146),
(2983, 333, 3147),
(2984, 334, 3148),
(2985, 335, 3149),
(2986, 336, 3150),
(2987, 337, 3151),
(2988, 338, 3152),
(2989, 339, 3153),
(2990, 340, 3154),
(2991, 341, 3155),
(2992, 342, 3156),
(2993, 343, 3157),
(2994, 344, 3158),
(2995, 345, 3159),
(2996, 346, 3160),
(2997, 347, 3161),
(2998, 348, 3162),
(2999, 349, 3163),
(3000, 350, 3164),
(3001, 351, 3165),
(3002, 352, 3166),
(3003, 353, 3167),
(3004, 354, 3168),
(3005, 355, 3169),
(3006, 356, 3170),
(3007, 357, 3171),
(3008, 358, 3172),
(3009, 359, 3173),
(3010, 360, 3174),
(3011, 361, 3175),
(3012, 362, 3176),
(3013, 363, 3177),
(3014, 364, 3178),
(3015, 365, 3179),
(3016, 366, 3180),
(3017, 367, 3181),
(3018, 368, 3182),
(3019, 369, 3183),
(3020, 370, 3184),
(3021, 371, 3185),
(3022, 372, 3186),
(3023, 373, 3187),
(3024, 374, 3188),
(3025, 375, 3189),
(3026, 376, 3190),
(3027, 377, 3191),
(3028, 378, 3192),
(3029, 379, 3193),
(3030, 380, 3194),
(3031, 381, 3195),
(3032, 382, 3196),
(3033, 383, 3197),
(3034, 384, 3198),
(3035, 385, 3199),
(3036, 386, 3200),
(3037, 387, 3201),
(3038, 388, 3202),
(3039, 389, 3203),
(3040, 390, 3204),
(3041, 391, 3205),
(3042, 392, 3206),
(3043, 393, 3207),
(3044, 394, 3208),
(3045, 395, 3209),
(3046, 396, 3210),
(3047, 397, 3211),
(3048, 398, 3212),
(3049, 399, 3213),
(3050, 400, 3214),
(3051, 401, 3215),
(3052, 402, 3216),
(3053, 403, 3217),
(3054, 404, 3218),
(3055, 405, 3219),
(3056, 406, 3220),
(3057, 407, 3221),
(3058, 408, 3222),
(3059, 409, 3223),
(3060, 410, 3224),
(3061, 411, 3225),
(3062, 412, 3226),
(3063, 413, 3227),
(3064, 414, 3228),
(3065, 415, 3229),
(3066, 416, 3230),
(3067, 417, 3231),
(3068, 418, 3232),
(3069, 419, 3233),
(3070, 420, 3234),
(3071, 421, 3235),
(3072, 422, 3236),
(3073, 423, 3237),
(3074, 424, 3238),
(3075, 425, 3239),
(3076, 426, 3240),
(3077, 427, 3241),
(3078, 428, 3242),
(3079, 429, 3243),
(3080, 430, 3244),
(3081, 431, 3245),
(3082, 432, 3246),
(3083, 433, 3247),
(3084, 434, 3248),
(3085, 435, 3249),
(3086, 436, 3250),
(3087, 437, 3251),
(3088, 438, 3252),
(3089, 439, 3253),
(3090, 440, 3254),
(3091, 441, 3255),
(3092, 442, 3256),
(3093, 443, 3257),
(3094, 444, 3258),
(3095, 445, 3259),
(3096, 446, 3260),
(3097, 447, 3261),
(3098, 448, 3262),
(3099, 449, 3263),
(3100, 450, 3264),
(3101, 451, 3265),
(3102, 452, 3266),
(3103, 453, 3267),
(3104, 454, 3268),
(3105, 455, 3269),
(3106, 456, 3270),
(3107, 457, 3271),
(3108, 458, 3272),
(3109, 459, 3273),
(3110, 460, 3274),
(3111, 461, 3275),
(3112, 462, 3276),
(3113, 463, 3277),
(3114, 464, 3278),
(3115, 465, 3279),
(3116, 466, 3280),
(3117, 467, 3281),
(3118, 468, 3282),
(3119, 469, 3283),
(3120, 470, 3284),
(3121, 471, 3285),
(3122, 472, 3286),
(3123, 473, 3287),
(3124, 474, 3288),
(3125, 475, 3289),
(3126, 476, 3290),
(3127, 477, 3291),
(3128, 478, 3292),
(3129, 479, 3293),
(3130, 480, 3294),
(3131, 481, 3295),
(3132, 482, 3296),
(3133, 483, 3297),
(3134, 484, 3298),
(3135, 485, 3299),
(3136, 486, 3300),
(3137, 487, 3301),
(3138, 488, 3302),
(3139, 489, 3303),
(3140, 490, 3304),
(3141, 491, 3305),
(3142, 492, 3306),
(3143, 493, 3307),
(3144, 494, 3308),
(3145, 495, 3309),
(3146, 496, 3310),
(3147, 497, 3311),
(3148, 498, 3312),
(3149, 499, 3313),
(3150, 500, 3314),
(3151, 501, 3315),
(3152, 502, 3316),
(3153, 503, 3317),
(3154, 504, 3318),
(3155, 505, 3319),
(3156, 506, 3320),
(3157, 507, 3321),
(3158, 508, 3322),
(3159, 509, 3323),
(3160, 510, 3324),
(3161, 511, 3325),
(3162, 512, 3326),
(3163, 513, 3327),
(3164, 514, 3328),
(3165, 515, 3329),
(3166, 516, 3330),
(3167, 517, 3331),
(3168, 518, 3332),
(3169, 519, 3333),
(3170, 520, 3334),
(3171, 521, 3335),
(3172, 522, 3336),
(3173, 523, 3337),
(3174, 524, 3338),
(3175, 525, 3339),
(3176, 526, 3340),
(3177, 527, 3341),
(3178, 528, 3342),
(3179, 529, 3343),
(3180, 530, 3344),
(3181, 531, 3345),
(3182, 532, 3346),
(3183, 533, 3347),
(3184, 534, 3348),
(3185, 535, 3349),
(3186, 536, 3350),
(3187, 537, 3351),
(3188, 538, 3352),
(3189, 539, 3353),
(3190, 540, 3354),
(3191, 541, 3355),
(3192, 542, 3356),
(3193, 543, 3357),
(3194, 544, 3358),
(3195, 545, 3359),
(3196, 546, 3360),
(3197, 547, 3361),
(3198, 548, 3362),
(3199, 549, 3363),
(3200, 550, 3364),
(3201, 551, 3365),
(3202, 552, 3366),
(3203, 553, 3367),
(3204, 554, 3368),
(3205, 555, 3369),
(3206, 556, 3370),
(3207, 557, 3371),
(3208, 558, 3372),
(3209, 559, 3373),
(3210, 560, 3374),
(3211, 561, 3375),
(3212, 562, 3376),
(3213, 563, 3377),
(3214, 564, 3378),
(3215, 565, 3379),
(3216, 566, 3380),
(3217, 567, 3381),
(3218, 568, 3382),
(3219, 569, 3383),
(3220, 570, 3384),
(3221, 571, 3385),
(3222, 572, 3386),
(3223, 573, 3387),
(3224, 574, 3388),
(3225, 575, 3389),
(3226, 576, 3390),
(3227, 577, 3391),
(3228, 578, 3392),
(3229, 579, 3393),
(3230, 580, 3394),
(3231, 581, 3395),
(3232, 582, 3396),
(3233, 583, 3397),
(3234, 584, 3398),
(3235, 585, 3399),
(3236, 586, 3400),
(3237, 587, 3401),
(3238, 588, 3402),
(3239, 589, 3403),
(3240, 590, 3404),
(3241, 591, 3405),
(3242, 592, 3406),
(3243, 593, 3407),
(3244, 594, 3408),
(3245, 595, 3409),
(3246, 596, 3410),
(3247, 597, 3411),
(3248, 598, 3412),
(3249, 599, 3413),
(3250, 600, 3414),
(3251, 601, 3415),
(3252, 602, 3416),
(3253, 603, 3417),
(3254, 604, 3418),
(3255, 605, 3419),
(3256, 606, 3420),
(3257, 607, 3421),
(3258, 608, 3422),
(3259, 609, 3423),
(3260, 610, 3424),
(3261, 611, 3425),
(3262, 612, 3426),
(3263, 613, 3427),
(3264, 614, 3428),
(3265, 615, 3429),
(3266, 616, 3430),
(3267, 617, 3431),
(3268, 618, 3432),
(3269, 619, 3433),
(3270, 620, 3434),
(3271, 621, 3435),
(3272, 622, 3436),
(3273, 623, 3437),
(3274, 624, 3438),
(3275, 625, 3439),
(3276, 626, 3440),
(3277, 627, 3441),
(3278, 628, 3442),
(3279, 629, 3443),
(3280, 630, 3444),
(3281, 631, 3445),
(3282, 632, 3446),
(3283, 633, 3447),
(3284, 634, 3448),
(3285, 635, 3449),
(3286, 636, 3450),
(3287, 637, 3451),
(3288, 638, 3452),
(3289, 639, 3453),
(3290, 640, 3454),
(3291, 641, 3455),
(3292, 642, 3456),
(3293, 643, 3457),
(3294, 644, 3458),
(3295, 645, 3459),
(3296, 646, 3460),
(3297, 647, 3461),
(3298, 648, 3462),
(3299, 649, 3463),
(3300, 650, 3464),
(3301, 651, 3465),
(3302, 652, 3466),
(3303, 653, 3467),
(3304, 654, 3468),
(3305, 655, 3469),
(3306, 656, 3470),
(3307, 657, 3471),
(3308, 658, 3472),
(3309, 659, 3473),
(3310, 660, 3474),
(3311, 661, 3475),
(3312, 662, 3476),
(3313, 663, 3477),
(3314, 664, 3478),
(3315, 665, 3479),
(3316, 666, 3480),
(3317, 667, 3481),
(3318, 668, 3482),
(3319, 669, 3483),
(3320, 670, 3484),
(3321, 671, 3485),
(3322, 672, 3486),
(3323, 673, 3487),
(3324, 674, 3488),
(3325, 675, 3489),
(3326, 676, 3490),
(3327, 677, 3491),
(3328, 678, 3492),
(3329, 679, 3493),
(3330, 680, 3494),
(3331, 681, 3495),
(3332, 682, 3496),
(3333, 683, 3497),
(3334, 684, 3498),
(3335, 685, 3499),
(3336, 686, 3500),
(3337, 687, 3501),
(3338, 688, 3502),
(3339, 689, 3503),
(3340, 690, 3504),
(3341, 691, 3505),
(3342, 692, 3506),
(3343, 693, 3507),
(3344, 694, 3508),
(3345, 695, 3509),
(3346, 696, 3510),
(3347, 697, 3511),
(3348, 698, 3512),
(3349, 699, 3513),
(3350, 700, 3514),
(3351, 701, 3515),
(3352, 702, 3516),
(3353, 703, 3517),
(3354, 704, 3518),
(3355, 705, 3519),
(3356, 706, 3520),
(3357, 707, 3521),
(3358, 708, 3522),
(3359, 709, 3523),
(3360, 710, 3524),
(3361, 711, 3525),
(3362, 712, 3526),
(3363, 713, 3527),
(3364, 714, 3528),
(3365, 715, 3529),
(3366, 716, 3530),
(3367, 717, 3531),
(3368, 718, 3532),
(3369, 719, 3533),
(3370, 720, 3534),
(3371, 721, 3535),
(3372, 722, 3536),
(3373, 723, 3537),
(3374, 724, 3538),
(3375, 725, 3539),
(3376, 726, 3540),
(3377, 727, 3541),
(3378, 728, 3542),
(3379, 729, 3543),
(3380, 730, 3544),
(3381, 731, 3545),
(3382, 732, 3546),
(3383, 733, 3547),
(3384, 734, 3548),
(3385, 735, 3549),
(3386, 736, 3550),
(3387, 737, 3551),
(3388, 738, 3552),
(3389, 739, 3553),
(3390, 740, 3554),
(3391, 741, 3555),
(3392, 742, 3556),
(3393, 743, 3557),
(3394, 744, 3558),
(3395, 745, 3559),
(3396, 746, 3560),
(3397, 747, 3561),
(3398, 748, 3562),
(3399, 749, 3563),
(3400, 750, 3564),
(3401, 751, 3565),
(3402, 752, 3566),
(3403, 753, 3567),
(3404, 754, 3568),
(3405, 755, 3569),
(3406, 756, 3570),
(3407, 757, 3571),
(3408, 758, 3572),
(3409, 759, 3573),
(3410, 760, 3574),
(3411, 761, 3575);
INSERT INTO `xio8d_order_invoice_payment` (`id_order_invoice`, `id_order_payment`, `id_order`) VALUES
(3412, 762, 3576),
(3413, 763, 3577),
(3414, 764, 3578),
(3415, 765, 3579),
(3416, 766, 3580),
(3417, 767, 3581),
(3418, 768, 3582),
(3419, 769, 3583),
(3420, 770, 3584),
(3421, 771, 3585),
(3422, 772, 3586),
(3423, 773, 3587),
(3424, 774, 3588),
(3425, 775, 3589),
(3426, 776, 3590),
(3427, 777, 3591),
(3428, 778, 3592),
(3429, 779, 3593),
(3430, 780, 3594),
(3431, 781, 3595),
(3432, 782, 3596),
(3433, 783, 3597),
(3434, 784, 3598),
(3435, 785, 3599),
(3436, 786, 3600),
(3437, 787, 3601),
(3438, 788, 3602),
(3439, 789, 3603),
(3440, 790, 3604),
(3441, 791, 3605),
(3442, 792, 3606),
(3443, 793, 3607),
(3444, 794, 3608),
(3445, 795, 3609),
(3446, 796, 3610),
(3447, 797, 3611),
(3448, 798, 3612),
(3449, 799, 3613),
(3450, 800, 3614),
(3451, 801, 3615),
(3452, 802, 3616),
(3453, 803, 3617),
(3454, 804, 3618),
(3455, 805, 3619),
(3456, 806, 3620),
(3457, 807, 3621),
(3458, 808, 3622),
(3459, 809, 3623),
(3460, 810, 3624),
(3461, 811, 3625),
(3462, 812, 3626),
(3463, 813, 3627),
(3464, 814, 3628),
(3465, 815, 3629),
(3466, 816, 3630),
(3467, 817, 3631),
(3468, 818, 3632),
(3469, 819, 3633),
(3470, 820, 3634),
(3471, 821, 3635),
(3472, 822, 3636),
(3473, 823, 3637),
(3474, 824, 3638),
(3475, 825, 3639),
(3476, 826, 3640),
(3477, 827, 3641),
(3478, 828, 3642),
(3479, 829, 3643),
(3480, 830, 3644),
(3481, 831, 3645),
(3482, 832, 3646),
(3483, 833, 3647),
(3484, 834, 3648),
(3485, 835, 3649),
(3486, 836, 3650),
(3487, 837, 3651),
(3488, 838, 3652),
(3489, 839, 3653),
(3490, 840, 3654),
(3491, 841, 3655),
(3492, 842, 3656),
(3493, 843, 3657),
(3494, 844, 3658),
(3495, 845, 3659),
(3496, 846, 3660),
(3497, 847, 3661),
(3498, 848, 3662),
(3499, 849, 3663),
(3500, 850, 3664),
(3501, 851, 3665),
(3502, 852, 3666),
(3503, 853, 3667),
(3504, 854, 3668),
(3505, 855, 3669),
(3506, 856, 3670),
(3507, 857, 3671),
(3508, 858, 3672),
(3509, 859, 3673),
(3510, 860, 3674),
(3511, 861, 3675),
(3512, 862, 3676),
(3513, 863, 3677),
(3514, 864, 3678),
(3515, 865, 3679),
(3516, 866, 3680),
(3517, 867, 3681),
(3518, 868, 3682),
(3519, 869, 3683),
(3520, 870, 3684),
(3521, 871, 3685),
(3522, 872, 3686),
(3523, 873, 3687),
(3524, 874, 3688),
(3525, 875, 3689),
(3526, 876, 3690),
(3527, 877, 3691),
(3528, 878, 3692),
(3529, 879, 3693),
(3530, 880, 3694),
(3531, 881, 3695),
(3532, 882, 3696),
(3533, 883, 3697),
(3534, 884, 3698),
(3535, 885, 3699),
(3536, 886, 3700),
(3537, 887, 3701),
(3538, 888, 3702),
(3539, 889, 3703),
(3540, 890, 3704),
(3541, 891, 3705),
(3542, 892, 3706),
(3543, 893, 3707),
(3544, 894, 3708),
(3545, 895, 3709),
(3546, 896, 3710),
(3547, 897, 3711),
(3548, 898, 3712),
(3549, 899, 3713),
(3550, 900, 3714),
(3551, 901, 3715),
(3552, 902, 3716),
(3553, 903, 3717),
(3554, 904, 3718),
(3555, 905, 3719),
(3556, 906, 3720),
(3557, 907, 3721),
(3558, 908, 3722),
(3559, 909, 3723),
(3560, 910, 3724),
(3561, 911, 3725),
(3562, 912, 3726),
(3563, 913, 3727),
(3564, 914, 3728),
(3565, 915, 3729),
(3566, 916, 3730),
(3567, 917, 3731),
(3568, 918, 3732),
(3569, 919, 3733),
(3570, 920, 3734),
(3571, 921, 3735),
(3572, 922, 3736),
(3573, 923, 3737),
(3574, 924, 3738),
(3575, 925, 3739),
(3576, 926, 3740),
(3577, 927, 3741),
(3578, 928, 3742),
(3579, 929, 3743),
(3580, 930, 3744),
(3581, 931, 3745),
(3582, 932, 3746),
(3583, 933, 3747),
(3584, 934, 3748),
(3585, 935, 3749),
(3586, 936, 3750),
(3587, 937, 3751),
(3588, 938, 3752),
(3589, 939, 3753),
(3590, 940, 3754),
(3591, 941, 3755),
(3592, 942, 3756),
(3593, 943, 3757),
(3594, 944, 3758),
(3595, 945, 3759),
(3596, 946, 3760),
(3597, 947, 3761),
(3598, 948, 3762),
(3599, 949, 3763),
(3600, 950, 3764),
(3601, 951, 3765),
(3602, 952, 3766),
(3603, 953, 3767),
(3604, 954, 3768),
(3605, 955, 3769),
(3606, 956, 3770),
(3607, 957, 3771),
(3608, 958, 3772),
(3609, 959, 3773),
(3610, 960, 3774),
(3611, 961, 3775),
(3612, 962, 3776),
(3613, 963, 3777),
(3614, 964, 3778),
(3615, 965, 3779),
(3616, 966, 3780),
(3617, 967, 3781),
(3618, 968, 3782),
(3619, 969, 3783),
(3620, 970, 3784),
(3621, 971, 3785),
(3622, 972, 3786),
(3623, 973, 3787),
(3624, 974, 3788),
(3625, 975, 3789),
(3626, 976, 3790),
(3627, 977, 3791),
(3628, 978, 3792),
(3629, 979, 3793),
(3630, 980, 3794),
(3631, 981, 3795),
(3632, 982, 3796),
(3633, 983, 3797),
(3634, 984, 3798),
(3635, 985, 3799),
(3636, 986, 3800),
(3637, 987, 3801),
(3638, 988, 3802),
(3639, 989, 3803),
(3640, 990, 3804),
(3641, 991, 3805),
(3642, 992, 3806),
(3643, 993, 3807),
(3644, 994, 3808),
(3645, 995, 3809),
(3646, 996, 3810),
(3647, 997, 3811),
(3648, 998, 3812),
(3649, 999, 3813),
(3650, 1000, 3814),
(3651, 1001, 3815),
(3652, 1002, 3816),
(3653, 1003, 3817),
(3654, 1004, 3818),
(3655, 1005, 3819),
(3656, 1006, 3820),
(3657, 1007, 3821),
(3658, 1008, 3822),
(3659, 1009, 3823),
(3660, 1010, 3824),
(3661, 1011, 3825),
(3662, 1012, 3826),
(3663, 1013, 3827),
(3664, 1014, 3828),
(3665, 1015, 3829),
(3666, 1016, 3830),
(3667, 1017, 3831),
(3668, 1018, 3832),
(3669, 1019, 3833),
(3670, 1020, 3834),
(3671, 1021, 3835),
(3672, 1022, 3836),
(3673, 1023, 3837),
(3674, 1024, 3838),
(3675, 1025, 3839),
(3676, 1026, 3840),
(3677, 1027, 3841),
(3678, 1028, 3842),
(3679, 1029, 3843),
(3680, 1030, 3844),
(3681, 1031, 3845),
(3682, 1032, 3846),
(3683, 1033, 3847),
(3684, 1034, 3848),
(3685, 1035, 3849),
(3686, 1036, 3850),
(3687, 1037, 3851),
(3688, 1038, 3852),
(3689, 1039, 3853),
(3690, 1040, 3854),
(3691, 1041, 3855),
(3692, 1042, 3856),
(3693, 1043, 3857),
(3694, 1044, 3858),
(3695, 1045, 3859),
(3696, 1046, 3860),
(3697, 1047, 3861),
(3698, 1048, 3862),
(3699, 1049, 3863),
(3700, 1050, 3864),
(3701, 1051, 3865),
(3702, 1052, 3866),
(3703, 1053, 3867),
(3704, 1054, 3868),
(3705, 1055, 3869),
(3706, 1056, 3870),
(3707, 1057, 3871),
(3708, 1058, 3872),
(3709, 1059, 3873),
(3710, 1060, 3874),
(3711, 1061, 3875),
(3712, 1062, 3876),
(3713, 1063, 3877),
(3714, 1064, 3878),
(3715, 1065, 3879),
(3716, 1066, 3880),
(3717, 1067, 3881),
(3718, 1068, 3882),
(3719, 1069, 3883),
(3720, 1070, 3884),
(3721, 1071, 3885),
(3722, 1072, 3886),
(3723, 1073, 3887),
(3724, 1074, 3888),
(3725, 1075, 3889),
(3726, 1076, 3890),
(3727, 1077, 3891),
(3728, 1078, 3892),
(3729, 1079, 3893),
(3730, 1080, 3894),
(3731, 1081, 3895),
(3732, 1082, 3896),
(3733, 1083, 3897),
(3734, 1084, 3898),
(3735, 1085, 3899),
(3736, 1086, 3900),
(3737, 1087, 3901),
(3738, 1088, 3902),
(3739, 1089, 3903),
(3740, 1090, 3904),
(3741, 1091, 3905),
(3742, 1092, 3906),
(3743, 1093, 3907),
(3744, 1094, 3908),
(3745, 1095, 3909),
(3746, 1096, 3910),
(3747, 1097, 3911),
(3748, 1098, 3912),
(3749, 1099, 3913),
(3750, 1100, 3914),
(3751, 1101, 3915),
(3752, 1102, 3916),
(3753, 1103, 3917),
(3754, 1104, 3918),
(3755, 1105, 3919),
(3756, 1106, 3920),
(3757, 1107, 3921),
(3758, 1108, 3922),
(3759, 1109, 3923),
(3760, 1110, 3924),
(3761, 1111, 3925),
(3762, 1112, 3926),
(3763, 1113, 3927),
(3764, 1114, 3928),
(3765, 1115, 3929),
(3766, 1116, 3930),
(3767, 1117, 3931),
(3768, 1118, 3932),
(3769, 1119, 3933),
(3770, 1120, 3934),
(3771, 1121, 3935),
(3772, 1122, 3936),
(3773, 1123, 3937),
(3774, 1124, 3938),
(3775, 1125, 3939),
(3776, 1126, 3940),
(3777, 1127, 3941),
(3778, 1128, 3942),
(3779, 1129, 3943),
(3780, 1130, 3944),
(3781, 1131, 3945),
(3782, 1132, 3946),
(3783, 1133, 3947),
(3784, 1134, 3948),
(3785, 1135, 3949),
(3786, 1136, 3950),
(3787, 1137, 3951),
(3788, 1138, 3952),
(3789, 1139, 3953),
(3790, 1140, 3954),
(3791, 1141, 3955),
(3792, 1142, 3956),
(3793, 1143, 3957),
(3794, 1144, 3958),
(3795, 1145, 3959),
(3796, 1146, 3960),
(3797, 1147, 3961),
(3798, 1148, 3962),
(3799, 1149, 3963),
(3800, 1150, 3964),
(3801, 1151, 3965),
(3802, 1152, 3966),
(3803, 1153, 3967),
(3804, 1154, 3968),
(3805, 1155, 3969),
(3806, 1156, 3970),
(3807, 1157, 3971),
(3808, 1158, 3972),
(3809, 1159, 3973),
(3810, 1160, 3974),
(3811, 1161, 3975),
(3812, 1162, 3976),
(3813, 1163, 3977),
(3814, 1164, 3978),
(3815, 1165, 3979),
(3816, 1166, 3980),
(3817, 1167, 3981),
(3818, 1168, 3982),
(3819, 1169, 3983),
(3820, 1170, 3984),
(3821, 1171, 3985),
(3822, 1172, 3986),
(3823, 1173, 3987),
(3824, 1174, 3988),
(3825, 1175, 3989),
(3826, 1176, 3990),
(3827, 1177, 3991),
(3828, 1178, 3992),
(3829, 1179, 3993),
(3830, 1180, 3994),
(3831, 1181, 3995),
(3832, 1182, 3996),
(3833, 1183, 3997),
(3834, 1184, 3998),
(3835, 1185, 3999),
(3836, 1186, 4000),
(3837, 1187, 4001),
(3838, 1188, 4002),
(3839, 1189, 4003),
(3840, 1190, 4004),
(3841, 1191, 4005),
(3842, 1192, 4006),
(3843, 1193, 4007),
(3844, 1194, 4008),
(3845, 1195, 4009),
(3846, 1196, 4010),
(3847, 1197, 4011),
(3848, 1198, 4012),
(3849, 1199, 4013),
(3850, 1200, 4014),
(3851, 1201, 4015),
(3852, 1202, 4016),
(3853, 1203, 4017),
(3854, 1204, 4018),
(3855, 1205, 4019),
(3856, 1206, 4020),
(3857, 1207, 4021),
(3858, 1208, 4022),
(3859, 1209, 4023),
(3860, 1210, 4024),
(3861, 1211, 4025),
(3862, 1212, 4026),
(3863, 1213, 4027),
(3864, 1214, 4028),
(3865, 1215, 4029),
(3866, 1216, 4030),
(3867, 1217, 4031),
(3868, 1218, 4032),
(3869, 1219, 4033),
(3870, 1220, 4034),
(3871, 1221, 4035),
(3872, 1222, 4036),
(3873, 1223, 4037),
(3874, 1224, 4038),
(3875, 1225, 4039),
(3876, 1226, 4040),
(3877, 1227, 4041),
(3878, 1228, 4042),
(3879, 1229, 4043),
(3880, 1230, 4044),
(3881, 1231, 4045),
(3882, 1232, 4046),
(3883, 1233, 4047),
(3884, 1234, 4048),
(3885, 1235, 4049),
(3886, 1236, 4050),
(3887, 1237, 4051),
(3888, 1238, 4052),
(3889, 1239, 4053),
(3890, 1240, 4054),
(3891, 1241, 4055),
(3892, 1242, 4056),
(3893, 1243, 4057),
(3894, 1244, 4058),
(3895, 1245, 4059),
(3896, 1246, 4060),
(3897, 1247, 4061),
(3898, 1248, 4062),
(3899, 1249, 4063),
(3900, 1250, 4064),
(3901, 1251, 4065),
(3902, 1252, 4066),
(3903, 1253, 4067),
(3904, 1254, 4068),
(3905, 1255, 4069),
(3906, 1256, 4070),
(3907, 1257, 4071),
(3908, 1258, 4072),
(3909, 1259, 4073),
(3910, 1260, 4074),
(3911, 1261, 4075),
(3912, 1262, 4076),
(3913, 1263, 4077),
(3914, 1264, 4078),
(3915, 1265, 4079),
(3916, 1266, 4080),
(3917, 1267, 4081),
(3918, 1268, 4082),
(3919, 1269, 4083),
(3920, 1270, 4084),
(3921, 1271, 4085),
(3922, 1272, 4086),
(3923, 1273, 4087),
(3924, 1274, 4088),
(3925, 1275, 4089),
(3926, 1276, 4090),
(3927, 1277, 4091),
(3928, 1278, 4092),
(3929, 1279, 4093),
(3930, 1280, 4094),
(3931, 1281, 4095),
(3932, 1282, 4096),
(3933, 1283, 4097),
(3934, 1284, 4098),
(3935, 1285, 4099),
(3936, 1286, 4100),
(3937, 1287, 4101),
(3938, 1288, 4102),
(3939, 1289, 4103),
(3940, 1290, 4104),
(3941, 1291, 4105),
(3942, 1292, 4106),
(3943, 1293, 4107),
(3944, 1294, 4108),
(3945, 1295, 4109),
(3946, 1296, 4110),
(3947, 1297, 4111),
(3948, 1298, 4112),
(3949, 1299, 4113),
(3950, 1300, 4114),
(3951, 1301, 4115),
(3952, 1302, 4116),
(3953, 1303, 4117),
(3954, 1304, 4118),
(3955, 1305, 4119),
(3956, 1306, 4120),
(3957, 1307, 4121),
(3958, 1308, 4122),
(3959, 1309, 4123),
(3960, 1310, 4124),
(3961, 1311, 4125),
(3962, 1312, 4126),
(3963, 1313, 4127),
(3964, 1314, 4128),
(3965, 1315, 4129),
(3966, 1316, 4130),
(3967, 1317, 4131),
(3968, 1318, 4132),
(3969, 1319, 4133),
(3970, 1320, 4134),
(3971, 1321, 4135),
(3972, 1322, 4136),
(3973, 1323, 4137),
(3974, 1324, 4138),
(3975, 1325, 4139),
(3976, 1326, 4140),
(3977, 1327, 4141),
(3978, 1328, 4142),
(3979, 1329, 4143),
(3980, 1330, 4144),
(3981, 1331, 4145),
(3982, 1332, 4146),
(3983, 1333, 4147),
(3984, 1334, 4148),
(3985, 1335, 4149),
(3986, 1336, 4150),
(3987, 1337, 4151),
(3988, 1338, 4152),
(3989, 1339, 4153),
(3990, 1340, 4154),
(3991, 1341, 4155),
(3992, 1342, 4156),
(3993, 1343, 4157),
(3994, 1344, 4158),
(3995, 1345, 4159),
(3996, 1346, 4160),
(3997, 1347, 4161),
(3998, 1348, 4162),
(3999, 1349, 4163),
(4000, 1350, 4164),
(4001, 1351, 4165),
(4002, 1352, 4166),
(4003, 1353, 4167),
(4004, 1354, 4168),
(4005, 1355, 4169),
(4006, 1356, 4170),
(4007, 1357, 4171),
(4008, 1358, 4172),
(4009, 1359, 4173),
(4010, 1360, 4174),
(4011, 1361, 4175),
(4012, 1362, 4176),
(4013, 1363, 4177),
(4014, 1364, 4178),
(4015, 1365, 4179),
(4016, 1366, 4180),
(4017, 1367, 4181),
(4018, 1368, 4182),
(4019, 1369, 4183),
(4020, 1370, 4184),
(4021, 1371, 4185),
(4022, 1372, 4186),
(4023, 1373, 4187),
(4024, 1374, 4188),
(4025, 1375, 4189),
(4026, 1376, 4190),
(4027, 1377, 4191),
(4028, 1378, 4192),
(4029, 1379, 4193),
(4030, 1380, 4194),
(4031, 1381, 4195),
(4032, 1382, 4196),
(4033, 1383, 4197),
(4034, 1384, 4198),
(4035, 1385, 4199),
(4036, 1386, 4200),
(4037, 1387, 4201),
(4038, 1388, 4202),
(4039, 1389, 4203),
(4040, 1390, 4204),
(4041, 1391, 4205),
(4042, 1392, 4206),
(4043, 1393, 4207),
(4044, 1394, 4208),
(4045, 1395, 4209),
(4046, 1396, 4210),
(4047, 1397, 4211),
(4048, 1398, 4212),
(4049, 1399, 4213),
(4050, 1400, 4214),
(4051, 1401, 4215),
(4052, 1402, 4216),
(4053, 1403, 4217),
(4054, 1404, 4218),
(4055, 1405, 4219),
(4056, 1406, 4220),
(4057, 1407, 4221),
(4058, 1408, 4222),
(4059, 1409, 4223),
(4060, 1410, 4224),
(4061, 1411, 4225),
(4062, 1412, 4226),
(4063, 1413, 4227),
(4064, 1414, 4228),
(4065, 1415, 4229),
(4066, 1416, 4230),
(4067, 1417, 4231),
(4068, 1418, 4232),
(4069, 1419, 4233),
(4070, 1420, 4234),
(4071, 1421, 4235),
(4072, 1422, 4236),
(4073, 1423, 4237),
(4074, 1424, 4238),
(4075, 1425, 4239),
(4076, 1426, 4240),
(4077, 1427, 4241),
(4078, 1428, 4242),
(4079, 1429, 4243),
(4080, 1430, 4244),
(4081, 1431, 4245),
(4082, 1432, 4246),
(4083, 1433, 4247),
(4084, 1434, 4248),
(4085, 1435, 4249),
(4086, 1436, 4250),
(4087, 1437, 4251),
(4088, 1438, 4252),
(4089, 1439, 4253),
(4090, 1440, 4254),
(4091, 1441, 4255),
(4092, 1442, 4256),
(4093, 1443, 4257),
(4094, 1444, 4258),
(4095, 1445, 4259),
(4096, 1446, 4260),
(4097, 1447, 4261),
(4098, 1448, 4262),
(4099, 1449, 4263),
(4100, 1450, 4264),
(4101, 1451, 4265),
(4102, 1452, 4266),
(4103, 1453, 4267),
(4104, 1454, 4268),
(4105, 1455, 4269),
(4106, 1456, 4270),
(4107, 1457, 4271),
(4108, 1458, 4272),
(4109, 1459, 4273),
(4110, 1460, 4274),
(4111, 1461, 4275),
(4112, 1462, 4276),
(4113, 1463, 4277),
(4114, 1464, 4278),
(4115, 1465, 4279),
(4116, 1466, 4280),
(4117, 1467, 4281),
(4118, 1468, 4282),
(4119, 1469, 4283),
(4120, 1470, 4284),
(4121, 1471, 4285),
(4122, 1472, 4286),
(4123, 1473, 4287),
(4124, 1474, 4288),
(4125, 1475, 4289),
(4126, 1476, 4290),
(4127, 1477, 4291),
(4128, 1478, 4292),
(4129, 1479, 4293),
(4130, 1480, 4294),
(4131, 1481, 4295),
(4132, 1482, 4296),
(4133, 1483, 4297),
(4134, 1484, 4298),
(4135, 1485, 4299),
(4136, 1486, 4300),
(4137, 1487, 4301),
(4138, 1488, 4302),
(4139, 1489, 4303),
(4140, 1490, 4304),
(4141, 1491, 4305),
(4142, 1492, 4306),
(4143, 1493, 4307),
(4144, 1494, 4308),
(4145, 1495, 4309),
(4146, 1496, 4310),
(4147, 1497, 4311),
(4148, 1498, 4312),
(4149, 1499, 4313),
(4150, 1500, 4314),
(4151, 1501, 4315),
(4152, 1502, 4316),
(4153, 1503, 4317),
(4154, 1504, 4318),
(4155, 1505, 4319),
(4156, 1506, 4320),
(4157, 1507, 4321),
(4158, 1508, 4322),
(4159, 1509, 4323),
(4160, 1510, 4324),
(4161, 1511, 4325),
(4162, 1512, 4326),
(4163, 1513, 4327),
(4164, 1514, 4328),
(4165, 1515, 4329),
(4166, 1516, 4330),
(4167, 1517, 4331),
(4168, 1518, 4332),
(4169, 1519, 4333),
(4170, 1520, 4334),
(4171, 1521, 4335),
(4172, 1522, 4336),
(4173, 1523, 4337),
(4174, 1524, 4338),
(4174, 1525, 4338),
(4175, 1526, 4339),
(4176, 1527, 4340),
(4177, 1528, 4341),
(4178, 1529, 4342),
(4179, 1530, 4343),
(4180, 1531, 4344),
(4181, 1532, 4345),
(4182, 1533, 4346),
(4183, 1534, 4347),
(4184, 1535, 4348),
(4185, 1536, 4349),
(4186, 1537, 4350),
(4187, 1538, 4351),
(4188, 1539, 4352),
(4189, 1540, 4353),
(4190, 1541, 4354),
(4191, 1542, 4355),
(4192, 1543, 4356),
(4193, 1544, 4357),
(4194, 1545, 4358),
(4195, 1546, 4359),
(4196, 1547, 4360),
(4197, 1548, 4361),
(4198, 1549, 4362),
(4199, 1550, 4363),
(4200, 1551, 4364),
(4201, 1552, 4365),
(4202, 1553, 4366),
(4203, 1554, 4367),
(4204, 1555, 4368),
(4205, 1556, 4369),
(4206, 1557, 4370),
(4207, 1558, 4371),
(4208, 1559, 4372),
(4209, 1560, 4373),
(4210, 1561, 4374),
(4211, 1562, 4375),
(4211, 1563, 4375),
(4212, 1564, 4376),
(4213, 1565, 4377),
(4214, 1566, 4378),
(4215, 1567, 4379),
(4216, 1568, 4380),
(4217, 1569, 4381),
(4218, 1570, 4382),
(4219, 1571, 4383),
(4220, 1572, 4384),
(4221, 1573, 4385),
(4222, 1574, 4386),
(4223, 1575, 4387),
(4224, 1576, 4388),
(4225, 1577, 4389),
(4226, 1578, 4390),
(4227, 1579, 4391),
(4228, 1580, 4392),
(4229, 1581, 4393),
(4230, 1582, 4394),
(4231, 1583, 4395),
(4232, 1584, 4396),
(4233, 1585, 4397),
(4234, 1586, 4398),
(4235, 1587, 4399),
(4236, 1588, 4400),
(4237, 1589, 4401),
(4238, 1590, 4402),
(4239, 1591, 4403),
(4240, 1592, 4404),
(4241, 1593, 4405),
(4242, 1594, 4406),
(4243, 1595, 4407),
(4244, 1596, 4408),
(4244, 1597, 4408),
(4245, 1598, 4409),
(4246, 1599, 4410),
(4247, 1600, 4411),
(4248, 1601, 4412),
(4249, 1602, 4413),
(4250, 1603, 4414),
(4251, 1604, 4415),
(4252, 1605, 4416),
(4253, 1606, 4417),
(4254, 1607, 4418),
(4255, 1608, 4419),
(4256, 1609, 4420),
(4257, 1610, 4421),
(4258, 1611, 4422),
(4259, 1612, 4423),
(4260, 1613, 4424),
(4261, 1614, 4425),
(4262, 1615, 4426),
(4263, 1616, 4427),
(4264, 1617, 4428),
(4265, 1618, 4429),
(4266, 1619, 4430),
(4267, 1620, 4431),
(4268, 1621, 4432),
(4269, 1622, 4433),
(4270, 1623, 4434),
(4271, 1624, 4435),
(4272, 1625, 4436),
(4273, 1626, 4437),
(4274, 1627, 4438),
(4275, 1628, 4439),
(4276, 1629, 4440),
(4277, 1630, 4441),
(4278, 1631, 4442),
(4279, 1632, 4443),
(4280, 1633, 4444),
(4281, 1634, 4445),
(4282, 1635, 4446),
(4283, 1636, 4447),
(4284, 1637, 4448),
(4285, 1638, 4449),
(4286, 1639, 4450),
(4287, 1640, 4451),
(4288, 1641, 4452),
(4289, 1642, 4453),
(4290, 1643, 4454),
(4291, 1644, 4455),
(4292, 1645, 4456),
(4292, 1646, 4456),
(4293, 1647, 4457),
(4294, 1648, 4458),
(4295, 1649, 4459),
(4296, 1650, 4460),
(4297, 1651, 4461),
(4298, 1652, 4462),
(4299, 1653, 4463),
(4300, 1654, 4464),
(4301, 1655, 4465),
(4302, 1656, 4466),
(4303, 1657, 4467),
(4304, 1658, 4468),
(4305, 1659, 4469),
(4306, 1660, 4470),
(4307, 1661, 4471),
(4308, 1662, 4472),
(4309, 1663, 4473),
(4310, 1664, 4474),
(4311, 1665, 4475),
(4312, 1666, 4476),
(4313, 1667, 4477),
(4314, 1668, 4478),
(4315, 1669, 4479),
(4316, 1670, 4480),
(4317, 1671, 4481),
(4318, 1672, 4482),
(4319, 1673, 4483),
(4320, 1674, 4484),
(4321, 1675, 4485),
(4322, 1676, 4486),
(4323, 1677, 4487),
(4324, 1678, 4488),
(4325, 1679, 4489),
(4326, 1680, 4490),
(4327, 1681, 4491),
(4328, 1682, 4492),
(4329, 1683, 4493),
(4330, 1684, 4494),
(4331, 1685, 4495),
(4332, 1686, 4496),
(4333, 1687, 4497),
(4334, 1688, 4498),
(4335, 1689, 4499),
(4336, 1690, 4500),
(4337, 1691, 4501),
(4338, 1692, 4502),
(4339, 1693, 4503),
(4340, 1694, 4504),
(4341, 1695, 4505),
(4342, 1696, 4506),
(4343, 1697, 4507),
(4344, 1698, 4508),
(4345, 1699, 4509),
(4346, 1700, 4510),
(4347, 1701, 4511),
(4348, 1702, 4512),
(4349, 1703, 4513),
(4350, 1704, 4514),
(4351, 1705, 4515),
(4352, 1706, 4516),
(4353, 1707, 4517),
(4354, 1708, 4518),
(4355, 1709, 4519),
(4356, 1710, 4520),
(4357, 1711, 4521),
(4358, 1712, 4522),
(4359, 1713, 4523),
(4360, 1714, 4524),
(4361, 1715, 4525),
(4362, 1716, 4526),
(4362, 1719, 4526),
(4363, 1717, 4527),
(4364, 1718, 4528),
(4365, 1720, 4529),
(4366, 1721, 4530),
(4367, 1722, 4531),
(4368, 1723, 4532),
(4369, 1724, 4533),
(4370, 1725, 4534),
(4371, 1726, 4535),
(4372, 1727, 4536),
(4372, 1728, 4536),
(4373, 1729, 4537),
(4374, 1730, 4538),
(4375, 1731, 4539),
(4376, 1732, 4540),
(4377, 1733, 4541),
(4378, 1734, 4542),
(4379, 1735, 4543),
(4380, 1736, 4544),
(4381, 1737, 4545),
(4382, 1738, 4546),
(4383, 1739, 4547),
(4384, 1740, 4548),
(4385, 1741, 4549),
(4386, 1742, 4550),
(4387, 1743, 4551),
(4388, 1744, 4552),
(4389, 1745, 4553),
(4390, 1746, 4554),
(4391, 1747, 4555),
(4392, 1748, 4556),
(4393, 1749, 4557),
(4394, 1750, 4558),
(4395, 1751, 4559),
(4396, 1752, 4560),
(4397, 1753, 4561),
(4398, 1754, 4562),
(4399, 1755, 4563),
(4400, 1756, 4564),
(4401, 1757, 4565),
(4402, 1758, 4566),
(4403, 1759, 4567),
(4404, 1760, 4568),
(4405, 1761, 4569),
(4406, 1762, 4570),
(4407, 1763, 4571),
(4408, 1764, 4572),
(4409, 1765, 4573),
(4410, 1766, 4574),
(4411, 1767, 4575),
(4412, 1768, 4576),
(4413, 1769, 4577),
(4414, 1770, 4578),
(4415, 1771, 4579),
(4416, 1772, 4580),
(4417, 1773, 4581),
(4418, 1774, 4582),
(4419, 1775, 4583),
(4420, 1776, 4584),
(4421, 1777, 4585),
(4422, 1778, 4586),
(4423, 1779, 4587),
(4424, 1780, 4588),
(4425, 1781, 4589),
(4426, 1782, 4590),
(4427, 1783, 4591),
(4428, 1784, 4592),
(4429, 1785, 4593),
(4430, 1786, 4594),
(4431, 1787, 4595),
(4432, 1788, 4596),
(4433, 1789, 4597),
(4434, 1790, 4598),
(4435, 1791, 4599),
(4436, 1792, 4600),
(4437, 1793, 4601),
(4438, 1794, 4602),
(4439, 1795, 4603),
(4440, 1796, 4604),
(4441, 1797, 4605),
(4442, 1798, 4606),
(4443, 1799, 4607),
(4444, 1800, 4608),
(4445, 1801, 4609),
(4446, 1802, 4610),
(4447, 1803, 4611),
(4448, 1804, 4612),
(4449, 1805, 4613),
(4449, 1806, 4613),
(4450, 1807, 4614),
(4451, 1808, 4615),
(4452, 1809, 4616),
(4453, 1810, 4617),
(4454, 1811, 4618),
(4455, 1812, 4619),
(4456, 1813, 4620),
(4457, 1814, 4621),
(4458, 1815, 4622),
(4459, 1816, 4623),
(4460, 1817, 4624),
(4461, 1818, 4625),
(4462, 1819, 4626),
(4463, 1820, 4627),
(4464, 1821, 4628),
(4465, 1822, 4629),
(4466, 1823, 4630),
(4467, 1824, 4631),
(4468, 1825, 4632),
(4469, 1826, 4633),
(4470, 1827, 4634),
(4471, 1828, 4635),
(4472, 1829, 4636),
(4473, 1830, 4637),
(4474, 1831, 4638),
(4475, 1832, 4639),
(4476, 1833, 4640),
(4477, 1834, 4641),
(4478, 1835, 4642),
(4479, 1836, 4643),
(4480, 1837, 4644),
(4481, 1838, 4645),
(4482, 1839, 4646),
(4483, 1840, 4647),
(4484, 1841, 4648),
(4485, 1842, 4649),
(4486, 1843, 4650),
(4487, 1844, 4651),
(4488, 1845, 4652),
(4489, 1846, 4653),
(4490, 1847, 4654),
(4491, 1848, 4655),
(4492, 1849, 4656),
(4493, 1850, 4657),
(4494, 1851, 4658),
(4495, 1852, 4659),
(4496, 1853, 4660),
(4497, 1854, 4661),
(4498, 1855, 4662),
(4499, 1856, 4663),
(4500, 1857, 4664),
(4501, 1858, 4665),
(4502, 1859, 4666),
(4503, 1860, 4667),
(4504, 1861, 4668),
(4505, 1862, 4669),
(4506, 1863, 4670),
(4507, 1864, 4671),
(4508, 1865, 4672),
(4509, 1866, 4673),
(4509, 1873, 4673),
(4510, 1867, 4674),
(4511, 1868, 4675),
(4512, 1869, 4676),
(4513, 1870, 4677),
(4514, 1871, 4678),
(4515, 1872, 4679),
(4516, 1874, 4680),
(4517, 1875, 4681),
(4518, 1876, 4682),
(4519, 1877, 4683),
(4520, 1878, 4684),
(4521, 1879, 4685),
(4522, 1880, 4686),
(4523, 1881, 4687),
(4524, 1882, 4688),
(4525, 1883, 4689),
(4526, 1884, 4690),
(4527, 1885, 4691),
(4528, 1886, 4692),
(4529, 1887, 4693),
(4530, 1888, 4694),
(4531, 1889, 4695),
(4532, 1890, 4696),
(4533, 1891, 4697),
(4534, 1892, 4698),
(4535, 1893, 4699),
(4536, 1894, 4700),
(4537, 1895, 4701),
(4538, 1896, 4702),
(4539, 1897, 4703),
(4540, 1898, 4704),
(4541, 1899, 4705),
(4542, 1900, 4706),
(4543, 1901, 4707),
(4544, 1902, 4708),
(4545, 1903, 4709),
(4546, 1904, 4710),
(4547, 1905, 4711),
(4548, 1906, 4712),
(4549, 1907, 4713),
(4550, 1908, 4714),
(4551, 1909, 4715),
(4552, 1910, 4716),
(4553, 1911, 4717),
(4554, 1912, 4718),
(4555, 1913, 4719),
(4556, 1914, 4720),
(4557, 1915, 4721),
(4558, 1916, 4722),
(4559, 1917, 4723),
(4560, 1918, 4724),
(4561, 1919, 4725),
(4562, 1920, 4726),
(4563, 1921, 4727),
(4564, 1922, 4728),
(4565, 1923, 4729),
(4566, 1924, 4730),
(4567, 1925, 4731),
(4568, 1926, 4732),
(4569, 1927, 4733),
(4570, 1928, 4734),
(4571, 1929, 4735),
(4572, 1930, 4736),
(4573, 1931, 4737),
(4574, 1932, 4738),
(4575, 1933, 4739),
(4576, 1934, 4740),
(4577, 1935, 4741),
(4578, 1936, 4742),
(4579, 1937, 4743),
(4580, 1938, 4744),
(4581, 1939, 4745),
(4582, 1940, 4746),
(4583, 1941, 4747),
(4584, 1942, 4748),
(4585, 1943, 4749),
(4586, 1944, 4750),
(4587, 1945, 4751),
(4588, 1946, 4752),
(4589, 1947, 4753),
(4590, 1948, 4754),
(4591, 1949, 4755),
(4592, 1950, 4756),
(4593, 1951, 4757),
(4594, 1952, 4758),
(4595, 1953, 4759),
(4596, 1954, 4760),
(4597, 1955, 4761),
(4598, 1956, 4762),
(4599, 1957, 4763),
(4600, 1958, 4764),
(4601, 1959, 4765),
(4602, 1960, 4766),
(4603, 1961, 4767),
(4604, 1962, 4768),
(4605, 1963, 4769),
(4606, 1964, 4770),
(4607, 1965, 4771),
(4608, 1966, 4772),
(4609, 1967, 4773),
(4610, 1968, 4774),
(4611, 1969, 4775),
(4612, 1970, 4776),
(4613, 1971, 4777),
(4614, 1972, 4778),
(4615, 1973, 4779),
(4616, 1974, 4780),
(4617, 1975, 4781),
(4618, 1976, 4782),
(4619, 1977, 4783),
(4620, 1978, 4784),
(4621, 1979, 4785),
(4622, 1980, 4786),
(4623, 1981, 4787),
(4624, 1982, 4788),
(4625, 1983, 4789),
(4626, 1984, 4790),
(4627, 1985, 4791),
(4628, 1986, 4792),
(4629, 1987, 4793),
(4630, 1988, 4794),
(4631, 1989, 4795),
(4632, 1990, 4796),
(4633, 1991, 4797),
(4634, 1992, 4798),
(4635, 1993, 4799),
(4636, 1994, 4800),
(4637, 1995, 4801),
(4638, 1996, 4802),
(4639, 1997, 4803),
(4640, 1998, 4804),
(4641, 1999, 4805),
(4642, 2000, 4806),
(4643, 2001, 4807),
(4644, 2002, 4808),
(4645, 2003, 4809),
(4646, 2004, 4810),
(4647, 2005, 4811),
(4648, 2006, 4812),
(4649, 2007, 4813),
(4650, 2008, 4814),
(4651, 2009, 4815),
(4652, 2010, 4816),
(4653, 2011, 4817),
(4654, 2012, 4818),
(4655, 2013, 4819),
(4656, 2014, 4820),
(4657, 2015, 4821),
(4658, 2016, 4822),
(4659, 2017, 4823),
(4660, 2018, 4824),
(4661, 2019, 4825),
(4662, 2020, 4826),
(4663, 2021, 4827),
(4664, 2022, 4828),
(4665, 2023, 4829),
(4666, 2024, 4830),
(4667, 2025, 4831),
(4668, 2026, 4832),
(4669, 2027, 4833),
(4670, 2028, 4834),
(4671, 2029, 4835),
(4672, 2030, 4836),
(4673, 2031, 4837),
(4674, 2032, 4838),
(4675, 2033, 4839),
(4676, 2034, 4840),
(4677, 2035, 4841),
(4678, 2036, 4842),
(4679, 2037, 4843),
(4680, 2038, 4844),
(4681, 2039, 4845),
(4682, 2040, 4846),
(4683, 2041, 4847),
(4684, 2042, 4848),
(4685, 2043, 4849),
(4686, 2044, 4850),
(4687, 2045, 4851),
(4688, 2046, 4852),
(4689, 2047, 4853),
(4690, 2048, 4854),
(4691, 2049, 4855),
(4692, 2050, 4856),
(4693, 2051, 4857),
(4694, 2052, 4858),
(4695, 2053, 4859),
(4696, 2054, 4860),
(4697, 2055, 4861),
(4698, 2056, 4862),
(4699, 2057, 4863),
(4700, 2058, 4864),
(4701, 2059, 4865),
(4702, 2060, 4866),
(4703, 2061, 4867),
(4704, 2062, 4868),
(4705, 2063, 4869),
(4706, 2064, 4870),
(4707, 2065, 4871),
(4708, 2066, 4872),
(4709, 2067, 4873),
(4710, 2068, 4874),
(4711, 2069, 4875),
(4712, 2070, 4876),
(4713, 2071, 4877),
(4714, 2072, 4878),
(4715, 2073, 4879),
(4716, 2074, 4880),
(4717, 2075, 4881),
(4718, 2076, 4882),
(4719, 2077, 4883),
(4720, 2078, 4884),
(4721, 2079, 4885),
(4722, 2080, 4886),
(4723, 2081, 4887),
(4724, 2082, 4888),
(4725, 2083, 4889),
(4726, 2084, 4890),
(4727, 2085, 4891),
(4728, 2086, 4892),
(4729, 2087, 4893),
(4730, 2088, 4894),
(4731, 2089, 4895),
(4732, 2090, 4896),
(4733, 2091, 4897),
(4734, 2092, 4898),
(4735, 2093, 4899),
(4736, 2094, 4900),
(4737, 2095, 4901),
(4738, 2096, 4902),
(4739, 2097, 4903),
(4740, 2098, 4904),
(4741, 2099, 4905),
(4742, 2100, 4906),
(4743, 2101, 4907),
(4744, 2102, 4908),
(4745, 2103, 4909),
(4746, 2104, 4910),
(4747, 2105, 4911),
(4748, 2106, 4912),
(4749, 2107, 4913),
(4750, 2108, 4914),
(4751, 2109, 4915),
(4752, 2110, 4916),
(4753, 2111, 4917),
(4754, 2112, 4918),
(4755, 2113, 4919),
(4756, 2114, 4920),
(4757, 2115, 4921),
(4758, 2116, 4922),
(4759, 2117, 4923),
(4760, 2118, 4924),
(4761, 2119, 4925),
(4762, 2120, 4926),
(4763, 2121, 4927),
(4764, 2122, 4928),
(4765, 2123, 4929),
(4766, 2124, 4930),
(4767, 2125, 4931),
(4768, 2126, 4932),
(4769, 2127, 4933),
(4770, 2128, 4934),
(4771, 2129, 4935),
(4772, 2130, 4936),
(4773, 2131, 4937),
(4774, 2132, 4938),
(4775, 2133, 4939),
(4776, 2134, 4940),
(4777, 2135, 4941),
(4778, 2136, 4942),
(4779, 2137, 4943),
(4780, 2138, 4944),
(4781, 2139, 4945),
(4782, 2140, 4946),
(4783, 2141, 4947),
(4784, 2142, 4948),
(4785, 2143, 4949),
(4786, 2144, 4950),
(4787, 2145, 4951),
(4788, 2146, 4952),
(4789, 2147, 4953),
(4790, 2148, 4954),
(4791, 2149, 4955),
(4792, 2150, 4956),
(4793, 2151, 4957),
(4794, 2152, 4958),
(4795, 2153, 4959),
(4796, 2154, 4960),
(4797, 2155, 4961),
(4798, 2156, 4962),
(4799, 2157, 4963),
(4800, 2158, 4964),
(4801, 2159, 4965),
(4802, 2160, 4966),
(4803, 2161, 4967),
(4804, 2162, 4968),
(4805, 2163, 4969),
(4806, 2164, 4970),
(4807, 2165, 4971),
(4808, 2166, 4972),
(4809, 2167, 4973),
(4810, 2168, 4974),
(4811, 2169, 4975),
(4812, 2170, 4976),
(4813, 2171, 4977),
(4814, 2172, 4978),
(4815, 2173, 4979),
(4816, 2174, 4980),
(4817, 2175, 4981),
(4818, 2176, 4982),
(4819, 2177, 4983),
(4820, 2178, 4984),
(4821, 2179, 4985),
(4822, 2180, 4986),
(4823, 2181, 4987),
(4824, 2182, 4988),
(4825, 2183, 4989),
(4826, 2184, 4990),
(4827, 2185, 4991),
(4828, 2186, 4992),
(4829, 2187, 4993),
(4830, 2188, 4994),
(4831, 2189, 4995),
(4832, 2190, 4996),
(4833, 2191, 4997),
(4834, 2192, 4998),
(4835, 2193, 4999),
(4836, 2194, 5000),
(4837, 2195, 5001),
(4838, 2196, 5002),
(4839, 2197, 5003),
(4840, 2198, 5004),
(4841, 2199, 5005),
(4842, 2200, 5006),
(4843, 2201, 5007),
(4844, 2202, 5008),
(4845, 2203, 5009),
(4846, 2204, 5010),
(4847, 2205, 5011),
(4848, 2206, 5012),
(4849, 2207, 5013),
(4850, 2208, 5014),
(4851, 2209, 5015),
(4852, 2210, 5016),
(4853, 2211, 5017),
(4854, 2212, 5018),
(4855, 2213, 5019),
(4856, 2214, 5020),
(4857, 2215, 5021),
(4858, 2216, 5022),
(4859, 2217, 5023),
(4860, 2218, 5024),
(4861, 2219, 5025),
(4862, 2220, 5026),
(4863, 2221, 5027),
(4864, 2222, 5028),
(4865, 2223, 5029),
(4866, 2224, 5030),
(4867, 2225, 5031),
(4868, 2226, 5032),
(4869, 2227, 5033),
(4870, 2228, 5034),
(4871, 2229, 5035),
(4872, 2230, 5036),
(4873, 2231, 5037),
(4874, 2232, 5038),
(4875, 2233, 5039),
(4876, 2234, 5040),
(4877, 2235, 5041),
(4878, 2236, 5042),
(4879, 2237, 5043),
(4880, 2238, 5044),
(4881, 2239, 5045),
(4882, 2240, 5046),
(4883, 2241, 5047),
(4884, 2242, 5048),
(4885, 2243, 5049),
(4886, 2244, 5050),
(4887, 2245, 5051),
(4888, 2246, 5052),
(4889, 2247, 5053),
(4890, 2248, 5054),
(4891, 2249, 5055),
(4892, 2250, 5056),
(4893, 2251, 5057),
(4894, 2252, 5058),
(4895, 2253, 5059),
(4896, 2254, 5060),
(4897, 2255, 5061),
(4898, 2256, 5062),
(4899, 2257, 5063),
(4900, 2258, 5064),
(4901, 2259, 5065),
(4902, 2260, 5066),
(4903, 2261, 5067),
(4904, 2262, 5068),
(4905, 2263, 5069),
(4906, 2264, 5070),
(4907, 2265, 5071),
(4908, 2266, 5072),
(4909, 2267, 5073),
(4910, 2268, 5074),
(4911, 2269, 5075),
(4912, 2270, 5076),
(4913, 2271, 5077),
(4914, 2272, 5078),
(4915, 2273, 5079),
(4916, 2274, 5080),
(4917, 2275, 5081),
(4918, 2276, 5082),
(4919, 2277, 5083),
(4920, 2278, 5084),
(4921, 2279, 5085),
(4922, 2280, 5086),
(4923, 2281, 5087),
(4924, 2282, 5088),
(4925, 2283, 5089),
(4926, 2284, 5090),
(4927, 2285, 5091),
(4928, 2286, 5092),
(4929, 2287, 5093),
(4930, 2288, 5094),
(4931, 2289, 5095),
(4932, 2290, 5096),
(4933, 2291, 5097),
(4934, 2292, 5098),
(4935, 2293, 5099),
(4936, 2294, 5100),
(4937, 2295, 5101),
(4938, 2296, 5102),
(4939, 2297, 5103),
(4940, 2298, 5104),
(4941, 2299, 5105),
(4942, 2300, 5106),
(4943, 2301, 5107),
(4944, 2302, 5108),
(4945, 2303, 5109),
(4946, 2304, 5110),
(4947, 2305, 5111),
(4948, 2306, 5112),
(4949, 2307, 5113),
(4950, 2308, 5114),
(4951, 2309, 5115),
(4952, 2310, 5116),
(4953, 2311, 5117),
(4954, 2312, 5118),
(4955, 2313, 5119),
(4956, 2314, 5120),
(4957, 2315, 5121),
(4958, 2316, 5122),
(4959, 2317, 5123),
(4960, 2318, 5124),
(4961, 2319, 5125),
(4962, 2320, 5126),
(4963, 2321, 5127),
(4964, 2322, 5128),
(4965, 2323, 5129),
(4966, 2324, 5130),
(4967, 2325, 5131),
(4968, 2326, 5132),
(4969, 2327, 5133),
(4970, 2328, 5134),
(4971, 2329, 5135),
(4972, 2330, 5136),
(4973, 2331, 5137),
(4974, 2332, 5138),
(4975, 2333, 5139),
(4976, 2334, 5140),
(4977, 2335, 5141),
(4978, 2336, 5142),
(4979, 2337, 5143),
(4980, 2338, 5144),
(4981, 2339, 5145),
(4982, 2340, 5146),
(4983, 2341, 5147),
(4984, 2342, 5148),
(4985, 2343, 5149),
(4986, 2344, 5150),
(4987, 2345, 5151),
(4988, 2346, 5152),
(4989, 2347, 5153),
(4990, 2348, 5154),
(4991, 2349, 5155),
(4992, 2350, 5156),
(4993, 2351, 5157),
(4994, 2352, 5158),
(4995, 2353, 5159),
(4996, 2354, 5160),
(4997, 2355, 5161),
(4998, 2356, 5162),
(4999, 2357, 5163),
(5000, 2358, 5164),
(5001, 2359, 5165),
(5002, 2360, 5166),
(5003, 2361, 5167),
(5004, 2362, 5168),
(5005, 2363, 5169),
(5006, 2364, 5170),
(5007, 2365, 5171),
(5008, 2366, 5172),
(5009, 2367, 5173),
(5010, 2368, 5174),
(5011, 2369, 5175),
(5012, 2370, 5176),
(5013, 2371, 5177),
(5014, 2372, 5178),
(5015, 2373, 5179),
(5016, 2374, 5180),
(5017, 2375, 5181),
(5018, 2376, 5182),
(5019, 2377, 5183),
(5020, 2378, 5184),
(5021, 2379, 5185),
(5022, 2380, 5186),
(5023, 2381, 5187),
(5024, 2382, 5188),
(5025, 2383, 5189),
(5026, 2384, 5190),
(5027, 2385, 5191),
(5028, 2386, 5192),
(5029, 2387, 5193),
(5030, 2388, 5194),
(5031, 2389, 5195),
(5032, 2390, 5196),
(5033, 2391, 5197),
(5034, 2392, 5198),
(5035, 2393, 5199),
(5036, 2394, 5200),
(5037, 2395, 5201),
(5038, 2396, 5202),
(5039, 2397, 5203),
(5040, 2398, 5204),
(5041, 2399, 5205),
(5042, 2400, 5206),
(5043, 2401, 5207),
(5044, 2402, 5208),
(5045, 2403, 5209),
(5046, 2404, 5210),
(5047, 2405, 5211),
(5048, 2406, 5212),
(5049, 2407, 5213),
(5050, 2408, 5214),
(5051, 2409, 5215),
(5052, 2410, 5216),
(5053, 2411, 5217),
(5054, 2412, 5218),
(5055, 2413, 5219),
(5056, 2414, 5220),
(5057, 2415, 5221),
(5058, 2416, 5222),
(5059, 2417, 5223),
(5060, 2418, 5224),
(5061, 2419, 5225),
(5062, 2420, 5226),
(5063, 2421, 5227),
(5064, 2422, 5228),
(5065, 2423, 5229),
(5066, 2424, 5230),
(5067, 2425, 5231),
(5068, 2426, 5232),
(5069, 2427, 5233),
(5070, 2428, 5234),
(5071, 2429, 5235),
(5072, 2430, 5236),
(5073, 2431, 5237),
(5074, 2432, 5238),
(5075, 2433, 5239),
(5076, 2434, 5240),
(5077, 2435, 5241),
(5078, 2436, 5242),
(5079, 2437, 5243),
(5080, 2438, 5244),
(5081, 2439, 5245),
(5082, 2440, 5246),
(5083, 2441, 5247),
(5084, 2442, 5248),
(5085, 2443, 5249),
(5086, 2444, 5250),
(5087, 2445, 5251),
(5088, 2446, 5252),
(5089, 2447, 5253),
(5090, 2448, 5254),
(5091, 2449, 5255),
(5092, 2450, 5256),
(5093, 2451, 5257),
(5094, 2452, 5258),
(5095, 2453, 5259),
(5096, 2454, 5260),
(5097, 2455, 5261),
(5098, 2456, 5262),
(5099, 2457, 5263),
(5100, 2458, 5264),
(5101, 2459, 5265),
(5102, 2460, 5266),
(5103, 2461, 5267),
(5104, 2462, 5268),
(5105, 2463, 5269),
(5106, 2464, 5270),
(5107, 2465, 5271),
(5108, 2466, 5272),
(5109, 2467, 5273),
(5110, 2468, 5274),
(5111, 2469, 5275),
(5112, 2470, 5276),
(5113, 2471, 5277),
(5114, 2472, 5278),
(5115, 2473, 5279),
(5116, 2474, 5280),
(5117, 2475, 5281),
(5118, 2476, 5282),
(5119, 2477, 5283),
(5120, 2478, 5284),
(5121, 2479, 5285),
(5122, 2480, 5286),
(5123, 2481, 5287),
(5124, 2482, 5288),
(5125, 2483, 5289),
(5126, 2484, 5290),
(5127, 2485, 5291),
(5128, 2486, 5292),
(5129, 2487, 5293),
(5130, 2488, 5294),
(5131, 2489, 5295),
(5132, 2490, 5296),
(5133, 2491, 5297),
(5134, 2492, 5298),
(5135, 2493, 5299),
(5136, 2494, 5300),
(5137, 2495, 5301),
(5138, 2496, 5302),
(5139, 2497, 5303),
(5140, 2498, 5304),
(5141, 2499, 5305),
(5142, 2500, 5306),
(5143, 2501, 5307),
(5144, 2502, 5308),
(5145, 2503, 5309),
(5146, 2504, 5310),
(5147, 2505, 5311),
(5148, 2506, 5312),
(5149, 2507, 5313),
(5150, 2508, 5314),
(5151, 2509, 5315),
(5152, 2510, 5316),
(5153, 2511, 5317),
(5154, 2512, 5318),
(5155, 2513, 5319),
(5156, 2514, 5320),
(5157, 2515, 5321),
(5158, 2516, 5322),
(5159, 2517, 5323),
(5160, 2518, 5324),
(5161, 2519, 5325),
(5162, 2520, 5326),
(5163, 2521, 5327),
(5164, 2522, 5328),
(5165, 2523, 5329),
(5166, 2524, 5330),
(5167, 2525, 5331),
(5168, 2526, 5332),
(5169, 2527, 5333),
(5170, 2528, 5334),
(5171, 2529, 5335),
(5172, 2530, 5336),
(5173, 2531, 5337),
(5174, 2532, 5338),
(5175, 2533, 5339),
(5176, 2534, 5340),
(5177, 2535, 5341),
(5178, 2536, 5342),
(5179, 2537, 5343),
(5180, 2538, 5344),
(5181, 2539, 5345),
(5182, 2540, 5346),
(5183, 2541, 5347),
(5184, 2542, 5348),
(5185, 2543, 5349),
(5186, 2544, 5350),
(5187, 2545, 5351),
(5188, 2546, 5352),
(5189, 2547, 5353),
(5190, 2548, 5354),
(5191, 2549, 5355),
(5192, 2550, 5356),
(5193, 2551, 5357),
(5194, 2552, 5358),
(5195, 2553, 5359),
(5196, 2554, 5360),
(5197, 2555, 5361),
(5198, 2556, 5362),
(5199, 2557, 5363),
(5200, 2558, 5364),
(5201, 2559, 5365),
(5202, 2560, 5366),
(5203, 2561, 5367),
(5204, 2562, 5368),
(5205, 2563, 5369),
(5206, 2564, 5370),
(5207, 2565, 5371),
(5208, 2566, 5372),
(5209, 2567, 5373),
(5210, 2568, 5374),
(5211, 2569, 5375),
(5212, 2570, 5376),
(5213, 2571, 5377),
(5214, 2572, 5378),
(5215, 2573, 5379),
(5216, 2574, 5380),
(5217, 2575, 5381),
(5218, 2576, 5382),
(5219, 2577, 5383),
(5220, 2578, 5384),
(5221, 2579, 5385),
(5222, 2580, 5386),
(5223, 2581, 5387),
(5224, 2582, 5388),
(5225, 2583, 5389),
(5226, 2584, 5390),
(5227, 2585, 5391),
(5228, 2586, 5392),
(5229, 2587, 5393),
(5230, 2588, 5394),
(5231, 2589, 5395),
(5232, 2590, 5396),
(5233, 2591, 5397),
(5234, 2592, 5398),
(5235, 2593, 5399),
(5236, 2594, 5400),
(5237, 2595, 5401),
(5238, 2596, 5402),
(5239, 2597, 5403),
(5240, 2598, 5404),
(5241, 2599, 5405),
(5242, 2600, 5406),
(5243, 2601, 5407),
(5244, 2602, 5408),
(5245, 2603, 5409),
(5246, 2604, 5410),
(5247, 2605, 5411),
(5248, 2606, 5412),
(5249, 2607, 5413),
(5250, 2608, 5414),
(5251, 2609, 5415),
(5252, 2610, 5416),
(5253, 2611, 5417),
(5254, 2612, 5418),
(5255, 2613, 5419),
(5256, 2614, 5420),
(5257, 2615, 5421),
(5258, 2616, 5422),
(5259, 2617, 5423),
(5260, 2618, 5424),
(5261, 2619, 5425),
(5262, 2620, 5426),
(5263, 2621, 5427),
(5264, 2622, 5428),
(5265, 2623, 5429),
(5266, 2624, 5430),
(5267, 2625, 5431),
(5268, 2626, 5432),
(5269, 2627, 5433),
(5270, 2628, 5434),
(5271, 2629, 5435),
(5272, 2630, 5436),
(5273, 2631, 5437),
(5274, 2632, 5438),
(5275, 2633, 5439),
(5276, 2634, 5440),
(5277, 2635, 5441),
(5278, 2636, 5442),
(5279, 2637, 5443),
(5280, 2638, 5444),
(5281, 2639, 5445),
(5282, 2640, 5446),
(5283, 2641, 5447),
(5284, 2642, 5448),
(5285, 2643, 5449),
(5286, 2644, 5450),
(5287, 2645, 5451),
(5288, 2646, 5452),
(5289, 2647, 5453),
(5290, 2648, 5454),
(5291, 2649, 5455),
(5292, 2650, 5456),
(5293, 2651, 5457),
(5294, 2652, 5458),
(5295, 2653, 5459),
(5296, 2654, 5460),
(5297, 2655, 5461),
(5298, 2656, 5462),
(5299, 2657, 5463),
(5300, 2658, 5464),
(5301, 2659, 5465),
(5302, 2660, 5466),
(5303, 2661, 5467),
(5304, 2662, 5468),
(5305, 2663, 5469),
(5306, 2664, 5470),
(5307, 2665, 5471),
(5308, 2666, 5472),
(5309, 2667, 5473),
(5310, 2668, 5474),
(5311, 2669, 5475),
(5312, 2670, 5476),
(5313, 2671, 5477),
(5314, 2672, 5478),
(5315, 2673, 5479),
(5316, 2674, 5480),
(5317, 2675, 5481),
(5318, 2676, 5482),
(5319, 2677, 5483),
(5320, 2678, 5484),
(5321, 2679, 5485),
(5322, 2680, 5486),
(5323, 2681, 5487),
(5324, 2682, 5488),
(5325, 2683, 5489),
(5326, 2684, 5490),
(5327, 2685, 5491),
(5328, 2686, 5492),
(5329, 2687, 5493),
(5330, 2688, 5494),
(5331, 2689, 5495),
(5332, 2690, 5496),
(5333, 2691, 5497),
(5334, 2692, 5498),
(5335, 2693, 5499),
(5336, 2694, 5500),
(5337, 2695, 5501),
(5338, 2696, 5502),
(5339, 2697, 5503),
(5340, 2698, 5504),
(5341, 2699, 5505),
(5342, 2700, 5506),
(5343, 2701, 5507),
(5344, 2702, 5508),
(5345, 2703, 5509),
(5346, 2704, 5510),
(5347, 2705, 5511),
(5348, 2706, 5512),
(5349, 2707, 5513),
(5350, 2708, 5514),
(5351, 2709, 5515),
(5352, 2710, 5516),
(5353, 2711, 5517),
(5354, 2712, 5518),
(5355, 2713, 5519),
(5356, 2714, 5520),
(5357, 2715, 5521),
(5358, 2716, 5522),
(5359, 2717, 5523),
(5360, 2718, 5524),
(5361, 2719, 5525),
(5362, 2720, 5526),
(5363, 2721, 5527),
(5364, 2722, 5528),
(5365, 2723, 5529),
(5366, 2724, 5530),
(5367, 2725, 5531),
(5368, 2726, 5532),
(5369, 2727, 5533),
(5370, 2728, 5534),
(5371, 2729, 5535),
(5372, 2730, 5536),
(5373, 2731, 5537),
(5374, 2732, 5538),
(5375, 2733, 5539),
(5376, 2734, 5540),
(5377, 2735, 5541),
(5378, 2736, 5542),
(5379, 2737, 5543),
(5380, 2738, 5544),
(5381, 2739, 5545),
(5382, 2740, 5546),
(5383, 2741, 5547),
(5384, 2742, 5548),
(5385, 2743, 5549),
(5386, 2744, 5550),
(5387, 2745, 5551),
(5388, 2746, 5552),
(5389, 2747, 5553),
(5390, 2748, 5554),
(5391, 2749, 5555),
(5392, 2750, 5556),
(5393, 2751, 5557),
(5394, 2752, 5558),
(5395, 2753, 5559),
(5396, 2754, 5560),
(5397, 2755, 5561),
(5398, 2756, 5562),
(5399, 2757, 5563),
(5400, 2758, 5564),
(5401, 2759, 5565),
(5402, 2760, 5566),
(5403, 2761, 5567),
(5404, 2762, 5568),
(5405, 2763, 5569),
(5406, 2764, 5570),
(5407, 2765, 5571),
(5408, 2766, 5572),
(5409, 2767, 5573),
(5410, 2768, 5574),
(5411, 2769, 5575),
(5412, 2770, 5576),
(5413, 2771, 5577),
(5414, 2772, 5578),
(5415, 2773, 5579),
(5416, 2774, 5580),
(5417, 2775, 5581),
(5418, 2776, 5582),
(5419, 2777, 5583),
(5420, 2778, 5584),
(5421, 2779, 5585),
(5422, 2780, 5586),
(5423, 2781, 5587),
(5424, 2782, 5588),
(5425, 2783, 5589),
(5426, 2784, 5590),
(5427, 2785, 5591),
(5428, 2786, 5592),
(5429, 2787, 5593),
(5430, 2788, 5594),
(5431, 2789, 5595),
(5432, 2790, 5596),
(5433, 2791, 5597),
(5434, 2792, 5598),
(5435, 2793, 5599),
(5436, 2794, 5600),
(5437, 2795, 5601),
(5438, 2796, 5602),
(5439, 2797, 5603),
(5440, 2798, 5604),
(5441, 2799, 5605),
(5442, 2800, 5606),
(5443, 2801, 5607),
(5444, 2802, 5608),
(5445, 2803, 5609),
(5446, 2804, 5610),
(5447, 2805, 5611),
(5448, 2806, 5612),
(5449, 2807, 5613),
(5450, 2808, 5614),
(5451, 2809, 5615),
(5452, 2810, 5616),
(5453, 2811, 5617),
(5454, 2812, 5618),
(5455, 2813, 5619),
(5456, 2814, 5620),
(5457, 2815, 5621),
(5458, 2816, 5622),
(5459, 2817, 5623),
(5460, 2818, 5624),
(5461, 2819, 5625),
(5462, 2820, 5626),
(5463, 2821, 5627),
(5464, 2822, 5628),
(5465, 2823, 5629),
(5466, 2824, 5630),
(5467, 2825, 5631),
(5468, 2826, 5632),
(5469, 2827, 5633),
(5470, 2828, 5634),
(5471, 2829, 5635),
(5472, 2830, 5636),
(5473, 2831, 5637),
(5474, 2832, 5638),
(5475, 2833, 5639),
(5476, 2834, 5640),
(5477, 2835, 5641),
(5478, 2836, 5642),
(5479, 2837, 5643),
(5480, 2838, 5644),
(5481, 2839, 5645),
(5482, 2840, 5646),
(5483, 2841, 5647),
(5484, 2842, 5648),
(5485, 2843, 5649),
(5486, 2844, 5650),
(5487, 2845, 5651),
(5488, 2846, 5652),
(5489, 2847, 5653),
(5490, 2848, 5654),
(5491, 2849, 5655),
(5492, 2850, 5656),
(5493, 2851, 5657),
(5494, 2852, 5658),
(5495, 2853, 5659),
(5496, 2854, 5660),
(5497, 2855, 5661),
(5498, 2856, 5662),
(5499, 2857, 5663),
(5500, 2858, 5664),
(5501, 2859, 5665),
(5502, 2860, 5666),
(5503, 2861, 5667),
(5504, 2862, 5668),
(5505, 2863, 5669),
(5506, 2864, 5670),
(5507, 2865, 5671),
(5508, 2866, 5672),
(5509, 2867, 5673),
(5510, 2868, 5674),
(5511, 2869, 5675),
(5512, 2870, 5676),
(5513, 2871, 5677),
(5514, 2872, 5678),
(5515, 2873, 5679),
(5516, 2874, 5680),
(5517, 2875, 5681),
(5518, 2876, 5682),
(5519, 2877, 5683),
(5520, 2878, 5684),
(5521, 2879, 5685),
(5522, 2880, 5686),
(5523, 2881, 5687),
(5524, 2882, 5688),
(5525, 2883, 5689),
(5526, 2884, 5690),
(5527, 2885, 5691),
(5528, 2886, 5692),
(5529, 2887, 5693),
(5530, 2888, 5694),
(5531, 2889, 5695),
(5532, 2890, 5696),
(5533, 2891, 5697),
(5534, 2892, 5698),
(5535, 2893, 5699),
(5536, 2894, 5700),
(5537, 2895, 5701),
(5538, 2896, 5702),
(5539, 2897, 5703),
(5540, 2898, 5704),
(5541, 2899, 5705),
(5542, 2900, 5706),
(5543, 2901, 5707),
(5544, 2902, 5708),
(5545, 2903, 5709),
(5546, 2904, 5710),
(5547, 2905, 5711),
(5548, 2906, 5712),
(5549, 2907, 5713),
(5550, 2908, 5714),
(5551, 2909, 5715),
(5552, 2910, 5716),
(5553, 2911, 5717),
(5554, 2912, 5718),
(5555, 2913, 5719),
(5556, 2914, 5720),
(5557, 2915, 5721),
(5558, 2916, 5722),
(5559, 2917, 5723),
(5560, 2918, 5724),
(5561, 2919, 5725),
(5562, 2920, 5726),
(5563, 2921, 5727),
(5564, 2922, 5728),
(5565, 2923, 5729),
(5566, 2924, 5730),
(5567, 2925, 5731),
(5568, 2926, 5732),
(5569, 2927, 5733),
(5570, 2928, 5734),
(5571, 2929, 5735),
(5572, 2930, 5736),
(5573, 2931, 5737),
(5574, 2932, 5738),
(5575, 2933, 5739),
(5576, 2934, 5740),
(5577, 2935, 5741),
(5578, 2936, 5742),
(5579, 2937, 5743),
(5580, 2938, 5744),
(5581, 2939, 5745),
(5582, 2940, 5746),
(5583, 2941, 5747),
(5584, 2942, 5748),
(5585, 2943, 5749),
(5586, 2944, 5750),
(5587, 2945, 5751),
(5588, 2946, 5752),
(5589, 2947, 5753),
(5590, 2948, 5754),
(5591, 2949, 5755),
(5592, 2950, 5756),
(5593, 2951, 5757),
(5594, 2952, 5758),
(5595, 2953, 5759),
(5596, 2954, 5760),
(5597, 2955, 5761),
(5598, 2956, 5762),
(5599, 2957, 5763),
(5600, 2958, 5764),
(5601, 2959, 5765),
(5602, 2960, 5766),
(5603, 2961, 5767),
(5604, 2962, 5768),
(5605, 2963, 5769),
(5606, 2964, 5770),
(5607, 2965, 5771),
(5608, 2966, 5772),
(5609, 2967, 5773),
(5610, 2968, 5774),
(5611, 2969, 5775),
(5612, 2970, 5776),
(5613, 2971, 5777),
(5614, 2972, 5778),
(5615, 2973, 5779),
(5616, 2974, 5780),
(5617, 2975, 5781),
(5618, 2976, 5782),
(5619, 2977, 5783),
(5620, 2978, 5784),
(5621, 2979, 5785),
(5622, 2980, 5786),
(5623, 2981, 5787),
(5624, 2982, 5788),
(5625, 2983, 5789),
(5626, 2984, 5790),
(5627, 2985, 5791),
(5628, 2986, 5792),
(5629, 2987, 5793),
(5630, 2988, 5794),
(5631, 2989, 5795),
(5632, 2990, 5796),
(5633, 2991, 5797),
(5634, 2992, 5798),
(5635, 2993, 5799),
(5636, 2994, 5800),
(5637, 2995, 5801),
(5638, 2996, 5802),
(5639, 2997, 5803),
(5640, 2998, 5804),
(5641, 2999, 5805),
(5642, 3000, 5806),
(5643, 3001, 5807),
(5644, 3002, 5808),
(5645, 3003, 5809),
(5646, 3004, 5810),
(5647, 3005, 5811),
(5648, 3006, 5812),
(5649, 3007, 5813),
(5650, 3008, 5814),
(5651, 3009, 5815),
(5652, 3010, 5816),
(5653, 3011, 5817),
(5654, 3012, 5818),
(5655, 3013, 5819),
(5656, 3014, 5820),
(5657, 3015, 5821),
(5658, 3016, 5822),
(5659, 3017, 5823),
(5660, 3018, 5824),
(5661, 3019, 5825),
(5662, 3020, 5826),
(5663, 3021, 5827),
(5664, 3022, 5828),
(5665, 3023, 5829),
(5666, 3024, 5830),
(5667, 3025, 5831),
(5668, 3026, 5832),
(5669, 3027, 5833),
(5670, 3028, 5834),
(5671, 3029, 5835),
(5672, 3030, 5836),
(5673, 3031, 5837),
(5674, 3032, 5838),
(5675, 3033, 5839),
(5676, 3034, 5840),
(5677, 3035, 5841),
(5678, 3036, 5842),
(5679, 3037, 5843),
(5680, 3038, 5844),
(5681, 3039, 5845),
(5682, 3040, 5846),
(5683, 3041, 5847),
(5684, 3042, 5848),
(5685, 3043, 5849),
(5686, 3044, 5850),
(5687, 3045, 5851),
(5688, 3046, 5852),
(5689, 3047, 5853),
(5690, 3048, 5854),
(5691, 3049, 5855),
(5692, 3050, 5856),
(5693, 3051, 5857),
(5694, 3052, 5858),
(5695, 3053, 5859),
(5696, 3054, 5860),
(5697, 3055, 5861),
(5698, 3056, 5862),
(5699, 3057, 5863),
(5700, 3058, 5864),
(5701, 3059, 5865),
(5702, 3060, 5866),
(5703, 3061, 5867),
(5704, 3062, 5868),
(5705, 3063, 5869),
(5706, 3064, 5870),
(5707, 3065, 5871),
(5708, 3066, 5872),
(5709, 3067, 5873),
(5710, 3068, 5874),
(5711, 3069, 5875),
(5712, 3070, 5876),
(5713, 3071, 5877),
(5714, 3072, 5878),
(5718, 3076, 5879),
(5715, 3073, 5880),
(5716, 3074, 5881),
(5717, 3075, 5882),
(5719, 3077, 5883),
(5720, 3078, 5884),
(5721, 3079, 5885),
(5722, 3080, 5886),
(5777, 3135, 5887),
(5723, 3081, 5888),
(5724, 3082, 5889),
(5725, 3083, 5890),
(5726, 3084, 5891),
(5727, 3085, 5892),
(5728, 3086, 5893),
(5729, 3087, 5894),
(5730, 3088, 5895),
(5731, 3089, 5896),
(5732, 3090, 5897),
(5734, 3091, 5898),
(5733, 3092, 5899),
(5735, 3093, 5900),
(5736, 3094, 5901),
(5737, 3095, 5902),
(5738, 3096, 5903),
(5739, 3097, 5904),
(5740, 3098, 5905),
(5741, 3099, 5906),
(5742, 3100, 5907),
(5743, 3101, 5908),
(5744, 3102, 5909),
(5745, 3103, 5910),
(5746, 3104, 5911),
(5747, 3105, 5912),
(5748, 3106, 5913),
(5749, 3107, 5914),
(5750, 3108, 5915),
(5751, 3109, 5916),
(5752, 3110, 5917),
(5753, 3111, 5918),
(5754, 3112, 5919),
(5755, 3113, 5920),
(5756, 3114, 5921),
(5757, 3115, 5922),
(5758, 3116, 5923),
(5759, 3117, 5924),
(5760, 3118, 5925),
(5761, 3119, 5926),
(5762, 3120, 5927),
(5763, 3121, 5928),
(5764, 3122, 5929),
(5765, 3123, 5930),
(5766, 3124, 5931),
(5767, 3125, 5932),
(5768, 3126, 5933),
(5769, 3127, 5934),
(5774, 3132, 5935),
(5770, 3128, 5936),
(5771, 3129, 5937),
(5775, 3133, 5938),
(5772, 3130, 5939),
(5773, 3131, 5940),
(5776, 3134, 5941),
(5778, 3136, 5942),
(5779, 3137, 5943),
(5780, 3138, 5944),
(5781, 3139, 5945),
(5782, 3140, 5946),
(5783, 3141, 5947),
(5784, 3142, 5948),
(5785, 3143, 5949),
(5786, 3144, 5950),
(5787, 3145, 5951),
(5788, 3146, 5952),
(5789, 3147, 5953),
(5790, 3148, 5954),
(5791, 3149, 5955),
(5792, 3150, 5956),
(5793, 3151, 5957),
(5794, 3152, 5958),
(5795, 3153, 5959),
(5796, 3154, 5960),
(5797, 3155, 5961),
(5798, 3156, 5962),
(5799, 3157, 5963),
(5800, 3158, 5964),
(5801, 3159, 5965),
(5802, 3160, 5966),
(5803, 3161, 5967),
(5804, 3162, 5968),
(5805, 3163, 5969),
(5806, 3164, 5970),
(5807, 3165, 5971),
(5808, 3166, 5972),
(5809, 3167, 5973),
(5810, 3168, 5974),
(5811, 3169, 5975),
(5812, 3170, 5976),
(5813, 3171, 5977),
(5814, 3172, 5978),
(5815, 3173, 5979),
(5816, 3174, 5980),
(5817, 3175, 5981),
(5818, 3176, 5982),
(5819, 3177, 5983),
(5820, 3178, 5984),
(5821, 3179, 5985),
(5822, 3180, 5986),
(5823, 3181, 5987),
(5824, 3182, 5988),
(5825, 3183, 5989),
(5826, 3184, 5990),
(5827, 3185, 5991),
(5828, 3186, 5992),
(5829, 3187, 5993),
(5830, 3188, 5994),
(5831, 3189, 5995),
(5832, 3190, 5996),
(5833, 3191, 5997),
(5834, 3192, 5998),
(5835, 3193, 5999),
(5836, 3194, 6000),
(5837, 3195, 6001),
(5838, 3196, 6002),
(5839, 3197, 6003),
(5840, 3198, 6004),
(5841, 3199, 6005),
(5842, 3200, 6006),
(5843, 3201, 6007),
(5844, 3202, 6008),
(5845, 3203, 6009),
(5846, 3204, 6010),
(5847, 3205, 6011),
(5848, 3206, 6012),
(5849, 3207, 6013),
(5850, 3208, 6014),
(5851, 3209, 6015),
(5852, 3210, 6016),
(5853, 3211, 6017),
(5854, 3212, 6018),
(5855, 3213, 6019),
(5856, 3214, 6020),
(5857, 3215, 6021),
(5858, 3216, 6022),
(5859, 3217, 6023),
(5860, 3218, 6024),
(5861, 3219, 6025),
(5862, 3220, 6026),
(5863, 3221, 6027),
(5864, 3222, 6028),
(5865, 3223, 6029),
(5866, 3224, 6030),
(5867, 3225, 6031),
(5868, 3226, 6032),
(5869, 3227, 6033),
(5870, 3228, 6034),
(5871, 3229, 6035),
(5872, 3230, 6036),
(5873, 3231, 6037),
(5874, 3232, 6038),
(5875, 3233, 6039),
(5876, 3234, 6040),
(5877, 3235, 6041),
(5878, 3236, 6042),
(5879, 3237, 6043),
(5880, 3238, 6044),
(5881, 3239, 6045),
(5882, 3240, 6046),
(5883, 3241, 6047),
(5884, 3242, 6048),
(5885, 3243, 6049),
(5886, 3244, 6050),
(5887, 3245, 6051),
(5888, 3246, 6052),
(5889, 3247, 6053),
(5890, 3248, 6054),
(5891, 3249, 6055),
(5892, 3250, 6056),
(5893, 3251, 6057),
(5894, 3252, 6058),
(5895, 3253, 6059),
(5896, 3254, 6060),
(5897, 3255, 6061),
(5898, 3256, 6062),
(5899, 3257, 6063),
(5900, 3258, 6064),
(5901, 3259, 6065),
(5902, 3260, 6066),
(5903, 3261, 6067),
(5904, 3262, 6068),
(5905, 3263, 6069),
(5906, 3264, 6070),
(5907, 3265, 6071),
(5908, 3266, 6072),
(5909, 3267, 6073),
(5909, 3274, 6073),
(5910, 3268, 6074),
(5911, 3269, 6075),
(5912, 3270, 6076),
(5913, 3271, 6077),
(5914, 3272, 6078),
(5915, 3273, 6079),
(5916, 3275, 6080),
(5917, 3276, 6081),
(5918, 3277, 6082),
(5919, 3278, 6083),
(5920, 3279, 6084),
(5921, 3280, 6085),
(5922, 3281, 6086),
(5923, 3282, 6087),
(5924, 3283, 6088),
(5925, 3284, 6089),
(5926, 3285, 6090),
(5927, 3286, 6091),
(5928, 3287, 6092),
(5929, 3288, 6093),
(5930, 3289, 6094),
(5931, 3290, 6095),
(5932, 3291, 6096),
(5933, 3292, 6097),
(5934, 3293, 6098),
(5935, 3294, 6099),
(5936, 3295, 6100),
(5937, 3296, 6101),
(5938, 3297, 6102),
(5939, 3298, 6103),
(5940, 3299, 6104),
(5941, 3300, 6105),
(5942, 3301, 6106),
(5943, 3302, 6107),
(5944, 3303, 6108),
(5945, 3304, 6109),
(5946, 3305, 6110),
(5947, 3306, 6111),
(5948, 3307, 6112),
(5949, 3308, 6113),
(5950, 3309, 6114),
(5951, 3310, 6115),
(5952, 3311, 6116),
(5953, 3312, 6117),
(5954, 3313, 6118),
(5955, 3314, 6119),
(5956, 3315, 6120),
(5957, 3316, 6121),
(5958, 3317, 6122),
(5959, 3318, 6123),
(5960, 3319, 6124),
(5961, 3320, 6125),
(5962, 3321, 6126),
(5963, 3322, 6127),
(5964, 3323, 6128),
(5965, 3324, 6129),
(5966, 3325, 6130),
(5967, 3326, 6131),
(5968, 3327, 6132),
(5969, 3328, 6133),
(5970, 3329, 6134),
(5971, 3330, 6135),
(5972, 3331, 6136),
(5973, 3332, 6137),
(5974, 3333, 6138),
(5975, 3334, 6139),
(5976, 3335, 6140),
(5977, 3336, 6141),
(5978, 3337, 6142),
(5979, 3338, 6143),
(5980, 3339, 6144),
(5981, 3340, 6145),
(5982, 3341, 6146),
(5983, 3342, 6147),
(5984, 3343, 6148),
(5985, 3344, 6149),
(5986, 3345, 6150),
(5987, 3346, 6151),
(5988, 3347, 6152),
(5989, 3348, 6153),
(5990, 3349, 6154),
(5991, 3350, 6155),
(5992, 3351, 6156),
(5993, 3352, 6157),
(5994, 3353, 6158),
(5995, 3354, 6159),
(5996, 3355, 6160),
(5997, 3356, 6161),
(5998, 3357, 6162),
(5999, 3358, 6163),
(6000, 3359, 6164),
(6001, 3360, 6165),
(6002, 3361, 6166),
(6003, 3362, 6167),
(6004, 3363, 6168),
(6005, 3364, 6169),
(6006, 3365, 6170),
(6007, 3366, 6171),
(6008, 3367, 6172),
(6009, 3368, 6173),
(6010, 3369, 6174),
(6011, 3370, 6175),
(6012, 3371, 6176),
(6013, 3372, 6177),
(6014, 3373, 6178),
(6015, 3374, 6179),
(6016, 3375, 6180),
(6017, 3376, 6181),
(6018, 3377, 6182),
(6019, 3378, 6183),
(6020, 3379, 6184),
(6021, 3380, 6185),
(6022, 3381, 6186),
(6023, 3382, 6187),
(6024, 3383, 6188),
(6025, 3384, 6189),
(6026, 3385, 6190),
(6027, 3386, 6191),
(6028, 3387, 6192),
(6029, 3388, 6193),
(6030, 3389, 6194),
(6031, 3390, 6195),
(6032, 3391, 6196),
(6033, 3392, 6197),
(6034, 3393, 6198),
(6035, 3394, 6199),
(6036, 3395, 6200),
(6037, 3396, 6201),
(6038, 3397, 6202),
(6039, 3398, 6203),
(6040, 3399, 6204),
(6041, 3400, 6205),
(6042, 3401, 6206),
(6043, 3402, 6207),
(6044, 3403, 6208),
(6045, 3404, 6209),
(6046, 3405, 6210),
(6047, 3406, 6211),
(6048, 3407, 6212),
(6049, 3408, 6213),
(6050, 3409, 6214),
(6051, 3410, 6215),
(6052, 3411, 6216),
(6053, 3412, 6217),
(6054, 3413, 6218),
(6055, 3414, 6219),
(6056, 3415, 6220),
(6057, 3416, 6221),
(6058, 3417, 6222),
(6059, 3418, 6223),
(6060, 3419, 6224),
(6061, 3420, 6225),
(6062, 3421, 6226),
(6063, 3422, 6227),
(6064, 3423, 6228),
(6065, 3424, 6229),
(6066, 3425, 6230),
(6067, 3426, 6231),
(6068, 3427, 6232),
(6069, 3428, 6233),
(6070, 3429, 6234),
(6071, 3430, 6235),
(6072, 3431, 6236),
(6073, 3432, 6237),
(6074, 3433, 6238),
(6075, 3434, 6239),
(6076, 3435, 6240),
(6077, 3436, 6241),
(6078, 3437, 6242),
(6079, 3438, 6243),
(6080, 3439, 6244),
(6081, 3440, 6245),
(6082, 3441, 6246),
(6083, 3442, 6247),
(6084, 3443, 6248),
(6085, 3444, 6249),
(6086, 3445, 6250),
(6087, 3446, 6251),
(6088, 3447, 6252),
(6089, 3448, 6253),
(6090, 3449, 6254),
(6091, 3450, 6255),
(6092, 3451, 6256),
(6093, 3452, 6257),
(6094, 3453, 6258),
(6095, 3454, 6259),
(6096, 3455, 6260),
(6097, 3456, 6261),
(6098, 3457, 6262),
(6099, 3458, 6263),
(6100, 3459, 6264),
(6101, 3460, 6265),
(6102, 3461, 6266),
(6103, 3462, 6267),
(6104, 3463, 6268),
(6105, 3464, 6269),
(6106, 3465, 6270),
(6107, 3466, 6271),
(6108, 3467, 6272),
(6109, 3468, 6273),
(6110, 3469, 6274),
(6111, 3470, 6275),
(6112, 3471, 6276),
(6113, 3472, 6277),
(6114, 3473, 6278),
(6115, 3474, 6279),
(6116, 3475, 6280),
(6117, 3476, 6281),
(6118, 3477, 6282),
(6119, 3478, 6283),
(6120, 3479, 6284),
(6121, 3480, 6285),
(6122, 3481, 6286),
(6123, 3482, 6287),
(6124, 3483, 6288),
(6125, 3484, 6289),
(6126, 3485, 6290),
(6127, 3486, 6291),
(6128, 3487, 6292),
(6129, 3488, 6293),
(6130, 3489, 6294),
(6131, 3490, 6295),
(6132, 3491, 6296),
(6133, 3492, 6297),
(6134, 3493, 6298),
(6135, 3494, 6299),
(6136, 3495, 6300),
(6137, 3496, 6301),
(6138, 3497, 6302),
(6139, 3498, 6303),
(6140, 3499, 6304),
(6141, 3500, 6305),
(6142, 3501, 6306),
(6143, 3502, 6307),
(6144, 3503, 6308),
(6145, 3504, 6309),
(6146, 3505, 6310),
(6147, 3506, 6311),
(6148, 3507, 6312),
(6149, 3508, 6313),
(6150, 3509, 6314),
(6151, 3510, 6315),
(6152, 3511, 6316),
(6153, 3512, 6317),
(6154, 3513, 6318),
(6155, 3514, 6319),
(6156, 3515, 6320),
(6157, 3516, 6321),
(6158, 3517, 6322),
(6159, 3518, 6323),
(6160, 3519, 6324),
(6161, 3520, 6325),
(6162, 3521, 6326),
(6163, 3522, 6327),
(6164, 3523, 6328),
(6165, 3524, 6329),
(6166, 3525, 6330),
(6167, 3526, 6331),
(6168, 3527, 6332),
(6169, 3528, 6333),
(6170, 3529, 6334),
(6171, 3530, 6335),
(6172, 3531, 6336),
(6173, 3532, 6337),
(6174, 3533, 6338),
(6175, 3534, 6339),
(6176, 3535, 6340),
(6177, 3536, 6341),
(6178, 3537, 6342),
(6179, 3538, 6343),
(6180, 3539, 6344),
(6181, 3540, 6345),
(6182, 3541, 6346),
(6183, 3542, 6347),
(6184, 3543, 6348),
(6185, 3544, 6349),
(6186, 3545, 6350),
(6187, 3546, 6351);
INSERT INTO `xio8d_order_invoice_payment` (`id_order_invoice`, `id_order_payment`, `id_order`) VALUES
(6188, 3547, 6352),
(6189, 3548, 6353),
(6190, 3549, 6354),
(6191, 3550, 6355),
(6192, 3551, 6356),
(6193, 3552, 6357),
(6194, 3553, 6358),
(6195, 3554, 6359),
(6196, 3555, 6360),
(6197, 3556, 6361),
(6198, 3557, 6362),
(6199, 3558, 6363),
(6200, 3559, 6364),
(6201, 3560, 6365),
(6202, 3561, 6366),
(6203, 3562, 6367),
(6204, 3563, 6368),
(6205, 3564, 6369),
(6206, 3565, 6370),
(6207, 3566, 6371),
(6208, 3567, 6372),
(6209, 3568, 6373),
(6210, 3569, 6374),
(6211, 3570, 6375),
(6212, 3571, 6376),
(6213, 3572, 6377),
(6214, 3573, 6378),
(6215, 3574, 6379),
(6216, 3575, 6380),
(6217, 3576, 6381),
(6218, 3577, 6382),
(6219, 3578, 6383),
(6220, 3579, 6384),
(6221, 3580, 6385),
(6222, 3581, 6386),
(6223, 3582, 6387),
(6224, 3583, 6388),
(6225, 3584, 6389),
(6226, 3585, 6390),
(6227, 3586, 6391),
(6228, 3587, 6392),
(6229, 3588, 6393),
(6230, 3589, 6394),
(6231, 3590, 6395),
(6232, 3591, 6396),
(6233, 3592, 6397),
(6234, 3593, 6398),
(6235, 3594, 6399),
(6236, 3595, 6400),
(6237, 3596, 6401),
(6238, 3597, 6402),
(6239, 3598, 6403),
(6240, 3599, 6404),
(6241, 3600, 6405),
(6242, 3601, 6406),
(6243, 3602, 6407),
(6244, 3603, 6408),
(6245, 3604, 6409),
(6246, 3605, 6410),
(6247, 3606, 6411),
(6248, 3607, 6412),
(6249, 3608, 6413),
(6250, 3609, 6414),
(6251, 3610, 6415),
(6252, 3611, 6416),
(6253, 3612, 6417),
(6254, 3613, 6418),
(6255, 3614, 6419),
(6256, 3615, 6420),
(6257, 3616, 6421),
(6258, 3617, 6422),
(6259, 3618, 6423),
(6260, 3619, 6424),
(6261, 3620, 6425),
(6262, 3621, 6426),
(6263, 3622, 6427),
(6264, 3623, 6428),
(6265, 3624, 6429),
(6266, 3625, 6430),
(6267, 3626, 6431),
(6268, 3627, 6432),
(6269, 3628, 6433),
(6270, 3629, 6434),
(6271, 3630, 6435),
(6272, 3631, 6436),
(6273, 3632, 6437),
(6274, 3633, 6438),
(6275, 3634, 6439),
(6276, 3635, 6440),
(6277, 3636, 6441),
(6278, 3637, 6442),
(6279, 3638, 6443),
(6280, 3639, 6444),
(6281, 3640, 6445),
(6282, 3641, 6446),
(6283, 3642, 6447),
(6284, 3643, 6448),
(6285, 3644, 6449),
(6286, 3645, 6450),
(6287, 3646, 6451),
(6288, 3647, 6452),
(6289, 3648, 6453),
(6290, 3649, 6454),
(6291, 3650, 6455),
(6292, 3651, 6456),
(6293, 3652, 6457),
(6294, 3653, 6458),
(6295, 3654, 6459),
(6296, 3655, 6460),
(6297, 3656, 6461),
(6298, 3657, 6462),
(6299, 3658, 6463),
(6300, 3659, 6464),
(6301, 3660, 6465),
(6302, 3661, 6466),
(6303, 3662, 6467),
(6304, 3663, 6468),
(6305, 3664, 6469),
(6306, 3665, 6470),
(6307, 3666, 6471),
(6308, 3667, 6472),
(6309, 3668, 6473),
(6310, 3669, 6474),
(6311, 3670, 6475);

-- --------------------------------------------------------

--
-- Table structure for table `xio8d_order_invoice_tax`
--

CREATE TABLE `xio8d_order_invoice_tax` (
  `id_order_invoice` int(11) NOT NULL,
  `type` varchar(15) NOT NULL,
  `id_tax` int(11) NOT NULL,
  `amount` decimal(10,6) NOT NULL DEFAULT 0.000000
) ENGINE=InnoDB DEFAULT CHARSET=utf8mb4 COLLATE=utf8mb4_general_ci;

--
-- Dumping data for table `xio8d_order_invoice_tax`
--

INSERT INTO `xio8d_order_invoice_tax` (`id_order_invoice`, `type`, `id_tax`, `amount`) VALUES
(4, 'shipping', 0, 1.400000),
(3, 'shipping', 0, 1.000000),
(1032, 'shipping', 0, 1.000000),
(1033, 'shipping', 0, 1.000000),
(1034, 'shipping', 0, 1.084000),
(1035, 'shipping', 0, 1.000000),
(1036, 'shipping', 0, 1.000000),
(1037, 'shipping', 0, 1.000000),
(1038, 'shipping', 0, 1.084000),
(1039, 'shipping', 0, 1.000000),
(1040, 'shipping', 0, 1.000000),
(1041, 'shipping', 0, 1.042000),
(1042, 'shipping', 0, 1.042000),
(1043, 'shipping', 0, 1.000000),
(1044, 'shipping', 0, 1.000000),
(1045, 'shipping', 0, 1.000000),
(1046, 'shipping', 0, 1.042000),
(1047, 'shipping', 0, 1.042000),
(1048, 'shipping', 0, 1.000000),
(1049, 'shipping', 0, 1.000000),
(1050, 'shipping', 0, 1.000000),
(1051, 'shipping', 0, 1.334000),
(1052, 'shipping', 0, 1.334000),
(1053, 'shipping', 0, 1.334000),
(1054, 'shipping', 0, 1.334000),
(1055, 'shipping', 0, 1.334000),
(1056, 'shipping', 0, 1.334000),
(1057, 'shipping', 0, 1.000000),
(1058, 'shipping', 0, 1.334000),
(1059, 'shipping', 0, 1.334000),
(1060, 'shipping', 0, 1.334000),
(1061, 'shipping', 0, 1.334000),
(1062, 'shipping', 0, 1.334000),
(1063, 'shipping', 0, 1.334000),
(1064, 'shipping', 0, 1.334000),
(1065, 'shipping', 0, 1.334000),
(1066, 'shipping', 0, 1.334000),
(1067, 'shipping', 0, 1.334000),
(1068, 'shipping', 0, 1.334000),
(1069, 'shipping', 0, 1.334000),
(1070, 'shipping', 0, 1.334000),
(1071, 'shipping', 0, 1.334000),
(1072, 'shipping', 0, 1.334000),
(1073, 'shipping', 0, 1.334000),
(1074, 'shipping', 0, 1.334000),
(1075, 'shipping', 0, 1.334000),
(1076, 'shipping', 0, 1.334000),
(1077, 'shipping', 0, 1.334000),
(1078, 'shipping', 0, 1.334000),
(1079, 'shipping', 0, 1.334000),
(1080, 'shipping', 0, 1.334000),
(1081, 'shipping', 0, 1.334000),
(1082, 'shipping', 0, 1.334000),
(1083, 'shipping', 0, 1.334000),
(1084, 'shipping', 0, 1.334000),
(1085, 'shipping', 0, 1.334000),
(1086, 'shipping', 0, 1.334000),
(1087, 'shipping', 0, 1.334000),
(1088, 'shipping', 0, 1.334000),
(1089, 'shipping', 0, 1.334000),
(1090, 'shipping', 0, 1.334000),
(1091, 'shipping', 0, 1.334000),
(1092, 'shipping', 0, 1.334000),
(1093, 'shipping', 0, 1.334000),
(1094, 'shipping', 0, 1.334000),
(1095, 'shipping', 0, 1.334000),
(1096, 'shipping', 0, 1.334000),
(1097, 'shipping', 0, 1.334000),
(1098, 'shipping', 0, 1.334000),
(1099, 'shipping', 0, 1.334000),
(1100, 'shipping', 0, 1.334000),
(1101, 'shipping', 0, 1.334000),
(1102, 'shipping', 0, 1.334000),
(1103, 'shipping', 0, 1.334000),
(1104, 'shipping', 0, 1.334000),
(1105, 'shipping', 0, 1.334000),
(1106, 'shipping', 0, 1.334000),
(1107, 'shipping', 0, 1.334000),
(1108, 'shipping', 0, 1.334000),
(1109, 'shipping', 0, 1.334000),
(1110, 'shipping', 0, 1.334000),
(1111, 'shipping', 0, 1.334000),
(1112, 'shipping', 0, 1.334000),
(1113, 'shipping', 0, 1.334000),
(1114, 'shipping', 0, 1.334000),
(1115, 'shipping', 0, 1.000000),
(1116, 'shipping', 0, 1.000000),
(1117, 'shipping', 0, 1.166000),
(1118, 'shipping', 0, 1.000000),
(1119, 'shipping', 0, 1.042000),
(1120, 'shipping', 0, 1.332000),
(1121, 'shipping', 0, 1.332000),
(1122, 'shipping', 0, 1.332000),
(1123, 'shipping', 0, 1.332000),
(1124, 'shipping', 0, 1.332000),
(1125, 'shipping', 0, 1.332000),
(1126, 'shipping', 0, 1.334000),
(1127, 'shipping', 0, 1.334000),
(1128, 'shipping', 0, 1.334000),
(1129, 'shipping', 0, 1.334000),
(1130, 'shipping', 0, 1.334000),
(1131, 'shipping', 0, 1.274000),
(1132, 'shipping', 0, 1.274000),
(1133, 'shipping', 0, 1.274000),
(1134, 'shipping', 0, 1.274000),
(1135, 'shipping', 0, 1.274000),
(1136, 'shipping', 0, 1.274000),
(1137, 'shipping', 0, 1.274000),
(1138, 'shipping', 0, 1.274000),
(1139, 'shipping', 0, 1.274000),
(1140, 'shipping', 0, 1.274000),
(1141, 'shipping', 0, 1.274000),
(1142, 'shipping', 0, 1.274000),
(1143, 'shipping', 0, 1.274000),
(1144, 'shipping', 0, 1.274000),
(1145, 'shipping', 0, 1.274000),
(1146, 'shipping', 0, 1.274000),
(1147, 'shipping', 0, 1.274000),
(1148, 'shipping', 0, 1.274000),
(1149, 'shipping', 0, 1.274000),
(1150, 'shipping', 0, 1.274000),
(1151, 'shipping', 0, 1.274000),
(1152, 'shipping', 0, 1.274000),
(1153, 'shipping', 0, 1.274000),
(1154, 'shipping', 0, 1.274000),
(1155, 'shipping', 0, 1.274000),
(1156, 'shipping', 0, 1.274000),
(1157, 'shipping', 0, 1.274000),
(1158, 'shipping', 0, 1.274000),
(1159, 'shipping', 0, 1.274000),
(1160, 'shipping', 0, 1.274000),
(1161, 'shipping', 0, 1.274000),
(1162, 'shipping', 0, 1.274000),
(1163, 'shipping', 0, 1.274000),
(1164, 'shipping', 0, 1.274000),
(1165, 'shipping', 0, 1.274000),
(1166, 'shipping', 0, 1.274000),
(1167, 'shipping', 0, 1.274000),
(1168, 'shipping', 0, 1.274000),
(1169, 'shipping', 0, 1.274000),
(1170, 'shipping', 0, 1.274000),
(1171, 'shipping', 0, 1.274000),
(1172, 'shipping', 0, 1.274000),
(1173, 'shipping', 0, 1.274000),
(1174, 'shipping', 0, 1.274000),
(1175, 'shipping', 0, 1.274000),
(1176, 'shipping', 0, 1.274000),
(1177, 'shipping', 0, 1.274000),
(1178, 'shipping', 0, 1.274000),
(1179, 'shipping', 0, 1.274000),
(1180, 'shipping', 0, 1.274000),
(1181, 'shipping', 0, 1.274000),
(1182, 'shipping', 0, 1.274000),
(1183, 'shipping', 0, 1.274000),
(1184, 'shipping', 0, 1.274000),
(1185, 'shipping', 0, 1.274000),
(1186, 'shipping', 0, 1.274000),
(1187, 'shipping', 0, 1.274000),
(1188, 'shipping', 0, 1.274000),
(1189, 'shipping', 0, 1.274000),
(1190, 'shipping', 0, 1.274000),
(1191, 'shipping', 0, 1.274000),
(1192, 'shipping', 0, 1.274000),
(1193, 'shipping', 0, 1.274000),
(1194, 'shipping', 0, 1.274000),
(1195, 'shipping', 0, 1.274000),
(1196, 'shipping', 0, 1.274000),
(1197, 'shipping', 0, 1.274000),
(1198, 'shipping', 0, 1.274000),
(1199, 'shipping', 0, 1.274000),
(1200, 'shipping', 0, 1.274000),
(1201, 'shipping', 0, 1.274000),
(1202, 'shipping', 0, 1.274000),
(1203, 'shipping', 0, 1.274000),
(1204, 'shipping', 0, 1.274000),
(1205, 'shipping', 0, 1.274000),
(1206, 'shipping', 0, 1.274000),
(1207, 'shipping', 0, 1.274000),
(1208, 'shipping', 0, 1.274000),
(1209, 'shipping', 0, 1.274000),
(1210, 'shipping', 0, 1.274000),
(1211, 'shipping', 0, 1.274000),
(1212, 'shipping', 0, 1.274000),
(1213, 'shipping', 0, 1.274000),
(1214, 'shipping', 0, 1.274000),
(1215, 'shipping', 0, 1.274000),
(1216, 'shipping', 0, 1.274000),
(1217, 'shipping', 0, 1.274000),
(1218, 'shipping', 0, 1.274000),
(1219, 'shipping', 0, 1.274000),
(1220, 'shipping', 0, 1.274000),
(1221, 'shipping', 0, 1.274000),
(1222, 'shipping', 0, 1.274000),
(1223, 'shipping', 0, 1.274000),
(1224, 'shipping', 0, 1.274000),
(1225, 'shipping', 0, 1.274000),
(1226, 'shipping', 0, 1.274000),
(1227, 'shipping', 0, 1.274000),
(1228, 'shipping', 0, 1.274000),
(1229, 'shipping', 0, 1.274000),
(1231, 'shipping', 0, 1.274000),
(1232, 'shipping', 0, 1.274000),
(1233, 'shipping', 0, 1.274000),
(1234, 'shipping', 0, 1.274000),
(1235, 'shipping', 0, 1.274000),
(1236, 'shipping', 0, 1.274000),
(1237, 'shipping', 0, 1.274000),
(1238, 'shipping', 0, 1.274000),
(1239, 'shipping', 0, 1.274000),
(1240, 'shipping', 0, 1.274000),
(1241, 'shipping', 0, 1.274000),
(1242, 'shipping', 0, 1.274000),
(1243, 'shipping', 0, 1.274000),
(1244, 'shipping', 0, 1.274000),
(1245, 'shipping', 0, 1.274000),
(1246, 'shipping', 0, 1.274000),
(1247, 'shipping', 0, 1.274000),
(1248, 'shipping', 0, 1.274000),
(1249, 'shipping', 0, 1.274000),
(1250, 'shipping', 0, 1.274000),
(1251, 'shipping', 0, 1.274000),
(1252, 'shipping', 0, 1.274000),
(1253, 'shipping', 0, 1.274000),
(1254, 'shipping', 0, 1.274000),
(1255, 'shipping', 0, 1.274000),
(1256, 'shipping', 0, 1.274000),
(1257, 'shipping', 0, 1.274000),
(1258, 'shipping', 0, 1.274000),
(1259, 'shipping', 0, 1.274000),
(1260, 'shipping', 0, 1.274000),
(1261, 'shipping', 0, 1.274000),
(1262, 'shipping', 0, 1.274000),
(1263, 'shipping', 0, 1.274000),
(1264, 'shipping', 0, 1.274000),
(1265, 'shipping', 0, 1.274000),
(1266, 'shipping', 0, 1.274000),
(1267, 'shipping', 0, 1.274000),
(1268, 'shipping', 0, 1.274000),
(1269, 'shipping', 0, 1.274000),
(1270, 'shipping', 0, 1.274000),
(1271, 'shipping', 0, 1.274000),
(1272, 'shipping', 0, 1.274000),
(1273, 'shipping', 0, 1.274000),
(1274, 'shipping', 0, 1.274000),
(1275, 'shipping', 0, 1.274000),
(1276, 'shipping', 0, 1.274000),
(1277, 'shipping', 0, 1.274000),
(1278, 'shipping', 0, 1.274000),
(1279, 'shipping', 0, 1.274000),
(1280, 'shipping', 0, 1.274000),
(1281, 'shipping', 0, 1.274000),
(1282, 'shipping', 0, 1.274000),
(1283, 'shipping', 0, 0.976000),
(1284, 'shipping', 0, 0.976000),
(1285, 'shipping', 0, 0.976000),
(1286, 'shipping', 0, 0.976000),
(1287, 'shipping', 0, 0.976000),
(1288, 'shipping', 0, 0.976000),
(1289, 'shipping', 0, 0.976000),
(1290, 'shipping', 0, 0.976000),
(1291, 'shipping', 0, 0.976000),
(1292, 'shipping', 0, 0.976000),
(1293, 'shipping', 0, 0.976000),
(1294, 'shipping', 0, 0.976000),
(1295, 'shipping', 0, 1.416000),
(1296, 'shipping', 0, 1.416000),
(1297, 'shipping', 0, 1.416000),
(1298, 'shipping', 0, 1.416000),
(1303, 'shipping', 0, 1.416000),
(1299, 'shipping', 0, 1.416000),
(1300, 'shipping', 0, 1.416000),
(1301, 'shipping', 0, 1.416000),
(1302, 'shipping', 0, 1.416000),
(1304, 'shipping', 0, 1.416000),
(1305, 'shipping', 0, 1.416000),
(1306, 'shipping', 0, 1.416000),
(1307, 'shipping', 0, 1.416000),
(1308, 'shipping', 0, 1.416000),
(1309, 'shipping', 0, 1.416000),
(1310, 'shipping', 0, 1.416000),
(1311, 'shipping', 0, 1.416000),
(1312, 'shipping', 0, 1.416000),
(1313, 'shipping', 0, 1.416000),
(1314, 'shipping', 0, 1.416000),
(1315, 'shipping', 0, 1.416000),
(1316, 'shipping', 0, 1.416000),
(1317, 'shipping', 0, 1.416000),
(1318, 'shipping', 0, 1.416000),
(1319, 'shipping', 0, 1.416000),
(1320, 'shipping', 0, 1.416000),
(1321, 'shipping', 0, 1.416000),
(1322, 'shipping', 0, 1.416000),
(1323, 'shipping', 0, 1.416000),
(1324, 'shipping', 0, 1.416000),
(1325, 'shipping', 0, 1.416000),
(1326, 'shipping', 0, 1.416000),
(1327, 'shipping', 0, 1.416000),
(1328, 'shipping', 0, 1.416000),
(1329, 'shipping', 0, 1.416000),
(1330, 'shipping', 0, 1.416000),
(1331, 'shipping', 0, 1.416000),
(1332, 'shipping', 0, 1.416000),
(1333, 'shipping', 0, 1.416000),
(1334, 'shipping', 0, 1.416000),
(1335, 'shipping', 0, 1.416000),
(1336, 'shipping', 0, 1.416000),
(1337, 'shipping', 0, 1.416000),
(1338, 'shipping', 0, 1.416000),
(1339, 'shipping', 0, 1.416000),
(1340, 'shipping', 0, 1.416000),
(1341, 'shipping', 0, 1.416000),
(1342, 'shipping', 0, 1.416000),
(1343, 'shipping', 0, 1.416000),
(1344, 'shipping', 0, 1.416000),
(1345, 'shipping', 0, 1.416000),
(1346, 'shipping', 0, 1.416000),
(1347, 'shipping', 0, 1.416000),
(1348, 'shipping', 0, 1.416000),
(1349, 'shipping', 0, 1.416000),
(1350, 'shipping', 0, 1.416000),
(1351, 'shipping', 0, 1.416000),
(1352, 'shipping', 0, 1.416000),
(1353, 'shipping', 0, 1.416000),
(1354, 'shipping', 0, 1.416000),
(1355, 'shipping', 0, 1.416000),
(1356, 'shipping', 0, 1.416000),
(1357, 'shipping', 0, 1.416000),
(1358, 'shipping', 0, 1.416000),
(1359, 'shipping', 0, 1.416000),
(1360, 'shipping', 0, 1.416000),
(1361, 'shipping', 0, 1.416000),
(1362, 'shipping', 0, 1.416000),
(1363, 'shipping', 0, 1.416000),
(1364, 'shipping', 0, 1.416000),
(1365, 'shipping', 0, 1.250000),
(1366, 'shipping', 0, 1.250000),
(1367, 'shipping', 0, 1.250000),
(1368, 'shipping', 0, 1.250000),
(1369, 'shipping', 0, 1.250000),
(1370, 'shipping', 0, 1.250000),
(1371, 'shipping', 0, 1.250000),
(1372, 'shipping', 0, 1.250000),
(1373, 'shipping', 0, 1.250000),
(1374, 'shipping', 0, 1.250000),
(1375, 'shipping', 0, 1.250000),
(1376, 'shipping', 0, 1.250000),
(1377, 'shipping', 0, 1.250000),
(1378, 'shipping', 0, 1.250000),
(1379, 'shipping', 0, 1.250000),
(1380, 'shipping', 0, 1.250000),
(1381, 'shipping', 0, 1.400000),
(1382, 'shipping', 0, 1.250000),
(1383, 'shipping', 0, 1.250000),
(1384, 'shipping', 0, 1.250000),
(1385, 'shipping', 0, 1.250000),
(1386, 'shipping', 0, 1.250000),
(1387, 'shipping', 0, 1.250000),
(1388, 'shipping', 0, 1.250000),
(1389, 'shipping', 0, 1.250000),
(1390, 'shipping', 0, 1.250000),
(1391, 'shipping', 0, 1.250000),
(1392, 'shipping', 0, 1.250000),
(1393, 'shipping', 0, 1.250000),
(1394, 'shipping', 0, 1.250000),
(1395, 'shipping', 0, 1.250000),
(1396, 'shipping', 0, 1.400000),
(1397, 'shipping', 0, 1.250000),
(1398, 'shipping', 0, 1.250000),
(1399, 'shipping', 0, 1.250000),
(1400, 'shipping', 0, 1.250000),
(1401, 'shipping', 0, 1.570000),
(1402, 'shipping', 0, 1.250000),
(1403, 'shipping', 0, 1.250000),
(1404, 'shipping', 0, 1.250000),
(1405, 'shipping', 0, 1.250000),
(1406, 'shipping', 0, 1.250000),
(1407, 'shipping', 0, 1.250000),
(1408, 'shipping', 0, 1.400000),
(1409, 'shipping', 0, 1.250000),
(1410, 'shipping', 0, 1.250000),
(1417, 'shipping', 0, 1.250000),
(1411, 'shipping', 0, 1.250000),
(1412, 'shipping', 0, 1.250000),
(1413, 'shipping', 0, 1.250000),
(1414, 'shipping', 0, 1.400000),
(1415, 'shipping', 0, 1.250000),
(1416, 'shipping', 0, 1.250000),
(1418, 'shipping', 0, 1.250000),
(1419, 'shipping', 0, 1.250000),
(1420, 'shipping', 0, 1.250000),
(1421, 'shipping', 0, 1.250000),
(1422, 'shipping', 0, 1.250000),
(1423, 'shipping', 0, 1.250000),
(1424, 'shipping', 0, 1.250000),
(1425, 'shipping', 0, 1.250000),
(1426, 'shipping', 0, 1.250000),
(1427, 'shipping', 0, 1.250000),
(1428, 'shipping', 0, 1.250000),
(1429, 'shipping', 0, 1.250000),
(1430, 'shipping', 0, 1.250000),
(1431, 'shipping', 0, 1.250000),
(1432, 'shipping', 0, 1.250000),
(1433, 'shipping', 0, 1.250000),
(1434, 'shipping', 0, 1.250000),
(1435, 'shipping', 0, 1.250000),
(1436, 'shipping', 0, 1.250000),
(1437, 'shipping', 0, 1.250000),
(1438, 'shipping', 0, 1.570000),
(1439, 'shipping', 0, 1.250000),
(1440, 'shipping', 0, 1.250000),
(1441, 'shipping', 0, 1.250000),
(1442, 'shipping', 0, 1.250000),
(1443, 'shipping', 0, 1.250000),
(1444, 'shipping', 0, 1.250000),
(1445, 'shipping', 0, 1.250000),
(1446, 'shipping', 0, 1.250000),
(1447, 'shipping', 0, 1.250000),
(1448, 'shipping', 0, 1.400000),
(1449, 'shipping', 0, 1.400000),
(1450, 'shipping', 0, 1.250000),
(1451, 'shipping', 0, 1.250000),
(1452, 'shipping', 0, 1.570000),
(1453, 'shipping', 0, 1.250000),
(1454, 'shipping', 0, 1.250000),
(1455, 'shipping', 0, 1.250000),
(1456, 'shipping', 0, 1.250000),
(1457, 'shipping', 0, 1.400000),
(1458, 'shipping', 0, 1.250000),
(1459, 'shipping', 0, 1.250000),
(1460, 'shipping', 0, 1.250000),
(1461, 'shipping', 0, 1.250000),
(1462, 'shipping', 0, 1.250000),
(1463, 'shipping', 0, 1.250000),
(1464, 'shipping', 0, 1.570000),
(1465, 'shipping', 0, 1.250000),
(1466, 'shipping', 0, 1.250000),
(1467, 'shipping', 0, 1.250000),
(1468, 'shipping', 0, 1.400000),
(1469, 'shipping', 0, 1.250000),
(1470, 'shipping', 0, 1.250000),
(1471, 'shipping', 0, 1.400000),
(1472, 'shipping', 0, 1.250000),
(1473, 'shipping', 0, 1.250000),
(1474, 'shipping', 0, 1.250000),
(1475, 'shipping', 0, 1.250000),
(1476, 'shipping', 0, 1.250000),
(1477, 'shipping', 0, 1.250000),
(1478, 'shipping', 0, 1.250000),
(1479, 'shipping', 0, 1.250000),
(1480, 'shipping', 0, 1.250000),
(1481, 'shipping', 0, 1.250000),
(1482, 'shipping', 0, 1.250000),
(1483, 'shipping', 0, 1.250000),
(1484, 'shipping', 0, 1.250000),
(1485, 'shipping', 0, 1.250000),
(1486, 'shipping', 0, 1.400000),
(1487, 'shipping', 0, 1.250000),
(1488, 'shipping', 0, 1.250000),
(1489, 'shipping', 0, 1.570000),
(1490, 'shipping', 0, 1.250000),
(1491, 'shipping', 0, 1.250000),
(1492, 'shipping', 0, 1.250000),
(1493, 'shipping', 0, 1.250000),
(1494, 'shipping', 0, 1.250000),
(1495, 'shipping', 0, 1.250000),
(1496, 'shipping', 0, 1.400000),
(1497, 'shipping', 0, 1.250000),
(1498, 'shipping', 0, 1.250000),
(1499, 'shipping', 0, 1.250000),
(1500, 'shipping', 0, 1.250000),
(1501, 'shipping', 0, 1.250000),
(1502, 'shipping', 0, 1.250000),
(1503, 'shipping', 0, 1.250000),
(1504, 'shipping', 0, 1.250000),
(1505, 'shipping', 0, 1.570000),
(1506, 'shipping', 0, 1.250000),
(1507, 'shipping', 0, 1.250000),
(1508, 'shipping', 0, 1.250000),
(1509, 'shipping', 0, 1.250000),
(1510, 'shipping', 0, 1.250000),
(1511, 'shipping', 0, 1.250000),
(1513, 'shipping', 0, 1.250000),
(1514, 'shipping', 0, 1.250000),
(1515, 'shipping', 0, 1.250000),
(1516, 'shipping', 0, 1.250000),
(1517, 'shipping', 0, 1.400000),
(1518, 'shipping', 0, 1.250000),
(1519, 'shipping', 0, 1.250000),
(1520, 'shipping', 0, 1.250000),
(1521, 'shipping', 0, 1.250000),
(1522, 'shipping', 0, 1.250000),
(1523, 'shipping', 0, 1.250000),
(1524, 'shipping', 0, 1.250000),
(1525, 'shipping', 0, 1.250000),
(1526, 'shipping', 0, 1.250000),
(1527, 'shipping', 0, 1.250000),
(1528, 'shipping', 0, 1.250000),
(1529, 'shipping', 0, 1.400000),
(1530, 'shipping', 0, 1.250000),
(1531, 'shipping', 0, 1.250000),
(1532, 'shipping', 0, 1.400000),
(1533, 'shipping', 0, 1.250000),
(1534, 'shipping', 0, 1.250000),
(1535, 'shipping', 0, 1.570000),
(1536, 'shipping', 0, 1.250000),
(1537, 'shipping', 0, 1.250000),
(1538, 'shipping', 0, 1.400000),
(1539, 'shipping', 0, 1.250000),
(1540, 'shipping', 0, 1.250000),
(1541, 'shipping', 0, 1.250000),
(1542, 'shipping', 0, 1.250000),
(1543, 'shipping', 0, 1.250000),
(1544, 'shipping', 0, 1.250000),
(1545, 'shipping', 0, 1.250000),
(1546, 'shipping', 0, 1.250000),
(1547, 'shipping', 0, 1.250000),
(1548, 'shipping', 0, 1.250000),
(1549, 'shipping', 0, 1.250000),
(1550, 'shipping', 0, 1.250000),
(1551, 'shipping', 0, 1.570000),
(1552, 'shipping', 0, 1.250000),
(1553, 'shipping', 0, 1.250000),
(1554, 'shipping', 0, 1.250000),
(1555, 'shipping', 0, 1.250000),
(1556, 'shipping', 0, 1.250000),
(1557, 'shipping', 0, 1.250000),
(1558, 'shipping', 0, 1.250000),
(1559, 'shipping', 0, 1.570000),
(1560, 'shipping', 0, 1.250000),
(1561, 'shipping', 0, 1.250000),
(1563, 'shipping', 0, 1.250000),
(1562, 'shipping', 0, 1.250000),
(1564, 'shipping', 0, 1.250000),
(1565, 'shipping', 0, 1.250000),
(1566, 'shipping', 0, 1.250000),
(1567, 'shipping', 0, 1.250000),
(1568, 'shipping', 0, 1.250000),
(1569, 'shipping', 0, 1.250000),
(1570, 'shipping', 0, 1.250000),
(1571, 'shipping', 0, 1.250000),
(1572, 'shipping', 0, 1.250000),
(1573, 'shipping', 0, 1.570000),
(1574, 'shipping', 0, 1.250000),
(1575, 'shipping', 0, 1.250000),
(1576, 'shipping', 0, 1.570000),
(1577, 'shipping', 0, 1.250000),
(1578, 'shipping', 0, 1.250000),
(1579, 'shipping', 0, 1.250000),
(1580, 'shipping', 0, 1.250000),
(1581, 'shipping', 0, 1.250000),
(1582, 'shipping', 0, 1.250000),
(1583, 'shipping', 0, 1.250000),
(1584, 'shipping', 0, 1.250000),
(1585, 'shipping', 0, 1.250000),
(1586, 'shipping', 0, 1.570000),
(1587, 'shipping', 0, 1.250000),
(1588, 'shipping', 0, 1.250000),
(1589, 'shipping', 0, 1.250000),
(1590, 'shipping', 0, 1.250000),
(1591, 'shipping', 0, 1.250000),
(1592, 'shipping', 0, 1.250000),
(1593, 'shipping', 0, 1.250000),
(1594, 'shipping', 0, 1.250000),
(1595, 'shipping', 0, 1.250000),
(1596, 'shipping', 0, 1.250000),
(1597, 'shipping', 0, 1.250000),
(1598, 'shipping', 0, 1.250000),
(1599, 'shipping', 0, 1.250000),
(1600, 'shipping', 0, 1.250000),
(1601, 'shipping', 0, 1.250000),
(1602, 'shipping', 0, 1.250000),
(1603, 'shipping', 0, 1.250000),
(1604, 'shipping', 0, 1.250000),
(1605, 'shipping', 0, 1.250000),
(1606, 'shipping', 0, 1.250000),
(1607, 'shipping', 0, 1.250000),
(1608, 'shipping', 0, 1.250000),
(1609, 'shipping', 0, 1.250000),
(1610, 'shipping', 0, 1.250000),
(1611, 'shipping', 0, 1.250000),
(1612, 'shipping', 0, 1.250000),
(1613, 'shipping', 0, 1.250000),
(1614, 'shipping', 0, 1.570000),
(1615, 'shipping', 0, 1.250000),
(1616, 'shipping', 0, 1.250000),
(1617, 'shipping', 0, 1.250000),
(1618, 'shipping', 0, 1.250000),
(1619, 'shipping', 0, 1.250000),
(1620, 'shipping', 0, 1.250000),
(1621, 'shipping', 0, 1.250000),
(1622, 'shipping', 0, 1.250000),
(1623, 'shipping', 0, 1.400000),
(1624, 'shipping', 0, 1.250000),
(1625, 'shipping', 0, 1.250000),
(1626, 'shipping', 0, 1.250000),
(1627, 'shipping', 0, 1.250000),
(1628, 'shipping', 0, 1.250000),
(1629, 'shipping', 0, 1.250000),
(1630, 'shipping', 0, 1.250000),
(1631, 'shipping', 0, 1.250000),
(1632, 'shipping', 0, 1.250000),
(1633, 'shipping', 0, 1.250000),
(1634, 'shipping', 0, 1.250000),
(1635, 'shipping', 0, 1.250000),
(1636, 'shipping', 0, 1.250000),
(1637, 'shipping', 0, 1.250000),
(1638, 'shipping', 0, 1.250000),
(1639, 'shipping', 0, 1.250000),
(1640, 'shipping', 0, 1.250000),
(1641, 'shipping', 0, 1.250000),
(1642, 'shipping', 0, 1.250000),
(1643, 'shipping', 0, 1.250000),
(1644, 'shipping', 0, 1.250000),
(1645, 'shipping', 0, 1.250000),
(1646, 'shipping', 0, 1.570000),
(1647, 'shipping', 0, 1.400000),
(1648, 'shipping', 0, 1.190000),
(1649, 'shipping', 0, 1.190000),
(1650, 'shipping', 0, 1.190000),
(1651, 'shipping', 0, 1.190000),
(1652, 'shipping', 0, 1.190000),
(1653, 'shipping', 0, 1.270000),
(1654, 'shipping', 0, 1.190000),
(1655, 'shipping', 0, 1.190000),
(1656, 'shipping', 0, 1.190000),
(1657, 'shipping', 0, 1.190000),
(1658, 'shipping', 0, 1.190000),
(1659, 'shipping', 0, 1.190000),
(1660, 'shipping', 0, 1.190000),
(1661, 'shipping', 0, 1.190000),
(1662, 'shipping', 0, 1.190000),
(1663, 'shipping', 0, 1.190000),
(1664, 'shipping', 0, 1.190000),
(1665, 'shipping', 0, 1.190000),
(1666, 'shipping', 0, 0.000000),
(1667, 'shipping', 0, 1.190000),
(1668, 'shipping', 0, 1.190000),
(1669, 'shipping', 0, 1.270000),
(1670, 'shipping', 0, 1.190000),
(1671, 'shipping', 0, 1.190000),
(1672, 'shipping', 0, 1.190000),
(1673, 'shipping', 0, 1.190000),
(1674, 'shipping', 0, 1.270000),
(1675, 'shipping', 0, 1.190000),
(1676, 'shipping', 0, 1.190000),
(1677, 'shipping', 0, 1.190000),
(1678, 'shipping', 0, 1.270000),
(1679, 'shipping', 0, 1.190000),
(1680, 'shipping', 0, 1.270000),
(1681, 'shipping', 0, 1.190000),
(1682, 'shipping', 0, 1.190000),
(1683, 'shipping', 0, 1.328000),
(1685, 'shipping', 0, 1.328000),
(1686, 'shipping', 0, 1.328000),
(1726, 'shipping', 0, 1.328000),
(1727, 'shipping', 0, 1.450000),
(1732, 'shipping', 0, 1.450000),
(1745, 'shipping', 0, 1.328000),
(1751, 'shipping', 0, 1.328000),
(1752, 'shipping', 0, 1.328000),
(1753, 'shipping', 0, 1.450000),
(1754, 'shipping', 0, 1.684000),
(1755, 'shipping', 0, 1.328000),
(1756, 'shipping', 0, 1.328000),
(1757, 'shipping', 0, 1.328000),
(1758, 'shipping', 0, 1.328000),
(1759, 'shipping', 0, 1.328000),
(1760, 'shipping', 0, 1.328000),
(1761, 'shipping', 0, 1.450000),
(1762, 'shipping', 0, 1.328000),
(1763, 'shipping', 0, 1.328000),
(1764, 'shipping', 0, 1.328000),
(1765, 'shipping', 0, 1.328000),
(1766, 'shipping', 0, 1.328000),
(1767, 'shipping', 0, 1.328000),
(1768, 'shipping', 0, 1.328000),
(1769, 'shipping', 0, 1.328000),
(1770, 'shipping', 0, 1.684000),
(1771, 'shipping', 0, 1.328000),
(1772, 'shipping', 0, 1.328000),
(1773, 'shipping', 0, 1.328000),
(1774, 'shipping', 0, 1.328000),
(1775, 'shipping', 0, 1.328000),
(1776, 'shipping', 0, 1.328000),
(1777, 'shipping', 0, 1.328000),
(1778, 'shipping', 0, 1.328000),
(1779, 'shipping', 0, 1.328000),
(1780, 'shipping', 0, 1.328000),
(1781, 'shipping', 0, 1.328000),
(1784, 'shipping', 0, 1.328000),
(1782, 'shipping', 0, 1.328000),
(1783, 'shipping', 0, 1.328000),
(1785, 'shipping', 0, 1.328000),
(1786, 'shipping', 0, 1.328000),
(1787, 'shipping', 0, 1.328000),
(1788, 'shipping', 0, 1.328000),
(1789, 'shipping', 0, 1.684000),
(1790, 'shipping', 0, 1.328000),
(1791, 'shipping', 0, 1.328000),
(1792, 'shipping', 0, 1.328000),
(1793, 'shipping', 0, 1.684000),
(1794, 'shipping', 0, 1.328000),
(1795, 'shipping', 0, 1.328000),
(1796, 'shipping', 0, 1.328000),
(1797, 'shipping', 0, 1.684000),
(1798, 'shipping', 0, 1.328000),
(1799, 'shipping', 0, 1.328000),
(1800, 'shipping', 0, 1.328000),
(1801, 'shipping', 0, 1.328000),
(1802, 'shipping', 0, 1.328000),
(1803, 'shipping', 0, 1.328000),
(1804, 'shipping', 0, 1.328000),
(1805, 'shipping', 0, 1.450000),
(1806, 'shipping', 0, 1.328000),
(1807, 'shipping', 0, 1.328000),
(1808, 'shipping', 0, 1.328000),
(1809, 'shipping', 0, 1.450000),
(1810, 'shipping', 0, 1.328000),
(1811, 'shipping', 0, 1.328000),
(1812, 'shipping', 0, 1.684000),
(1813, 'shipping', 0, 1.328000),
(1814, 'shipping', 0, 1.328000),
(1815, 'shipping', 0, 1.328000),
(1816, 'shipping', 0, 1.328000),
(1817, 'shipping', 0, 1.328000),
(1818, 'shipping', 0, 1.328000),
(1819, 'shipping', 0, 1.684000),
(1820, 'shipping', 0, 1.328000),
(1821, 'shipping', 0, 1.328000),
(1822, 'shipping', 0, 1.328000),
(1823, 'shipping', 0, 1.328000),
(1824, 'shipping', 0, 1.328000),
(1825, 'shipping', 0, 1.328000),
(1826, 'shipping', 0, 1.328000),
(1827, 'shipping', 0, 1.328000),
(1828, 'shipping', 0, 1.328000),
(1829, 'shipping', 0, 1.450000),
(1830, 'shipping', 0, 1.328000),
(1831, 'shipping', 0, 1.328000),
(1832, 'shipping', 0, 1.328000),
(1833, 'shipping', 0, 1.328000),
(1834, 'shipping', 0, 1.328000),
(1835, 'shipping', 0, 1.450000),
(1836, 'shipping', 0, 1.328000),
(1837, 'shipping', 0, 1.328000),
(1838, 'shipping', 0, 1.328000),
(1839, 'shipping', 0, 1.328000),
(1840, 'shipping', 0, 1.328000),
(1841, 'shipping', 0, 1.328000),
(1842, 'shipping', 0, 1.328000),
(1843, 'shipping', 0, 1.328000),
(1844, 'shipping', 0, 1.328000),
(1845, 'shipping', 0, 1.328000),
(1846, 'shipping', 0, 1.328000),
(1847, 'shipping', 0, 1.328000),
(1848, 'shipping', 0, 1.328000),
(1849, 'shipping', 0, 1.328000),
(1850, 'shipping', 0, 1.328000),
(1851, 'shipping', 0, 1.328000),
(1852, 'shipping', 0, 1.328000),
(1853, 'shipping', 0, 1.328000),
(1854, 'shipping', 0, 1.328000),
(1855, 'shipping', 0, 1.450000),
(1856, 'shipping', 0, 1.328000),
(1857, 'shipping', 0, 1.328000),
(1858, 'shipping', 0, 1.328000),
(1859, 'shipping', 0, 1.328000),
(1860, 'shipping', 0, 1.328000),
(1861, 'shipping', 0, 1.328000),
(1862, 'shipping', 0, 1.328000),
(1863, 'shipping', 0, 1.328000),
(1864, 'shipping', 0, 1.328000),
(1865, 'shipping', 0, 1.328000),
(1866, 'shipping', 0, 1.328000),
(1867, 'shipping', 0, 1.328000),
(1868, 'shipping', 0, 1.328000),
(1869, 'shipping', 0, 1.328000),
(1870, 'shipping', 0, 1.328000),
(1871, 'shipping', 0, 1.328000),
(1872, 'shipping', 0, 1.328000),
(1873, 'shipping', 0, 1.328000),
(1874, 'shipping', 0, 1.328000),
(1875, 'shipping', 0, 1.328000),
(1876, 'shipping', 0, 1.328000),
(1877, 'shipping', 0, 1.450000),
(1878, 'shipping', 0, 1.450000),
(1879, 'shipping', 0, 1.328000),
(1880, 'shipping', 0, 1.328000),
(1881, 'shipping', 0, 1.328000),
(1882, 'shipping', 0, 1.328000),
(1883, 'shipping', 0, 1.328000),
(1884, 'shipping', 0, 1.328000),
(1885, 'shipping', 0, 1.328000),
(1886, 'shipping', 0, 1.328000),
(1887, 'shipping', 0, 1.328000),
(1888, 'shipping', 0, 1.328000),
(1889, 'shipping', 0, 1.328000),
(1890, 'shipping', 0, 2.590000),
(1891, 'shipping', 0, 1.450000),
(1892, 'shipping', 0, 1.328000),
(1893, 'shipping', 0, 1.328000),
(1894, 'shipping', 0, 1.328000),
(1895, 'shipping', 0, 1.328000),
(1896, 'shipping', 0, 1.328000),
(1897, 'shipping', 0, 1.328000),
(1898, 'shipping', 0, 1.328000),
(1899, 'shipping', 0, 1.328000),
(1900, 'shipping', 0, 1.328000),
(1901, 'shipping', 0, 1.684000),
(1902, 'shipping', 0, 1.328000),
(1903, 'shipping', 0, 1.328000),
(1904, 'shipping', 0, 1.328000),
(1905, 'shipping', 0, 1.328000),
(1906, 'shipping', 0, 1.328000),
(1907, 'shipping', 0, 1.328000),
(1908, 'shipping', 0, 1.328000),
(1909, 'shipping', 0, 1.328000),
(1910, 'shipping', 0, 1.328000),
(1911, 'shipping', 0, 1.328000),
(1912, 'shipping', 0, 1.328000),
(1913, 'shipping', 0, 1.328000),
(1914, 'shipping', 0, 1.328000),
(1915, 'shipping', 0, 1.328000),
(1916, 'shipping', 0, 1.328000),
(1917, 'shipping', 0, 1.328000),
(1918, 'shipping', 0, 1.328000),
(1919, 'shipping', 0, 1.328000),
(1920, 'shipping', 0, 1.328000),
(1921, 'shipping', 0, 1.684000),
(1922, 'shipping', 0, 1.328000),
(1923, 'shipping', 0, 1.328000),
(1924, 'shipping', 0, 1.328000),
(1925, 'shipping', 0, 1.328000),
(1926, 'shipping', 0, 1.328000),
(1927, 'shipping', 0, 1.328000),
(1928, 'shipping', 0, 1.328000),
(1929, 'shipping', 0, 1.328000),
(1930, 'shipping', 0, 1.328000),
(1931, 'shipping', 0, 1.328000),
(1932, 'shipping', 0, 1.328000),
(1933, 'shipping', 0, 1.328000),
(1934, 'shipping', 0, 1.328000),
(1935, 'shipping', 0, 1.328000),
(1936, 'shipping', 0, 1.328000),
(1937, 'shipping', 0, 1.328000),
(1938, 'shipping', 0, 1.328000),
(1939, 'shipping', 0, 1.328000),
(1940, 'shipping', 0, 1.328000),
(1941, 'shipping', 0, 1.328000),
(1942, 'shipping', 0, 1.328000),
(1943, 'shipping', 0, 1.328000),
(1944, 'shipping', 0, 1.328000),
(1945, 'shipping', 0, 1.328000),
(1946, 'shipping', 0, 1.328000),
(1947, 'shipping', 0, 1.328000),
(1948, 'shipping', 0, 1.328000),
(1949, 'shipping', 0, 1.328000),
(1950, 'shipping', 0, 1.328000),
(1951, 'shipping', 0, 1.328000),
(1952, 'shipping', 0, 1.328000),
(1953, 'shipping', 0, 1.328000),
(1954, 'shipping', 0, 1.328000),
(1955, 'shipping', 0, 1.328000),
(1956, 'shipping', 0, 1.328000),
(1957, 'shipping', 0, 1.328000),
(1958, 'shipping', 0, 1.328000),
(1959, 'shipping', 0, 1.328000),
(1960, 'shipping', 0, 1.328000),
(1961, 'shipping', 0, 1.328000),
(1962, 'shipping', 0, 1.328000),
(1963, 'shipping', 0, 1.328000),
(1964, 'shipping', 0, 1.328000),
(1965, 'shipping', 0, 1.328000),
(1966, 'shipping', 0, 1.328000),
(1967, 'shipping', 0, 1.684000),
(1968, 'shipping', 0, 1.328000),
(1969, 'shipping', 0, 1.328000),
(1970, 'shipping', 0, 1.328000),
(1971, 'shipping', 0, 1.328000),
(1972, 'shipping', 0, 1.684000),
(1973, 'shipping', 0, 1.328000),
(1974, 'shipping', 0, 1.328000),
(1975, 'shipping', 0, 1.328000),
(1976, 'shipping', 0, 1.684000),
(1977, 'shipping', 0, 1.328000),
(1978, 'shipping', 0, 1.328000),
(1979, 'shipping', 0, 1.328000),
(1980, 'shipping', 0, 1.328000),
(1981, 'shipping', 0, 1.328000),
(1982, 'shipping', 0, 1.328000),
(1983, 'shipping', 0, 1.328000),
(1984, 'shipping', 0, 1.328000),
(1985, 'shipping', 0, 1.328000),
(1986, 'shipping', 0, 1.328000),
(1987, 'shipping', 0, 1.328000),
(1988, 'shipping', 0, 1.328000),
(1989, 'shipping', 0, 1.328000),
(1990, 'shipping', 0, 1.328000),
(1991, 'shipping', 0, 1.328000),
(1992, 'shipping', 0, 1.328000),
(1993, 'shipping', 0, 1.328000),
(1994, 'shipping', 0, 1.328000),
(1995, 'shipping', 0, 1.328000),
(1996, 'shipping', 0, 1.328000),
(1997, 'shipping', 0, 1.328000),
(1998, 'shipping', 0, 1.328000),
(1999, 'shipping', 0, 1.328000),
(2000, 'shipping', 0, 1.328000),
(2001, 'shipping', 0, 1.684000),
(2002, 'shipping', 0, 1.328000),
(2003, 'shipping', 0, 1.328000),
(2004, 'shipping', 0, 1.328000),
(2005, 'shipping', 0, 1.328000),
(2006, 'shipping', 0, 1.328000),
(2007, 'shipping', 0, 1.328000),
(2008, 'shipping', 0, 1.328000),
(2009, 'shipping', 0, 1.328000),
(2010, 'shipping', 0, 1.328000),
(2011, 'shipping', 0, 1.328000),
(2012, 'shipping', 0, 1.328000),
(2013, 'shipping', 0, 1.328000),
(2014, 'shipping', 0, 1.328000),
(2015, 'shipping', 0, 1.328000),
(2016, 'shipping', 0, 1.328000),
(2017, 'shipping', 0, 1.328000),
(2018, 'shipping', 0, 1.328000),
(2019, 'shipping', 0, 1.328000),
(2020, 'shipping', 0, 1.328000),
(2021, 'shipping', 0, 1.328000),
(2022, 'shipping', 0, 1.328000),
(2023, 'shipping', 0, 1.328000),
(2024, 'shipping', 0, 1.328000),
(2025, 'shipping', 0, 1.328000),
(2026, 'shipping', 0, 1.328000),
(2027, 'shipping', 0, 1.328000),
(2028, 'shipping', 0, 1.328000),
(2029, 'shipping', 0, 1.328000),
(2030, 'shipping', 0, 1.328000),
(2031, 'shipping', 0, 1.328000),
(2032, 'shipping', 0, 1.328000),
(2033, 'shipping', 0, 1.328000),
(2034, 'shipping', 0, 1.328000),
(2035, 'shipping', 0, 1.328000),
(2036, 'shipping', 0, 1.328000),
(2037, 'shipping', 0, 1.328000),
(2038, 'shipping', 0, 1.684000),
(2039, 'shipping', 0, 1.328000),
(2040, 'shipping', 0, 1.328000),
(2041, 'shipping', 0, 1.328000),
(2042, 'shipping', 0, 1.328000),
(2043, 'shipping', 0, 1.328000),
(2044, 'shipping', 0, 1.328000),
(2045, 'shipping', 0, 1.328000),
(2046, 'shipping', 0, 1.328000),
(2047, 'shipping', 0, 1.328000),
(2048, 'shipping', 0, 1.328000),
(2049, 'shipping', 0, 1.328000),
(2050, 'shipping', 0, 1.328000),
(2051, 'shipping', 0, 1.328000),
(2052, 'shipping', 0, 1.328000),
(2053, 'shipping', 0, 1.328000),
(2054, 'shipping', 0, 1.328000),
(2055, 'shipping', 0, 1.328000),
(2056, 'shipping', 0, 1.328000),
(2057, 'shipping', 0, 1.328000),
(2058, 'shipping', 0, 1.328000),
(2059, 'shipping', 0, 1.328000),
(2060, 'shipping', 0, 1.328000),
(2061, 'shipping', 0, 1.328000),
(2062, 'shipping', 0, 1.328000),
(2063, 'shipping', 0, 1.328000),
(2064, 'shipping', 0, 1.328000),
(2065, 'shipping', 0, 1.328000),
(2066, 'shipping', 0, 1.328000),
(2067, 'shipping', 0, 1.328000),
(2068, 'shipping', 0, 1.328000),
(2069, 'shipping', 0, 1.328000),
(2070, 'shipping', 0, 1.328000),
(2071, 'shipping', 0, 1.328000),
(2072, 'shipping', 0, 1.328000),
(2073, 'shipping', 0, 1.328000),
(2074, 'shipping', 0, 1.328000),
(2075, 'shipping', 0, 1.328000),
(2076, 'shipping', 0, 1.684000),
(2077, 'shipping', 0, 1.328000),
(2078, 'shipping', 0, 1.328000),
(2079, 'shipping', 0, 1.328000),
(2080, 'shipping', 0, 1.328000),
(2081, 'shipping', 0, 1.328000),
(2082, 'shipping', 0, 1.684000),
(2083, 'shipping', 0, 1.328000),
(2084, 'shipping', 0, 1.328000),
(2085, 'shipping', 0, 1.684000),
(2086, 'shipping', 0, 1.328000),
(2087, 'shipping', 0, 1.328000),
(2088, 'shipping', 0, 1.328000),
(2089, 'shipping', 0, 1.328000),
(2090, 'shipping', 0, 1.328000),
(2091, 'shipping', 0, 1.328000),
(2092, 'shipping', 0, 1.684000),
(2093, 'shipping', 0, 1.328000),
(2094, 'shipping', 0, 1.328000),
(2095, 'shipping', 0, 1.328000),
(2096, 'shipping', 0, 1.328000),
(2097, 'shipping', 0, 1.684000),
(2098, 'shipping', 0, 1.328000),
(2099, 'shipping', 0, 1.328000),
(2100, 'shipping', 0, 1.328000),
(2101, 'shipping', 0, 1.328000),
(2102, 'shipping', 0, 1.328000),
(2103, 'shipping', 0, 1.328000),
(2104, 'shipping', 0, 1.328000),
(2105, 'shipping', 0, 1.328000),
(2106, 'shipping', 0, 1.684000),
(2107, 'shipping', 0, 1.328000),
(2108, 'shipping', 0, 1.328000),
(2109, 'shipping', 0, 1.328000),
(2110, 'shipping', 0, 1.328000),
(2111, 'shipping', 0, 1.328000),
(2112, 'shipping', 0, 1.328000),
(2113, 'shipping', 0, 1.328000),
(2114, 'shipping', 0, 1.328000),
(2115, 'shipping', 0, 1.328000),
(2116, 'shipping', 0, 1.328000),
(2117, 'shipping', 0, 1.328000),
(2118, 'shipping', 0, 1.328000),
(2119, 'shipping', 0, 1.684000),
(2120, 'shipping', 0, 1.328000),
(2121, 'shipping', 0, 1.328000),
(2122, 'shipping', 0, 1.328000),
(2123, 'shipping', 0, 1.328000),
(2124, 'shipping', 0, 1.328000),
(2125, 'shipping', 0, 1.328000),
(2126, 'shipping', 0, 1.328000),
(2127, 'shipping', 0, 1.684000),
(2128, 'shipping', 0, 1.328000),
(2129, 'shipping', 0, 1.328000),
(2130, 'shipping', 0, 1.684000),
(2131, 'shipping', 0, 1.328000),
(2132, 'shipping', 0, 1.328000),
(2133, 'shipping', 0, 1.328000),
(2134, 'shipping', 0, 1.328000),
(2135, 'shipping', 0, 1.328000),
(2136, 'shipping', 0, 1.328000),
(2137, 'shipping', 0, 1.328000),
(2138, 'shipping', 0, 1.328000),
(2139, 'shipping', 0, 1.328000),
(2140, 'shipping', 0, 1.328000),
(2141, 'shipping', 0, 1.684000),
(2142, 'shipping', 0, 1.684000),
(2143, 'shipping', 0, 1.328000),
(2144, 'shipping', 0, 1.328000),
(2145, 'shipping', 0, 1.328000),
(2146, 'shipping', 0, 1.328000),
(2147, 'shipping', 0, 1.328000),
(2148, 'shipping', 0, 1.328000),
(2149, 'shipping', 0, 1.328000),
(2150, 'shipping', 0, 1.328000),
(2151, 'shipping', 0, 1.328000),
(2152, 'shipping', 0, 1.328000),
(2153, 'shipping', 0, 1.328000),
(2154, 'shipping', 0, 1.328000),
(2155, 'shipping', 0, 1.328000),
(2156, 'shipping', 0, 1.328000),
(2157, 'shipping', 0, 1.328000),
(2158, 'shipping', 0, 1.684000),
(2159, 'shipping', 0, 1.684000),
(2160, 'shipping', 0, 1.328000),
(2161, 'shipping', 0, 1.328000),
(2162, 'shipping', 0, 1.328000),
(2163, 'shipping', 0, 1.328000),
(2164, 'shipping', 0, 1.328000),
(2165, 'shipping', 0, 1.328000),
(2166, 'shipping', 0, 1.328000),
(2167, 'shipping', 0, 1.328000),
(2168, 'shipping', 0, 1.328000),
(2169, 'shipping', 0, 1.328000),
(2170, 'shipping', 0, 1.328000),
(2171, 'shipping', 0, 1.328000),
(2172, 'shipping', 0, 1.328000),
(2173, 'shipping', 0, 1.684000),
(2174, 'shipping', 0, 1.328000),
(2175, 'shipping', 0, 1.328000),
(2176, 'shipping', 0, 1.328000),
(2177, 'shipping', 0, 1.328000),
(2178, 'shipping', 0, 1.328000),
(2179, 'shipping', 0, 1.328000),
(2180, 'shipping', 0, 1.328000),
(2181, 'shipping', 0, 1.328000),
(2182, 'shipping', 0, 1.328000),
(2183, 'shipping', 0, 1.328000),
(2184, 'shipping', 0, 1.328000),
(2185, 'shipping', 0, 1.328000),
(2186, 'shipping', 0, 1.328000),
(2187, 'shipping', 0, 1.328000),
(2188, 'shipping', 0, 1.684000),
(2189, 'shipping', 0, 1.328000),
(2190, 'shipping', 0, 1.328000),
(2191, 'shipping', 0, 1.328000),
(2192, 'shipping', 0, 1.328000),
(2193, 'shipping', 0, 1.328000),
(2194, 'shipping', 0, 1.684000),
(2195, 'shipping', 0, 1.328000),
(2196, 'shipping', 0, 1.328000),
(2197, 'shipping', 0, 1.328000),
(2198, 'shipping', 0, 1.328000),
(2199, 'shipping', 0, 1.328000),
(2200, 'shipping', 0, 1.328000),
(2201, 'shipping', 0, 1.328000),
(2202, 'shipping', 0, 1.328000),
(2203, 'shipping', 0, 1.328000),
(2204, 'shipping', 0, 1.684000),
(2205, 'shipping', 0, 1.328000),
(2206, 'shipping', 0, 1.328000),
(2207, 'shipping', 0, 1.328000),
(2208, 'shipping', 0, 1.328000),
(2209, 'shipping', 0, 1.328000),
(2210, 'shipping', 0, 1.328000),
(2211, 'shipping', 0, 1.328000),
(2212, 'shipping', 0, 1.328000),
(2213, 'shipping', 0, 1.328000),
(2214, 'shipping', 0, 1.328000),
(2215, 'shipping', 0, 1.328000),
(2216, 'shipping', 0, 1.328000),
(2217, 'shipping', 0, 1.328000),
(2218, 'shipping', 0, 1.328000),
(2219, 'shipping', 0, 1.328000),
(2220, 'shipping', 0, 1.328000),
(2221, 'shipping', 0, 1.328000),
(2222, 'shipping', 0, 1.328000),
(2223, 'shipping', 0, 1.328000),
(2224, 'shipping', 0, 1.328000),
(2225, 'shipping', 0, 1.328000),
(2226, 'shipping', 0, 1.328000),
(2227, 'shipping', 0, 1.328000),
(2228, 'shipping', 0, 1.328000),
(2229, 'shipping', 0, 1.328000),
(2230, 'shipping', 0, 1.328000),
(2231, 'shipping', 0, 1.328000),
(2232, 'shipping', 0, 1.328000),
(2233, 'shipping', 0, 1.328000),
(2234, 'shipping', 0, 1.328000),
(2235, 'shipping', 0, 1.328000),
(2236, 'shipping', 0, 1.328000),
(2237, 'shipping', 0, 1.328000),
(2238, 'shipping', 0, 1.328000),
(2239, 'shipping', 0, 1.328000),
(2240, 'shipping', 0, 1.328000),
(2241, 'shipping', 0, 1.328000),
(2242, 'shipping', 0, 1.328000),
(2243, 'shipping', 0, 1.328000),
(2244, 'shipping', 0, 1.328000),
(2245, 'shipping', 0, 1.328000),
(2246, 'shipping', 0, 1.328000),
(2247, 'shipping', 0, 1.328000),
(2248, 'shipping', 0, 1.328000),
(2249, 'shipping', 0, 1.684000),
(2250, 'shipping', 0, 1.328000),
(2251, 'shipping', 0, 1.328000),
(2252, 'shipping', 0, 1.328000),
(2253, 'shipping', 0, 1.328000);

-- --------------------------------------------------------

--
-- Table structure for table `xio8d_order_message`
--

CREATE TABLE `xio8d_order_message` (
  `id_order_message` int(10) UNSIGNED NOT NULL,
  `date_add` datetime NOT NULL
) ENGINE=InnoDB DEFAULT CHARSET=utf8mb4 COLLATE=utf8mb4_general_ci;

--
-- Dumping data for table `xio8d_order_message`
--

INSERT INTO `xio8d_order_message` (`id_order_message`, `date_add`) VALUES
(1, '2013-06-28 16:16:06'),
(2, '2013-07-25 02:12:21');

-- --------------------------------------------------------

--
-- Table structure for table `xio8d_order_message_lang`
--

CREATE TABLE `xio8d_order_message_lang` (
  `id_order_message` int(10) UNSIGNED NOT NULL,
  `id_lang` int(10) UNSIGNED NOT NULL,
  `name` varchar(128) NOT NULL,
  `message` mediumtext NOT NULL
) ENGINE=InnoDB DEFAULT CHARSET=utf8mb4 COLLATE=utf8mb4_general_ci;

--
-- Dumping data for table `xio8d_order_message_lang`
--

INSERT INTO `xio8d_order_message_lang` (`id_order_message`, `id_lang`, `name`, `message`) VALUES
(1, 1, 'Delay', 'Hi,\n\nUnfortunately, an item on your order is currently out of stock. This may cause a slight delay in delivery.\nPlease accept our apologies and rest assured that we are working hard to rectify this.\n\nBest regards,'),
(1, 2, 'Delay', 'Hi,\n\nUnfortunately, an item on your order is currently out of stock. This may cause a slight delay in delivery.\nPlease accept our apologies and rest assured that we are working hard to rectify this.\n\nBest regards,'),
(1, 3, 'Delay', 'Hi,\n\nUnfortunately, an item on your order is currently out of stock. This may cause a slight delay in delivery.\nPlease accept our apologies and rest assured that we are working hard to rectify this.\n\nBest regards,'),
(1, 4, 'Delay', 'Hi,\n\nUnfortunately, an item on your order is currently out of stock. This may cause a slight delay in delivery.\nPlease accept our apologies and rest assured that we are working hard to rectify this.\n\nBest regards,'),
(1, 5, 'Lengah masa', 'Hi,\n\nUnfortunately, an item on your order is currently out of stock. This may cause a slight delay in delivery.\nPlease accept our apologies and rest assured that we are working hard to rectify this.\n\nBest regards,'),
(1, 6, '延迟', '嗨，\n\n很抱歉，你订单中有一件商品目前没有库存。这可能会导致您的包裹轻微的延迟。\n请接受我们的道歉，请您放心，我们正在努力让此问题给您带来的不便降到最小。\n\n至上'),
(2, 1, 'Delay', 'Hi,\n\nUnfortunately, an item on your order is currently out of stock. This may cause a slight delay in delivery.\nPlease accept our apologies and rest assured that we are working hard to rectify this.\n\nBest regards,'),
(2, 2, 'Delay', 'Hi,\n\nUnfortunately, an item on your order is currently out of stock. This may cause a slight delay in delivery.\nPlease accept our apologies and rest assured that we are working hard to rectify this.\n\nBest regards,'),
(2, 3, 'Delay', 'Hi,\n\nUnfortunately, an item on your order is currently out of stock. This may cause a slight delay in delivery.\nPlease accept our apologies and rest assured that we are working hard to rectify this.\n\nBest regards,'),
(2, 4, 'Delay', 'Hi,\n\nUnfortunately, an item on your order is currently out of stock. This may cause a slight delay in delivery.\nPlease accept our apologies and rest assured that we are working hard to rectify this.\n\nBest regards,'),
(2, 5, 'Lengah masa', 'Hi,\n\nUnfortunately, an item on your order is currently out of stock. This may cause a slight delay in delivery.\nPlease accept our apologies and rest assured that we are working hard to rectify this.\n\nBest regards,'),
(2, 6, '延迟', '嗨，\n\n很抱歉，你订单中有一件商品目前没有库存。这可能会导致您的包裹轻微的延迟。\n请接受我们的道歉，请您放心，我们正在努力让此问题给您带来的不便降到最小。\n\n至上');

-- --------------------------------------------------------

--
-- Table structure for table `xio8d_order_return`
--

CREATE TABLE `xio8d_order_return` (
  `id_order_return` int(10) UNSIGNED NOT NULL,
  `id_customer` int(10) UNSIGNED NOT NULL,
  `id_order` int(10) UNSIGNED NOT NULL,
  `state` tinyint(1) UNSIGNED NOT NULL DEFAULT 1,
  `question` mediumtext NOT NULL,
  `date_add` datetime NOT NULL,
  `date_upd` datetime NOT NULL
) ENGINE=InnoDB DEFAULT CHARSET=utf8mb4 COLLATE=utf8mb4_general_ci;

-- --------------------------------------------------------

--
-- Table structure for table `xio8d_order_return_detail`
--

CREATE TABLE `xio8d_order_return_detail` (
  `id_order_return` int(10) UNSIGNED NOT NULL,
  `id_order_detail` int(10) UNSIGNED NOT NULL,
  `id_customization` int(10) UNSIGNED NOT NULL DEFAULT 0,
  `product_quantity` int(10) UNSIGNED NOT NULL DEFAULT 0
) ENGINE=InnoDB DEFAULT CHARSET=utf8mb4 COLLATE=utf8mb4_general_ci;

-- --------------------------------------------------------

--
-- Table structure for table `xio8d_order_return_state`
--

CREATE TABLE `xio8d_order_return_state` (
  `id_order_return_state` int(10) UNSIGNED NOT NULL,
  `color` varchar(32) DEFAULT NULL
) ENGINE=InnoDB DEFAULT CHARSET=utf8mb4 COLLATE=utf8mb4_general_ci;

--
-- Dumping data for table `xio8d_order_return_state`
--

INSERT INTO `xio8d_order_return_state` (`id_order_return_state`, `color`) VALUES
(1, '#4169E1'),
(2, '#8A2BE2'),
(3, '#32CD32'),
(4, '#DC143C'),
(5, '#108510');

-- --------------------------------------------------------

--
-- Table structure for table `xio8d_order_return_state_lang`
--

CREATE TABLE `xio8d_order_return_state_lang` (
  `id_order_return_state` int(10) UNSIGNED NOT NULL,
  `id_lang` int(10) UNSIGNED NOT NULL,
  `name` varchar(64) NOT NULL
) ENGINE=InnoDB DEFAULT CHARSET=utf8mb4 COLLATE=utf8mb4_general_ci;

--
-- Dumping data for table `xio8d_order_return_state_lang`
--

INSERT INTO `xio8d_order_return_state_lang` (`id_order_return_state`, `id_lang`, `name`) VALUES
(1, 1, 'Waiting for confirmation'),
(1, 2, 'Waiting for confirmation'),
(1, 3, 'Waiting for confirmation'),
(1, 4, 'নিশ্চিত করনের জন্য অপেক্ষমান'),
(1, 5, 'Waiting for confirmation'),
(1, 6, '等待确认'),
(2, 1, 'Waiting for package'),
(2, 2, 'Waiting for package'),
(2, 3, 'Waiting for package'),
(2, 4, 'প্যাকিং এর জন্য অপেক্ষমাণ'),
(2, 5, 'Waiting for package'),
(2, 6, '等待邮寄中'),
(3, 1, 'Package received'),
(3, 2, 'Package received'),
(3, 3, 'Package received'),
(3, 4, 'প্যাকেজ রিসিভ করা হয়েছে'),
(3, 5, 'Package received'),
(3, 6, '包裹已签收'),
(4, 1, 'Return denied'),
(4, 2, 'Return denied'),
(4, 3, 'Return denied'),
(4, 4, 'ফেরত বাতিল'),
(4, 5, 'Return denied'),
(4, 6, '退货被拒绝'),
(5, 1, 'Return completed'),
(5, 2, 'Return completed'),
(5, 3, 'Return completed'),
(5, 4, 'ফেরত সম্পন্ন'),
(5, 5, 'Return completed'),
(5, 6, '退货已完成');

-- --------------------------------------------------------

--
-- Table structure for table `xio8d_order_slip`
--

CREATE TABLE `xio8d_order_slip` (
  `id_order_slip` int(10) UNSIGNED NOT NULL,
  `conversion_rate` decimal(13,6) NOT NULL DEFAULT 1.000000,
  `id_customer` int(10) UNSIGNED NOT NULL,
  `id_order` int(10) UNSIGNED NOT NULL,
  `total_products_tax_excl` decimal(20,6) DEFAULT NULL,
  `total_products_tax_incl` decimal(20,6) DEFAULT NULL,
  `total_shipping_tax_excl` decimal(20,6) DEFAULT NULL,
  `total_shipping_tax_incl` decimal(20,6) DEFAULT NULL,
  `shipping_cost` tinyint(3) UNSIGNED NOT NULL DEFAULT 0,
  `amount` decimal(20,6) NOT NULL DEFAULT 0.000000,
  `shipping_cost_amount` decimal(20,6) NOT NULL DEFAULT 0.000000,
  `partial` tinyint(1) NOT NULL,
  `order_slip_type` tinyint(1) UNSIGNED NOT NULL DEFAULT 0,
  `date_add` datetime NOT NULL,
  `date_upd` datetime NOT NULL
) ENGINE=InnoDB DEFAULT CHARSET=utf8mb4 COLLATE=utf8mb4_general_ci;

--
-- Dumping data for table `xio8d_order_slip`
--

INSERT INTO `xio8d_order_slip` (`id_order_slip`, `conversion_rate`, `id_customer`, `id_order`, `total_products_tax_excl`, `total_products_tax_incl`, `total_shipping_tax_excl`, `total_shipping_tax_incl`, `shipping_cost`, `amount`, `shipping_cost_amount`, `partial`, `order_slip_type`, `date_add`, `date_upd`) VALUES
(1, 1.000000, 73, 378, 11.000000, 11.000000, 0.000000, 0.000000, 0, 11.000000, 0.000000, 1, 0, '2014-04-07 12:12:55', '2014-04-07 12:12:55'),
(2, 1.000000, 4065, 4692, 0.000000, 0.000000, 0.960000, 0.960000, 1, 0.000000, 0.960000, 0, 2, '2022-10-10 03:11:24', '2022-10-10 03:11:24'),
(3, 1.000000, 5094, 6067, 19.800000, 19.800000, 0.000000, 0.000000, 0, 19.800000, 0.000000, 0, 0, '2025-07-08 02:17:32', '2025-07-08 02:17:32'),
(4, 1.000000, 5094, 6067, 19.800000, 19.800000, 0.000000, 0.000000, 0, 19.800000, 0.000000, 0, 0, '2025-07-08 03:36:19', '2025-07-08 03:36:19'),
(5, 1.000000, 5094, 6067, 19.800000, 19.800000, 0.000000, 0.000000, 0, 19.800000, 0.000000, 0, 0, '2025-07-08 03:36:43', '2025-07-08 03:36:43');

-- --------------------------------------------------------

--
-- Table structure for table `xio8d_order_slip_detail`
--

CREATE TABLE `xio8d_order_slip_detail` (
  `id_order_slip` int(10) UNSIGNED NOT NULL,
  `id_order_detail` int(10) UNSIGNED NOT NULL,
  `product_quantity` int(10) UNSIGNED NOT NULL DEFAULT 0,
  `unit_price_tax_excl` decimal(20,6) DEFAULT NULL,
  `unit_price_tax_incl` decimal(20,6) DEFAULT NULL,
  `total_price_tax_excl` decimal(20,6) DEFAULT NULL,
  `total_price_tax_incl` decimal(20,6) DEFAULT NULL,
  `amount_tax_excl` decimal(20,6) DEFAULT NULL,
  `amount_tax_incl` decimal(20,6) DEFAULT NULL
) ENGINE=InnoDB DEFAULT CHARSET=utf8mb4 COLLATE=utf8mb4_general_ci;

--
-- Dumping data for table `xio8d_order_slip_detail`
--

INSERT INTO `xio8d_order_slip_detail` (`id_order_slip`, `id_order_detail`, `product_quantity`, `unit_price_tax_excl`, `unit_price_tax_incl`, `total_price_tax_excl`, `total_price_tax_incl`, `amount_tax_excl`, `amount_tax_incl`) VALUES
(1, 559, 1, 11.000000, 11.000000, 11.000000, 11.000000, 11.000000, 11.000000),
(3, 9262, 2, 9.900000, 9.900000, 19.800000, 19.800000, 19.800000, 19.800000),
(4, 9262, 2, 9.900000, 9.900000, 19.800000, 19.800000, 19.800000, 19.800000),
(5, 9262, 2, 9.900000, 9.900000, 19.800000, 19.800000, 19.800000, 19.800000);

-- --------------------------------------------------------

--
-- Table structure for table `xio8d_order_state`
--

CREATE TABLE `xio8d_order_state` (
  `id_order_state` int(10) UNSIGNED NOT NULL,
  `invoice` tinyint(1) UNSIGNED DEFAULT 0,
  `send_email` tinyint(1) UNSIGNED NOT NULL DEFAULT 0,
  `module_name` varchar(255) DEFAULT NULL,
  `color` varchar(32) DEFAULT NULL,
  `unremovable` tinyint(1) UNSIGNED NOT NULL,
  `hidden` tinyint(1) UNSIGNED NOT NULL DEFAULT 0,
  `logable` tinyint(1) NOT NULL DEFAULT 0,
  `delivery` tinyint(1) UNSIGNED NOT NULL DEFAULT 0,
  `shipped` tinyint(1) UNSIGNED NOT NULL DEFAULT 0,
  `paid` tinyint(1) UNSIGNED NOT NULL DEFAULT 0,
  `pdf_invoice` tinyint(1) UNSIGNED NOT NULL DEFAULT 0,
  `pdf_delivery` tinyint(1) UNSIGNED NOT NULL DEFAULT 0,
  `deleted` tinyint(1) UNSIGNED NOT NULL DEFAULT 0
) ENGINE=InnoDB DEFAULT CHARSET=utf8mb4 COLLATE=utf8mb4_general_ci;

--
-- Dumping data for table `xio8d_order_state`
--

INSERT INTO `xio8d_order_state` (`id_order_state`, `invoice`, `send_email`, `module_name`, `color`, `unremovable`, `hidden`, `logable`, `delivery`, `shipped`, `paid`, `pdf_invoice`, `pdf_delivery`, `deleted`) VALUES
(1, 0, 1, 'ps_checkpayment', '#34209E', 1, 0, 0, 0, 0, 0, 0, 0, 0),
(2, 1, 1, '', '#3498D8', 1, 0, 1, 0, 0, 1, 1, 0, 0),
(3, 1, 1, '', '#3498D8', 1, 0, 1, 1, 0, 1, 0, 0, 0),
(4, 1, 1, '', '#01B887', 1, 0, 1, 1, 1, 1, 0, 0, 0),
(5, 1, 0, '', '#01B887', 1, 0, 1, 1, 1, 1, 0, 0, 0),
(6, 0, 1, '', '#2C3E50', 1, 0, 0, 0, 0, 0, 0, 0, 0),
(7, 1, 1, '', '#01B887', 1, 0, 0, 0, 0, 0, 0, 0, 0),
(8, 0, 1, '', '#E74C3C', 1, 0, 0, 0, 0, 0, 0, 0, 0),
(9, 1, 1, '', '#3498D8', 1, 0, 0, 0, 0, 1, 0, 0, 0),
(10, 0, 1, 'ps_wirepayment', '#34209E', 1, 0, 0, 0, 0, 0, 0, 0, 0),
(11, 1, 1, '', '#3498D8', 1, 0, 1, 0, 0, 1, 0, 0, 0),
(12, 0, 1, '', '#34209E', 1, 0, 0, 0, 0, 0, 0, 0, 0),
(13, 0, 0, 'ps_cashondelivery', '#34209E', 1, 0, 0, 0, 0, 0, 0, 0, 0),
(14, 0, 0, 'ps_checkout', '#34209E', 1, 0, 0, 0, 0, 0, 0, 0, 0),
(15, 0, 0, 'ps_checkout', '#01B887', 1, 0, 0, 0, 0, 0, 0, 0, 0),
(16, 0, 0, 'ps_checkout', '#3498D8', 1, 0, 0, 0, 0, 0, 0, 0, 0),
(17, 0, 0, 'ps_checkout', '#3498D8', 1, 0, 0, 0, 0, 0, 0, 0, 0),
(18, 0, 0, 'ps_checkout', '#DC143C', 1, 0, 0, 0, 0, 0, 0, 0, 0),
(19, 0, 0, 'stripe_official', '#03befc', 0, 0, 1, 0, 0, 0, 0, 0, 0),
(20, 0, 0, 'stripe_official', '#fcba03', 0, 0, 0, 0, 0, 0, 0, 0, 0),
(21, 0, 0, 'stripe_official', '#e3e1dc', 0, 0, 1, 0, 0, 0, 0, 0, 0),
(22, 0, 0, 'stripe_official', '#C23416', 0, 0, 0, 0, 0, 0, 0, 0, 0),
(23, 1, 0, 'stripe_official', '#c7ff49', 0, 0, 1, 0, 0, 0, 0, 0, 0),
(24, 0, 0, 'stripe_official', '#01B887', 0, 0, 1, 0, 0, 0, 0, 0, 0),
(27, 0, 0, 'paypal', '#4169E1', 0, 0, 0, 0, 0, 0, 0, 0, 0),
(32, 0, 0, 'braintreeofficial', '#4169E1', 0, 0, 0, 0, 0, 0, 0, 0, 0),
(33, 0, 0, 'braintreeofficial', '#4169E1', 0, 0, 0, 0, 0, 0, 0, 0, 0),
(34, 0, 0, 'paypal', '#4169E1', 0, 0, 0, 0, 0, 0, 0, 0, 0);

-- --------------------------------------------------------

--
-- Table structure for table `xio8d_order_state_lang`
--

CREATE TABLE `xio8d_order_state_lang` (
  `id_order_state` int(10) UNSIGNED NOT NULL,
  `id_lang` int(10) UNSIGNED NOT NULL,
  `name` varchar(64) NOT NULL,
  `template` varchar(64) NOT NULL
) ENGINE=InnoDB DEFAULT CHARSET=utf8mb4 COLLATE=utf8mb4_general_ci;

--
-- Dumping data for table `xio8d_order_state_lang`
--

INSERT INTO `xio8d_order_state_lang` (`id_order_state`, `id_lang`, `name`, `template`) VALUES
(1, 1, 'Awaiting check payment', 'cheque'),
(1, 2, 'Awaiting check payment', 'cheque'),
(1, 3, 'Awaiting check payment', 'cheque'),
(1, 4, 'Awaiting check payment', 'cheque'),
(1, 5, 'Menunggu bayaran cek', 'cheque'),
(1, 6, '等待支票付款', 'cheque'),
(2, 1, 'Payment accepted', 'payment'),
(2, 2, 'Payment accepted', 'payment'),
(2, 3, 'Payment accepted', 'payment'),
(2, 4, 'পেমেন্ট গৃহীত', 'payment'),
(2, 5, 'Payment accepted', 'payment'),
(2, 6, '付款已接受', 'payment'),
(3, 1, 'Processing in progress', 'preparation'),
(3, 2, 'Processing in progress', 'preparation'),
(3, 3, 'Processing in progress', 'preparation'),
(3, 4, 'প্রস্তুতি আগাচ্ছে', 'preparation'),
(3, 5, 'Processing in progress', 'preparation'),
(3, 6, '请求处理中', 'preparation'),
(4, 1, 'Shipped', 'shipped'),
(4, 2, 'Shipped', 'shipped'),
(4, 3, 'Shipped', 'shipped'),
(4, 4, 'Shipped', 'shipped'),
(4, 5, 'Dihantar', 'shipped'),
(4, 6, '已发货', 'shipped'),
(5, 1, 'Delivered', ''),
(5, 2, 'Delivered', ''),
(5, 3, 'Delivered', ''),
(5, 4, 'পৌঁছানো হয়েছে', ''),
(5, 5, 'Delivered', ''),
(5, 6, '已发货', ''),
(6, 1, 'Canceled', 'order_canceled'),
(6, 2, 'Canceled', 'order_canceled'),
(6, 3, 'Canceled', 'order_canceled'),
(6, 4, 'বাতিল', 'order_canceled'),
(6, 5, 'Canceled', 'order_canceled'),
(6, 6, '已取消', 'order_canceled'),
(7, 1, 'Refunded', 'refund'),
(7, 2, 'Refunded', 'refund'),
(7, 3, 'Refunded', 'refund'),
(7, 4, 'ফেরত', 'refund'),
(7, 5, 'Refunded', 'refund'),
(7, 6, '退款', 'refund'),
(8, 1, 'Payment error', 'payment_error'),
(8, 2, 'Payment error', 'payment_error'),
(8, 3, 'Payment error', 'payment_error'),
(8, 4, 'পরিশোধ ত্রুটি', 'payment_error'),
(8, 5, 'Payment error', 'payment_error'),
(8, 6, '支付错误', 'payment_error'),
(9, 1, 'On backorder (paid)', 'outofstock'),
(9, 2, 'On backorder (paid)', 'outofstock'),
(9, 3, 'On backorder (paid)', 'outofstock'),
(9, 4, 'অন ব্যাক অর্ডার', 'outofstock'),
(9, 5, 'On backorder (paid)', 'outofstock'),
(9, 6, '缺货(已付款)', 'outofstock'),
(10, 1, 'Awaiting bank wire payment', 'bankwire'),
(10, 2, 'Awaiting bank wire payment', 'bankwire'),
(10, 3, 'Awaiting bank wire payment', 'bankwire'),
(10, 4, 'ব্যাংক অয়্যার পেমেন্ট এর জন্য অপেক্ষমাণ', 'bankwire'),
(10, 5, 'Awaiting bank wire payment', 'bankwire'),
(10, 6, '等待电汇付款', 'bankwire'),
(11, 1, 'Remote payment accepted', 'payment'),
(11, 2, 'Remote payment accepted', 'payment'),
(11, 3, 'Remote payment accepted', 'payment'),
(11, 4, 'পেমেন্ট স্থানিয় ভাবে গৃহীত', 'payment'),
(11, 5, 'Remote payment accepted', 'payment'),
(11, 6, '接受远程付费', 'payment'),
(12, 1, 'On backorder (not paid)', 'outofstock'),
(12, 2, 'On backorder (not paid)', 'outofstock'),
(12, 3, 'On backorder (not paid)', 'outofstock'),
(12, 4, 'অন ব্যাক অর্ডার', 'outofstock'),
(12, 5, 'On backorder (not paid)', 'outofstock'),
(12, 6, '缺货(未付款)', 'outofstock'),
(13, 1, 'Awaiting Cash On Delivery validation', 'cashondelivery'),
(13, 2, 'Awaiting Cash On Delivery validation', 'cashondelivery'),
(13, 3, 'Awaiting Cash On Delivery validation', 'cashondelivery'),
(13, 4, 'Awaiting cod validation', 'cashondelivery'),
(13, 5, 'Awaiting Cash On Delivery validation', 'cashondelivery'),
(13, 6, '接受远程付费', 'cashondelivery'),
(14, 1, 'Waiting for payment', ''),
(14, 2, 'Waiting for payment', ''),
(14, 3, 'Waiting for payment', ''),
(14, 4, 'Waiting for payment', ''),
(14, 5, 'Waiting for payment', ''),
(14, 6, 'Waiting for payment', ''),
(15, 1, 'Partial refund', ''),
(15, 2, 'Partial refund', ''),
(15, 3, 'Partial refund', ''),
(15, 4, 'আংশিক টাকা ফেরত', ''),
(15, 5, 'Partial refund', ''),
(15, 6, '部分退款', ''),
(16, 1, 'Partial payment', ''),
(16, 2, 'Partial payment', ''),
(16, 3, 'Partial payment', ''),
(16, 4, 'Partial payment', ''),
(16, 5, 'Partial payment', ''),
(16, 6, 'Partial payment', ''),
(17, 1, 'Authorized. To be captured by merchant', ''),
(17, 2, 'Authorized. To be captured by merchant', ''),
(17, 3, 'Authorized. To be captured by merchant', ''),
(17, 4, 'Authorized. To be captured by merchant', ''),
(17, 5, 'Authorized. To be captured by merchant', ''),
(17, 6, 'Authorized. To be captured by merchant', ''),
(18, 1, 'Authorization voided', ''),
(18, 2, 'Authorization voided', ''),
(18, 3, 'Authorization voided', ''),
(18, 4, 'Authorization voided', ''),
(18, 5, 'Authorization voided', ''),
(18, 6, 'Authorization voided', ''),
(19, 1, 'Waiting for Stripe capture', ''),
(19, 2, 'Waiting for Stripe capture', ''),
(19, 3, 'Waiting for Stripe capture', ''),
(19, 4, 'Waiting for Stripe capture', ''),
(19, 5, 'Waiting for Stripe capture', ''),
(19, 6, 'Waiting for Stripe capture', ''),
(20, 1, 'Waiting for SEPA payment', ''),
(20, 2, 'Waiting for SEPA payment', ''),
(20, 3, 'Waiting for SEPA payment', ''),
(20, 4, 'Waiting for SEPA payment', ''),
(20, 5, 'Waiting for SEPA payment', ''),
(20, 6, 'Waiting for SEPA payment', ''),
(21, 1, 'SEPA dispute', ''),
(21, 2, 'SEPA dispute', ''),
(21, 3, 'SEPA dispute', ''),
(21, 4, 'SEPA dispute', ''),
(21, 5, 'SEPA dispute', ''),
(21, 6, 'SEPA dispute', ''),
(22, 1, 'Waiting for OXXO payment confirmation', ''),
(22, 2, 'Waiting for OXXO payment confirmation', ''),
(22, 3, 'Waiting for OXXO payment confirmation', ''),
(22, 4, 'Waiting for OXXO payment confirmation', ''),
(22, 5, 'Waiting for OXXO payment confirmation', ''),
(22, 6, 'Waiting for OXXO payment confirmation', ''),
(23, 1, 'Awaiting for payment confirmation', ''),
(23, 2, 'Awaiting for payment confirmation', ''),
(23, 3, 'Awaiting for payment confirmation', ''),
(23, 4, 'Awaiting for payment confirmation', ''),
(23, 5, 'Awaiting for payment confirmation', ''),
(23, 6, 'Awaiting for payment confirmation', ''),
(24, 1, 'Partial Refund', ''),
(24, 2, 'Partial Refund', ''),
(24, 3, 'Partial Refund', ''),
(24, 4, 'Partial Refund', ''),
(24, 5, 'Partial Refund', ''),
(24, 6, 'Partial Refund', ''),
(27, 1, 'Awaiting for PayPal payment', ''),
(27, 2, 'Awaiting for PayPal payment', ''),
(27, 3, 'Awaiting for PayPal payment', ''),
(27, 4, 'Awaiting for PayPal payment', ''),
(27, 5, 'Awaiting for PayPal payment', ''),
(27, 6, 'Awaiting for PayPal payment', ''),
(32, 1, 'Payment pending (authorized)', ''),
(32, 2, 'Payment pending (authorized)', ''),
(32, 3, 'Payment pending (authorized)', ''),
(32, 4, 'Payment pending (authorized)', ''),
(32, 5, 'Payment pending (authorized)', ''),
(32, 6, 'Payment pending (authorized)', ''),
(33, 1, 'Payment processing (authorized)', ''),
(33, 2, 'Payment processing (authorized)', ''),
(33, 3, 'Payment processing (authorized)', ''),
(33, 4, 'Payment processing (authorized)', ''),
(33, 5, 'Payment processing (authorized)', ''),
(33, 6, 'Payment processing (authorized)', ''),
(34, 1, 'Awaiting for PayPal payment', ''),
(34, 2, 'Awaiting for PayPal payment', ''),
(34, 3, 'Awaiting for PayPal payment', ''),
(34, 4, 'Awaiting for PayPal payment', ''),
(34, 5, 'Awaiting for PayPal payment', ''),
(34, 6, 'Awaiting for PayPal payment', '');

-- --------------------------------------------------------

--
-- Table structure for table `xio8d_pack`
--

CREATE TABLE `xio8d_pack` (
  `id_product_pack` int(10) UNSIGNED NOT NULL,
  `id_product_item` int(10) UNSIGNED NOT NULL,
  `id_product_attribute_item` int(10) UNSIGNED NOT NULL,
  `quantity` int(10) UNSIGNED NOT NULL DEFAULT 1
) ENGINE=InnoDB DEFAULT CHARSET=utf8mb4 COLLATE=utf8mb4_general_ci;

-- --------------------------------------------------------

--
-- Table structure for table `xio8d_page`
--

CREATE TABLE `xio8d_page` (
  `id_page` int(10) UNSIGNED NOT NULL,
  `id_page_type` int(10) UNSIGNED NOT NULL,
  `id_object` int(10) UNSIGNED DEFAULT NULL
) ENGINE=InnoDB DEFAULT CHARSET=utf8mb4 COLLATE=utf8mb4_general_ci;

--
-- Dumping data for table `xio8d_page`
--

INSERT INTO `xio8d_page` (`id_page`, `id_page_type`, `id_object`) VALUES
(1, 1, NULL),
(2, 2, NULL),
(3, 3, 18),
(4, 4, NULL),
(5, 5, NULL),
(6, 6, 0),
(7, 7, NULL),
(8, 3, 149),
(9, 3, 71),
(10, 3, 68),
(11, 8, NULL);

-- --------------------------------------------------------

--
-- Table structure for table `xio8d_pagenotfound`
--

CREATE TABLE `xio8d_pagenotfound` (
  `id_pagenotfound` int(10) UNSIGNED NOT NULL,
  `id_shop` int(10) UNSIGNED NOT NULL DEFAULT 1,
  `id_shop_group` int(10) UNSIGNED NOT NULL DEFAULT 1,
  `request_uri` varchar(256) NOT NULL,
  `http_referer` varchar(256) NOT NULL,
  `date_add` datetime NOT NULL
) ENGINE=InnoDB DEFAULT CHARSET=utf8 COLLATE=utf8_general_ci;

--
-- Dumping data for table `xio8d_pagenotfound`
--

INSERT INTO `xio8d_pagenotfound` (`id_pagenotfound`, `id_shop`, `id_shop_group`, `request_uri`, `http_referer`, `date_add`) VALUES
(1, 1, 1, '/prestashop.sg/modules/paypal/views/js/shortcut.js.map', '', '2026-06-15 11:32:18'),
(2, 1, 1, '/prestashop.sg/modules/paypal/views/js/shortcut.js.map', '', '2026-06-15 11:34:52'),
(3, 1, 1, '/prestashop.sg/modules/paypal/views/js/shortcut.js.map', '', '2026-06-15 11:36:24'),
(4, 1, 1, '/prestashop.sg/modules/paypal/views/js/shortcut.js.map', '', '2026-06-15 11:36:26'),
(5, 1, 1, '/prestashop.sg/modules/paypal/views/js/shortcut.js.map', '', '2026-06-15 11:36:37'),
(6, 1, 1, '/prestashop.sg/modules/paypal/views/js/shortcut.js.map', '', '2026-06-15 11:45:48'),
(7, 1, 1, '/prestashop.sg/modules/paypal/views/js/shortcut.js.map', '', '2026-06-15 11:47:23'),
(8, 1, 1, '/prestashop.sg/modules/paypal/views/js/shortcut.js.map', '', '2026-06-15 12:02:53'),
(9, 1, 1, '/prestashop.sg/modules/paypal/views/js/shortcut.js.map', '', '2026-06-15 12:11:50'),
(10, 1, 1, '/prestashop.sg/img/p/2/9/1/291-small_default.jpg', 'http://localhost/prestashop.sg/admin8680wjnojvo4se3zg4a/sell/catalog/products/?_token=74b0398af089b79dba9660425.2H0CSsDvwq1sZi1WKNwjT3JIfegkSKelS55OqWdzgbw.iA9bFanbteYoFE8ifupvJUUMSdtnGp__CvAU4yUezM7qJ1UQtIryz1QnaA', '2026-06-17 11:44:18'),
(11, 1, 1, '/prestashop.sg/img/p/3/3/7/337-small_default.jpg', 'http://localhost/prestashop.sg/admin8680wjnojvo4se3zg4a/sell/catalog/products/?_token=74b0398af089b79dba9660425.2H0CSsDvwq1sZi1WKNwjT3JIfegkSKelS55OqWdzgbw.iA9bFanbteYoFE8ifupvJUUMSdtnGp__CvAU4yUezM7qJ1UQtIryz1QnaA', '2026-06-17 11:44:18'),
(12, 1, 1, '/prestashop.sg/img/p/2/9/3/293-small_default.jpg', 'http://localhost/prestashop.sg/admin8680wjnojvo4se3zg4a/sell/catalog/products/?_token=74b0398af089b79dba9660425.2H0CSsDvwq1sZi1WKNwjT3JIfegkSKelS55OqWdzgbw.iA9bFanbteYoFE8ifupvJUUMSdtnGp__CvAU4yUezM7qJ1UQtIryz1QnaA', '2026-06-17 11:44:19'),
(13, 1, 1, '/prestashop.sg/img/p/2/8/9/289-small_default.jpg', 'http://localhost/prestashop.sg/admin8680wjnojvo4se3zg4a/sell/catalog/products/?_token=74b0398af089b79dba9660425.2H0CSsDvwq1sZi1WKNwjT3JIfegkSKelS55OqWdzgbw.iA9bFanbteYoFE8ifupvJUUMSdtnGp__CvAU4yUezM7qJ1UQtIryz1QnaA', '2026-06-17 11:44:19'),
(14, 1, 1, '/prestashop.sg/img/p/3/4/1/341-small_default.jpg', 'http://localhost/prestashop.sg/admin8680wjnojvo4se3zg4a/sell/catalog/products/?_token=74b0398af089b79dba9660425.2H0CSsDvwq1sZi1WKNwjT3JIfegkSKelS55OqWdzgbw.iA9bFanbteYoFE8ifupvJUUMSdtnGp__CvAU4yUezM7qJ1UQtIryz1QnaA', '2026-06-17 11:44:20'),
(15, 1, 1, '/prestashop.sg/img/p/3/3/2/332-small_default.jpg', 'http://localhost/prestashop.sg/admin8680wjnojvo4se3zg4a/sell/catalog/products/?_token=74b0398af089b79dba9660425.2H0CSsDvwq1sZi1WKNwjT3JIfegkSKelS55OqWdzgbw.iA9bFanbteYoFE8ifupvJUUMSdtnGp__CvAU4yUezM7qJ1UQtIryz1QnaA', '2026-06-17 11:44:22'),
(16, 1, 1, '/prestashop.sg/img/p/3/4/3/343-small_default.jpg', 'http://localhost/prestashop.sg/admin8680wjnojvo4se3zg4a/sell/catalog/products/?_token=74b0398af089b79dba9660425.2H0CSsDvwq1sZi1WKNwjT3JIfegkSKelS55OqWdzgbw.iA9bFanbteYoFE8ifupvJUUMSdtnGp__CvAU4yUezM7qJ1UQtIryz1QnaA', '2026-06-17 11:44:22'),
(17, 1, 1, '/prestashop.sg/img/p/2/7/5/275-small_default.jpg', 'http://localhost/prestashop.sg/admin8680wjnojvo4se3zg4a/sell/catalog/products/?_token=74b0398af089b79dba9660425.2H0CSsDvwq1sZi1WKNwjT3JIfegkSKelS55OqWdzgbw.iA9bFanbteYoFE8ifupvJUUMSdtnGp__CvAU4yUezM7qJ1UQtIryz1QnaA', '2026-06-17 11:44:22'),
(18, 1, 1, '/prestashop.sg/img/p/3/2/2/322-small_default.jpg', 'http://localhost/prestashop.sg/admin8680wjnojvo4se3zg4a/sell/catalog/products/?_token=74b0398af089b79dba9660425.2H0CSsDvwq1sZi1WKNwjT3JIfegkSKelS55OqWdzgbw.iA9bFanbteYoFE8ifupvJUUMSdtnGp__CvAU4yUezM7qJ1UQtIryz1QnaA', '2026-06-17 11:44:22'),
(19, 1, 1, '/prestashop.sg/img/p/2/7/0/270-small_default.jpg', 'http://localhost/prestashop.sg/admin8680wjnojvo4se3zg4a/sell/catalog/products/?_token=74b0398af089b79dba9660425.2H0CSsDvwq1sZi1WKNwjT3JIfegkSKelS55OqWdzgbw.iA9bFanbteYoFE8ifupvJUUMSdtnGp__CvAU4yUezM7qJ1UQtIryz1QnaA', '2026-06-17 11:44:22'),
(20, 1, 1, '/prestashop.sg/img/p/2/7/3/273-small_default.jpg', 'http://localhost/prestashop.sg/admin8680wjnojvo4se3zg4a/sell/catalog/products/?_token=74b0398af089b79dba9660425.2H0CSsDvwq1sZi1WKNwjT3JIfegkSKelS55OqWdzgbw.iA9bFanbteYoFE8ifupvJUUMSdtnGp__CvAU4yUezM7qJ1UQtIryz1QnaA', '2026-06-17 11:44:23'),
(21, 1, 1, '/prestashop.sg/img/p/3/4/6/346-small_default.jpg', 'http://localhost/prestashop.sg/admin8680wjnojvo4se3zg4a/sell/catalog/products/?_token=74b0398af089b79dba9660425.2H0CSsDvwq1sZi1WKNwjT3JIfegkSKelS55OqWdzgbw.iA9bFanbteYoFE8ifupvJUUMSdtnGp__CvAU4yUezM7qJ1UQtIryz1QnaA', '2026-06-17 11:44:23'),
(22, 1, 1, '/prestashop.sg/img/p/2/6/8/268-small_default.jpg', 'http://localhost/prestashop.sg/admin8680wjnojvo4se3zg4a/sell/catalog/products/?_token=74b0398af089b79dba9660425.2H0CSsDvwq1sZi1WKNwjT3JIfegkSKelS55OqWdzgbw.iA9bFanbteYoFE8ifupvJUUMSdtnGp__CvAU4yUezM7qJ1UQtIryz1QnaA', '2026-06-17 11:44:24'),
(23, 1, 1, '/prestashop.sg/img/p/3/4/5/345-small_default.jpg', 'http://localhost/prestashop.sg/admin8680wjnojvo4se3zg4a/sell/catalog/products/?_token=74b0398af089b79dba9660425.2H0CSsDvwq1sZi1WKNwjT3JIfegkSKelS55OqWdzgbw.iA9bFanbteYoFE8ifupvJUUMSdtnGp__CvAU4yUezM7qJ1UQtIryz1QnaA', '2026-06-17 11:44:24'),
(24, 1, 1, '/prestashop.sg/img/p/2/5/5/255-small_default.jpg', 'http://localhost/prestashop.sg/admin8680wjnojvo4se3zg4a/sell/catalog/products/?_token=74b0398af089b79dba9660425.2H0CSsDvwq1sZi1WKNwjT3JIfegkSKelS55OqWdzgbw.iA9bFanbteYoFE8ifupvJUUMSdtnGp__CvAU4yUezM7qJ1UQtIryz1QnaA', '2026-06-17 11:44:24'),
(25, 1, 1, '/prestashop.sg/img/p/2/5/4/254-small_default.jpg', 'http://localhost/prestashop.sg/admin8680wjnojvo4se3zg4a/sell/catalog/products/?_token=74b0398af089b79dba9660425.2H0CSsDvwq1sZi1WKNwjT3JIfegkSKelS55OqWdzgbw.iA9bFanbteYoFE8ifupvJUUMSdtnGp__CvAU4yUezM7qJ1UQtIryz1QnaA', '2026-06-17 11:44:24'),
(26, 1, 1, '/prestashop.sg/img/p/2/5/3/253-small_default.jpg', 'http://localhost/prestashop.sg/admin8680wjnojvo4se3zg4a/sell/catalog/products/?_token=74b0398af089b79dba9660425.2H0CSsDvwq1sZi1WKNwjT3JIfegkSKelS55OqWdzgbw.iA9bFanbteYoFE8ifupvJUUMSdtnGp__CvAU4yUezM7qJ1UQtIryz1QnaA', '2026-06-17 11:44:24'),
(27, 1, 1, '/prestashop.sg/img/p/2/4/8/248-small_default.jpg', 'http://localhost/prestashop.sg/admin8680wjnojvo4se3zg4a/sell/catalog/products/?_token=74b0398af089b79dba9660425.2H0CSsDvwq1sZi1WKNwjT3JIfegkSKelS55OqWdzgbw.iA9bFanbteYoFE8ifupvJUUMSdtnGp__CvAU4yUezM7qJ1UQtIryz1QnaA', '2026-06-17 11:44:24'),
(28, 1, 1, '/prestashop.sg/img/p/2/4/9/249-small_default.jpg', 'http://localhost/prestashop.sg/admin8680wjnojvo4se3zg4a/sell/catalog/products/?_token=74b0398af089b79dba9660425.2H0CSsDvwq1sZi1WKNwjT3JIfegkSKelS55OqWdzgbw.iA9bFanbteYoFE8ifupvJUUMSdtnGp__CvAU4yUezM7qJ1UQtIryz1QnaA', '2026-06-17 11:44:24'),
(29, 2, 1, '/prestashop.co.uk/img/p/3/3/7/337-small_default.jpg', 'http://localhost/prestashop.sg/admin8680wjnojvo4se3zg4a/sell/catalog/products/?_token=74b0398af089b79dba9660425.2H0CSsDvwq1sZi1WKNwjT3JIfegkSKelS55OqWdzgbw.iA9bFanbteYoFE8ifupvJUUMSdtnGp__CvAU4yUezM7qJ1UQtIryz1QnaA', '2026-06-17 11:44:37'),
(30, 2, 1, '/prestashop.co.uk/img/p/3/3/2/332-small_default.jpg', 'http://localhost/prestashop.sg/admin8680wjnojvo4se3zg4a/sell/catalog/products/?_token=74b0398af089b79dba9660425.2H0CSsDvwq1sZi1WKNwjT3JIfegkSKelS55OqWdzgbw.iA9bFanbteYoFE8ifupvJUUMSdtnGp__CvAU4yUezM7qJ1UQtIryz1QnaA', '2026-06-17 11:44:37'),
(31, 2, 1, '/prestashop.co.uk/img/p/3/4/3/343-small_default.jpg', 'http://localhost/prestashop.sg/admin8680wjnojvo4se3zg4a/sell/catalog/products/?_token=74b0398af089b79dba9660425.2H0CSsDvwq1sZi1WKNwjT3JIfegkSKelS55OqWdzgbw.iA9bFanbteYoFE8ifupvJUUMSdtnGp__CvAU4yUezM7qJ1UQtIryz1QnaA', '2026-06-17 11:44:37'),
(32, 2, 1, '/prestashop.co.uk/img/p/3/2/2/322-small_default.jpg', 'http://localhost/prestashop.sg/admin8680wjnojvo4se3zg4a/sell/catalog/products/?_token=74b0398af089b79dba9660425.2H0CSsDvwq1sZi1WKNwjT3JIfegkSKelS55OqWdzgbw.iA9bFanbteYoFE8ifupvJUUMSdtnGp__CvAU4yUezM7qJ1UQtIryz1QnaA', '2026-06-17 11:44:37'),
(33, 2, 1, '/prestashop.co.uk/img/p/3/4/1/341-small_default.jpg', 'http://localhost/prestashop.sg/admin8680wjnojvo4se3zg4a/sell/catalog/products/?_token=74b0398af089b79dba9660425.2H0CSsDvwq1sZi1WKNwjT3JIfegkSKelS55OqWdzgbw.iA9bFanbteYoFE8ifupvJUUMSdtnGp__CvAU4yUezM7qJ1UQtIryz1QnaA', '2026-06-17 11:44:38'),
(34, 2, 1, '/prestashop.co.uk/img/p/3/4/6/346-small_default.jpg', 'http://localhost/prestashop.sg/admin8680wjnojvo4se3zg4a/sell/catalog/products/?_token=74b0398af089b79dba9660425.2H0CSsDvwq1sZi1WKNwjT3JIfegkSKelS55OqWdzgbw.iA9bFanbteYoFE8ifupvJUUMSdtnGp__CvAU4yUezM7qJ1UQtIryz1QnaA', '2026-06-17 11:44:38'),
(35, 2, 1, '/prestashop.co.uk/img/p/3/4/5/345-small_default.jpg', 'http://localhost/prestashop.sg/admin8680wjnojvo4se3zg4a/sell/catalog/products/?_token=74b0398af089b79dba9660425.2H0CSsDvwq1sZi1WKNwjT3JIfegkSKelS55OqWdzgbw.iA9bFanbteYoFE8ifupvJUUMSdtnGp__CvAU4yUezM7qJ1UQtIryz1QnaA', '2026-06-17 11:44:39'),
(36, 2, 1, '/prestashop.co.uk/img/p/3/1/7/317-small_default.jpg', 'http://localhost/prestashop.sg/admin8680wjnojvo4se3zg4a/sell/catalog/products/?_token=74b0398af089b79dba9660425.2H0CSsDvwq1sZi1WKNwjT3JIfegkSKelS55OqWdzgbw.iA9bFanbteYoFE8ifupvJUUMSdtnGp__CvAU4yUezM7qJ1UQtIryz1QnaA', '2026-06-17 11:44:39'),
(37, 2, 1, '/prestashop.co.uk/img/p/3/1/6/316-small_default.jpg', 'http://localhost/prestashop.sg/admin8680wjnojvo4se3zg4a/sell/catalog/products/?_token=74b0398af089b79dba9660425.2H0CSsDvwq1sZi1WKNwjT3JIfegkSKelS55OqWdzgbw.iA9bFanbteYoFE8ifupvJUUMSdtnGp__CvAU4yUezM7qJ1UQtIryz1QnaA', '2026-06-17 11:44:39'),
(38, 2, 1, '/prestashop.co.uk/img/p/3/2/3/323-small_default.jpg', 'http://localhost/prestashop.sg/admin8680wjnojvo4se3zg4a/sell/catalog/products/?_token=74b0398af089b79dba9660425.2H0CSsDvwq1sZi1WKNwjT3JIfegkSKelS55OqWdzgbw.iA9bFanbteYoFE8ifupvJUUMSdtnGp__CvAU4yUezM7qJ1UQtIryz1QnaA', '2026-06-17 11:44:40'),
(39, 2, 1, '/prestashop.co.uk/img/p/3/1/9/319-small_default.jpg', 'http://localhost/prestashop.sg/admin8680wjnojvo4se3zg4a/sell/catalog/products/?_token=74b0398af089b79dba9660425.2H0CSsDvwq1sZi1WKNwjT3JIfegkSKelS55OqWdzgbw.iA9bFanbteYoFE8ifupvJUUMSdtnGp__CvAU4yUezM7qJ1UQtIryz1QnaA', '2026-06-17 11:44:40'),
(40, 2, 1, '/prestashop.co.uk/img/p/3/4/0/340-small_default.jpg', 'http://localhost/prestashop.sg/admin8680wjnojvo4se3zg4a/sell/catalog/products/?_token=74b0398af089b79dba9660425.2H0CSsDvwq1sZi1WKNwjT3JIfegkSKelS55OqWdzgbw.iA9bFanbteYoFE8ifupvJUUMSdtnGp__CvAU4yUezM7qJ1UQtIryz1QnaA', '2026-06-17 11:44:40'),
(41, 2, 1, '/prestashop.co.uk/img/p/2/3/1/231-small_default.jpg', 'http://localhost/prestashop.sg/admin8680wjnojvo4se3zg4a/sell/catalog/products/?_token=74b0398af089b79dba9660425.2H0CSsDvwq1sZi1WKNwjT3JIfegkSKelS55OqWdzgbw.iA9bFanbteYoFE8ifupvJUUMSdtnGp__CvAU4yUezM7qJ1UQtIryz1QnaA', '2026-06-17 11:44:41'),
(42, 2, 1, '/prestashop.co.uk/img/p/3/2/7/327-small_default.jpg', 'http://localhost/prestashop.sg/admin8680wjnojvo4se3zg4a/sell/catalog/products/?_token=74b0398af089b79dba9660425.2H0CSsDvwq1sZi1WKNwjT3JIfegkSKelS55OqWdzgbw.iA9bFanbteYoFE8ifupvJUUMSdtnGp__CvAU4yUezM7qJ1UQtIryz1QnaA', '2026-06-17 11:44:41'),
(43, 2, 1, '/prestashop.co.uk/img/p/3/3/4/334-small_default.jpg', 'http://localhost/prestashop.sg/admin8680wjnojvo4se3zg4a/sell/catalog/products/?_token=74b0398af089b79dba9660425.2H0CSsDvwq1sZi1WKNwjT3JIfegkSKelS55OqWdzgbw.iA9bFanbteYoFE8ifupvJUUMSdtnGp__CvAU4yUezM7qJ1UQtIryz1QnaA', '2026-06-17 11:44:41'),
(44, 2, 1, '/prestashop.co.uk/img/p/1/9/5/195-small_default.jpg', 'http://localhost/prestashop.sg/admin8680wjnojvo4se3zg4a/sell/catalog/products/?_token=74b0398af089b79dba9660425.2H0CSsDvwq1sZi1WKNwjT3JIfegkSKelS55OqWdzgbw.iA9bFanbteYoFE8ifupvJUUMSdtnGp__CvAU4yUezM7qJ1UQtIryz1QnaA', '2026-06-17 11:44:42'),
(45, 2, 1, '/prestashop.co.uk/img/p/3/2/6/326-small_default.jpg', 'http://localhost/prestashop.sg/admin8680wjnojvo4se3zg4a/sell/catalog/products/?_token=74b0398af089b79dba9660425.2H0CSsDvwq1sZi1WKNwjT3JIfegkSKelS55OqWdzgbw.iA9bFanbteYoFE8ifupvJUUMSdtnGp__CvAU4yUezM7qJ1UQtIryz1QnaA', '2026-06-17 11:44:42'),
(46, 2, 1, '/prestashop.co.uk/img/p/3/2/9/329-small_default.jpg', 'http://localhost/prestashop.sg/admin8680wjnojvo4se3zg4a/sell/catalog/products/?_token=74b0398af089b79dba9660425.2H0CSsDvwq1sZi1WKNwjT3JIfegkSKelS55OqWdzgbw.iA9bFanbteYoFE8ifupvJUUMSdtnGp__CvAU4yUezM7qJ1UQtIryz1QnaA', '2026-06-17 11:44:42'),
(47, 2, 1, '/prestashop.co.uk/img/p/3/2/8/328-small_default.jpg', 'http://localhost/prestashop.sg/admin8680wjnojvo4se3zg4a/sell/catalog/products/?_token=74b0398af089b79dba9660425.2H0CSsDvwq1sZi1WKNwjT3JIfegkSKelS55OqWdzgbw.iA9bFanbteYoFE8ifupvJUUMSdtnGp__CvAU4yUezM7qJ1UQtIryz1QnaA', '2026-06-17 11:44:42'),
(48, 2, 1, '/prestashop.co.uk/img/p/3/3/1/331-small_default.jpg', 'http://localhost/prestashop.sg/admin8680wjnojvo4se3zg4a/sell/catalog/products/?_token=74b0398af089b79dba9660425.2H0CSsDvwq1sZi1WKNwjT3JIfegkSKelS55OqWdzgbw.iA9bFanbteYoFE8ifupvJUUMSdtnGp__CvAU4yUezM7qJ1UQtIryz1QnaA', '2026-06-17 11:44:42'),
(49, 1, 1, '/prestashop.sg/img/p/2/9/1/291-small_default.jpg', 'http://localhost/prestashop.sg/admin8680wjnojvo4se3zg4a/sell/catalog/products/?_token=74b0398af089b79dba9660425.2H0CSsDvwq1sZi1WKNwjT3JIfegkSKelS55OqWdzgbw.iA9bFanbteYoFE8ifupvJUUMSdtnGp__CvAU4yUezM7qJ1UQtIryz1QnaA', '2026-06-17 11:44:44'),
(50, 1, 1, '/prestashop.sg/img/p/2/8/9/289-small_default.jpg', 'http://localhost/prestashop.sg/admin8680wjnojvo4se3zg4a/sell/catalog/products/?_token=74b0398af089b79dba9660425.2H0CSsDvwq1sZi1WKNwjT3JIfegkSKelS55OqWdzgbw.iA9bFanbteYoFE8ifupvJUUMSdtnGp__CvAU4yUezM7qJ1UQtIryz1QnaA', '2026-06-17 11:44:44'),
(51, 1, 1, '/prestashop.sg/img/p/2/9/3/293-small_default.jpg', 'http://localhost/prestashop.sg/admin8680wjnojvo4se3zg4a/sell/catalog/products/?_token=74b0398af089b79dba9660425.2H0CSsDvwq1sZi1WKNwjT3JIfegkSKelS55OqWdzgbw.iA9bFanbteYoFE8ifupvJUUMSdtnGp__CvAU4yUezM7qJ1UQtIryz1QnaA', '2026-06-17 11:44:45'),
(52, 1, 1, '/prestashop.sg/img/p/2/7/0/270-small_default.jpg', 'http://localhost/prestashop.sg/admin8680wjnojvo4se3zg4a/sell/catalog/products/?_token=74b0398af089b79dba9660425.2H0CSsDvwq1sZi1WKNwjT3JIfegkSKelS55OqWdzgbw.iA9bFanbteYoFE8ifupvJUUMSdtnGp__CvAU4yUezM7qJ1UQtIryz1QnaA', '2026-06-17 11:44:45'),
(53, 1, 1, '/prestashop.sg/img/p/2/7/5/275-small_default.jpg', 'http://localhost/prestashop.sg/admin8680wjnojvo4se3zg4a/sell/catalog/products/?_token=74b0398af089b79dba9660425.2H0CSsDvwq1sZi1WKNwjT3JIfegkSKelS55OqWdzgbw.iA9bFanbteYoFE8ifupvJUUMSdtnGp__CvAU4yUezM7qJ1UQtIryz1QnaA', '2026-06-17 11:44:45'),
(54, 1, 1, '/prestashop.sg/img/p/2/7/3/273-small_default.jpg', 'http://localhost/prestashop.sg/admin8680wjnojvo4se3zg4a/sell/catalog/products/?_token=74b0398af089b79dba9660425.2H0CSsDvwq1sZi1WKNwjT3JIfegkSKelS55OqWdzgbw.iA9bFanbteYoFE8ifupvJUUMSdtnGp__CvAU4yUezM7qJ1UQtIryz1QnaA', '2026-06-17 11:44:46'),
(55, 1, 1, '/prestashop.sg/img/p/2/6/8/268-small_default.jpg', 'http://localhost/prestashop.sg/admin8680wjnojvo4se3zg4a/sell/catalog/products/?_token=74b0398af089b79dba9660425.2H0CSsDvwq1sZi1WKNwjT3JIfegkSKelS55OqWdzgbw.iA9bFanbteYoFE8ifupvJUUMSdtnGp__CvAU4yUezM7qJ1UQtIryz1QnaA', '2026-06-17 11:44:47'),
(56, 1, 1, '/prestashop.sg/img/p/2/5/5/255-small_default.jpg', 'http://localhost/prestashop.sg/admin8680wjnojvo4se3zg4a/sell/catalog/products/?_token=74b0398af089b79dba9660425.2H0CSsDvwq1sZi1WKNwjT3JIfegkSKelS55OqWdzgbw.iA9bFanbteYoFE8ifupvJUUMSdtnGp__CvAU4yUezM7qJ1UQtIryz1QnaA', '2026-06-17 11:44:47'),
(57, 1, 1, '/prestashop.sg/img/p/2/5/4/254-small_default.jpg', 'http://localhost/prestashop.sg/admin8680wjnojvo4se3zg4a/sell/catalog/products/?_token=74b0398af089b79dba9660425.2H0CSsDvwq1sZi1WKNwjT3JIfegkSKelS55OqWdzgbw.iA9bFanbteYoFE8ifupvJUUMSdtnGp__CvAU4yUezM7qJ1UQtIryz1QnaA', '2026-06-17 11:44:47'),
(58, 1, 1, '/prestashop.sg/img/p/2/5/3/253-small_default.jpg', 'http://localhost/prestashop.sg/admin8680wjnojvo4se3zg4a/sell/catalog/products/?_token=74b0398af089b79dba9660425.2H0CSsDvwq1sZi1WKNwjT3JIfegkSKelS55OqWdzgbw.iA9bFanbteYoFE8ifupvJUUMSdtnGp__CvAU4yUezM7qJ1UQtIryz1QnaA', '2026-06-17 11:44:48'),
(59, 1, 1, '/prestashop.sg/img/p/2/3/2/232-small_default.jpg', 'http://localhost/prestashop.sg/admin8680wjnojvo4se3zg4a/sell/catalog/products/?_token=74b0398af089b79dba9660425.2H0CSsDvwq1sZi1WKNwjT3JIfegkSKelS55OqWdzgbw.iA9bFanbteYoFE8ifupvJUUMSdtnGp__CvAU4yUezM7qJ1UQtIryz1QnaA', '2026-06-17 11:44:48'),
(60, 1, 1, '/prestashop.sg/img/p/2/4/8/248-small_default.jpg', 'http://localhost/prestashop.sg/admin8680wjnojvo4se3zg4a/sell/catalog/products/?_token=74b0398af089b79dba9660425.2H0CSsDvwq1sZi1WKNwjT3JIfegkSKelS55OqWdzgbw.iA9bFanbteYoFE8ifupvJUUMSdtnGp__CvAU4yUezM7qJ1UQtIryz1QnaA', '2026-06-17 11:44:48'),
(61, 1, 1, '/prestashop.sg/img/p/2/4/7/247-small_default.jpg', 'http://localhost/prestashop.sg/admin8680wjnojvo4se3zg4a/sell/catalog/products/?_token=74b0398af089b79dba9660425.2H0CSsDvwq1sZi1WKNwjT3JIfegkSKelS55OqWdzgbw.iA9bFanbteYoFE8ifupvJUUMSdtnGp__CvAU4yUezM7qJ1UQtIryz1QnaA', '2026-06-17 11:44:48'),
(62, 1, 1, '/prestashop.sg/img/p/2/4/3/243-small_default.jpg', 'http://localhost/prestashop.sg/admin8680wjnojvo4se3zg4a/sell/catalog/products/?_token=74b0398af089b79dba9660425.2H0CSsDvwq1sZi1WKNwjT3JIfegkSKelS55OqWdzgbw.iA9bFanbteYoFE8ifupvJUUMSdtnGp__CvAU4yUezM7qJ1UQtIryz1QnaA', '2026-06-17 11:44:48'),
(63, 1, 1, '/prestashop.sg/img/p/2/4/9/249-small_default.jpg', 'http://localhost/prestashop.sg/admin8680wjnojvo4se3zg4a/sell/catalog/products/?_token=74b0398af089b79dba9660425.2H0CSsDvwq1sZi1WKNwjT3JIfegkSKelS55OqWdzgbw.iA9bFanbteYoFE8ifupvJUUMSdtnGp__CvAU4yUezM7qJ1UQtIryz1QnaA', '2026-06-17 11:44:48'),
(64, 1, 1, '/prestashop.sg/img/p/2/4/5/245-small_default.jpg', 'http://localhost/prestashop.sg/admin8680wjnojvo4se3zg4a/sell/catalog/products/?_token=74b0398af089b79dba9660425.2H0CSsDvwq1sZi1WKNwjT3JIfegkSKelS55OqWdzgbw.iA9bFanbteYoFE8ifupvJUUMSdtnGp__CvAU4yUezM7qJ1UQtIryz1QnaA', '2026-06-17 11:44:49'),
(65, 1, 1, '/prestashop.sg/img/p/2/4/6/246-small_default.jpg', 'http://localhost/prestashop.sg/admin8680wjnojvo4se3zg4a/sell/catalog/products/?_token=74b0398af089b79dba9660425.2H0CSsDvwq1sZi1WKNwjT3JIfegkSKelS55OqWdzgbw.iA9bFanbteYoFE8ifupvJUUMSdtnGp__CvAU4yUezM7qJ1UQtIryz1QnaA', '2026-06-17 11:44:49'),
(66, 1, 1, '/prestashop.sg/img/p/2/4/4/244-small_default.jpg', 'http://localhost/prestashop.sg/admin8680wjnojvo4se3zg4a/sell/catalog/products/?_token=74b0398af089b79dba9660425.2H0CSsDvwq1sZi1WKNwjT3JIfegkSKelS55OqWdzgbw.iA9bFanbteYoFE8ifupvJUUMSdtnGp__CvAU4yUezM7qJ1UQtIryz1QnaA', '2026-06-17 11:44:49'),
(67, 1, 1, '/prestashop.sg/img/p/2/9/1/291-small_default.jpg', 'http://localhost/prestashop.sg/admin8680wjnojvo4se3zg4a/sell/catalog/products/?_token=74b0398af089b79dba9660425.2H0CSsDvwq1sZi1WKNwjT3JIfegkSKelS55OqWdzgbw.iA9bFanbteYoFE8ifupvJUUMSdtnGp__CvAU4yUezM7qJ1UQtIryz1QnaA', '2026-06-17 11:44:53'),
(68, 1, 1, '/prestashop.sg/img/p/3/3/7/337-small_default.jpg', 'http://localhost/prestashop.sg/admin8680wjnojvo4se3zg4a/sell/catalog/products/?_token=74b0398af089b79dba9660425.2H0CSsDvwq1sZi1WKNwjT3JIfegkSKelS55OqWdzgbw.iA9bFanbteYoFE8ifupvJUUMSdtnGp__CvAU4yUezM7qJ1UQtIryz1QnaA', '2026-06-17 11:44:53'),
(69, 1, 1, '/prestashop.sg/img/p/3/3/2/332-small_default.jpg', 'http://localhost/prestashop.sg/admin8680wjnojvo4se3zg4a/sell/catalog/products/?_token=74b0398af089b79dba9660425.2H0CSsDvwq1sZi1WKNwjT3JIfegkSKelS55OqWdzgbw.iA9bFanbteYoFE8ifupvJUUMSdtnGp__CvAU4yUezM7qJ1UQtIryz1QnaA', '2026-06-17 11:44:53'),
(70, 1, 1, '/prestashop.sg/img/p/2/9/3/293-small_default.jpg', 'http://localhost/prestashop.sg/admin8680wjnojvo4se3zg4a/sell/catalog/products/?_token=74b0398af089b79dba9660425.2H0CSsDvwq1sZi1WKNwjT3JIfegkSKelS55OqWdzgbw.iA9bFanbteYoFE8ifupvJUUMSdtnGp__CvAU4yUezM7qJ1UQtIryz1QnaA', '2026-06-17 11:44:53'),
(71, 1, 1, '/prestashop.sg/img/p/2/8/9/289-small_default.jpg', 'http://localhost/prestashop.sg/admin8680wjnojvo4se3zg4a/sell/catalog/products/?_token=74b0398af089b79dba9660425.2H0CSsDvwq1sZi1WKNwjT3JIfegkSKelS55OqWdzgbw.iA9bFanbteYoFE8ifupvJUUMSdtnGp__CvAU4yUezM7qJ1UQtIryz1QnaA', '2026-06-17 11:44:54'),
(72, 1, 1, '/prestashop.sg/img/p/3/4/1/341-small_default.jpg', 'http://localhost/prestashop.sg/admin8680wjnojvo4se3zg4a/sell/catalog/products/?_token=74b0398af089b79dba9660425.2H0CSsDvwq1sZi1WKNwjT3JIfegkSKelS55OqWdzgbw.iA9bFanbteYoFE8ifupvJUUMSdtnGp__CvAU4yUezM7qJ1UQtIryz1QnaA', '2026-06-17 11:44:54'),
(73, 1, 1, '/prestashop.sg/img/p/3/2/2/322-small_default.jpg', 'http://localhost/prestashop.sg/admin8680wjnojvo4se3zg4a/sell/catalog/products/?_token=74b0398af089b79dba9660425.2H0CSsDvwq1sZi1WKNwjT3JIfegkSKelS55OqWdzgbw.iA9bFanbteYoFE8ifupvJUUMSdtnGp__CvAU4yUezM7qJ1UQtIryz1QnaA', '2026-06-17 11:44:55'),
(74, 1, 1, '/prestashop.sg/img/p/3/4/3/343-small_default.jpg', 'http://localhost/prestashop.sg/admin8680wjnojvo4se3zg4a/sell/catalog/products/?_token=74b0398af089b79dba9660425.2H0CSsDvwq1sZi1WKNwjT3JIfegkSKelS55OqWdzgbw.iA9bFanbteYoFE8ifupvJUUMSdtnGp__CvAU4yUezM7qJ1UQtIryz1QnaA', '2026-06-17 11:44:55'),
(75, 1, 1, '/prestashop.sg/img/p/2/7/5/275-small_default.jpg', 'http://localhost/prestashop.sg/admin8680wjnojvo4se3zg4a/sell/catalog/products/?_token=74b0398af089b79dba9660425.2H0CSsDvwq1sZi1WKNwjT3JIfegkSKelS55OqWdzgbw.iA9bFanbteYoFE8ifupvJUUMSdtnGp__CvAU4yUezM7qJ1UQtIryz1QnaA', '2026-06-17 11:44:56'),
(76, 1, 1, '/prestashop.sg/img/p/2/7/0/270-small_default.jpg', 'http://localhost/prestashop.sg/admin8680wjnojvo4se3zg4a/sell/catalog/products/?_token=74b0398af089b79dba9660425.2H0CSsDvwq1sZi1WKNwjT3JIfegkSKelS55OqWdzgbw.iA9bFanbteYoFE8ifupvJUUMSdtnGp__CvAU4yUezM7qJ1UQtIryz1QnaA', '2026-06-17 11:44:56'),
(77, 1, 1, '/prestashop.sg/img/p/2/7/3/273-small_default.jpg', 'http://localhost/prestashop.sg/admin8680wjnojvo4se3zg4a/sell/catalog/products/?_token=74b0398af089b79dba9660425.2H0CSsDvwq1sZi1WKNwjT3JIfegkSKelS55OqWdzgbw.iA9bFanbteYoFE8ifupvJUUMSdtnGp__CvAU4yUezM7qJ1UQtIryz1QnaA', '2026-06-17 11:44:56'),
(78, 1, 1, '/prestashop.sg/img/p/3/4/5/345-small_default.jpg', 'http://localhost/prestashop.sg/admin8680wjnojvo4se3zg4a/sell/catalog/products/?_token=74b0398af089b79dba9660425.2H0CSsDvwq1sZi1WKNwjT3JIfegkSKelS55OqWdzgbw.iA9bFanbteYoFE8ifupvJUUMSdtnGp__CvAU4yUezM7qJ1UQtIryz1QnaA', '2026-06-17 11:44:57'),
(79, 1, 1, '/prestashop.sg/img/p/3/4/6/346-small_default.jpg', 'http://localhost/prestashop.sg/admin8680wjnojvo4se3zg4a/sell/catalog/products/?_token=74b0398af089b79dba9660425.2H0CSsDvwq1sZi1WKNwjT3JIfegkSKelS55OqWdzgbw.iA9bFanbteYoFE8ifupvJUUMSdtnGp__CvAU4yUezM7qJ1UQtIryz1QnaA', '2026-06-17 11:44:57'),
(80, 1, 1, '/prestashop.sg/img/p/2/6/8/268-small_default.jpg', 'http://localhost/prestashop.sg/admin8680wjnojvo4se3zg4a/sell/catalog/products/?_token=74b0398af089b79dba9660425.2H0CSsDvwq1sZi1WKNwjT3JIfegkSKelS55OqWdzgbw.iA9bFanbteYoFE8ifupvJUUMSdtnGp__CvAU4yUezM7qJ1UQtIryz1QnaA', '2026-06-17 11:44:57'),
(81, 1, 1, '/prestashop.sg/img/p/2/5/3/253-small_default.jpg', 'http://localhost/prestashop.sg/admin8680wjnojvo4se3zg4a/sell/catalog/products/?_token=74b0398af089b79dba9660425.2H0CSsDvwq1sZi1WKNwjT3JIfegkSKelS55OqWdzgbw.iA9bFanbteYoFE8ifupvJUUMSdtnGp__CvAU4yUezM7qJ1UQtIryz1QnaA', '2026-06-17 11:44:57'),
(82, 1, 1, '/prestashop.sg/img/p/2/5/5/255-small_default.jpg', 'http://localhost/prestashop.sg/admin8680wjnojvo4se3zg4a/sell/catalog/products/?_token=74b0398af089b79dba9660425.2H0CSsDvwq1sZi1WKNwjT3JIfegkSKelS55OqWdzgbw.iA9bFanbteYoFE8ifupvJUUMSdtnGp__CvAU4yUezM7qJ1UQtIryz1QnaA', '2026-06-17 11:44:57'),
(83, 1, 1, '/prestashop.sg/img/p/2/5/4/254-small_default.jpg', 'http://localhost/prestashop.sg/admin8680wjnojvo4se3zg4a/sell/catalog/products/?_token=74b0398af089b79dba9660425.2H0CSsDvwq1sZi1WKNwjT3JIfegkSKelS55OqWdzgbw.iA9bFanbteYoFE8ifupvJUUMSdtnGp__CvAU4yUezM7qJ1UQtIryz1QnaA', '2026-06-17 11:44:57'),
(84, 1, 1, '/prestashop.sg/img/p/2/4/9/249-small_default.jpg', 'http://localhost/prestashop.sg/admin8680wjnojvo4se3zg4a/sell/catalog/products/?_token=74b0398af089b79dba9660425.2H0CSsDvwq1sZi1WKNwjT3JIfegkSKelS55OqWdzgbw.iA9bFanbteYoFE8ifupvJUUMSdtnGp__CvAU4yUezM7qJ1UQtIryz1QnaA', '2026-06-17 11:44:57'),
(85, 1, 1, '/prestashop.sg/img/p/2/4/8/248-small_default.jpg', 'http://localhost/prestashop.sg/admin8680wjnojvo4se3zg4a/sell/catalog/products/?_token=74b0398af089b79dba9660425.2H0CSsDvwq1sZi1WKNwjT3JIfegkSKelS55OqWdzgbw.iA9bFanbteYoFE8ifupvJUUMSdtnGp__CvAU4yUezM7qJ1UQtIryz1QnaA', '2026-06-17 11:44:57'),
(86, 1, 1, '/prestashop.sg/img/p/7/0/6/706-small_default.jpg', 'http://localhost/prestashop.sg/admin8680wjnojvo4se3zg4a/sell/catalog/products/?_token=74b0398af089b79dba9660425.2H0CSsDvwq1sZi1WKNwjT3JIfegkSKelS55OqWdzgbw.iA9bFanbteYoFE8ifupvJUUMSdtnGp__CvAU4yUezM7qJ1UQtIryz1QnaA', '2026-06-17 12:14:57'),
(87, 1, 1, '/prestashop.sg/img/p/7/1/2/712-small_default.jpg', 'http://localhost/prestashop.sg/admin8680wjnojvo4se3zg4a/sell/catalog/products/?_token=74b0398af089b79dba9660425.2H0CSsDvwq1sZi1WKNwjT3JIfegkSKelS55OqWdzgbw.iA9bFanbteYoFE8ifupvJUUMSdtnGp__CvAU4yUezM7qJ1UQtIryz1QnaA', '2026-06-17 12:14:58'),
(88, 1, 1, '/prestashop.sg/img/p/7/1/4/714-small_default.jpg', 'http://localhost/prestashop.sg/admin8680wjnojvo4se3zg4a/sell/catalog/products/?_token=74b0398af089b79dba9660425.2H0CSsDvwq1sZi1WKNwjT3JIfegkSKelS55OqWdzgbw.iA9bFanbteYoFE8ifupvJUUMSdtnGp__CvAU4yUezM7qJ1UQtIryz1QnaA', '2026-06-17 12:14:58'),
(89, 1, 1, '/prestashop.sg/img/p/7/1/7/717-small_default.jpg', 'http://localhost/prestashop.sg/admin8680wjnojvo4se3zg4a/sell/catalog/products/?_token=74b0398af089b79dba9660425.2H0CSsDvwq1sZi1WKNwjT3JIfegkSKelS55OqWdzgbw.iA9bFanbteYoFE8ifupvJUUMSdtnGp__CvAU4yUezM7qJ1UQtIryz1QnaA', '2026-06-17 12:14:59'),
(90, 1, 1, '/prestashop.sg/img/p/7/1/5/715-small_default.jpg', 'http://localhost/prestashop.sg/admin8680wjnojvo4se3zg4a/sell/catalog/products/?_token=74b0398af089b79dba9660425.2H0CSsDvwq1sZi1WKNwjT3JIfegkSKelS55OqWdzgbw.iA9bFanbteYoFE8ifupvJUUMSdtnGp__CvAU4yUezM7qJ1UQtIryz1QnaA', '2026-06-17 12:14:59'),
(91, 1, 1, '/prestashop.sg/img/p/7/1/6/716-small_default.jpg', 'http://localhost/prestashop.sg/admin8680wjnojvo4se3zg4a/sell/catalog/products/?_token=74b0398af089b79dba9660425.2H0CSsDvwq1sZi1WKNwjT3JIfegkSKelS55OqWdzgbw.iA9bFanbteYoFE8ifupvJUUMSdtnGp__CvAU4yUezM7qJ1UQtIryz1QnaA', '2026-06-17 12:14:59'),
(92, 1, 1, '/prestashop.sg/img/p/6/0/5/605-small_default.jpg', 'http://localhost/prestashop.sg/admin8680wjnojvo4se3zg4a/sell/catalog/products/?_token=74b0398af089b79dba9660425.2H0CSsDvwq1sZi1WKNwjT3JIfegkSKelS55OqWdzgbw.iA9bFanbteYoFE8ifupvJUUMSdtnGp__CvAU4yUezM7qJ1UQtIryz1QnaA', '2026-06-17 12:14:59'),
(93, 1, 1, '/prestashop.sg/img/p/7/2/2/722-small_default.jpg', 'http://localhost/prestashop.sg/admin8680wjnojvo4se3zg4a/sell/catalog/products/?_token=74b0398af089b79dba9660425.2H0CSsDvwq1sZi1WKNwjT3JIfegkSKelS55OqWdzgbw.iA9bFanbteYoFE8ifupvJUUMSdtnGp__CvAU4yUezM7qJ1UQtIryz1QnaA', '2026-06-17 12:15:01'),
(94, 1, 1, '/prestashop.sg/img/p/7/1/9/719-small_default.jpg', 'http://localhost/prestashop.sg/admin8680wjnojvo4se3zg4a/sell/catalog/products/?_token=74b0398af089b79dba9660425.2H0CSsDvwq1sZi1WKNwjT3JIfegkSKelS55OqWdzgbw.iA9bFanbteYoFE8ifupvJUUMSdtnGp__CvAU4yUezM7qJ1UQtIryz1QnaA', '2026-06-17 12:15:01'),
(95, 1, 1, '/prestashop.sg/img/p/7/2/5/725-small_default.jpg', 'http://localhost/prestashop.sg/admin8680wjnojvo4se3zg4a/sell/catalog/products/?_token=74b0398af089b79dba9660425.2H0CSsDvwq1sZi1WKNwjT3JIfegkSKelS55OqWdzgbw.iA9bFanbteYoFE8ifupvJUUMSdtnGp__CvAU4yUezM7qJ1UQtIryz1QnaA', '2026-06-17 12:15:01'),
(96, 1, 1, '/prestashop.sg/img/p/7/2/6/726-small_default.jpg', 'http://localhost/prestashop.sg/admin8680wjnojvo4se3zg4a/sell/catalog/products/?_token=74b0398af089b79dba9660425.2H0CSsDvwq1sZi1WKNwjT3JIfegkSKelS55OqWdzgbw.iA9bFanbteYoFE8ifupvJUUMSdtnGp__CvAU4yUezM7qJ1UQtIryz1QnaA', '2026-06-17 12:15:02'),
(97, 1, 1, '/prestashop.sg/img/p/7/0/7/707-small_default.jpg', 'http://localhost/prestashop.sg/admin8680wjnojvo4se3zg4a/sell/catalog/products/?_token=74b0398af089b79dba9660425.2H0CSsDvwq1sZi1WKNwjT3JIfegkSKelS55OqWdzgbw.iA9bFanbteYoFE8ifupvJUUMSdtnGp__CvAU4yUezM7qJ1UQtIryz1QnaA', '2026-06-17 12:15:02'),
(98, 1, 1, '/prestashop.sg/img/p/5/5/7/557-small_default.jpg', 'http://localhost/prestashop.sg/admin8680wjnojvo4se3zg4a/sell/catalog/products/?_token=74b0398af089b79dba9660425.2H0CSsDvwq1sZi1WKNwjT3JIfegkSKelS55OqWdzgbw.iA9bFanbteYoFE8ifupvJUUMSdtnGp__CvAU4yUezM7qJ1UQtIryz1QnaA', '2026-06-17 12:15:02'),
(99, 1, 1, '/prestashop.sg/img/p/5/5/8/558-small_default.jpg', 'http://localhost/prestashop.sg/admin8680wjnojvo4se3zg4a/sell/catalog/products/?_token=74b0398af089b79dba9660425.2H0CSsDvwq1sZi1WKNwjT3JIfegkSKelS55OqWdzgbw.iA9bFanbteYoFE8ifupvJUUMSdtnGp__CvAU4yUezM7qJ1UQtIryz1QnaA', '2026-06-17 12:15:03'),
(100, 1, 1, '/prestashop.sg/img/p/5/5/6/556-small_default.jpg', 'http://localhost/prestashop.sg/admin8680wjnojvo4se3zg4a/sell/catalog/products/?_token=74b0398af089b79dba9660425.2H0CSsDvwq1sZi1WKNwjT3JIfegkSKelS55OqWdzgbw.iA9bFanbteYoFE8ifupvJUUMSdtnGp__CvAU4yUezM7qJ1UQtIryz1QnaA', '2026-06-17 12:15:03'),
(101, 1, 1, '/prestashop.sg/img/p/5/5/4/554-small_default.jpg', 'http://localhost/prestashop.sg/admin8680wjnojvo4se3zg4a/sell/catalog/products/?_token=74b0398af089b79dba9660425.2H0CSsDvwq1sZi1WKNwjT3JIfegkSKelS55OqWdzgbw.iA9bFanbteYoFE8ifupvJUUMSdtnGp__CvAU4yUezM7qJ1UQtIryz1QnaA', '2026-06-17 12:15:03'),
(102, 1, 1, '/prestashop.sg/img/p/5/5/3/553-small_default.jpg', 'http://localhost/prestashop.sg/admin8680wjnojvo4se3zg4a/sell/catalog/products/?_token=74b0398af089b79dba9660425.2H0CSsDvwq1sZi1WKNwjT3JIfegkSKelS55OqWdzgbw.iA9bFanbteYoFE8ifupvJUUMSdtnGp__CvAU4yUezM7qJ1UQtIryz1QnaA', '2026-06-17 12:15:03'),
(103, 1, 1, '/prestashop.sg/img/p/5/5/5/555-small_default.jpg', 'http://localhost/prestashop.sg/admin8680wjnojvo4se3zg4a/sell/catalog/products/?_token=74b0398af089b79dba9660425.2H0CSsDvwq1sZi1WKNwjT3JIfegkSKelS55OqWdzgbw.iA9bFanbteYoFE8ifupvJUUMSdtnGp__CvAU4yUezM7qJ1UQtIryz1QnaA', '2026-06-17 12:15:03'),
(104, 1, 1, '/prestashop.sg/img/p/5/5/2/552-small_default.jpg', 'http://localhost/prestashop.sg/admin8680wjnojvo4se3zg4a/sell/catalog/products/?_token=74b0398af089b79dba9660425.2H0CSsDvwq1sZi1WKNwjT3JIfegkSKelS55OqWdzgbw.iA9bFanbteYoFE8ifupvJUUMSdtnGp__CvAU4yUezM7qJ1UQtIryz1QnaA', '2026-06-17 12:15:03'),
(105, 1, 1, '/prestashop.sg/img/p/5/5/1/551-small_default.jpg', 'http://localhost/prestashop.sg/admin8680wjnojvo4se3zg4a/sell/catalog/products/?_token=74b0398af089b79dba9660425.2H0CSsDvwq1sZi1WKNwjT3JIfegkSKelS55OqWdzgbw.iA9bFanbteYoFE8ifupvJUUMSdtnGp__CvAU4yUezM7qJ1UQtIryz1QnaA', '2026-06-17 12:15:04'),
(106, 1, 1, '/prestashop.sg/img/p/5/5/6/556-small_default.jpg', 'http://localhost/prestashop.sg/admin8680wjnojvo4se3zg4a/sell/catalog/products/?_token=74b0398af089b79dba9660425.2H0CSsDvwq1sZi1WKNwjT3JIfegkSKelS55OqWdzgbw.iA9bFanbteYoFE8ifupvJUUMSdtnGp__CvAU4yUezM7qJ1UQtIryz1QnaA', '2026-06-17 12:15:11'),
(107, 1, 1, '/prestashop.sg/img/p/7/1/2/712-small_default.jpg', 'http://localhost/prestashop.sg/admin8680wjnojvo4se3zg4a/sell/catalog/products/?_token=74b0398af089b79dba9660425.2H0CSsDvwq1sZi1WKNwjT3JIfegkSKelS55OqWdzgbw.iA9bFanbteYoFE8ifupvJUUMSdtnGp__CvAU4yUezM7qJ1UQtIryz1QnaA', '2026-06-17 12:15:12'),
(108, 1, 1, '/prestashop.sg/img/p/5/5/7/557-small_default.jpg', 'http://localhost/prestashop.sg/admin8680wjnojvo4se3zg4a/sell/catalog/products/?_token=74b0398af089b79dba9660425.2H0CSsDvwq1sZi1WKNwjT3JIfegkSKelS55OqWdzgbw.iA9bFanbteYoFE8ifupvJUUMSdtnGp__CvAU4yUezM7qJ1UQtIryz1QnaA', '2026-06-17 12:15:12'),
(109, 1, 1, '/prestashop.sg/img/p/7/0/6/706-small_default.jpg', 'http://localhost/prestashop.sg/admin8680wjnojvo4se3zg4a/sell/catalog/products/?_token=74b0398af089b79dba9660425.2H0CSsDvwq1sZi1WKNwjT3JIfegkSKelS55OqWdzgbw.iA9bFanbteYoFE8ifupvJUUMSdtnGp__CvAU4yUezM7qJ1UQtIryz1QnaA', '2026-06-17 12:15:12'),
(110, 1, 1, '/prestashop.sg/img/p/7/0/7/707-small_default.jpg', 'http://localhost/prestashop.sg/admin8680wjnojvo4se3zg4a/sell/catalog/products/?_token=74b0398af089b79dba9660425.2H0CSsDvwq1sZi1WKNwjT3JIfegkSKelS55OqWdzgbw.iA9bFanbteYoFE8ifupvJUUMSdtnGp__CvAU4yUezM7qJ1UQtIryz1QnaA', '2026-06-17 12:15:13'),
(111, 1, 1, '/prestashop.sg/img/p/5/5/8/558-small_default.jpg', 'http://localhost/prestashop.sg/admin8680wjnojvo4se3zg4a/sell/catalog/products/?_token=74b0398af089b79dba9660425.2H0CSsDvwq1sZi1WKNwjT3JIfegkSKelS55OqWdzgbw.iA9bFanbteYoFE8ifupvJUUMSdtnGp__CvAU4yUezM7qJ1UQtIryz1QnaA', '2026-06-17 12:15:13'),
(112, 1, 1, '/prestashop.sg/img/p/5/5/5/555-small_default.jpg', 'http://localhost/prestashop.sg/admin8680wjnojvo4se3zg4a/sell/catalog/products/?_token=74b0398af089b79dba9660425.2H0CSsDvwq1sZi1WKNwjT3JIfegkSKelS55OqWdzgbw.iA9bFanbteYoFE8ifupvJUUMSdtnGp__CvAU4yUezM7qJ1UQtIryz1QnaA', '2026-06-17 12:15:14'),
(113, 1, 1, '/prestashop.sg/img/p/5/5/3/553-small_default.jpg', 'http://localhost/prestashop.sg/admin8680wjnojvo4se3zg4a/sell/catalog/products/?_token=74b0398af089b79dba9660425.2H0CSsDvwq1sZi1WKNwjT3JIfegkSKelS55OqWdzgbw.iA9bFanbteYoFE8ifupvJUUMSdtnGp__CvAU4yUezM7qJ1UQtIryz1QnaA', '2026-06-17 12:15:15'),
(114, 1, 1, '/prestashop.sg/img/p/5/5/4/554-small_default.jpg', 'http://localhost/prestashop.sg/admin8680wjnojvo4se3zg4a/sell/catalog/products/?_token=74b0398af089b79dba9660425.2H0CSsDvwq1sZi1WKNwjT3JIfegkSKelS55OqWdzgbw.iA9bFanbteYoFE8ifupvJUUMSdtnGp__CvAU4yUezM7qJ1UQtIryz1QnaA', '2026-06-17 12:15:15'),
(115, 1, 1, '/prestashop.sg/img/p/5/5/2/552-small_default.jpg', 'http://localhost/prestashop.sg/admin8680wjnojvo4se3zg4a/sell/catalog/products/?_token=74b0398af089b79dba9660425.2H0CSsDvwq1sZi1WKNwjT3JIfegkSKelS55OqWdzgbw.iA9bFanbteYoFE8ifupvJUUMSdtnGp__CvAU4yUezM7qJ1UQtIryz1QnaA', '2026-06-17 12:15:15'),
(116, 1, 1, '/prestashop.sg/img/p/5/5/1/551-small_default.jpg', 'http://localhost/prestashop.sg/admin8680wjnojvo4se3zg4a/sell/catalog/products/?_token=74b0398af089b79dba9660425.2H0CSsDvwq1sZi1WKNwjT3JIfegkSKelS55OqWdzgbw.iA9bFanbteYoFE8ifupvJUUMSdtnGp__CvAU4yUezM7qJ1UQtIryz1QnaA', '2026-06-17 12:15:16'),
(117, 1, 1, '/prestashop.sg/img/p/5/4/9/549-small_default.jpg', 'http://localhost/prestashop.sg/admin8680wjnojvo4se3zg4a/sell/catalog/products/?_token=74b0398af089b79dba9660425.2H0CSsDvwq1sZi1WKNwjT3JIfegkSKelS55OqWdzgbw.iA9bFanbteYoFE8ifupvJUUMSdtnGp__CvAU4yUezM7qJ1UQtIryz1QnaA', '2026-06-17 12:15:16'),
(118, 1, 1, '/prestashop.sg/img/p/5/5/0/550-small_default.jpg', 'http://localhost/prestashop.sg/admin8680wjnojvo4se3zg4a/sell/catalog/products/?_token=74b0398af089b79dba9660425.2H0CSsDvwq1sZi1WKNwjT3JIfegkSKelS55OqWdzgbw.iA9bFanbteYoFE8ifupvJUUMSdtnGp__CvAU4yUezM7qJ1UQtIryz1QnaA', '2026-06-17 12:15:16'),
(119, 1, 1, '/prestashop.sg/img/p/5/4/8/548-small_default.jpg', 'http://localhost/prestashop.sg/admin8680wjnojvo4se3zg4a/sell/catalog/products/?_token=74b0398af089b79dba9660425.2H0CSsDvwq1sZi1WKNwjT3JIfegkSKelS55OqWdzgbw.iA9bFanbteYoFE8ifupvJUUMSdtnGp__CvAU4yUezM7qJ1UQtIryz1QnaA', '2026-06-17 12:15:17'),
(120, 1, 1, '/prestashop.sg/img/p/5/6/5/565-small_default.jpg', 'http://localhost/prestashop.sg/admin8680wjnojvo4se3zg4a/sell/catalog/products/?_token=74b0398af089b79dba9660425.2H0CSsDvwq1sZi1WKNwjT3JIfegkSKelS55OqWdzgbw.iA9bFanbteYoFE8ifupvJUUMSdtnGp__CvAU4yUezM7qJ1UQtIryz1QnaA', '2026-06-17 12:15:18'),
(121, 1, 1, '/prestashop.sg/img/p/2/9/3/293-small_default.jpg', 'http://localhost/prestashop.sg/admin8680wjnojvo4se3zg4a/sell/catalog/products/?_token=74b0398af089b79dba9660425.2H0CSsDvwq1sZi1WKNwjT3JIfegkSKelS55OqWdzgbw.iA9bFanbteYoFE8ifupvJUUMSdtnGp__CvAU4yUezM7qJ1UQtIryz1QnaA', '2026-06-17 12:15:18'),
(122, 1, 1, '/prestashop.sg/img/p/5/6/0/560-small_default.jpg', 'http://localhost/prestashop.sg/admin8680wjnojvo4se3zg4a/sell/catalog/products/?_token=74b0398af089b79dba9660425.2H0CSsDvwq1sZi1WKNwjT3JIfegkSKelS55OqWdzgbw.iA9bFanbteYoFE8ifupvJUUMSdtnGp__CvAU4yUezM7qJ1UQtIryz1QnaA', '2026-06-17 12:15:18'),
(123, 2, 1, '/prestashop.co.uk/img/p/7/1/6/716-small_default.jpg', 'http://localhost/prestashop.sg/admin8680wjnojvo4se3zg4a/sell/catalog/products/?_token=74b0398af089b79dba9660425.2H0CSsDvwq1sZi1WKNwjT3JIfegkSKelS55OqWdzgbw.iA9bFanbteYoFE8ifupvJUUMSdtnGp__CvAU4yUezM7qJ1UQtIryz1QnaA', '2026-06-17 12:15:19'),
(124, 1, 1, '/prestashop.sg/img/p/7/0/5/705-small_default.jpg', 'http://localhost/prestashop.sg/admin8680wjnojvo4se3zg4a/sell/catalog/products/?_token=74b0398af089b79dba9660425.2H0CSsDvwq1sZi1WKNwjT3JIfegkSKelS55OqWdzgbw.iA9bFanbteYoFE8ifupvJUUMSdtnGp__CvAU4yUezM7qJ1UQtIryz1QnaA', '2026-06-17 12:15:19'),
(125, 2, 1, '/prestashop.co.uk/img/p/6/0/5/605-small_default.jpg', 'http://localhost/prestashop.sg/admin8680wjnojvo4se3zg4a/sell/catalog/products/?_token=74b0398af089b79dba9660425.2H0CSsDvwq1sZi1WKNwjT3JIfegkSKelS55OqWdzgbw.iA9bFanbteYoFE8ifupvJUUMSdtnGp__CvAU4yUezM7qJ1UQtIryz1QnaA', '2026-06-17 12:15:19'),
(126, 1, 1, '/prestashop.sg/img/p/7/1/1/711-small_default.jpg', 'http://localhost/prestashop.sg/admin8680wjnojvo4se3zg4a/sell/catalog/products/?_token=74b0398af089b79dba9660425.2H0CSsDvwq1sZi1WKNwjT3JIfegkSKelS55OqWdzgbw.iA9bFanbteYoFE8ifupvJUUMSdtnGp__CvAU4yUezM7qJ1UQtIryz1QnaA', '2026-06-17 12:15:19'),
(127, 2, 1, '/prestashop.co.uk/img/p/7/2/2/722-small_default.jpg', 'http://localhost/prestashop.sg/admin8680wjnojvo4se3zg4a/sell/catalog/products/?_token=74b0398af089b79dba9660425.2H0CSsDvwq1sZi1WKNwjT3JIfegkSKelS55OqWdzgbw.iA9bFanbteYoFE8ifupvJUUMSdtnGp__CvAU4yUezM7qJ1UQtIryz1QnaA', '2026-06-17 12:15:20'),
(128, 2, 1, '/prestashop.co.uk/img/p/7/1/4/714-small_default.jpg', 'http://localhost/prestashop.sg/admin8680wjnojvo4se3zg4a/sell/catalog/products/?_token=74b0398af089b79dba9660425.2H0CSsDvwq1sZi1WKNwjT3JIfegkSKelS55OqWdzgbw.iA9bFanbteYoFE8ifupvJUUMSdtnGp__CvAU4yUezM7qJ1UQtIryz1QnaA', '2026-06-17 12:15:20'),
(129, 2, 1, '/prestashop.co.uk/img/p/7/1/5/715-small_default.jpg', 'http://localhost/prestashop.sg/admin8680wjnojvo4se3zg4a/sell/catalog/products/?_token=74b0398af089b79dba9660425.2H0CSsDvwq1sZi1WKNwjT3JIfegkSKelS55OqWdzgbw.iA9bFanbteYoFE8ifupvJUUMSdtnGp__CvAU4yUezM7qJ1UQtIryz1QnaA', '2026-06-17 12:15:20'),
(130, 2, 1, '/prestashop.co.uk/img/p/7/1/7/717-small_default.jpg', 'http://localhost/prestashop.sg/admin8680wjnojvo4se3zg4a/sell/catalog/products/?_token=74b0398af089b79dba9660425.2H0CSsDvwq1sZi1WKNwjT3JIfegkSKelS55OqWdzgbw.iA9bFanbteYoFE8ifupvJUUMSdtnGp__CvAU4yUezM7qJ1UQtIryz1QnaA', '2026-06-17 12:15:20'),
(131, 2, 1, '/prestashop.co.uk/img/p/7/2/5/725-small_default.jpg', 'http://localhost/prestashop.sg/admin8680wjnojvo4se3zg4a/sell/catalog/products/?_token=74b0398af089b79dba9660425.2H0CSsDvwq1sZi1WKNwjT3JIfegkSKelS55OqWdzgbw.iA9bFanbteYoFE8ifupvJUUMSdtnGp__CvAU4yUezM7qJ1UQtIryz1QnaA', '2026-06-17 12:15:21'),
(132, 2, 1, '/prestashop.co.uk/img/p/7/2/0/720-small_default.jpg', 'http://localhost/prestashop.sg/admin8680wjnojvo4se3zg4a/sell/catalog/products/?_token=74b0398af089b79dba9660425.2H0CSsDvwq1sZi1WKNwjT3JIfegkSKelS55OqWdzgbw.iA9bFanbteYoFE8ifupvJUUMSdtnGp__CvAU4yUezM7qJ1UQtIryz1QnaA', '2026-06-17 12:15:21'),
(133, 2, 1, '/prestashop.co.uk/img/p/7/1/9/719-small_default.jpg', 'http://localhost/prestashop.sg/admin8680wjnojvo4se3zg4a/sell/catalog/products/?_token=74b0398af089b79dba9660425.2H0CSsDvwq1sZi1WKNwjT3JIfegkSKelS55OqWdzgbw.iA9bFanbteYoFE8ifupvJUUMSdtnGp__CvAU4yUezM7qJ1UQtIryz1QnaA', '2026-06-17 12:15:22'),
(134, 2, 1, '/prestashop.co.uk/img/p/5/4/1/541-small_default.jpg', 'http://localhost/prestashop.sg/admin8680wjnojvo4se3zg4a/sell/catalog/products/?_token=74b0398af089b79dba9660425.2H0CSsDvwq1sZi1WKNwjT3JIfegkSKelS55OqWdzgbw.iA9bFanbteYoFE8ifupvJUUMSdtnGp__CvAU4yUezM7qJ1UQtIryz1QnaA', '2026-06-17 12:15:22'),
(135, 2, 1, '/prestashop.co.uk/img/p/7/2/6/726-small_default.jpg', 'http://localhost/prestashop.sg/admin8680wjnojvo4se3zg4a/sell/catalog/products/?_token=74b0398af089b79dba9660425.2H0CSsDvwq1sZi1WKNwjT3JIfegkSKelS55OqWdzgbw.iA9bFanbteYoFE8ifupvJUUMSdtnGp__CvAU4yUezM7qJ1UQtIryz1QnaA', '2026-06-17 12:15:22'),
(136, 2, 1, '/prestashop.co.uk/img/p/7/2/1/721-small_default.jpg', 'http://localhost/prestashop.sg/admin8680wjnojvo4se3zg4a/sell/catalog/products/?_token=74b0398af089b79dba9660425.2H0CSsDvwq1sZi1WKNwjT3JIfegkSKelS55OqWdzgbw.iA9bFanbteYoFE8ifupvJUUMSdtnGp__CvAU4yUezM7qJ1UQtIryz1QnaA', '2026-06-17 12:15:23'),
(137, 2, 1, '/prestashop.co.uk/img/p/3/5/1/351-small_default.jpg', 'http://localhost/prestashop.sg/admin8680wjnojvo4se3zg4a/sell/catalog/products/?_token=74b0398af089b79dba9660425.2H0CSsDvwq1sZi1WKNwjT3JIfegkSKelS55OqWdzgbw.iA9bFanbteYoFE8ifupvJUUMSdtnGp__CvAU4yUezM7qJ1UQtIryz1QnaA', '2026-06-17 12:15:23'),
(138, 2, 1, '/prestashop.co.uk/img/p/3/5/0/350-small_default.jpg', 'http://localhost/prestashop.sg/admin8680wjnojvo4se3zg4a/sell/catalog/products/?_token=74b0398af089b79dba9660425.2H0CSsDvwq1sZi1WKNwjT3JIfegkSKelS55OqWdzgbw.iA9bFanbteYoFE8ifupvJUUMSdtnGp__CvAU4yUezM7qJ1UQtIryz1QnaA', '2026-06-17 12:15:23'),
(139, 2, 1, '/prestashop.co.uk/img/p/3/4/9/349-small_default.jpg', 'http://localhost/prestashop.sg/admin8680wjnojvo4se3zg4a/sell/catalog/products/?_token=74b0398af089b79dba9660425.2H0CSsDvwq1sZi1WKNwjT3JIfegkSKelS55OqWdzgbw.iA9bFanbteYoFE8ifupvJUUMSdtnGp__CvAU4yUezM7qJ1UQtIryz1QnaA', '2026-06-17 12:15:24'),
(140, 2, 1, '/prestashop.co.uk/img/p/3/4/6/346-small_default.jpg', 'http://localhost/prestashop.sg/admin8680wjnojvo4se3zg4a/sell/catalog/products/?_token=74b0398af089b79dba9660425.2H0CSsDvwq1sZi1WKNwjT3JIfegkSKelS55OqWdzgbw.iA9bFanbteYoFE8ifupvJUUMSdtnGp__CvAU4yUezM7qJ1UQtIryz1QnaA', '2026-06-17 12:15:24'),
(141, 2, 1, '/prestashop.co.uk/img/p/3/4/8/348-small_default.jpg', 'http://localhost/prestashop.sg/admin8680wjnojvo4se3zg4a/sell/catalog/products/?_token=74b0398af089b79dba9660425.2H0CSsDvwq1sZi1WKNwjT3JIfegkSKelS55OqWdzgbw.iA9bFanbteYoFE8ifupvJUUMSdtnGp__CvAU4yUezM7qJ1UQtIryz1QnaA', '2026-06-17 12:15:24'),
(142, 2, 1, '/prestashop.co.uk/img/p/3/4/5/345-small_default.jpg', 'http://localhost/prestashop.sg/admin8680wjnojvo4se3zg4a/sell/catalog/products/?_token=74b0398af089b79dba9660425.2H0CSsDvwq1sZi1WKNwjT3JIfegkSKelS55OqWdzgbw.iA9bFanbteYoFE8ifupvJUUMSdtnGp__CvAU4yUezM7qJ1UQtIryz1QnaA', '2026-06-17 12:15:24'),
(143, 2, 1, '/prestashop.co.uk/img/p/3/4/7/347-small_default.jpg', 'http://localhost/prestashop.sg/admin8680wjnojvo4se3zg4a/sell/catalog/products/?_token=74b0398af089b79dba9660425.2H0CSsDvwq1sZi1WKNwjT3JIfegkSKelS55OqWdzgbw.iA9bFanbteYoFE8ifupvJUUMSdtnGp__CvAU4yUezM7qJ1UQtIryz1QnaA', '2026-06-17 12:15:24'),
(144, 2, 1, '/prestashop.co.uk/img/p/3/4/4/344-small_default.jpg', 'http://localhost/prestashop.sg/admin8680wjnojvo4se3zg4a/sell/catalog/products/?_token=74b0398af089b79dba9660425.2H0CSsDvwq1sZi1WKNwjT3JIfegkSKelS55OqWdzgbw.iA9bFanbteYoFE8ifupvJUUMSdtnGp__CvAU4yUezM7qJ1UQtIryz1QnaA', '2026-06-17 12:15:25'),
(145, 1, 1, '/prestashop.sg/img/p/7/1/4/714-small_default.jpg', 'http://localhost/prestashop.sg/admin8680wjnojvo4se3zg4a/sell/catalog/products/?_token=74b0398af089b79dba9660425.2H0CSsDvwq1sZi1WKNwjT3JIfegkSKelS55OqWdzgbw.iA9bFanbteYoFE8ifupvJUUMSdtnGp__CvAU4yUezM7qJ1UQtIryz1QnaA', '2026-06-17 12:15:26'),
(146, 1, 1, '/prestashop.sg/img/p/7/1/6/716-small_default.jpg', 'http://localhost/prestashop.sg/admin8680wjnojvo4se3zg4a/sell/catalog/products/?_token=74b0398af089b79dba9660425.2H0CSsDvwq1sZi1WKNwjT3JIfegkSKelS55OqWdzgbw.iA9bFanbteYoFE8ifupvJUUMSdtnGp__CvAU4yUezM7qJ1UQtIryz1QnaA', '2026-06-17 12:15:27'),
(147, 1, 1, '/prestashop.sg/img/p/7/1/5/715-small_default.jpg', 'http://localhost/prestashop.sg/admin8680wjnojvo4se3zg4a/sell/catalog/products/?_token=74b0398af089b79dba9660425.2H0CSsDvwq1sZi1WKNwjT3JIfegkSKelS55OqWdzgbw.iA9bFanbteYoFE8ifupvJUUMSdtnGp__CvAU4yUezM7qJ1UQtIryz1QnaA', '2026-06-17 12:15:27'),
(148, 1, 1, '/prestashop.sg/img/p/7/0/6/706-small_default.jpg', 'http://localhost/prestashop.sg/admin8680wjnojvo4se3zg4a/sell/catalog/products/?_token=74b0398af089b79dba9660425.2H0CSsDvwq1sZi1WKNwjT3JIfegkSKelS55OqWdzgbw.iA9bFanbteYoFE8ifupvJUUMSdtnGp__CvAU4yUezM7qJ1UQtIryz1QnaA', '2026-06-17 12:15:28'),
(149, 1, 1, '/prestashop.sg/img/p/7/1/2/712-small_default.jpg', 'http://localhost/prestashop.sg/admin8680wjnojvo4se3zg4a/sell/catalog/products/?_token=74b0398af089b79dba9660425.2H0CSsDvwq1sZi1WKNwjT3JIfegkSKelS55OqWdzgbw.iA9bFanbteYoFE8ifupvJUUMSdtnGp__CvAU4yUezM7qJ1UQtIryz1QnaA', '2026-06-17 12:15:28'),
(150, 1, 1, '/prestashop.sg/img/p/7/1/7/717-small_default.jpg', 'http://localhost/prestashop.sg/admin8680wjnojvo4se3zg4a/sell/catalog/products/?_token=74b0398af089b79dba9660425.2H0CSsDvwq1sZi1WKNwjT3JIfegkSKelS55OqWdzgbw.iA9bFanbteYoFE8ifupvJUUMSdtnGp__CvAU4yUezM7qJ1UQtIryz1QnaA', '2026-06-17 12:15:28'),
(151, 1, 1, '/prestashop.sg/img/p/6/0/5/605-small_default.jpg', 'http://localhost/prestashop.sg/admin8680wjnojvo4se3zg4a/sell/catalog/products/?_token=74b0398af089b79dba9660425.2H0CSsDvwq1sZi1WKNwjT3JIfegkSKelS55OqWdzgbw.iA9bFanbteYoFE8ifupvJUUMSdtnGp__CvAU4yUezM7qJ1UQtIryz1QnaA', '2026-06-17 12:15:30'),
(152, 1, 1, '/prestashop.sg/img/p/7/2/2/722-small_default.jpg', 'http://localhost/prestashop.sg/admin8680wjnojvo4se3zg4a/sell/catalog/products/?_token=74b0398af089b79dba9660425.2H0CSsDvwq1sZi1WKNwjT3JIfegkSKelS55OqWdzgbw.iA9bFanbteYoFE8ifupvJUUMSdtnGp__CvAU4yUezM7qJ1UQtIryz1QnaA', '2026-06-17 12:15:30'),
(153, 1, 1, '/prestashop.sg/img/p/7/1/9/719-small_default.jpg', 'http://localhost/prestashop.sg/admin8680wjnojvo4se3zg4a/sell/catalog/products/?_token=74b0398af089b79dba9660425.2H0CSsDvwq1sZi1WKNwjT3JIfegkSKelS55OqWdzgbw.iA9bFanbteYoFE8ifupvJUUMSdtnGp__CvAU4yUezM7qJ1UQtIryz1QnaA', '2026-06-17 12:15:31'),
(154, 1, 1, '/prestashop.sg/img/p/7/2/6/726-small_default.jpg', 'http://localhost/prestashop.sg/admin8680wjnojvo4se3zg4a/sell/catalog/products/?_token=74b0398af089b79dba9660425.2H0CSsDvwq1sZi1WKNwjT3JIfegkSKelS55OqWdzgbw.iA9bFanbteYoFE8ifupvJUUMSdtnGp__CvAU4yUezM7qJ1UQtIryz1QnaA', '2026-06-17 12:15:31'),
(155, 1, 1, '/prestashop.sg/img/p/7/2/5/725-small_default.jpg', 'http://localhost/prestashop.sg/admin8680wjnojvo4se3zg4a/sell/catalog/products/?_token=74b0398af089b79dba9660425.2H0CSsDvwq1sZi1WKNwjT3JIfegkSKelS55OqWdzgbw.iA9bFanbteYoFE8ifupvJUUMSdtnGp__CvAU4yUezM7qJ1UQtIryz1QnaA', '2026-06-17 12:15:31'),
(156, 1, 1, '/prestashop.sg/img/p/5/5/7/557-small_default.jpg', 'http://localhost/prestashop.sg/admin8680wjnojvo4se3zg4a/sell/catalog/products/?_token=74b0398af089b79dba9660425.2H0CSsDvwq1sZi1WKNwjT3JIfegkSKelS55OqWdzgbw.iA9bFanbteYoFE8ifupvJUUMSdtnGp__CvAU4yUezM7qJ1UQtIryz1QnaA', '2026-06-17 12:15:31'),
(157, 1, 1, '/prestashop.sg/img/p/5/5/6/556-small_default.jpg', 'http://localhost/prestashop.sg/admin8680wjnojvo4se3zg4a/sell/catalog/products/?_token=74b0398af089b79dba9660425.2H0CSsDvwq1sZi1WKNwjT3JIfegkSKelS55OqWdzgbw.iA9bFanbteYoFE8ifupvJUUMSdtnGp__CvAU4yUezM7qJ1UQtIryz1QnaA', '2026-06-17 12:15:32'),
(158, 1, 1, '/prestashop.sg/img/p/7/0/7/707-small_default.jpg', 'http://localhost/prestashop.sg/admin8680wjnojvo4se3zg4a/sell/catalog/products/?_token=74b0398af089b79dba9660425.2H0CSsDvwq1sZi1WKNwjT3JIfegkSKelS55OqWdzgbw.iA9bFanbteYoFE8ifupvJUUMSdtnGp__CvAU4yUezM7qJ1UQtIryz1QnaA', '2026-06-17 12:15:32'),
(159, 1, 1, '/prestashop.sg/img/p/5/5/8/558-small_default.jpg', 'http://localhost/prestashop.sg/admin8680wjnojvo4se3zg4a/sell/catalog/products/?_token=74b0398af089b79dba9660425.2H0CSsDvwq1sZi1WKNwjT3JIfegkSKelS55OqWdzgbw.iA9bFanbteYoFE8ifupvJUUMSdtnGp__CvAU4yUezM7qJ1UQtIryz1QnaA', '2026-06-17 12:15:32'),
(160, 1, 1, '/prestashop.sg/img/p/5/5/1/551-small_default.jpg', 'http://localhost/prestashop.sg/admin8680wjnojvo4se3zg4a/sell/catalog/products/?_token=74b0398af089b79dba9660425.2H0CSsDvwq1sZi1WKNwjT3JIfegkSKelS55OqWdzgbw.iA9bFanbteYoFE8ifupvJUUMSdtnGp__CvAU4yUezM7qJ1UQtIryz1QnaA', '2026-06-17 12:15:33'),
(161, 1, 1, '/prestashop.sg/img/p/5/5/3/553-small_default.jpg', 'http://localhost/prestashop.sg/admin8680wjnojvo4se3zg4a/sell/catalog/products/?_token=74b0398af089b79dba9660425.2H0CSsDvwq1sZi1WKNwjT3JIfegkSKelS55OqWdzgbw.iA9bFanbteYoFE8ifupvJUUMSdtnGp__CvAU4yUezM7qJ1UQtIryz1QnaA', '2026-06-17 12:15:33'),
(162, 1, 1, '/prestashop.sg/img/p/5/5/5/555-small_default.jpg', 'http://localhost/prestashop.sg/admin8680wjnojvo4se3zg4a/sell/catalog/products/?_token=74b0398af089b79dba9660425.2H0CSsDvwq1sZi1WKNwjT3JIfegkSKelS55OqWdzgbw.iA9bFanbteYoFE8ifupvJUUMSdtnGp__CvAU4yUezM7qJ1UQtIryz1QnaA', '2026-06-17 12:15:33'),
(163, 1, 1, '/prestashop.sg/img/p/5/5/2/552-small_default.jpg', 'http://localhost/prestashop.sg/admin8680wjnojvo4se3zg4a/sell/catalog/products/?_token=74b0398af089b79dba9660425.2H0CSsDvwq1sZi1WKNwjT3JIfegkSKelS55OqWdzgbw.iA9bFanbteYoFE8ifupvJUUMSdtnGp__CvAU4yUezM7qJ1UQtIryz1QnaA', '2026-06-17 12:15:34'),
(164, 1, 1, '/prestashop.sg/img/p/5/5/4/554-small_default.jpg', 'http://localhost/prestashop.sg/admin8680wjnojvo4se3zg4a/sell/catalog/products/?_token=74b0398af089b79dba9660425.2H0CSsDvwq1sZi1WKNwjT3JIfegkSKelS55OqWdzgbw.iA9bFanbteYoFE8ifupvJUUMSdtnGp__CvAU4yUezM7qJ1UQtIryz1QnaA', '2026-06-17 12:15:34'),
(165, 1, 1, '/prestashop.sg/img/p/7/0/6/706-small_default.jpg', 'http://localhost/prestashop.sg/admin8680wjnojvo4se3zg4a/sell/catalog/products/?_token=8af9e68f2647b293.rxHHxuMIN0Ntckw51nmy_0EmHQnsYTwtGRmX8_Ozed4._2OemYo8QAgpAC5NgE_-lXZiKTqvMwR3WHfNubHeNKydS5Ccl20HIVUzCQ', '2026-06-17 15:48:24'),
(166, 1, 1, '/prestashop.sg/img/p/5/5/8/558-small_default.jpg', 'http://localhost/prestashop.sg/admin8680wjnojvo4se3zg4a/sell/catalog/products/?_token=8af9e68f2647b293.rxHHxuMIN0Ntckw51nmy_0EmHQnsYTwtGRmX8_Ozed4._2OemYo8QAgpAC5NgE_-lXZiKTqvMwR3WHfNubHeNKydS5Ccl20HIVUzCQ', '2026-06-17 15:48:24'),
(167, 1, 1, '/prestashop.sg/img/p/7/1/2/712-small_default.jpg', 'http://localhost/prestashop.sg/admin8680wjnojvo4se3zg4a/sell/catalog/products/?_token=8af9e68f2647b293.rxHHxuMIN0Ntckw51nmy_0EmHQnsYTwtGRmX8_Ozed4._2OemYo8QAgpAC5NgE_-lXZiKTqvMwR3WHfNubHeNKydS5Ccl20HIVUzCQ', '2026-06-17 15:48:25'),
(168, 1, 1, '/prestashop.sg/img/p/7/0/7/707-small_default.jpg', 'http://localhost/prestashop.sg/admin8680wjnojvo4se3zg4a/sell/catalog/products/?_token=8af9e68f2647b293.rxHHxuMIN0Ntckw51nmy_0EmHQnsYTwtGRmX8_Ozed4._2OemYo8QAgpAC5NgE_-lXZiKTqvMwR3WHfNubHeNKydS5Ccl20HIVUzCQ', '2026-06-17 15:48:25'),
(169, 1, 1, '/prestashop.sg/img/p/5/5/6/556-small_default.jpg', 'http://localhost/prestashop.sg/admin8680wjnojvo4se3zg4a/sell/catalog/products/?_token=8af9e68f2647b293.rxHHxuMIN0Ntckw51nmy_0EmHQnsYTwtGRmX8_Ozed4._2OemYo8QAgpAC5NgE_-lXZiKTqvMwR3WHfNubHeNKydS5Ccl20HIVUzCQ', '2026-06-17 15:48:25'),
(170, 1, 1, '/prestashop.sg/img/p/5/5/7/557-small_default.jpg', 'http://localhost/prestashop.sg/admin8680wjnojvo4se3zg4a/sell/catalog/products/?_token=8af9e68f2647b293.rxHHxuMIN0Ntckw51nmy_0EmHQnsYTwtGRmX8_Ozed4._2OemYo8QAgpAC5NgE_-lXZiKTqvMwR3WHfNubHeNKydS5Ccl20HIVUzCQ', '2026-06-17 15:48:25');
INSERT INTO `xio8d_pagenotfound` (`id_pagenotfound`, `id_shop`, `id_shop_group`, `request_uri`, `http_referer`, `date_add`) VALUES
(171, 1, 1, '/prestashop.sg/img/p/5/5/5/555-small_default.jpg', 'http://localhost/prestashop.sg/admin8680wjnojvo4se3zg4a/sell/catalog/products/?_token=8af9e68f2647b293.rxHHxuMIN0Ntckw51nmy_0EmHQnsYTwtGRmX8_Ozed4._2OemYo8QAgpAC5NgE_-lXZiKTqvMwR3WHfNubHeNKydS5Ccl20HIVUzCQ', '2026-06-17 15:48:27'),
(172, 1, 1, '/prestashop.sg/img/p/5/5/3/553-small_default.jpg', 'http://localhost/prestashop.sg/admin8680wjnojvo4se3zg4a/sell/catalog/products/?_token=8af9e68f2647b293.rxHHxuMIN0Ntckw51nmy_0EmHQnsYTwtGRmX8_Ozed4._2OemYo8QAgpAC5NgE_-lXZiKTqvMwR3WHfNubHeNKydS5Ccl20HIVUzCQ', '2026-06-17 15:48:28'),
(173, 1, 1, '/prestashop.sg/img/p/5/5/4/554-small_default.jpg', 'http://localhost/prestashop.sg/admin8680wjnojvo4se3zg4a/sell/catalog/products/?_token=8af9e68f2647b293.rxHHxuMIN0Ntckw51nmy_0EmHQnsYTwtGRmX8_Ozed4._2OemYo8QAgpAC5NgE_-lXZiKTqvMwR3WHfNubHeNKydS5Ccl20HIVUzCQ', '2026-06-17 15:48:28'),
(174, 1, 1, '/prestashop.sg/img/p/5/5/2/552-small_default.jpg', 'http://localhost/prestashop.sg/admin8680wjnojvo4se3zg4a/sell/catalog/products/?_token=8af9e68f2647b293.rxHHxuMIN0Ntckw51nmy_0EmHQnsYTwtGRmX8_Ozed4._2OemYo8QAgpAC5NgE_-lXZiKTqvMwR3WHfNubHeNKydS5Ccl20HIVUzCQ', '2026-06-17 15:48:29'),
(175, 1, 1, '/prestashop.sg/img/p/5/5/1/551-small_default.jpg', 'http://localhost/prestashop.sg/admin8680wjnojvo4se3zg4a/sell/catalog/products/?_token=8af9e68f2647b293.rxHHxuMIN0Ntckw51nmy_0EmHQnsYTwtGRmX8_Ozed4._2OemYo8QAgpAC5NgE_-lXZiKTqvMwR3WHfNubHeNKydS5Ccl20HIVUzCQ', '2026-06-17 15:48:29'),
(176, 1, 1, '/prestashop.sg/img/p/5/4/9/549-small_default.jpg', 'http://localhost/prestashop.sg/admin8680wjnojvo4se3zg4a/sell/catalog/products/?_token=8af9e68f2647b293.rxHHxuMIN0Ntckw51nmy_0EmHQnsYTwtGRmX8_Ozed4._2OemYo8QAgpAC5NgE_-lXZiKTqvMwR3WHfNubHeNKydS5Ccl20HIVUzCQ', '2026-06-17 15:48:32'),
(177, 1, 1, '/prestashop.sg/img/p/5/4/8/548-small_default.jpg', 'http://localhost/prestashop.sg/admin8680wjnojvo4se3zg4a/sell/catalog/products/?_token=8af9e68f2647b293.rxHHxuMIN0Ntckw51nmy_0EmHQnsYTwtGRmX8_Ozed4._2OemYo8QAgpAC5NgE_-lXZiKTqvMwR3WHfNubHeNKydS5Ccl20HIVUzCQ', '2026-06-17 15:48:32'),
(178, 1, 1, '/prestashop.sg/img/p/5/6/5/565-small_default.jpg', 'http://localhost/prestashop.sg/admin8680wjnojvo4se3zg4a/sell/catalog/products/?_token=8af9e68f2647b293.rxHHxuMIN0Ntckw51nmy_0EmHQnsYTwtGRmX8_Ozed4._2OemYo8QAgpAC5NgE_-lXZiKTqvMwR3WHfNubHeNKydS5Ccl20HIVUzCQ', '2026-06-17 15:48:33'),
(179, 1, 1, '/prestashop.sg/img/p/5/5/0/550-small_default.jpg', 'http://localhost/prestashop.sg/admin8680wjnojvo4se3zg4a/sell/catalog/products/?_token=8af9e68f2647b293.rxHHxuMIN0Ntckw51nmy_0EmHQnsYTwtGRmX8_Ozed4._2OemYo8QAgpAC5NgE_-lXZiKTqvMwR3WHfNubHeNKydS5Ccl20HIVUzCQ', '2026-06-17 15:48:33'),
(180, 1, 1, '/prestashop.sg/img/p/2/9/3/293-small_default.jpg', 'http://localhost/prestashop.sg/admin8680wjnojvo4se3zg4a/sell/catalog/products/?_token=8af9e68f2647b293.rxHHxuMIN0Ntckw51nmy_0EmHQnsYTwtGRmX8_Ozed4._2OemYo8QAgpAC5NgE_-lXZiKTqvMwR3WHfNubHeNKydS5Ccl20HIVUzCQ', '2026-06-17 15:48:33'),
(181, 1, 1, '/prestashop.sg/img/p/7/0/6/706-cart_default.jpg', 'http://localhost/prestashop.sg/admin8680wjnojvo4se3zg4a/sell/catalog/products/204/edit?_token=6c0e4d660a7c941.jj5CuodGFBZazywMQ5qaITjq_LwuMYGJXHj1nQW0oz0.3kwb5e5yY10evU54FazWSw-uyI9tY7nTHRav10fZ7k-8ZBXg8yMkdGKOaQ', '2026-06-17 15:48:34'),
(182, 1, 1, '/prestashop.sg/img/p/5/6/0/560-small_default.jpg', 'http://localhost/prestashop.sg/admin8680wjnojvo4se3zg4a/sell/catalog/products/?_token=8af9e68f2647b293.rxHHxuMIN0Ntckw51nmy_0EmHQnsYTwtGRmX8_Ozed4._2OemYo8QAgpAC5NgE_-lXZiKTqvMwR3WHfNubHeNKydS5Ccl20HIVUzCQ', '2026-06-17 15:48:34'),
(183, 1, 1, '/prestashop.sg/img/p/7/0/5/705-small_default.jpg', 'http://localhost/prestashop.sg/admin8680wjnojvo4se3zg4a/sell/catalog/products/?_token=8af9e68f2647b293.rxHHxuMIN0Ntckw51nmy_0EmHQnsYTwtGRmX8_Ozed4._2OemYo8QAgpAC5NgE_-lXZiKTqvMwR3WHfNubHeNKydS5Ccl20HIVUzCQ', '2026-06-17 15:48:35'),
(184, 1, 1, '/prestashop.sg/img/p/7/1/1/711-small_default.jpg', 'http://localhost/prestashop.sg/admin8680wjnojvo4se3zg4a/sell/catalog/products/?_token=8af9e68f2647b293.rxHHxuMIN0Ntckw51nmy_0EmHQnsYTwtGRmX8_Ozed4._2OemYo8QAgpAC5NgE_-lXZiKTqvMwR3WHfNubHeNKydS5Ccl20HIVUzCQ', '2026-06-17 15:48:37'),
(185, 1, 1, '/prestashop.sg/img/p/6/9/9/699-cart_default.jpg', 'http://localhost/prestashop.sg/admin8680wjnojvo4se3zg4a/sell/catalog/products/99/edit?_token=6c0e4d660a7c941.jj5CuodGFBZazywMQ5qaITjq_LwuMYGJXHj1nQW0oz0.3kwb5e5yY10evU54FazWSw-uyI9tY7nTHRav10fZ7k-8ZBXg8yMkdGKOaQ', '2026-06-17 15:50:02'),
(186, 1, 1, '/prestashop.sg/img/p/7/0/6/706-cart_default.jpg', 'http://localhost/prestashop.sg/admin8680wjnojvo4se3zg4a/sell/catalog/products/204/edit?_token=6c0e4d660a7c941.jj5CuodGFBZazywMQ5qaITjq_LwuMYGJXHj1nQW0oz0.3kwb5e5yY10evU54FazWSw-uyI9tY7nTHRav10fZ7k-8ZBXg8yMkdGKOaQ', '2026-06-17 15:55:10'),
(187, 1, 1, '/prestashop.sg/img/p/5/5/6/556-small_default.jpg', 'http://localhost/prestashop.sg/admin8680wjnojvo4se3zg4a/sell/catalog/products/?_token=3275ccf6c7ded.LKjdiGOq3PD87swOjPu73H7fTQcmWfqDiKPf80E5uA4.fNqE1wqeq7u4nK562s33tkmbeTRlC8LZyc2FuQNU9Xwe8orSF8_sksSviQ', '2026-06-17 15:55:13'),
(188, 1, 1, '/prestashop.sg/img/p/7/0/6/706-small_default.jpg', 'http://localhost/prestashop.sg/admin8680wjnojvo4se3zg4a/sell/catalog/products/?_token=3275ccf6c7ded.LKjdiGOq3PD87swOjPu73H7fTQcmWfqDiKPf80E5uA4.fNqE1wqeq7u4nK562s33tkmbeTRlC8LZyc2FuQNU9Xwe8orSF8_sksSviQ', '2026-06-17 15:55:13'),
(189, 1, 1, '/prestashop.sg/img/p/7/1/2/712-small_default.jpg', 'http://localhost/prestashop.sg/admin8680wjnojvo4se3zg4a/sell/catalog/products/?_token=3275ccf6c7ded.LKjdiGOq3PD87swOjPu73H7fTQcmWfqDiKPf80E5uA4.fNqE1wqeq7u4nK562s33tkmbeTRlC8LZyc2FuQNU9Xwe8orSF8_sksSviQ', '2026-06-17 15:55:14'),
(190, 1, 1, '/prestashop.sg/img/p/5/5/8/558-small_default.jpg', 'http://localhost/prestashop.sg/admin8680wjnojvo4se3zg4a/sell/catalog/products/?_token=3275ccf6c7ded.LKjdiGOq3PD87swOjPu73H7fTQcmWfqDiKPf80E5uA4.fNqE1wqeq7u4nK562s33tkmbeTRlC8LZyc2FuQNU9Xwe8orSF8_sksSviQ', '2026-06-17 15:55:14'),
(191, 1, 1, '/prestashop.sg/img/p/5/5/7/557-small_default.jpg', 'http://localhost/prestashop.sg/admin8680wjnojvo4se3zg4a/sell/catalog/products/?_token=3275ccf6c7ded.LKjdiGOq3PD87swOjPu73H7fTQcmWfqDiKPf80E5uA4.fNqE1wqeq7u4nK562s33tkmbeTRlC8LZyc2FuQNU9Xwe8orSF8_sksSviQ', '2026-06-17 15:55:14'),
(192, 1, 1, '/prestashop.sg/img/p/7/0/7/707-small_default.jpg', 'http://localhost/prestashop.sg/admin8680wjnojvo4se3zg4a/sell/catalog/products/?_token=3275ccf6c7ded.LKjdiGOq3PD87swOjPu73H7fTQcmWfqDiKPf80E5uA4.fNqE1wqeq7u4nK562s33tkmbeTRlC8LZyc2FuQNU9Xwe8orSF8_sksSviQ', '2026-06-17 15:55:15'),
(193, 1, 1, '/prestashop.sg/img/p/5/5/5/555-small_default.jpg', 'http://localhost/prestashop.sg/admin8680wjnojvo4se3zg4a/sell/catalog/products/?_token=3275ccf6c7ded.LKjdiGOq3PD87swOjPu73H7fTQcmWfqDiKPf80E5uA4.fNqE1wqeq7u4nK562s33tkmbeTRlC8LZyc2FuQNU9Xwe8orSF8_sksSviQ', '2026-06-17 15:55:16'),
(194, 1, 1, '/prestashop.sg/img/p/5/5/3/553-small_default.jpg', 'http://localhost/prestashop.sg/admin8680wjnojvo4se3zg4a/sell/catalog/products/?_token=3275ccf6c7ded.LKjdiGOq3PD87swOjPu73H7fTQcmWfqDiKPf80E5uA4.fNqE1wqeq7u4nK562s33tkmbeTRlC8LZyc2FuQNU9Xwe8orSF8_sksSviQ', '2026-06-17 15:55:16'),
(195, 1, 1, '/prestashop.sg/img/p/5/5/4/554-small_default.jpg', 'http://localhost/prestashop.sg/admin8680wjnojvo4se3zg4a/sell/catalog/products/?_token=3275ccf6c7ded.LKjdiGOq3PD87swOjPu73H7fTQcmWfqDiKPf80E5uA4.fNqE1wqeq7u4nK562s33tkmbeTRlC8LZyc2FuQNU9Xwe8orSF8_sksSviQ', '2026-06-17 15:55:17'),
(196, 1, 1, '/prestashop.sg/img/p/5/5/2/552-small_default.jpg', 'http://localhost/prestashop.sg/admin8680wjnojvo4se3zg4a/sell/catalog/products/?_token=3275ccf6c7ded.LKjdiGOq3PD87swOjPu73H7fTQcmWfqDiKPf80E5uA4.fNqE1wqeq7u4nK562s33tkmbeTRlC8LZyc2FuQNU9Xwe8orSF8_sksSviQ', '2026-06-17 15:55:17'),
(197, 1, 1, '/prestashop.sg/img/p/5/4/9/549-small_default.jpg', 'http://localhost/prestashop.sg/admin8680wjnojvo4se3zg4a/sell/catalog/products/?_token=3275ccf6c7ded.LKjdiGOq3PD87swOjPu73H7fTQcmWfqDiKPf80E5uA4.fNqE1wqeq7u4nK562s33tkmbeTRlC8LZyc2FuQNU9Xwe8orSF8_sksSviQ', '2026-06-17 15:55:17'),
(198, 1, 1, '/prestashop.sg/img/p/5/5/0/550-small_default.jpg', 'http://localhost/prestashop.sg/admin8680wjnojvo4se3zg4a/sell/catalog/products/?_token=3275ccf6c7ded.LKjdiGOq3PD87swOjPu73H7fTQcmWfqDiKPf80E5uA4.fNqE1wqeq7u4nK562s33tkmbeTRlC8LZyc2FuQNU9Xwe8orSF8_sksSviQ', '2026-06-17 15:55:17'),
(199, 1, 1, '/prestashop.sg/img/p/5/4/8/548-small_default.jpg', 'http://localhost/prestashop.sg/admin8680wjnojvo4se3zg4a/sell/catalog/products/?_token=3275ccf6c7ded.LKjdiGOq3PD87swOjPu73H7fTQcmWfqDiKPf80E5uA4.fNqE1wqeq7u4nK562s33tkmbeTRlC8LZyc2FuQNU9Xwe8orSF8_sksSviQ', '2026-06-17 15:55:17'),
(200, 1, 1, '/prestashop.sg/img/p/5/6/0/560-small_default.jpg', 'http://localhost/prestashop.sg/admin8680wjnojvo4se3zg4a/sell/catalog/products/?_token=3275ccf6c7ded.LKjdiGOq3PD87swOjPu73H7fTQcmWfqDiKPf80E5uA4.fNqE1wqeq7u4nK562s33tkmbeTRlC8LZyc2FuQNU9Xwe8orSF8_sksSviQ', '2026-06-17 15:55:19'),
(201, 1, 1, '/prestashop.sg/img/p/5/6/5/565-small_default.jpg', 'http://localhost/prestashop.sg/admin8680wjnojvo4se3zg4a/sell/catalog/products/?_token=3275ccf6c7ded.LKjdiGOq3PD87swOjPu73H7fTQcmWfqDiKPf80E5uA4.fNqE1wqeq7u4nK562s33tkmbeTRlC8LZyc2FuQNU9Xwe8orSF8_sksSviQ', '2026-06-17 15:55:19'),
(202, 1, 1, '/prestashop.sg/img/p/2/9/3/293-small_default.jpg', 'http://localhost/prestashop.sg/admin8680wjnojvo4se3zg4a/sell/catalog/products/?_token=3275ccf6c7ded.LKjdiGOq3PD87swOjPu73H7fTQcmWfqDiKPf80E5uA4.fNqE1wqeq7u4nK562s33tkmbeTRlC8LZyc2FuQNU9Xwe8orSF8_sksSviQ', '2026-06-17 15:55:19'),
(203, 1, 1, '/prestashop.sg/shop', '', '2026-06-17 16:08:14'),
(204, 1, 1, '/prestashop.sg/img/p/7/1/4/714-small_default.jpg', 'http://localhost/prestashop.sg/admin8680wjnojvo4se3zg4a/index.php/sell/catalog/products/?_token=9063ee45a9a2297.LogDxS0EjYwH1Y6YrHgYGu_kFPZkv1HCRw2HW6xAPRs.fvpamkQw-sdDp-zs-k5UcNigIMUn7WmYBmPdEe4tcGkc0lSfWWG97j-Uyw', '2026-06-17 16:52:51'),
(205, 1, 1, '/prestashop.sg/img/p/7/1/2/712-small_default.jpg', 'http://localhost/prestashop.sg/admin8680wjnojvo4se3zg4a/index.php/sell/catalog/products/?_token=9063ee45a9a2297.LogDxS0EjYwH1Y6YrHgYGu_kFPZkv1HCRw2HW6xAPRs.fvpamkQw-sdDp-zs-k5UcNigIMUn7WmYBmPdEe4tcGkc0lSfWWG97j-Uyw', '2026-06-17 16:52:51'),
(206, 1, 1, '/prestashop.sg/img/p/7/0/6/706-small_default.jpg', 'http://localhost/prestashop.sg/admin8680wjnojvo4se3zg4a/index.php/sell/catalog/products/?_token=9063ee45a9a2297.LogDxS0EjYwH1Y6YrHgYGu_kFPZkv1HCRw2HW6xAPRs.fvpamkQw-sdDp-zs-k5UcNigIMUn7WmYBmPdEe4tcGkc0lSfWWG97j-Uyw', '2026-06-17 16:52:52'),
(207, 1, 1, '/prestashop.sg/img/p/7/1/7/717-small_default.jpg', 'http://localhost/prestashop.sg/admin8680wjnojvo4se3zg4a/index.php/sell/catalog/products/?_token=9063ee45a9a2297.LogDxS0EjYwH1Y6YrHgYGu_kFPZkv1HCRw2HW6xAPRs.fvpamkQw-sdDp-zs-k5UcNigIMUn7WmYBmPdEe4tcGkc0lSfWWG97j-Uyw', '2026-06-17 16:52:52'),
(208, 1, 1, '/prestashop.sg/img/p/7/1/6/716-small_default.jpg', 'http://localhost/prestashop.sg/admin8680wjnojvo4se3zg4a/index.php/sell/catalog/products/?_token=9063ee45a9a2297.LogDxS0EjYwH1Y6YrHgYGu_kFPZkv1HCRw2HW6xAPRs.fvpamkQw-sdDp-zs-k5UcNigIMUn7WmYBmPdEe4tcGkc0lSfWWG97j-Uyw', '2026-06-17 16:52:52'),
(209, 1, 1, '/prestashop.sg/img/p/7/1/5/715-small_default.jpg', 'http://localhost/prestashop.sg/admin8680wjnojvo4se3zg4a/index.php/sell/catalog/products/?_token=9063ee45a9a2297.LogDxS0EjYwH1Y6YrHgYGu_kFPZkv1HCRw2HW6xAPRs.fvpamkQw-sdDp-zs-k5UcNigIMUn7WmYBmPdEe4tcGkc0lSfWWG97j-Uyw', '2026-06-17 16:52:52'),
(210, 1, 1, '/prestashop.sg/img/p/6/0/5/605-small_default.jpg', 'http://localhost/prestashop.sg/admin8680wjnojvo4se3zg4a/index.php/sell/catalog/products/?_token=9063ee45a9a2297.LogDxS0EjYwH1Y6YrHgYGu_kFPZkv1HCRw2HW6xAPRs.fvpamkQw-sdDp-zs-k5UcNigIMUn7WmYBmPdEe4tcGkc0lSfWWG97j-Uyw', '2026-06-17 16:52:54'),
(211, 1, 1, '/prestashop.sg/img/p/7/2/2/722-small_default.jpg', 'http://localhost/prestashop.sg/admin8680wjnojvo4se3zg4a/index.php/sell/catalog/products/?_token=9063ee45a9a2297.LogDxS0EjYwH1Y6YrHgYGu_kFPZkv1HCRw2HW6xAPRs.fvpamkQw-sdDp-zs-k5UcNigIMUn7WmYBmPdEe4tcGkc0lSfWWG97j-Uyw', '2026-06-17 16:52:55'),
(212, 1, 1, '/prestashop.sg/img/p/7/1/9/719-small_default.jpg', 'http://localhost/prestashop.sg/admin8680wjnojvo4se3zg4a/index.php/sell/catalog/products/?_token=9063ee45a9a2297.LogDxS0EjYwH1Y6YrHgYGu_kFPZkv1HCRw2HW6xAPRs.fvpamkQw-sdDp-zs-k5UcNigIMUn7WmYBmPdEe4tcGkc0lSfWWG97j-Uyw', '2026-06-17 16:52:55'),
(213, 1, 1, '/prestashop.sg/img/p/7/2/6/726-small_default.jpg', 'http://localhost/prestashop.sg/admin8680wjnojvo4se3zg4a/index.php/sell/catalog/products/?_token=9063ee45a9a2297.LogDxS0EjYwH1Y6YrHgYGu_kFPZkv1HCRw2HW6xAPRs.fvpamkQw-sdDp-zs-k5UcNigIMUn7WmYBmPdEe4tcGkc0lSfWWG97j-Uyw', '2026-06-17 16:52:55'),
(214, 1, 1, '/prestashop.sg/img/p/7/2/5/725-small_default.jpg', 'http://localhost/prestashop.sg/admin8680wjnojvo4se3zg4a/index.php/sell/catalog/products/?_token=9063ee45a9a2297.LogDxS0EjYwH1Y6YrHgYGu_kFPZkv1HCRw2HW6xAPRs.fvpamkQw-sdDp-zs-k5UcNigIMUn7WmYBmPdEe4tcGkc0lSfWWG97j-Uyw', '2026-06-17 16:52:55'),
(215, 1, 1, '/prestashop.sg/img/p/7/0/7/707-small_default.jpg', 'http://localhost/prestashop.sg/admin8680wjnojvo4se3zg4a/index.php/sell/catalog/products/?_token=9063ee45a9a2297.LogDxS0EjYwH1Y6YrHgYGu_kFPZkv1HCRw2HW6xAPRs.fvpamkQw-sdDp-zs-k5UcNigIMUn7WmYBmPdEe4tcGkc0lSfWWG97j-Uyw', '2026-06-17 16:52:55'),
(216, 1, 1, '/prestashop.sg/img/p/5/5/8/558-small_default.jpg', 'http://localhost/prestashop.sg/admin8680wjnojvo4se3zg4a/index.php/sell/catalog/products/?_token=9063ee45a9a2297.LogDxS0EjYwH1Y6YrHgYGu_kFPZkv1HCRw2HW6xAPRs.fvpamkQw-sdDp-zs-k5UcNigIMUn7WmYBmPdEe4tcGkc0lSfWWG97j-Uyw', '2026-06-17 16:52:56'),
(217, 1, 1, '/prestashop.sg/img/p/5/5/7/557-small_default.jpg', 'http://localhost/prestashop.sg/admin8680wjnojvo4se3zg4a/index.php/sell/catalog/products/?_token=9063ee45a9a2297.LogDxS0EjYwH1Y6YrHgYGu_kFPZkv1HCRw2HW6xAPRs.fvpamkQw-sdDp-zs-k5UcNigIMUn7WmYBmPdEe4tcGkc0lSfWWG97j-Uyw', '2026-06-17 16:52:56'),
(218, 1, 1, '/prestashop.sg/img/p/5/5/6/556-small_default.jpg', 'http://localhost/prestashop.sg/admin8680wjnojvo4se3zg4a/index.php/sell/catalog/products/?_token=9063ee45a9a2297.LogDxS0EjYwH1Y6YrHgYGu_kFPZkv1HCRw2HW6xAPRs.fvpamkQw-sdDp-zs-k5UcNigIMUn7WmYBmPdEe4tcGkc0lSfWWG97j-Uyw', '2026-06-17 16:52:56'),
(219, 1, 1, '/prestashop.sg/img/p/5/5/5/555-small_default.jpg', 'http://localhost/prestashop.sg/admin8680wjnojvo4se3zg4a/index.php/sell/catalog/products/?_token=9063ee45a9a2297.LogDxS0EjYwH1Y6YrHgYGu_kFPZkv1HCRw2HW6xAPRs.fvpamkQw-sdDp-zs-k5UcNigIMUn7WmYBmPdEe4tcGkc0lSfWWG97j-Uyw', '2026-06-17 16:52:57'),
(220, 1, 1, '/prestashop.sg/img/p/5/5/4/554-small_default.jpg', 'http://localhost/prestashop.sg/admin8680wjnojvo4se3zg4a/index.php/sell/catalog/products/?_token=9063ee45a9a2297.LogDxS0EjYwH1Y6YrHgYGu_kFPZkv1HCRw2HW6xAPRs.fvpamkQw-sdDp-zs-k5UcNigIMUn7WmYBmPdEe4tcGkc0lSfWWG97j-Uyw', '2026-06-17 16:52:57'),
(221, 1, 1, '/prestashop.sg/img/p/5/5/2/552-small_default.jpg', 'http://localhost/prestashop.sg/admin8680wjnojvo4se3zg4a/index.php/sell/catalog/products/?_token=9063ee45a9a2297.LogDxS0EjYwH1Y6YrHgYGu_kFPZkv1HCRw2HW6xAPRs.fvpamkQw-sdDp-zs-k5UcNigIMUn7WmYBmPdEe4tcGkc0lSfWWG97j-Uyw', '2026-06-17 16:52:57'),
(222, 1, 1, '/prestashop.sg/img/p/5/5/3/553-small_default.jpg', 'http://localhost/prestashop.sg/admin8680wjnojvo4se3zg4a/index.php/sell/catalog/products/?_token=9063ee45a9a2297.LogDxS0EjYwH1Y6YrHgYGu_kFPZkv1HCRw2HW6xAPRs.fvpamkQw-sdDp-zs-k5UcNigIMUn7WmYBmPdEe4tcGkc0lSfWWG97j-Uyw', '2026-06-17 16:52:57'),
(223, 1, 1, '/prestashop.sg/img/p/7/0/6/706-small_default.jpg', 'http://localhost/prestashop.sg/admin8680wjnojvo4se3zg4a/index.php/sell/catalog/products/?_token=565.4trauITamQcVqczxxHjz5JHN3b1D_2mS_CmoVbbmLeM.sqiD5-3u7kxR266Fkk6_jqaJ6Y4ArVHIvUfyH_SLYJHQgI3i8L-pZS3oiQ', '2026-06-17 16:56:45'),
(224, 1, 1, '/prestashop.sg/img/p/7/1/7/717-small_default.jpg', 'http://localhost/prestashop.sg/admin8680wjnojvo4se3zg4a/index.php/sell/catalog/products/?_token=565.4trauITamQcVqczxxHjz5JHN3b1D_2mS_CmoVbbmLeM.sqiD5-3u7kxR266Fkk6_jqaJ6Y4ArVHIvUfyH_SLYJHQgI3i8L-pZS3oiQ', '2026-06-17 16:56:45'),
(225, 1, 1, '/prestashop.sg/img/p/7/1/4/714-small_default.jpg', 'http://localhost/prestashop.sg/admin8680wjnojvo4se3zg4a/index.php/sell/catalog/products/?_token=565.4trauITamQcVqczxxHjz5JHN3b1D_2mS_CmoVbbmLeM.sqiD5-3u7kxR266Fkk6_jqaJ6Y4ArVHIvUfyH_SLYJHQgI3i8L-pZS3oiQ', '2026-06-17 16:56:46'),
(226, 1, 1, '/prestashop.sg/img/p/7/1/2/712-small_default.jpg', 'http://localhost/prestashop.sg/admin8680wjnojvo4se3zg4a/index.php/sell/catalog/products/?_token=565.4trauITamQcVqczxxHjz5JHN3b1D_2mS_CmoVbbmLeM.sqiD5-3u7kxR266Fkk6_jqaJ6Y4ArVHIvUfyH_SLYJHQgI3i8L-pZS3oiQ', '2026-06-17 16:56:47'),
(227, 1, 1, '/prestashop.sg/img/p/7/1/5/715-small_default.jpg', 'http://localhost/prestashop.sg/admin8680wjnojvo4se3zg4a/index.php/sell/catalog/products/?_token=565.4trauITamQcVqczxxHjz5JHN3b1D_2mS_CmoVbbmLeM.sqiD5-3u7kxR266Fkk6_jqaJ6Y4ArVHIvUfyH_SLYJHQgI3i8L-pZS3oiQ', '2026-06-17 16:56:47'),
(228, 1, 1, '/prestashop.sg/img/p/7/1/6/716-small_default.jpg', 'http://localhost/prestashop.sg/admin8680wjnojvo4se3zg4a/index.php/sell/catalog/products/?_token=565.4trauITamQcVqczxxHjz5JHN3b1D_2mS_CmoVbbmLeM.sqiD5-3u7kxR266Fkk6_jqaJ6Y4ArVHIvUfyH_SLYJHQgI3i8L-pZS3oiQ', '2026-06-17 16:56:48'),
(229, 1, 1, '/prestashop.sg/img/p/6/0/5/605-small_default.jpg', 'http://localhost/prestashop.sg/admin8680wjnojvo4se3zg4a/index.php/sell/catalog/products/?_token=565.4trauITamQcVqczxxHjz5JHN3b1D_2mS_CmoVbbmLeM.sqiD5-3u7kxR266Fkk6_jqaJ6Y4ArVHIvUfyH_SLYJHQgI3i8L-pZS3oiQ', '2026-06-17 16:56:49'),
(230, 1, 1, '/prestashop.sg/img/p/7/2/2/722-small_default.jpg', 'http://localhost/prestashop.sg/admin8680wjnojvo4se3zg4a/index.php/sell/catalog/products/?_token=565.4trauITamQcVqczxxHjz5JHN3b1D_2mS_CmoVbbmLeM.sqiD5-3u7kxR266Fkk6_jqaJ6Y4ArVHIvUfyH_SLYJHQgI3i8L-pZS3oiQ', '2026-06-17 16:56:49'),
(231, 1, 1, '/prestashop.sg/img/p/7/1/9/719-small_default.jpg', 'http://localhost/prestashop.sg/admin8680wjnojvo4se3zg4a/index.php/sell/catalog/products/?_token=565.4trauITamQcVqczxxHjz5JHN3b1D_2mS_CmoVbbmLeM.sqiD5-3u7kxR266Fkk6_jqaJ6Y4ArVHIvUfyH_SLYJHQgI3i8L-pZS3oiQ', '2026-06-17 16:56:49'),
(232, 1, 1, '/prestashop.sg/img/p/7/2/6/726-small_default.jpg', 'http://localhost/prestashop.sg/admin8680wjnojvo4se3zg4a/index.php/sell/catalog/products/?_token=565.4trauITamQcVqczxxHjz5JHN3b1D_2mS_CmoVbbmLeM.sqiD5-3u7kxR266Fkk6_jqaJ6Y4ArVHIvUfyH_SLYJHQgI3i8L-pZS3oiQ', '2026-06-17 16:56:49'),
(233, 1, 1, '/prestashop.sg/img/p/7/2/5/725-small_default.jpg', 'http://localhost/prestashop.sg/admin8680wjnojvo4se3zg4a/index.php/sell/catalog/products/?_token=565.4trauITamQcVqczxxHjz5JHN3b1D_2mS_CmoVbbmLeM.sqiD5-3u7kxR266Fkk6_jqaJ6Y4ArVHIvUfyH_SLYJHQgI3i8L-pZS3oiQ', '2026-06-17 16:56:49'),
(234, 1, 1, '/prestashop.sg/img/p/7/0/7/707-small_default.jpg', 'http://localhost/prestashop.sg/admin8680wjnojvo4se3zg4a/index.php/sell/catalog/products/?_token=565.4trauITamQcVqczxxHjz5JHN3b1D_2mS_CmoVbbmLeM.sqiD5-3u7kxR266Fkk6_jqaJ6Y4ArVHIvUfyH_SLYJHQgI3i8L-pZS3oiQ', '2026-06-17 16:56:51'),
(235, 1, 1, '/prestashop.sg/img/p/5/5/8/558-small_default.jpg', 'http://localhost/prestashop.sg/admin8680wjnojvo4se3zg4a/index.php/sell/catalog/products/?_token=565.4trauITamQcVqczxxHjz5JHN3b1D_2mS_CmoVbbmLeM.sqiD5-3u7kxR266Fkk6_jqaJ6Y4ArVHIvUfyH_SLYJHQgI3i8L-pZS3oiQ', '2026-06-17 16:56:51'),
(236, 1, 1, '/prestashop.sg/img/p/5/5/7/557-small_default.jpg', 'http://localhost/prestashop.sg/admin8680wjnojvo4se3zg4a/index.php/sell/catalog/products/?_token=565.4trauITamQcVqczxxHjz5JHN3b1D_2mS_CmoVbbmLeM.sqiD5-3u7kxR266Fkk6_jqaJ6Y4ArVHIvUfyH_SLYJHQgI3i8L-pZS3oiQ', '2026-06-17 16:56:52'),
(237, 1, 1, '/prestashop.sg/img/p/5/5/6/556-small_default.jpg', 'http://localhost/prestashop.sg/admin8680wjnojvo4se3zg4a/index.php/sell/catalog/products/?_token=565.4trauITamQcVqczxxHjz5JHN3b1D_2mS_CmoVbbmLeM.sqiD5-3u7kxR266Fkk6_jqaJ6Y4ArVHIvUfyH_SLYJHQgI3i8L-pZS3oiQ', '2026-06-17 16:56:52'),
(238, 1, 1, '/prestashop.sg/img/p/5/5/5/555-small_default.jpg', 'http://localhost/prestashop.sg/admin8680wjnojvo4se3zg4a/index.php/sell/catalog/products/?_token=565.4trauITamQcVqczxxHjz5JHN3b1D_2mS_CmoVbbmLeM.sqiD5-3u7kxR266Fkk6_jqaJ6Y4ArVHIvUfyH_SLYJHQgI3i8L-pZS3oiQ', '2026-06-17 16:56:53'),
(239, 1, 1, '/prestashop.sg/img/p/5/5/4/554-small_default.jpg', 'http://localhost/prestashop.sg/admin8680wjnojvo4se3zg4a/index.php/sell/catalog/products/?_token=565.4trauITamQcVqczxxHjz5JHN3b1D_2mS_CmoVbbmLeM.sqiD5-3u7kxR266Fkk6_jqaJ6Y4ArVHIvUfyH_SLYJHQgI3i8L-pZS3oiQ', '2026-06-17 16:56:53'),
(240, 1, 1, '/prestashop.sg/img/p/7/1/6/716-small_default.jpg', 'http://localhost/prestashop.sg/admin8680wjnojvo4se3zg4a/index.php/sell/catalog/products/?_token=565.4trauITamQcVqczxxHjz5JHN3b1D_2mS_CmoVbbmLeM.sqiD5-3u7kxR266Fkk6_jqaJ6Y4ArVHIvUfyH_SLYJHQgI3i8L-pZS3oiQ&setShopContext=', '2026-06-17 16:56:53'),
(241, 1, 1, '/prestashop.sg/img/p/7/0/6/706-small_default.jpg', 'http://localhost/prestashop.sg/admin8680wjnojvo4se3zg4a/index.php/sell/catalog/products/?_token=565.4trauITamQcVqczxxHjz5JHN3b1D_2mS_CmoVbbmLeM.sqiD5-3u7kxR266Fkk6_jqaJ6Y4ArVHIvUfyH_SLYJHQgI3i8L-pZS3oiQ&setShopContext=', '2026-06-17 16:56:54'),
(242, 1, 1, '/prestashop.sg/img/p/7/1/2/712-small_default.jpg', 'http://localhost/prestashop.sg/admin8680wjnojvo4se3zg4a/index.php/sell/catalog/products/?_token=565.4trauITamQcVqczxxHjz5JHN3b1D_2mS_CmoVbbmLeM.sqiD5-3u7kxR266Fkk6_jqaJ6Y4ArVHIvUfyH_SLYJHQgI3i8L-pZS3oiQ&setShopContext=', '2026-06-17 16:56:54'),
(243, 1, 1, '/prestashop.sg/img/p/7/1/5/715-small_default.jpg', 'http://localhost/prestashop.sg/admin8680wjnojvo4se3zg4a/index.php/sell/catalog/products/?_token=565.4trauITamQcVqczxxHjz5JHN3b1D_2mS_CmoVbbmLeM.sqiD5-3u7kxR266Fkk6_jqaJ6Y4ArVHIvUfyH_SLYJHQgI3i8L-pZS3oiQ&setShopContext=', '2026-06-17 16:56:56'),
(244, 1, 1, '/prestashop.sg/img/p/5/5/3/553-small_default.jpg', 'http://localhost/prestashop.sg/admin8680wjnojvo4se3zg4a/index.php/sell/catalog/products/?_token=565.4trauITamQcVqczxxHjz5JHN3b1D_2mS_CmoVbbmLeM.sqiD5-3u7kxR266Fkk6_jqaJ6Y4ArVHIvUfyH_SLYJHQgI3i8L-pZS3oiQ', '2026-06-17 16:56:56'),
(245, 1, 1, '/prestashop.sg/img/p/7/1/7/717-small_default.jpg', 'http://localhost/prestashop.sg/admin8680wjnojvo4se3zg4a/index.php/sell/catalog/products/?_token=565.4trauITamQcVqczxxHjz5JHN3b1D_2mS_CmoVbbmLeM.sqiD5-3u7kxR266Fkk6_jqaJ6Y4ArVHIvUfyH_SLYJHQgI3i8L-pZS3oiQ&setShopContext=', '2026-06-17 16:56:56'),
(246, 1, 1, '/prestashop.sg/img/p/7/1/4/714-small_default.jpg', 'http://localhost/prestashop.sg/admin8680wjnojvo4se3zg4a/index.php/sell/catalog/products/?_token=565.4trauITamQcVqczxxHjz5JHN3b1D_2mS_CmoVbbmLeM.sqiD5-3u7kxR266Fkk6_jqaJ6Y4ArVHIvUfyH_SLYJHQgI3i8L-pZS3oiQ&setShopContext=', '2026-06-17 16:56:57'),
(247, 1, 1, '/prestashop.sg/img/p/5/5/2/552-small_default.jpg', 'http://localhost/prestashop.sg/admin8680wjnojvo4se3zg4a/index.php/sell/catalog/products/?_token=565.4trauITamQcVqczxxHjz5JHN3b1D_2mS_CmoVbbmLeM.sqiD5-3u7kxR266Fkk6_jqaJ6Y4ArVHIvUfyH_SLYJHQgI3i8L-pZS3oiQ', '2026-06-17 16:56:57'),
(248, 1, 1, '/prestashop.sg/img/p/6/0/5/605-small_default.jpg', 'http://localhost/prestashop.sg/admin8680wjnojvo4se3zg4a/index.php/sell/catalog/products/?_token=565.4trauITamQcVqczxxHjz5JHN3b1D_2mS_CmoVbbmLeM.sqiD5-3u7kxR266Fkk6_jqaJ6Y4ArVHIvUfyH_SLYJHQgI3i8L-pZS3oiQ&setShopContext=', '2026-06-17 16:56:57'),
(249, 1, 1, '/prestashop.sg/img/p/7/2/2/722-small_default.jpg', 'http://localhost/prestashop.sg/admin8680wjnojvo4se3zg4a/index.php/sell/catalog/products/?_token=565.4trauITamQcVqczxxHjz5JHN3b1D_2mS_CmoVbbmLeM.sqiD5-3u7kxR266Fkk6_jqaJ6Y4ArVHIvUfyH_SLYJHQgI3i8L-pZS3oiQ&setShopContext=', '2026-06-17 16:56:58'),
(250, 1, 1, '/prestashop.sg/img/p/7/2/6/726-small_default.jpg', 'http://localhost/prestashop.sg/admin8680wjnojvo4se3zg4a/index.php/sell/catalog/products/?_token=565.4trauITamQcVqczxxHjz5JHN3b1D_2mS_CmoVbbmLeM.sqiD5-3u7kxR266Fkk6_jqaJ6Y4ArVHIvUfyH_SLYJHQgI3i8L-pZS3oiQ&setShopContext=', '2026-06-17 16:56:58'),
(251, 1, 1, '/prestashop.sg/img/p/7/1/9/719-small_default.jpg', 'http://localhost/prestashop.sg/admin8680wjnojvo4se3zg4a/index.php/sell/catalog/products/?_token=565.4trauITamQcVqczxxHjz5JHN3b1D_2mS_CmoVbbmLeM.sqiD5-3u7kxR266Fkk6_jqaJ6Y4ArVHIvUfyH_SLYJHQgI3i8L-pZS3oiQ&setShopContext=', '2026-06-17 16:56:58'),
(252, 1, 1, '/prestashop.sg/img/p/7/2/5/725-small_default.jpg', 'http://localhost/prestashop.sg/admin8680wjnojvo4se3zg4a/index.php/sell/catalog/products/?_token=565.4trauITamQcVqczxxHjz5JHN3b1D_2mS_CmoVbbmLeM.sqiD5-3u7kxR266Fkk6_jqaJ6Y4ArVHIvUfyH_SLYJHQgI3i8L-pZS3oiQ&setShopContext=', '2026-06-17 16:56:59'),
(253, 1, 1, '/prestashop.sg/img/p/7/0/7/707-small_default.jpg', 'http://localhost/prestashop.sg/admin8680wjnojvo4se3zg4a/index.php/sell/catalog/products/?_token=565.4trauITamQcVqczxxHjz5JHN3b1D_2mS_CmoVbbmLeM.sqiD5-3u7kxR266Fkk6_jqaJ6Y4ArVHIvUfyH_SLYJHQgI3i8L-pZS3oiQ&setShopContext=', '2026-06-17 16:56:59'),
(254, 1, 1, '/prestashop.sg/img/p/5/5/8/558-small_default.jpg', 'http://localhost/prestashop.sg/admin8680wjnojvo4se3zg4a/index.php/sell/catalog/products/?_token=565.4trauITamQcVqczxxHjz5JHN3b1D_2mS_CmoVbbmLeM.sqiD5-3u7kxR266Fkk6_jqaJ6Y4ArVHIvUfyH_SLYJHQgI3i8L-pZS3oiQ&setShopContext=', '2026-06-17 16:56:59'),
(255, 1, 1, '/prestashop.sg/img/p/5/5/6/556-small_default.jpg', 'http://localhost/prestashop.sg/admin8680wjnojvo4se3zg4a/index.php/sell/catalog/products/?_token=565.4trauITamQcVqczxxHjz5JHN3b1D_2mS_CmoVbbmLeM.sqiD5-3u7kxR266Fkk6_jqaJ6Y4ArVHIvUfyH_SLYJHQgI3i8L-pZS3oiQ&setShopContext=', '2026-06-17 16:57:00'),
(256, 1, 1, '/prestashop.sg/img/p/5/5/7/557-small_default.jpg', 'http://localhost/prestashop.sg/admin8680wjnojvo4se3zg4a/index.php/sell/catalog/products/?_token=565.4trauITamQcVqczxxHjz5JHN3b1D_2mS_CmoVbbmLeM.sqiD5-3u7kxR266Fkk6_jqaJ6Y4ArVHIvUfyH_SLYJHQgI3i8L-pZS3oiQ&setShopContext=', '2026-06-17 16:57:00'),
(257, 1, 1, '/prestashop.sg/img/p/5/5/5/555-small_default.jpg', 'http://localhost/prestashop.sg/admin8680wjnojvo4se3zg4a/index.php/sell/catalog/products/?_token=565.4trauITamQcVqczxxHjz5JHN3b1D_2mS_CmoVbbmLeM.sqiD5-3u7kxR266Fkk6_jqaJ6Y4ArVHIvUfyH_SLYJHQgI3i8L-pZS3oiQ&setShopContext=', '2026-06-17 16:57:00'),
(258, 1, 1, '/prestashop.sg/img/p/5/5/3/553-small_default.jpg', 'http://localhost/prestashop.sg/admin8680wjnojvo4se3zg4a/index.php/sell/catalog/products/?_token=565.4trauITamQcVqczxxHjz5JHN3b1D_2mS_CmoVbbmLeM.sqiD5-3u7kxR266Fkk6_jqaJ6Y4ArVHIvUfyH_SLYJHQgI3i8L-pZS3oiQ&setShopContext=', '2026-06-17 16:57:01'),
(259, 1, 1, '/prestashop.sg/img/p/5/5/4/554-small_default.jpg', 'http://localhost/prestashop.sg/admin8680wjnojvo4se3zg4a/index.php/sell/catalog/products/?_token=565.4trauITamQcVqczxxHjz5JHN3b1D_2mS_CmoVbbmLeM.sqiD5-3u7kxR266Fkk6_jqaJ6Y4ArVHIvUfyH_SLYJHQgI3i8L-pZS3oiQ&setShopContext=', '2026-06-17 16:57:01'),
(260, 1, 1, '/prestashop.sg/img/p/5/5/2/552-small_default.jpg', 'http://localhost/prestashop.sg/admin8680wjnojvo4se3zg4a/index.php/sell/catalog/products/?_token=565.4trauITamQcVqczxxHjz5JHN3b1D_2mS_CmoVbbmLeM.sqiD5-3u7kxR266Fkk6_jqaJ6Y4ArVHIvUfyH_SLYJHQgI3i8L-pZS3oiQ&setShopContext=', '2026-06-17 16:57:01'),
(261, 1, 1, '/prestashop.sg/img/p/7/0/6/706-cart_default.jpg', 'http://localhost/prestashop.sg/admin8680wjnojvo4se3zg4a/sell/catalog/products/204/edit?_token=3389eb4f0710d0608c89ee1179a2.m6xSDvcefFw716POplqyc9y717ZFmFVHDglR5P-N_Zc.y94LUZ4qCxd_pcG68Gz-Gev_44UGym0dT2cLrr3gsOWp9gVUg3tMPgOW5g', '2026-06-17 16:59:15'),
(262, 1, 1, '/prestashop.sg/img/p/7/0/6/706-small_default.jpg', 'http://localhost/prestashop.sg/admin8680wjnojvo4se3zg4a/index.php/sell/catalog/products/?_token=565.4trauITamQcVqczxxHjz5JHN3b1D_2mS_CmoVbbmLeM.sqiD5-3u7kxR266Fkk6_jqaJ6Y4ArVHIvUfyH_SLYJHQgI3i8L-pZS3oiQ&setShopContext=', '2026-06-17 16:59:20'),
(263, 1, 1, '/prestashop.sg/img/p/7/1/2/712-small_default.jpg', 'http://localhost/prestashop.sg/admin8680wjnojvo4se3zg4a/index.php/sell/catalog/products/?_token=565.4trauITamQcVqczxxHjz5JHN3b1D_2mS_CmoVbbmLeM.sqiD5-3u7kxR266Fkk6_jqaJ6Y4ArVHIvUfyH_SLYJHQgI3i8L-pZS3oiQ&setShopContext=', '2026-06-17 16:59:20'),
(264, 1, 1, '/prestashop.sg/img/p/7/1/6/716-small_default.jpg', 'http://localhost/prestashop.sg/admin8680wjnojvo4se3zg4a/index.php/sell/catalog/products/?_token=565.4trauITamQcVqczxxHjz5JHN3b1D_2mS_CmoVbbmLeM.sqiD5-3u7kxR266Fkk6_jqaJ6Y4ArVHIvUfyH_SLYJHQgI3i8L-pZS3oiQ&setShopContext=', '2026-06-17 16:59:21'),
(265, 1, 1, '/prestashop.sg/img/p/7/1/5/715-small_default.jpg', 'http://localhost/prestashop.sg/admin8680wjnojvo4se3zg4a/index.php/sell/catalog/products/?_token=565.4trauITamQcVqczxxHjz5JHN3b1D_2mS_CmoVbbmLeM.sqiD5-3u7kxR266Fkk6_jqaJ6Y4ArVHIvUfyH_SLYJHQgI3i8L-pZS3oiQ&setShopContext=', '2026-06-17 16:59:21'),
(266, 1, 1, '/prestashop.sg/img/p/7/1/4/714-small_default.jpg', 'http://localhost/prestashop.sg/admin8680wjnojvo4se3zg4a/index.php/sell/catalog/products/?_token=565.4trauITamQcVqczxxHjz5JHN3b1D_2mS_CmoVbbmLeM.sqiD5-3u7kxR266Fkk6_jqaJ6Y4ArVHIvUfyH_SLYJHQgI3i8L-pZS3oiQ&setShopContext=', '2026-06-17 16:59:22'),
(267, 1, 1, '/prestashop.sg/img/p/7/1/7/717-small_default.jpg', 'http://localhost/prestashop.sg/admin8680wjnojvo4se3zg4a/index.php/sell/catalog/products/?_token=565.4trauITamQcVqczxxHjz5JHN3b1D_2mS_CmoVbbmLeM.sqiD5-3u7kxR266Fkk6_jqaJ6Y4ArVHIvUfyH_SLYJHQgI3i8L-pZS3oiQ&setShopContext=', '2026-06-17 16:59:22'),
(268, 1, 1, '/prestashop.sg/img/p/6/0/5/605-small_default.jpg', 'http://localhost/prestashop.sg/admin8680wjnojvo4se3zg4a/index.php/sell/catalog/products/?_token=565.4trauITamQcVqczxxHjz5JHN3b1D_2mS_CmoVbbmLeM.sqiD5-3u7kxR266Fkk6_jqaJ6Y4ArVHIvUfyH_SLYJHQgI3i8L-pZS3oiQ&setShopContext=', '2026-06-17 16:59:22'),
(269, 1, 1, '/prestashop.sg/img/p/7/2/2/722-small_default.jpg', 'http://localhost/prestashop.sg/admin8680wjnojvo4se3zg4a/index.php/sell/catalog/products/?_token=565.4trauITamQcVqczxxHjz5JHN3b1D_2mS_CmoVbbmLeM.sqiD5-3u7kxR266Fkk6_jqaJ6Y4ArVHIvUfyH_SLYJHQgI3i8L-pZS3oiQ&setShopContext=', '2026-06-17 16:59:22'),
(270, 1, 1, '/prestashop.sg/img/p/7/1/9/719-small_default.jpg', 'http://localhost/prestashop.sg/admin8680wjnojvo4se3zg4a/index.php/sell/catalog/products/?_token=565.4trauITamQcVqczxxHjz5JHN3b1D_2mS_CmoVbbmLeM.sqiD5-3u7kxR266Fkk6_jqaJ6Y4ArVHIvUfyH_SLYJHQgI3i8L-pZS3oiQ&setShopContext=', '2026-06-17 16:59:23'),
(271, 1, 1, '/prestashop.sg/img/p/7/2/6/726-small_default.jpg', 'http://localhost/prestashop.sg/admin8680wjnojvo4se3zg4a/index.php/sell/catalog/products/?_token=565.4trauITamQcVqczxxHjz5JHN3b1D_2mS_CmoVbbmLeM.sqiD5-3u7kxR266Fkk6_jqaJ6Y4ArVHIvUfyH_SLYJHQgI3i8L-pZS3oiQ&setShopContext=', '2026-06-17 16:59:23'),
(272, 1, 1, '/prestashop.sg/img/p/7/0/7/707-small_default.jpg', 'http://localhost/prestashop.sg/admin8680wjnojvo4se3zg4a/index.php/sell/catalog/products/?_token=565.4trauITamQcVqczxxHjz5JHN3b1D_2mS_CmoVbbmLeM.sqiD5-3u7kxR266Fkk6_jqaJ6Y4ArVHIvUfyH_SLYJHQgI3i8L-pZS3oiQ&setShopContext=', '2026-06-17 16:59:23'),
(273, 1, 1, '/prestashop.sg/img/p/7/2/5/725-small_default.jpg', 'http://localhost/prestashop.sg/admin8680wjnojvo4se3zg4a/index.php/sell/catalog/products/?_token=565.4trauITamQcVqczxxHjz5JHN3b1D_2mS_CmoVbbmLeM.sqiD5-3u7kxR266Fkk6_jqaJ6Y4ArVHIvUfyH_SLYJHQgI3i8L-pZS3oiQ&setShopContext=', '2026-06-17 16:59:24'),
(274, 1, 1, '/prestashop.sg/img/p/5/5/8/558-small_default.jpg', 'http://localhost/prestashop.sg/admin8680wjnojvo4se3zg4a/index.php/sell/catalog/products/?_token=565.4trauITamQcVqczxxHjz5JHN3b1D_2mS_CmoVbbmLeM.sqiD5-3u7kxR266Fkk6_jqaJ6Y4ArVHIvUfyH_SLYJHQgI3i8L-pZS3oiQ&setShopContext=', '2026-06-17 16:59:24'),
(275, 1, 1, '/prestashop.sg/img/p/5/5/7/557-small_default.jpg', 'http://localhost/prestashop.sg/admin8680wjnojvo4se3zg4a/index.php/sell/catalog/products/?_token=565.4trauITamQcVqczxxHjz5JHN3b1D_2mS_CmoVbbmLeM.sqiD5-3u7kxR266Fkk6_jqaJ6Y4ArVHIvUfyH_SLYJHQgI3i8L-pZS3oiQ&setShopContext=', '2026-06-17 16:59:24'),
(276, 1, 1, '/prestashop.sg/img/p/5/5/4/554-small_default.jpg', 'http://localhost/prestashop.sg/admin8680wjnojvo4se3zg4a/index.php/sell/catalog/products/?_token=565.4trauITamQcVqczxxHjz5JHN3b1D_2mS_CmoVbbmLeM.sqiD5-3u7kxR266Fkk6_jqaJ6Y4ArVHIvUfyH_SLYJHQgI3i8L-pZS3oiQ&setShopContext=', '2026-06-17 16:59:25'),
(277, 1, 1, '/prestashop.sg/img/p/5/5/6/556-small_default.jpg', 'http://localhost/prestashop.sg/admin8680wjnojvo4se3zg4a/index.php/sell/catalog/products/?_token=565.4trauITamQcVqczxxHjz5JHN3b1D_2mS_CmoVbbmLeM.sqiD5-3u7kxR266Fkk6_jqaJ6Y4ArVHIvUfyH_SLYJHQgI3i8L-pZS3oiQ&setShopContext=', '2026-06-17 16:59:25'),
(278, 1, 1, '/prestashop.sg/img/p/5/5/5/555-small_default.jpg', 'http://localhost/prestashop.sg/admin8680wjnojvo4se3zg4a/index.php/sell/catalog/products/?_token=565.4trauITamQcVqczxxHjz5JHN3b1D_2mS_CmoVbbmLeM.sqiD5-3u7kxR266Fkk6_jqaJ6Y4ArVHIvUfyH_SLYJHQgI3i8L-pZS3oiQ&setShopContext=', '2026-06-17 16:59:25'),
(279, 1, 1, '/prestashop.sg/img/p/5/5/3/553-small_default.jpg', 'http://localhost/prestashop.sg/admin8680wjnojvo4se3zg4a/index.php/sell/catalog/products/?_token=565.4trauITamQcVqczxxHjz5JHN3b1D_2mS_CmoVbbmLeM.sqiD5-3u7kxR266Fkk6_jqaJ6Y4ArVHIvUfyH_SLYJHQgI3i8L-pZS3oiQ&setShopContext=', '2026-06-17 16:59:25'),
(280, 1, 1, '/prestashop.sg/img/p/5/5/2/552-small_default.jpg', 'http://localhost/prestashop.sg/admin8680wjnojvo4se3zg4a/index.php/sell/catalog/products/?_token=565.4trauITamQcVqczxxHjz5JHN3b1D_2mS_CmoVbbmLeM.sqiD5-3u7kxR266Fkk6_jqaJ6Y4ArVHIvUfyH_SLYJHQgI3i8L-pZS3oiQ&setShopContext=', '2026-06-17 16:59:25'),
(281, 1, 1, '/prestashop.sg/img/p/7/0/6/706-small_default.jpg', 'http://localhost/prestashop.sg/admin8680wjnojvo4se3zg4a/index.php/sell/catalog/products/?_token=565.4trauITamQcVqczxxHjz5JHN3b1D_2mS_CmoVbbmLeM.sqiD5-3u7kxR266Fkk6_jqaJ6Y4ArVHIvUfyH_SLYJHQgI3i8L-pZS3oiQ&setShopContext=s-1', '2026-06-17 17:01:06'),
(282, 1, 1, '/prestashop.sg/img/p/5/5/8/558-small_default.jpg', 'http://localhost/prestashop.sg/admin8680wjnojvo4se3zg4a/index.php/sell/catalog/products/?_token=565.4trauITamQcVqczxxHjz5JHN3b1D_2mS_CmoVbbmLeM.sqiD5-3u7kxR266Fkk6_jqaJ6Y4ArVHIvUfyH_SLYJHQgI3i8L-pZS3oiQ&setShopContext=s-1', '2026-06-17 17:01:06'),
(283, 1, 1, '/prestashop.sg/img/p/7/1/2/712-small_default.jpg', 'http://localhost/prestashop.sg/admin8680wjnojvo4se3zg4a/index.php/sell/catalog/products/?_token=565.4trauITamQcVqczxxHjz5JHN3b1D_2mS_CmoVbbmLeM.sqiD5-3u7kxR266Fkk6_jqaJ6Y4ArVHIvUfyH_SLYJHQgI3i8L-pZS3oiQ&setShopContext=s-1', '2026-06-17 17:01:06'),
(284, 1, 1, '/prestashop.sg/img/p/7/0/7/707-small_default.jpg', 'http://localhost/prestashop.sg/admin8680wjnojvo4se3zg4a/index.php/sell/catalog/products/?_token=565.4trauITamQcVqczxxHjz5JHN3b1D_2mS_CmoVbbmLeM.sqiD5-3u7kxR266Fkk6_jqaJ6Y4ArVHIvUfyH_SLYJHQgI3i8L-pZS3oiQ&setShopContext=s-1', '2026-06-17 17:01:07'),
(285, 1, 1, '/prestashop.sg/img/p/5/5/7/557-small_default.jpg', 'http://localhost/prestashop.sg/admin8680wjnojvo4se3zg4a/index.php/sell/catalog/products/?_token=565.4trauITamQcVqczxxHjz5JHN3b1D_2mS_CmoVbbmLeM.sqiD5-3u7kxR266Fkk6_jqaJ6Y4ArVHIvUfyH_SLYJHQgI3i8L-pZS3oiQ&setShopContext=s-1', '2026-06-17 17:01:07'),
(286, 1, 1, '/prestashop.sg/img/p/5/5/6/556-small_default.jpg', 'http://localhost/prestashop.sg/admin8680wjnojvo4se3zg4a/index.php/sell/catalog/products/?_token=565.4trauITamQcVqczxxHjz5JHN3b1D_2mS_CmoVbbmLeM.sqiD5-3u7kxR266Fkk6_jqaJ6Y4ArVHIvUfyH_SLYJHQgI3i8L-pZS3oiQ&setShopContext=s-1', '2026-06-17 17:01:07'),
(287, 1, 1, '/prestashop.sg/img/p/5/5/5/555-small_default.jpg', 'http://localhost/prestashop.sg/admin8680wjnojvo4se3zg4a/index.php/sell/catalog/products/?_token=565.4trauITamQcVqczxxHjz5JHN3b1D_2mS_CmoVbbmLeM.sqiD5-3u7kxR266Fkk6_jqaJ6Y4ArVHIvUfyH_SLYJHQgI3i8L-pZS3oiQ&setShopContext=s-1', '2026-06-17 17:01:10'),
(288, 1, 1, '/prestashop.sg/img/p/5/5/4/554-small_default.jpg', 'http://localhost/prestashop.sg/admin8680wjnojvo4se3zg4a/index.php/sell/catalog/products/?_token=565.4trauITamQcVqczxxHjz5JHN3b1D_2mS_CmoVbbmLeM.sqiD5-3u7kxR266Fkk6_jqaJ6Y4ArVHIvUfyH_SLYJHQgI3i8L-pZS3oiQ&setShopContext=s-1', '2026-06-17 17:01:10'),
(289, 1, 1, '/prestashop.sg/img/p/5/5/3/553-small_default.jpg', 'http://localhost/prestashop.sg/admin8680wjnojvo4se3zg4a/index.php/sell/catalog/products/?_token=565.4trauITamQcVqczxxHjz5JHN3b1D_2mS_CmoVbbmLeM.sqiD5-3u7kxR266Fkk6_jqaJ6Y4ArVHIvUfyH_SLYJHQgI3i8L-pZS3oiQ&setShopContext=s-1', '2026-06-17 17:01:10'),
(290, 1, 1, '/prestashop.sg/img/p/5/5/2/552-small_default.jpg', 'http://localhost/prestashop.sg/admin8680wjnojvo4se3zg4a/index.php/sell/catalog/products/?_token=565.4trauITamQcVqczxxHjz5JHN3b1D_2mS_CmoVbbmLeM.sqiD5-3u7kxR266Fkk6_jqaJ6Y4ArVHIvUfyH_SLYJHQgI3i8L-pZS3oiQ&setShopContext=s-1', '2026-06-17 17:01:10'),
(291, 1, 1, '/prestashop.sg/img/p/2/9/3/293-small_default.jpg', 'http://localhost/prestashop.sg/admin8680wjnojvo4se3zg4a/index.php/sell/catalog/products/?_token=565.4trauITamQcVqczxxHjz5JHN3b1D_2mS_CmoVbbmLeM.sqiD5-3u7kxR266Fkk6_jqaJ6Y4ArVHIvUfyH_SLYJHQgI3i8L-pZS3oiQ&setShopContext=s-1', '2026-06-17 17:01:10'),
(292, 2, 1, '/prestashop.co.uk/img/p/7/1/7/717-small_default.jpg', 'http://localhost/prestashop.sg/admin8680wjnojvo4se3zg4a/sell/catalog/products/?_token=565.4trauITamQcVqczxxHjz5JHN3b1D_2mS_CmoVbbmLeM.sqiD5-3u7kxR266Fkk6_jqaJ6Y4ArVHIvUfyH_SLYJHQgI3i8L-pZS3oiQ', '2026-06-17 17:01:37'),
(293, 2, 1, '/prestashop.co.uk/img/p/7/1/6/716-small_default.jpg', 'http://localhost/prestashop.sg/admin8680wjnojvo4se3zg4a/sell/catalog/products/?_token=565.4trauITamQcVqczxxHjz5JHN3b1D_2mS_CmoVbbmLeM.sqiD5-3u7kxR266Fkk6_jqaJ6Y4ArVHIvUfyH_SLYJHQgI3i8L-pZS3oiQ', '2026-06-17 17:01:38'),
(294, 2, 1, '/prestashop.co.uk/img/p/7/1/5/715-small_default.jpg', 'http://localhost/prestashop.sg/admin8680wjnojvo4se3zg4a/sell/catalog/products/?_token=565.4trauITamQcVqczxxHjz5JHN3b1D_2mS_CmoVbbmLeM.sqiD5-3u7kxR266Fkk6_jqaJ6Y4ArVHIvUfyH_SLYJHQgI3i8L-pZS3oiQ', '2026-06-17 17:01:38'),
(295, 2, 1, '/prestashop.co.uk/img/p/7/1/4/714-small_default.jpg', 'http://localhost/prestashop.sg/admin8680wjnojvo4se3zg4a/sell/catalog/products/?_token=565.4trauITamQcVqczxxHjz5JHN3b1D_2mS_CmoVbbmLeM.sqiD5-3u7kxR266Fkk6_jqaJ6Y4ArVHIvUfyH_SLYJHQgI3i8L-pZS3oiQ', '2026-06-17 17:01:38'),
(296, 2, 1, '/prestashop.co.uk/img/p/7/2/2/722-small_default.jpg', 'http://localhost/prestashop.sg/admin8680wjnojvo4se3zg4a/sell/catalog/products/?_token=565.4trauITamQcVqczxxHjz5JHN3b1D_2mS_CmoVbbmLeM.sqiD5-3u7kxR266Fkk6_jqaJ6Y4ArVHIvUfyH_SLYJHQgI3i8L-pZS3oiQ', '2026-06-17 17:01:38'),
(297, 2, 1, '/prestashop.co.uk/img/p/6/0/5/605-small_default.jpg', 'http://localhost/prestashop.sg/admin8680wjnojvo4se3zg4a/sell/catalog/products/?_token=565.4trauITamQcVqczxxHjz5JHN3b1D_2mS_CmoVbbmLeM.sqiD5-3u7kxR266Fkk6_jqaJ6Y4ArVHIvUfyH_SLYJHQgI3i8L-pZS3oiQ', '2026-06-17 17:01:38'),
(298, 2, 1, '/prestashop.co.uk/img/p/7/1/9/719-small_default.jpg', 'http://localhost/prestashop.sg/admin8680wjnojvo4se3zg4a/sell/catalog/products/?_token=565.4trauITamQcVqczxxHjz5JHN3b1D_2mS_CmoVbbmLeM.sqiD5-3u7kxR266Fkk6_jqaJ6Y4ArVHIvUfyH_SLYJHQgI3i8L-pZS3oiQ', '2026-06-17 17:01:39'),
(299, 2, 1, '/prestashop.co.uk/img/p/7/2/5/725-small_default.jpg', 'http://localhost/prestashop.sg/admin8680wjnojvo4se3zg4a/sell/catalog/products/?_token=565.4trauITamQcVqczxxHjz5JHN3b1D_2mS_CmoVbbmLeM.sqiD5-3u7kxR266Fkk6_jqaJ6Y4ArVHIvUfyH_SLYJHQgI3i8L-pZS3oiQ', '2026-06-17 17:01:40'),
(300, 2, 1, '/prestashop.co.uk/img/p/7/2/6/726-small_default.jpg', 'http://localhost/prestashop.sg/admin8680wjnojvo4se3zg4a/sell/catalog/products/?_token=565.4trauITamQcVqczxxHjz5JHN3b1D_2mS_CmoVbbmLeM.sqiD5-3u7kxR266Fkk6_jqaJ6Y4ArVHIvUfyH_SLYJHQgI3i8L-pZS3oiQ', '2026-06-17 17:01:40'),
(301, 2, 1, '/prestashop.co.uk/img/p/7/2/0/720-small_default.jpg', 'http://localhost/prestashop.sg/admin8680wjnojvo4se3zg4a/sell/catalog/products/?_token=565.4trauITamQcVqczxxHjz5JHN3b1D_2mS_CmoVbbmLeM.sqiD5-3u7kxR266Fkk6_jqaJ6Y4ArVHIvUfyH_SLYJHQgI3i8L-pZS3oiQ', '2026-06-17 17:01:40'),
(302, 2, 1, '/prestashop.co.uk/img/p/5/4/1/541-small_default.jpg', 'http://localhost/prestashop.sg/admin8680wjnojvo4se3zg4a/sell/catalog/products/?_token=565.4trauITamQcVqczxxHjz5JHN3b1D_2mS_CmoVbbmLeM.sqiD5-3u7kxR266Fkk6_jqaJ6Y4ArVHIvUfyH_SLYJHQgI3i8L-pZS3oiQ', '2026-06-17 17:01:41'),
(303, 2, 1, '/prestashop.co.uk/img/p/3/5/0/350-small_default.jpg', 'http://localhost/prestashop.sg/admin8680wjnojvo4se3zg4a/sell/catalog/products/?_token=565.4trauITamQcVqczxxHjz5JHN3b1D_2mS_CmoVbbmLeM.sqiD5-3u7kxR266Fkk6_jqaJ6Y4ArVHIvUfyH_SLYJHQgI3i8L-pZS3oiQ', '2026-06-17 17:01:42'),
(304, 2, 1, '/prestashop.co.uk/img/p/7/2/1/721-small_default.jpg', 'http://localhost/prestashop.sg/admin8680wjnojvo4se3zg4a/sell/catalog/products/?_token=565.4trauITamQcVqczxxHjz5JHN3b1D_2mS_CmoVbbmLeM.sqiD5-3u7kxR266Fkk6_jqaJ6Y4ArVHIvUfyH_SLYJHQgI3i8L-pZS3oiQ', '2026-06-17 17:01:42'),
(305, 2, 1, '/prestashop.co.uk/img/p/3/4/9/349-small_default.jpg', 'http://localhost/prestashop.sg/admin8680wjnojvo4se3zg4a/sell/catalog/products/?_token=565.4trauITamQcVqczxxHjz5JHN3b1D_2mS_CmoVbbmLeM.sqiD5-3u7kxR266Fkk6_jqaJ6Y4ArVHIvUfyH_SLYJHQgI3i8L-pZS3oiQ', '2026-06-17 17:01:42'),
(306, 2, 1, '/prestashop.co.uk/img/p/3/4/8/348-small_default.jpg', 'http://localhost/prestashop.sg/admin8680wjnojvo4se3zg4a/sell/catalog/products/?_token=565.4trauITamQcVqczxxHjz5JHN3b1D_2mS_CmoVbbmLeM.sqiD5-3u7kxR266Fkk6_jqaJ6Y4ArVHIvUfyH_SLYJHQgI3i8L-pZS3oiQ', '2026-06-17 17:01:42'),
(307, 2, 1, '/prestashop.co.uk/img/p/3/5/1/351-small_default.jpg', 'http://localhost/prestashop.sg/admin8680wjnojvo4se3zg4a/sell/catalog/products/?_token=565.4trauITamQcVqczxxHjz5JHN3b1D_2mS_CmoVbbmLeM.sqiD5-3u7kxR266Fkk6_jqaJ6Y4ArVHIvUfyH_SLYJHQgI3i8L-pZS3oiQ', '2026-06-17 17:01:42'),
(308, 2, 1, '/prestashop.co.uk/img/p/3/4/7/347-small_default.jpg', 'http://localhost/prestashop.sg/admin8680wjnojvo4se3zg4a/sell/catalog/products/?_token=565.4trauITamQcVqczxxHjz5JHN3b1D_2mS_CmoVbbmLeM.sqiD5-3u7kxR266Fkk6_jqaJ6Y4ArVHIvUfyH_SLYJHQgI3i8L-pZS3oiQ', '2026-06-17 17:01:43'),
(309, 2, 1, '/prestashop.co.uk/img/p/3/4/4/344-small_default.jpg', 'http://localhost/prestashop.sg/admin8680wjnojvo4se3zg4a/sell/catalog/products/?_token=565.4trauITamQcVqczxxHjz5JHN3b1D_2mS_CmoVbbmLeM.sqiD5-3u7kxR266Fkk6_jqaJ6Y4ArVHIvUfyH_SLYJHQgI3i8L-pZS3oiQ', '2026-06-17 17:01:44'),
(310, 2, 1, '/prestashop.co.uk/img/p/3/4/6/346-small_default.jpg', 'http://localhost/prestashop.sg/admin8680wjnojvo4se3zg4a/sell/catalog/products/?_token=565.4trauITamQcVqczxxHjz5JHN3b1D_2mS_CmoVbbmLeM.sqiD5-3u7kxR266Fkk6_jqaJ6Y4ArVHIvUfyH_SLYJHQgI3i8L-pZS3oiQ', '2026-06-17 17:01:44'),
(311, 2, 1, '/prestashop.co.uk/img/p/3/4/5/345-small_default.jpg', 'http://localhost/prestashop.sg/admin8680wjnojvo4se3zg4a/sell/catalog/products/?_token=565.4trauITamQcVqczxxHjz5JHN3b1D_2mS_CmoVbbmLeM.sqiD5-3u7kxR266Fkk6_jqaJ6Y4ArVHIvUfyH_SLYJHQgI3i8L-pZS3oiQ', '2026-06-17 17:01:44'),
(312, 1, 1, '/prestashop.sg/img/p/2/6/6/266-small_default.jpg', 'http://localhost/prestashop.sg/admin8680wjnojvo4se3zg4a/sell/catalog/products/?_token=8fe94971fe767cb4e270d.dEtsPdnHajUwrFpv2FLm0NqE-xgoYKFjT0DS9gAzFNE.JDk1YrDzHX503jgbjmSquu3AzytrMpk5Di6IvEJeWaNGETtnraJaVwjtHw', '2026-06-17 18:47:28'),
(313, 1, 1, '/prestashop.sg/img/p/1/6/4/164-small_default.jpg', 'http://localhost/prestashop.sg/admin8680wjnojvo4se3zg4a/sell/catalog/products/?_token=8fe94971fe767cb4e270d.dEtsPdnHajUwrFpv2FLm0NqE-xgoYKFjT0DS9gAzFNE.JDk1YrDzHX503jgbjmSquu3AzytrMpk5Di6IvEJeWaNGETtnraJaVwjtHw', '2026-06-17 18:47:28'),
(314, 1, 1, '/prestashop.sg/img/p/1/6/9/169-small_default.jpg', 'http://localhost/prestashop.sg/admin8680wjnojvo4se3zg4a/sell/catalog/products/?_token=8fe94971fe767cb4e270d.dEtsPdnHajUwrFpv2FLm0NqE-xgoYKFjT0DS9gAzFNE.JDk1YrDzHX503jgbjmSquu3AzytrMpk5Di6IvEJeWaNGETtnraJaVwjtHw', '2026-06-17 18:47:29'),
(315, 1, 1, '/prestashop.sg/img/p/2/4/3/243-small_default.jpg', 'http://localhost/prestashop.sg/admin8680wjnojvo4se3zg4a/sell/catalog/products/?_token=8fe94971fe767cb4e270d.dEtsPdnHajUwrFpv2FLm0NqE-xgoYKFjT0DS9gAzFNE.JDk1YrDzHX503jgbjmSquu3AzytrMpk5Di6IvEJeWaNGETtnraJaVwjtHw', '2026-06-17 18:47:29'),
(316, 1, 1, '/prestashop.sg/img/p/5/5/2/552-small_default.jpg', 'http://localhost/prestashop.sg/admin8680wjnojvo4se3zg4a/sell/catalog/products/?_token=8fe94971fe767cb4e270d.dEtsPdnHajUwrFpv2FLm0NqE-xgoYKFjT0DS9gAzFNE.JDk1YrDzHX503jgbjmSquu3AzytrMpk5Di6IvEJeWaNGETtnraJaVwjtHw', '2026-06-17 18:47:29'),
(317, 1, 1, '/prestashop.sg/img/p/7/0/9/709-small_default.jpg', 'http://localhost/prestashop.sg/admin8680wjnojvo4se3zg4a/sell/catalog/products/?_token=8fe94971fe767cb4e270d.dEtsPdnHajUwrFpv2FLm0NqE-xgoYKFjT0DS9gAzFNE.JDk1YrDzHX503jgbjmSquu3AzytrMpk5Di6IvEJeWaNGETtnraJaVwjtHw', '2026-06-17 18:47:29'),
(318, 1, 1, '/prestashop.sg/img/p/5/7/0/570-small_default.jpg', 'http://localhost/prestashop.sg/admin8680wjnojvo4se3zg4a/sell/catalog/products/?_token=8fe94971fe767cb4e270d.dEtsPdnHajUwrFpv2FLm0NqE-xgoYKFjT0DS9gAzFNE.JDk1YrDzHX503jgbjmSquu3AzytrMpk5Di6IvEJeWaNGETtnraJaVwjtHw', '2026-06-17 18:47:31'),
(319, 1, 1, '/prestashop.sg/img/p/2/4/6/246-small_default.jpg', 'http://localhost/prestashop.sg/admin8680wjnojvo4se3zg4a/sell/catalog/products/?_token=8fe94971fe767cb4e270d.dEtsPdnHajUwrFpv2FLm0NqE-xgoYKFjT0DS9gAzFNE.JDk1YrDzHX503jgbjmSquu3AzytrMpk5Di6IvEJeWaNGETtnraJaVwjtHw', '2026-06-17 18:47:31'),
(320, 1, 1, '/prestashop.sg/home/68-usana-cellsentials.html', '', '2026-06-18 18:10:34');

-- --------------------------------------------------------

--
