-- Table structure for table `xio8d_simpleblog_post_product`
--

CREATE TABLE `xio8d_simpleblog_post_product` (
  `id_simpleblog_post` int(11) UNSIGNED NOT NULL,
  `id_product` int(11) UNSIGNED NOT NULL
) ENGINE=InnoDB DEFAULT CHARSET=utf8 COLLATE=utf8_general_ci;

-- --------------------------------------------------------

--
-- Table structure for table `xio8d_simpleblog_post_shop`
--

CREATE TABLE `xio8d_simpleblog_post_shop` (
  `id_simpleblog_post` int(11) UNSIGNED NOT NULL,
  `id_shop` int(11) UNSIGNED NOT NULL
) ENGINE=InnoDB DEFAULT CHARSET=utf8 COLLATE=utf8_general_ci;

--
-- Dumping data for table `xio8d_simpleblog_post_shop`
--

INSERT INTO `xio8d_simpleblog_post_shop` (`id_simpleblog_post`, `id_shop`) VALUES
(1, 1),
(2, 1),
(3, 1),
(4, 1),
(5, 1),
(6, 1),
(7, 1),
(8, 1);

-- --------------------------------------------------------

--
-- Table structure for table `xio8d_simpleblog_post_tag`
--

CREATE TABLE `xio8d_simpleblog_post_tag` (
  `id_simpleblog_post` int(11) UNSIGNED NOT NULL,
  `id_simpleblog_tag` int(11) UNSIGNED NOT NULL
) ENGINE=InnoDB DEFAULT CHARSET=utf8 COLLATE=utf8_general_ci;

-- --------------------------------------------------------

--
-- Table structure for table `xio8d_simpleblog_post_type`
--

CREATE TABLE `xio8d_simpleblog_post_type` (
  `id_simpleblog_post_type` int(11) UNSIGNED NOT NULL,
  `name` varchar(255) DEFAULT NULL,
  `slug` varchar(255) DEFAULT NULL,
  `description` text DEFAULT NULL
) ENGINE=InnoDB DEFAULT CHARSET=utf8 COLLATE=utf8_general_ci;

--
-- Dumping data for table `xio8d_simpleblog_post_type`
--

INSERT INTO `xio8d_simpleblog_post_type` (`id_simpleblog_post_type`, `name`, `slug`, `description`) VALUES
(1, 'Post', 'post', 'Default type of post'),
(2, 'Gallery', 'gallery', ''),
(3, 'External URL', 'url', ''),
(4, 'Video', 'video', '');

-- --------------------------------------------------------

--
-- Table structure for table `xio8d_simpleblog_tag`
--

CREATE TABLE `xio8d_simpleblog_tag` (
  `id_simpleblog_tag` int(11) UNSIGNED NOT NULL,
  `id_lang` int(11) UNSIGNED NOT NULL,
  `name` varchar(60) NOT NULL
) ENGINE=InnoDB DEFAULT CHARSET=utf8 COLLATE=utf8_general_ci;

-- --------------------------------------------------------

--
-- Table structure for table `xio8d_smarty_cache`
--

CREATE TABLE `xio8d_smarty_cache` (
  `id_smarty_cache` char(40) NOT NULL,
  `name` char(40) NOT NULL,
  `cache_id` varchar(254) DEFAULT NULL,
  `modified` timestamp NOT NULL DEFAULT current_timestamp(),
  `content` longtext NOT NULL
) ENGINE=InnoDB DEFAULT CHARSET=utf8mb4 COLLATE=utf8mb4_general_ci;

-- --------------------------------------------------------

--
-- Table structure for table `xio8d_smarty_last_flush`
--

CREATE TABLE `xio8d_smarty_last_flush` (
  `type` enum('compile','template') NOT NULL,
  `last_flush` datetime NOT NULL DEFAULT '0000-00-00 00:00:00'
) ENGINE=InnoDB DEFAULT CHARSET=utf8mb4 COLLATE=utf8mb4_general_ci;

-- --------------------------------------------------------

--
-- Table structure for table `xio8d_smarty_lazy_cache`
--

CREATE TABLE `xio8d_smarty_lazy_cache` (
  `template_hash` varchar(32) NOT NULL DEFAULT '',
  `cache_id` varchar(191) NOT NULL DEFAULT '',
  `compile_id` varchar(32) NOT NULL DEFAULT '',
  `filepath` varchar(255) NOT NULL DEFAULT '',
  `last_update` datetime NOT NULL DEFAULT '0000-00-00 00:00:00'
) ENGINE=InnoDB DEFAULT CHARSET=utf8mb4 COLLATE=utf8mb4_general_ci;

-- --------------------------------------------------------

--
-- Table structure for table `xio8d_specific_price`
--

CREATE TABLE `xio8d_specific_price` (
  `id_specific_price` int(10) UNSIGNED NOT NULL,
  `id_specific_price_rule` int(11) UNSIGNED NOT NULL,
  `id_cart` int(11) UNSIGNED NOT NULL,
  `id_product` int(10) UNSIGNED NOT NULL,
  `id_shop` int(11) UNSIGNED NOT NULL DEFAULT 1,
  `id_shop_group` int(11) UNSIGNED NOT NULL,
  `id_currency` int(10) UNSIGNED NOT NULL,
  `id_country` int(10) UNSIGNED NOT NULL,
  `id_group` int(10) UNSIGNED NOT NULL,
  `id_customer` int(10) UNSIGNED NOT NULL,
  `id_product_attribute` int(10) UNSIGNED NOT NULL,
  `price` decimal(20,6) NOT NULL,
  `from_quantity` mediumint(8) UNSIGNED NOT NULL,
  `reduction` decimal(20,6) NOT NULL,
  `reduction_tax` tinyint(1) NOT NULL DEFAULT 1,
  `reduction_type` enum('amount','percentage') NOT NULL,
  `from` datetime NOT NULL,
  `to` datetime NOT NULL
) ENGINE=InnoDB DEFAULT CHARSET=utf8mb4 COLLATE=utf8mb4_general_ci;

-- --------------------------------------------------------

--
-- Table structure for table `xio8d_specific_price_priority`
--

CREATE TABLE `xio8d_specific_price_priority` (
  `id_specific_price_priority` int(11) NOT NULL,
  `id_product` int(11) NOT NULL,
  `priority` varchar(80) NOT NULL
) ENGINE=InnoDB DEFAULT CHARSET=utf8mb4 COLLATE=utf8mb4_general_ci;

-- --------------------------------------------------------

--
-- Table structure for table `xio8d_specific_price_rule`
--

CREATE TABLE `xio8d_specific_price_rule` (
  `id_specific_price_rule` int(10) UNSIGNED NOT NULL,
  `name` varchar(255) NOT NULL,
  `id_shop` int(11) UNSIGNED NOT NULL DEFAULT 1,
  `id_currency` int(10) UNSIGNED NOT NULL,
  `id_country` int(10) UNSIGNED NOT NULL,
  `id_group` int(10) UNSIGNED NOT NULL,
  `from_quantity` mediumint(8) UNSIGNED NOT NULL,
  `price` decimal(20,6) DEFAULT NULL,
  `reduction` decimal(20,6) NOT NULL,
  `reduction_tax` tinyint(1) NOT NULL DEFAULT 1,
  `reduction_type` enum('amount','percentage') NOT NULL,
  `from` datetime NOT NULL,
  `to` datetime NOT NULL
) ENGINE=InnoDB DEFAULT CHARSET=utf8mb4 COLLATE=utf8mb4_general_ci;

-- --------------------------------------------------------

--
-- Table structure for table `xio8d_specific_price_rule_condition`
--

CREATE TABLE `xio8d_specific_price_rule_condition` (
  `id_specific_price_rule_condition` int(11) UNSIGNED NOT NULL,
  `id_specific_price_rule_condition_group` int(11) UNSIGNED NOT NULL,
  `type` varchar(255) NOT NULL,
  `value` varchar(255) NOT NULL
) ENGINE=InnoDB DEFAULT CHARSET=utf8mb4 COLLATE=utf8mb4_general_ci;

-- --------------------------------------------------------

--
-- Table structure for table `xio8d_specific_price_rule_condition_group`
--

CREATE TABLE `xio8d_specific_price_rule_condition_group` (
  `id_specific_price_rule_condition_group` int(11) UNSIGNED NOT NULL,
  `id_specific_price_rule` int(11) UNSIGNED NOT NULL
) ENGINE=InnoDB DEFAULT CHARSET=utf8mb4 COLLATE=utf8mb4_general_ci;

-- --------------------------------------------------------

--
-- Table structure for table `xio8d_state`
--

CREATE TABLE `xio8d_state` (
  `id_state` int(10) UNSIGNED NOT NULL,
  `id_country` int(11) UNSIGNED NOT NULL,
  `id_zone` int(11) UNSIGNED NOT NULL,
  `name` varchar(80) NOT NULL,
  `iso_code` varchar(7) NOT NULL,
  `tax_behavior` smallint(1) NOT NULL DEFAULT 0,
  `active` tinyint(1) NOT NULL DEFAULT 0
) ENGINE=InnoDB DEFAULT CHARSET=utf8mb4 COLLATE=utf8mb4_general_ci;

--
-- Dumping data for table `xio8d_state`
--

INSERT INTO `xio8d_state` (`id_state`, `id_country`, `id_zone`, `name`, `iso_code`, `tax_behavior`, `active`) VALUES
(1, 21, 2, 'AA', 'AA', 0, 1),
(2, 21, 2, 'AE', 'AE', 0, 1),
(3, 21, 2, 'AP', 'AP', 0, 1),
(4, 21, 2, 'Alabama', 'AL', 0, 1),
(5, 21, 2, 'Alaska', 'AK', 0, 1),
(6, 21, 2, 'Arizona', 'AZ', 0, 1),
(7, 21, 2, 'Arkansas', 'AR', 0, 1),
(8, 21, 2, 'California', 'CA', 0, 1),
(9, 21, 2, 'Colorado', 'CO', 0, 1),
(10, 21, 2, 'Connecticut', 'CT', 0, 1),
(11, 21, 2, 'Delaware', 'DE', 0, 1),
(12, 21, 2, 'Florida', 'FL', 0, 1),
(13, 21, 2, 'Georgia', 'GA', 0, 1),
(14, 21, 2, 'Hawaii', 'HI', 0, 1),
(15, 21, 2, 'Idaho', 'ID', 0, 1),
(16, 21, 2, 'Illinois', 'IL', 0, 1),
(17, 21, 2, 'Indiana', 'IN', 0, 1),
(18, 21, 2, 'Iowa', 'IA', 0, 1),
(19, 21, 2, 'Kansas', 'KS', 0, 1),
(20, 21, 2, 'Kentucky', 'KY', 0, 1),
(21, 21, 2, 'Louisiana', 'LA', 0, 1),
(22, 21, 2, 'Maine', 'ME', 0, 1),
(23, 21, 2, 'Maryland', 'MD', 0, 1),
(24, 21, 2, 'Massachusetts', 'MA', 0, 1),
(25, 21, 2, 'Michigan', 'MI', 0, 1),
(26, 21, 2, 'Minnesota', 'MN', 0, 1),
(27, 21, 2, 'Mississippi', 'MS', 0, 1),
(28, 21, 2, 'Missouri', 'MO', 0, 1),
(29, 21, 2, 'Montana', 'MT', 0, 1),
(30, 21, 2, 'Nebraska', 'NE', 0, 1),
(31, 21, 2, 'Nevada', 'NV', 0, 1),
(32, 21, 2, 'New Hampshire', 'NH', 0, 1),
(33, 21, 2, 'New Jersey', 'NJ', 0, 1),
(34, 21, 2, 'New Mexico', 'NM', 0, 1),
(35, 21, 2, 'New York', 'NY', 0, 1),
(36, 21, 2, 'North Carolina', 'NC', 0, 1),
(37, 21, 2, 'North Dakota', 'ND', 0, 1),
(38, 21, 2, 'Ohio', 'OH', 0, 1),
(39, 21, 2, 'Oklahoma', 'OK', 0, 1),
(40, 21, 2, 'Oregon', 'OR', 0, 1),
(41, 21, 2, 'Pennsylvania', 'PA', 0, 1),
(42, 21, 2, 'Rhode Island', 'RI', 0, 1),
(43, 21, 2, 'South Carolina', 'SC', 0, 1),
(44, 21, 2, 'South Dakota', 'SD', 0, 1),
(45, 21, 2, 'Tennessee', 'TN', 0, 1),
(46, 21, 2, 'Texas', 'TX', 0, 1),
(47, 21, 2, 'Utah', 'UT', 0, 1),
(48, 21, 2, 'Vermont', 'VT', 0, 1),
(49, 21, 2, 'Virginia', 'VA', 0, 1),
(50, 21, 2, 'Washington', 'WA', 0, 1),
(51, 21, 2, 'West Virginia', 'WV', 0, 1),
(52, 21, 2, 'Wisconsin', 'WI', 0, 1),
(53, 21, 2, 'Wyoming', 'WY', 0, 1),
(54, 21, 2, 'Puerto Rico', 'PR', 0, 1),
(55, 21, 2, 'US Virgin Islands', 'VI', 0, 1),
(56, 21, 2, 'District of Columbia', 'DC', 0, 1),
(57, 144, 2, 'Aguascalientes', 'AGU', 0, 1),
(58, 144, 2, 'Baja California', 'BCN', 0, 1),
(59, 144, 2, 'Baja California Sur', 'BCS', 0, 1),
(60, 144, 2, 'Campeche', 'CAM', 0, 1),
(61, 144, 2, 'Chiapas', 'CHP', 0, 1),
(62, 144, 2, 'Chihuahua', 'CHH', 0, 1),
(63, 144, 2, 'Ciudad de México', 'CMX', 0, 1),
(64, 144, 2, 'Coahuila', 'COA', 0, 1),
(65, 144, 2, 'Colima', 'COL', 0, 1),
(66, 144, 2, 'Durango', 'DUR', 0, 1),
(67, 144, 2, 'Guanajuato', 'GUA', 0, 1),
(68, 144, 2, 'Guerrero', 'GRO', 0, 1),
(69, 144, 2, 'Hidalgo', 'HID', 0, 1),
(70, 144, 2, 'Jalisco', 'JAL', 0, 1),
(71, 144, 2, 'Estado de México', 'MEX', 0, 1),
(72, 144, 2, 'Michoacán', 'MIC', 0, 1),
(73, 144, 2, 'Morelos', 'MOR', 0, 1),
(74, 144, 2, 'Nayarit', 'NAY', 0, 1),
(75, 144, 2, 'Nuevo León', 'NLE', 0, 1),
(76, 144, 2, 'Oaxaca', 'OAX', 0, 1),
(77, 144, 2, 'Puebla', 'PUE', 0, 1),
(78, 144, 2, 'Querétaro', 'QUE', 0, 1),
(79, 144, 2, 'Quintana Roo', 'ROO', 0, 1),
(80, 144, 2, 'San Luis Potosí', 'SLP', 0, 1),
(81, 144, 2, 'Sinaloa', 'SIN', 0, 1),
(82, 144, 2, 'Sonora', 'SON', 0, 1),
(83, 144, 2, 'Tabasco', 'TAB', 0, 1),
(84, 144, 2, 'Tamaulipas', 'TAM', 0, 1),
(85, 144, 2, 'Tlaxcala', 'TLA', 0, 1),
(86, 144, 2, 'Veracruz', 'VER', 0, 1),
(87, 144, 2, 'Yucatán', 'YUC', 0, 1),
(88, 144, 2, 'Zacatecas', 'ZAC', 0, 1),
(89, 4, 2, 'Ontario', 'ON', 0, 1),
(90, 4, 2, 'Quebec', 'QC', 0, 1),
(91, 4, 2, 'British Columbia', 'BC', 0, 1),
(92, 4, 2, 'Alberta', 'AB', 0, 1),
(93, 4, 2, 'Manitoba', 'MB', 0, 1),
(94, 4, 2, 'Saskatchewan', 'SK', 0, 1),
(95, 4, 2, 'Nova Scotia', 'NS', 0, 1),
(96, 4, 2, 'New Brunswick', 'NB', 0, 1),
(97, 4, 2, 'Newfoundland and Labrador', 'NL', 0, 1),
(98, 4, 2, 'Prince Edward Island', 'PE', 0, 1),
(99, 4, 2, 'Northwest Territories', 'NT', 0, 1),
(100, 4, 2, 'Yukon', 'YT', 0, 1),
(101, 4, 2, 'Nunavut', 'NU', 0, 1),
(102, 44, 6, 'Buenos Aires', 'B', 0, 1),
(103, 44, 6, 'Catamarca', 'K', 0, 1),
(104, 44, 6, 'Chaco', 'H', 0, 1),
(105, 44, 6, 'Chubut', 'U', 0, 1),
(106, 44, 6, 'Ciudad de Buenos Aires', 'C', 0, 1),
(107, 44, 6, 'Córdoba', 'X', 0, 1),
(108, 44, 6, 'Corrientes', 'W', 0, 1),
(109, 44, 6, 'Entre Ríos', 'E', 0, 1),
(110, 44, 6, 'Formosa', 'P', 0, 1),
(111, 44, 6, 'Jujuy', 'Y', 0, 1),
(112, 44, 6, 'La Pampa', 'L', 0, 1),
(113, 44, 6, 'La Rioja', 'F', 0, 1),
(114, 44, 6, 'Mendoza', 'M', 0, 1),
(115, 44, 6, 'Misiones', 'N', 0, 1),
(116, 44, 6, 'Neuquén', 'Q', 0, 1),
(117, 44, 6, 'Río Negro', 'R', 0, 1),
(118, 44, 6, 'Salta', 'A', 0, 1),
(119, 44, 6, 'San Juan', 'J', 0, 1),
(120, 44, 6, 'San Luis', 'D', 0, 1),
(121, 44, 6, 'Santa Cruz', 'Z', 0, 1),
(122, 44, 6, 'Santa Fe', 'S', 0, 1),
(123, 44, 6, 'Santiago del Estero', 'G', 0, 1),
(124, 44, 6, 'Tierra del Fuego', 'V', 0, 1),
(125, 44, 6, 'Tucumán', 'T', 0, 1),
(126, 10, 1, 'Agrigento', 'AG', 0, 1),
(127, 10, 1, 'Alessandria', 'AL', 0, 1),
(128, 10, 1, 'Ancona', 'AN', 0, 1),
(129, 10, 1, 'Aosta', 'AO', 0, 1),
(130, 10, 1, 'Arezzo', 'AR', 0, 1),
(131, 10, 1, 'Ascoli Piceno', 'AP', 0, 1),
(132, 10, 1, 'Asti', 'AT', 0, 1),
(133, 10, 1, 'Avellino', 'AV', 0, 1),
(134, 10, 1, 'Bari', 'BA', 0, 1),
(135, 10, 1, 'Barletta-Andria-Trani', 'BT', 0, 1),
(136, 10, 1, 'Belluno', 'BL', 0, 1),
(137, 10, 1, 'Benevento', 'BN', 0, 1),
(138, 10, 1, 'Bergamo', 'BG', 0, 1),
(139, 10, 1, 'Biella', 'BI', 0, 1),
(140, 10, 1, 'Bologna', 'BO', 0, 1),
(141, 10, 1, 'Bolzano', 'BZ', 0, 1),
(142, 10, 1, 'Brescia', 'BS', 0, 1),
(143, 10, 1, 'Brindisi', 'BR', 0, 1),
(144, 10, 1, 'Cagliari', 'CA', 0, 1),
(145, 10, 1, 'Caltanissetta', 'CL', 0, 1),
(146, 10, 1, 'Campobasso', 'CB', 0, 1),
(147, 10, 1, 'Carbonia-Iglesias', 'CI', 0, 1),
(148, 10, 1, 'Caserta', 'CE', 0, 1),
(149, 10, 1, 'Catania', 'CT', 0, 1),
(150, 10, 1, 'Catanzaro', 'CZ', 0, 1),
(151, 10, 1, 'Chieti', 'CH', 0, 1),
(152, 10, 1, 'Como', 'CO', 0, 1),
(153, 10, 1, 'Cosenza', 'CS', 0, 1),
(154, 10, 1, 'Cremona', 'CR', 0, 1),
(155, 10, 1, 'Crotone', 'KR', 0, 1),
(156, 10, 1, 'Cuneo', 'CN', 0, 1),
(157, 10, 1, 'Enna', 'EN', 0, 1),
(158, 10, 1, 'Fermo', 'FM', 0, 1),
(159, 10, 1, 'Ferrara', 'FE', 0, 1),
(160, 10, 1, 'Firenze', 'FI', 0, 1),
(161, 10, 1, 'Foggia', 'FG', 0, 1),
(162, 10, 1, 'Forlì-Cesena', 'FC', 0, 1),
(163, 10, 1, 'Frosinone', 'FR', 0, 1),
(164, 10, 1, 'Genova', 'GE', 0, 1),
(165, 10, 1, 'Gorizia', 'GO', 0, 1),
(166, 10, 1, 'Grosseto', 'GR', 0, 1),
(167, 10, 1, 'Imperia', 'IM', 0, 1),
(168, 10, 1, 'Isernia', 'IS', 0, 1),
(169, 10, 1, 'L\'Aquila', 'AQ', 0, 1),
(170, 10, 1, 'La Spezia', 'SP', 0, 1),
(171, 10, 1, 'Latina', 'LT', 0, 1),
(172, 10, 1, 'Lecce', 'LE', 0, 1),
(173, 10, 1, 'Lecco', 'LC', 0, 1),
(174, 10, 1, 'Livorno', 'LI', 0, 1),
(175, 10, 1, 'Lodi', 'LO', 0, 1),
(176, 10, 1, 'Lucca', 'LU', 0, 1),
(177, 10, 1, 'Macerata', 'MC', 0, 1),
(178, 10, 1, 'Mantova', 'MN', 0, 1),
(179, 10, 1, 'Massa', 'MS', 0, 1),
(180, 10, 1, 'Matera', 'MT', 0, 1),
(181, 10, 1, 'Medio Campidano', 'VS', 0, 1),
(182, 10, 1, 'Messina', 'ME', 0, 1),
(183, 10, 1, 'Milano', 'MI', 0, 1),
(184, 10, 1, 'Modena', 'MO', 0, 1),
(185, 10, 1, 'Monza e della Brianza', 'MB', 0, 1),
(186, 10, 1, 'Napoli', 'NA', 0, 1),
(187, 10, 1, 'Novara', 'NO', 0, 1),
(188, 10, 1, 'Nuoro', 'NU', 0, 1),
(189, 10, 1, 'Ogliastra', 'OG', 0, 1),
(190, 10, 1, 'Olbia-Tempio', 'OT', 0, 1),
(191, 10, 1, 'Oristano', 'OR', 0, 1),
(192, 10, 1, 'Padova', 'PD', 0, 1),
(193, 10, 1, 'Palermo', 'PA', 0, 1),
(194, 10, 1, 'Parma', 'PR', 0, 1),
(195, 10, 1, 'Pavia', 'PV', 0, 1),
(196, 10, 1, 'Perugia', 'PG', 0, 1),
(197, 10, 1, 'Pesaro-Urbino', 'PU', 0, 1),
(198, 10, 1, 'Pescara', 'PE', 0, 1),
(199, 10, 1, 'Piacenza', 'PC', 0, 1),
(200, 10, 1, 'Pisa', 'PI', 0, 1),
(201, 10, 1, 'Pistoia', 'PT', 0, 1),
(202, 10, 1, 'Pordenone', 'PN', 0, 1),
(203, 10, 1, 'Potenza', 'PZ', 0, 1),
(204, 10, 1, 'Prato', 'PO', 0, 1),
(205, 10, 1, 'Ragusa', 'RG', 0, 1),
(206, 10, 1, 'Ravenna', 'RA', 0, 1),
(207, 10, 1, 'Reggio Calabria', 'RC', 0, 1),
(208, 10, 1, 'Reggio Emilia', 'RE', 0, 1),
(209, 10, 1, 'Rieti', 'RI', 0, 1),
(210, 10, 1, 'Rimini', 'RN', 0, 1),
(211, 10, 1, 'Roma', 'RM', 0, 1),
(212, 10, 1, 'Rovigo', 'RO', 0, 1),
(213, 10, 1, 'Salerno', 'SA', 0, 1),
(214, 10, 1, 'Sassari', 'SS', 0, 1),
(215, 10, 1, 'Savona', 'SV', 0, 1),
(216, 10, 1, 'Siena', 'SI', 0, 1),
(217, 10, 1, 'Siracusa', 'SR', 0, 1),
(218, 10, 1, 'Sondrio', 'SO', 0, 1),
(219, 10, 1, 'Taranto', 'TA', 0, 1),
(220, 10, 1, 'Teramo', 'TE', 0, 1),
(221, 10, 1, 'Terni', 'TR', 0, 1),
(222, 10, 1, 'Torino', 'TO', 0, 1),
(223, 10, 1, 'Trapani', 'TP', 0, 1),
(224, 10, 1, 'Trento', 'TN', 0, 1),
(225, 10, 1, 'Treviso', 'TV', 0, 1),
(226, 10, 1, 'Trieste', 'TS', 0, 1),
(227, 10, 1, 'Udine', 'UD', 0, 1),
(228, 10, 1, 'Varese', 'VA', 0, 1),
(229, 10, 1, 'Venezia', 'VE', 0, 1),
(230, 10, 1, 'Verbano-Cusio-Ossola', 'VB', 0, 1),
(231, 10, 1, 'Vercelli', 'VC', 0, 1),
(232, 10, 1, 'Verona', 'VR', 0, 1),
(233, 10, 1, 'Vibo Valentia', 'VV', 0, 1),
(234, 10, 1, 'Vicenza', 'VI', 0, 1),
(235, 10, 1, 'Viterbo', 'VT', 0, 1),
(236, 110, 3, 'Aceh', 'ID-AC', 0, 1),
(237, 110, 3, 'Bali', 'ID-BA', 0, 1),
(238, 110, 3, 'Banten', 'ID-BT', 0, 1),
(239, 110, 3, 'Bengkulu', 'ID-BE', 0, 1),
(240, 110, 3, 'Gorontalo', 'ID-GO', 0, 1),
(241, 110, 3, 'Jakarta', 'ID-JK', 0, 1),
(242, 110, 3, 'Jambi', 'ID-JA', 0, 1),
(243, 110, 3, 'Jawa Barat', 'ID-JB', 0, 1),
(244, 110, 3, 'Jawa Tengah', 'ID-JT', 0, 1),
(245, 110, 3, 'Jawa Timur', 'ID-JI', 0, 1),
(246, 110, 3, 'Kalimantan Barat', 'ID-KB', 0, 1),
(247, 110, 3, 'Kalimantan Selatan', 'ID-KS', 0, 1),
(248, 110, 3, 'Kalimantan Tengah', 'ID-KT', 0, 1),
(249, 110, 3, 'Kalimantan Timur', 'ID-KI', 0, 1),
(250, 110, 3, 'Kalimantan Utara', 'ID-KU', 0, 1),
(251, 110, 3, 'Kepulauan Bangka Belitug', 'ID-BB', 0, 1),
(252, 110, 3, 'Kepulauan Riau', 'ID-KR', 0, 1),
(253, 110, 3, 'Lampung', 'ID-LA', 0, 1),
(254, 110, 3, 'Maluku', 'ID-MA', 0, 1),
(255, 110, 3, 'Maluku Utara', 'ID-MU', 0, 1),
(256, 110, 3, 'Nusa Tengara Barat', 'ID-NB', 0, 1),
(257, 110, 3, 'Nusa Tenggara Timur', 'ID-NT', 0, 1),
(258, 110, 3, 'Papua', 'ID-PA', 0, 1),
(259, 110, 3, 'Papua Barat', 'ID-PB', 0, 1),
(260, 110, 3, 'Riau', 'ID-RI', 0, 1),
(261, 110, 3, 'Sulawesi Barat', 'ID-SR', 0, 1),
(262, 110, 3, 'Sulawesi Selatan', 'ID-SN', 0, 1),
(263, 110, 3, 'Sulawesi Tengah', 'ID-ST', 0, 1),
(264, 110, 3, 'Sulawesi Tenggara', 'ID-SG', 0, 1),
(265, 110, 3, 'Sulawesi Utara', 'ID-SA', 0, 1),
(266, 110, 3, 'Sumatera Barat', 'ID-SB', 0, 1),
(267, 110, 3, 'Sumatera Selatan', 'ID-SS', 0, 1),
(268, 110, 3, 'Sumatera Utara', 'ID-SU', 0, 1),
(269, 110, 3, 'Yogyakarta', 'ID-YO', 0, 1),
(270, 11, 3, 'Aichi', '23', 0, 1),
(271, 11, 3, 'Akita', '05', 0, 1),
(272, 11, 3, 'Aomori', '02', 0, 1),
(273, 11, 3, 'Chiba', '12', 0, 1),
(274, 11, 3, 'Ehime', '38', 0, 1),
(275, 11, 3, 'Fukui', '18', 0, 1),
(276, 11, 3, 'Fukuoka', '40', 0, 1),
(277, 11, 3, 'Fukushima', '07', 0, 1),
(278, 11, 3, 'Gifu', '21', 0, 1),
(279, 11, 3, 'Gunma', '10', 0, 1),
(280, 11, 3, 'Hiroshima', '34', 0, 1),
(281, 11, 3, 'Hokkaido', '01', 0, 1),
(282, 11, 3, 'Hyogo', '28', 0, 1),
(283, 11, 3, 'Ibaraki', '08', 0, 1),
(284, 11, 3, 'Ishikawa', '17', 0, 1),
(285, 11, 3, 'Iwate', '03', 0, 1),
(286, 11, 3, 'Kagawa', '37', 0, 1),
(287, 11, 3, 'Kagoshima', '46', 0, 1),
(288, 11, 3, 'Kanagawa', '14', 0, 1),
(289, 11, 3, 'Kochi', '39', 0, 1),
(290, 11, 3, 'Kumamoto', '43', 0, 1),
(291, 11, 3, 'Kyoto', '26', 0, 1),
(292, 11, 3, 'Mie', '24', 0, 1),
(293, 11, 3, 'Miyagi', '04', 0, 1),
(294, 11, 3, 'Miyazaki', '45', 0, 1),
(295, 11, 3, 'Nagano', '20', 0, 1),
(296, 11, 3, 'Nagasaki', '42', 0, 1),
(297, 11, 3, 'Nara', '29', 0, 1),
(298, 11, 3, 'Niigata', '15', 0, 1),
(299, 11, 3, 'Oita', '44', 0, 1),
(300, 11, 3, 'Okayama', '33', 0, 1),
(301, 11, 3, 'Okinawa', '47', 0, 1),
(302, 11, 3, 'Osaka', '27', 0, 1),
(303, 11, 3, 'Saga', '41', 0, 1),
(304, 11, 3, 'Saitama', '11', 0, 1),
(305, 11, 3, 'Shiga', '25', 0, 1),
(306, 11, 3, 'Shimane', '32', 0, 1),
(307, 11, 3, 'Shizuoka', '22', 0, 1),
(308, 11, 3, 'Tochigi', '09', 0, 1),
(309, 11, 3, 'Tokushima', '36', 0, 1),
(310, 11, 3, 'Tokyo', '13', 0, 1),
(311, 11, 3, 'Tottori', '31', 0, 1),
(312, 11, 3, 'Toyama', '16', 0, 1),
(313, 11, 3, 'Wakayama', '30', 0, 1),
(314, 11, 3, 'Yamagata', '06', 0, 1),
(315, 11, 3, 'Yamaguchi', '35', 0, 1),
(316, 11, 3, 'Yamanashi', '19', 0, 1),
(317, 24, 5, 'Australian Capital Territory', 'ACT', 0, 1),
(318, 24, 5, 'New South Wales', 'NSW', 0, 1),
(319, 24, 5, 'Northern Territory', 'NT', 0, 1),
(320, 24, 5, 'Queensland', 'QLD', 0, 1),
(321, 24, 5, 'South Australia', 'SA', 0, 1),
(322, 24, 5, 'Tasmania', 'TAS', 0, 1),
(323, 24, 5, 'Victoria', 'VIC', 0, 1),
(324, 24, 5, 'Western Australia', 'WA', 0, 1),
(325, 109, 3, 'Andhra Pradesh', 'AP', 0, 1),
(326, 109, 3, 'Arunachal Pradesh', 'AR', 0, 1),
(327, 109, 3, 'Assam', 'AS', 0, 1),
(328, 109, 3, 'Bihar', 'BR', 0, 1),
(329, 109, 3, 'Chhattisgarh', 'CT', 0, 1),
(330, 109, 3, 'Goa', 'GA', 0, 1),
(331, 109, 3, 'Gujarat', 'GJ', 0, 1),
(332, 109, 3, 'Haryana', 'HR', 0, 1),
(333, 109, 3, 'Himachal Pradesh', 'HP', 0, 1),
(334, 109, 3, 'Jharkhand', 'JH', 0, 1),
(335, 109, 3, 'Karnataka', 'KA', 0, 1),
(336, 109, 3, 'Kerala', 'KL', 0, 1),
(337, 109, 3, 'Madhya Pradesh', 'MP', 0, 1),
(338, 109, 3, 'Maharashtra', 'MH', 0, 1),
(339, 109, 3, 'Manipur', 'MN', 0, 1),
(340, 109, 3, 'Meghalaya', 'ML', 0, 1),
(341, 109, 3, 'Mizoram', 'MZ', 0, 1),
(342, 109, 3, 'Nagaland', 'NL', 0, 1),
(343, 109, 3, 'Odisha', 'OR', 0, 1),
(344, 109, 3, 'Punjab', 'PB', 0, 1),
(345, 109, 3, 'Rajasthan', 'RJ', 0, 1),
(346, 109, 3, 'Sikkim', 'SK', 0, 1),
(347, 109, 3, 'Tamil Nadu', 'TN', 0, 1),
(348, 109, 3, 'Telangana', 'TG', 0, 1),
(349, 109, 3, 'Tripura', 'TR', 0, 1),
(350, 109, 3, 'Uttar Pradesh', 'UP', 0, 1),
(351, 109, 3, 'Uttarakhand', 'UT', 0, 1),
(352, 109, 3, 'West Bengal', 'WB', 0, 1),
(353, 109, 3, 'Jammu and Kashmir', 'JK', 0, 1),
(354, 109, 3, 'Uttarakhand', 'UL', 0, 1),
(355, 109, 3, 'Andaman and Nicobar Islands', 'AN', 0, 1),
(356, 109, 3, 'Chandigarh', 'CH', 0, 1),
(357, 109, 3, 'Dadra and Nagar Haveli', 'DN', 0, 1),
(358, 109, 3, 'Daman and Diu', 'DD', 0, 1),
(359, 109, 3, 'Delhi', 'DL', 0, 1),
(360, 109, 3, 'Lakshadweep', 'LD', 0, 1),
(361, 109, 3, 'Pondicherry', 'PY', 0, 1);

-- --------------------------------------------------------

--
-- Table structure for table `xio8d_statssearch`
--

CREATE TABLE `xio8d_statssearch` (
  `id_statssearch` int(10) UNSIGNED NOT NULL,
  `id_shop` int(10) UNSIGNED NOT NULL DEFAULT 1,
  `id_shop_group` int(10) UNSIGNED NOT NULL DEFAULT 1,
  `keywords` varchar(255) NOT NULL,
  `results` int(6) NOT NULL DEFAULT 0,
  `date_add` datetime NOT NULL
) ENGINE=InnoDB DEFAULT CHARSET=utf8 COLLATE=utf8_general_ci;

--
-- Dumping data for table `xio8d_statssearch`
--

INSERT INTO `xio8d_statssearch` (`id_statssearch`, `id_shop`, `id_shop_group`, `keywords`, `results`, `date_add`) VALUES
(1, 1, 1, 'Celavive Creamy Foam Cleanser: Hydrating wash', 0, '2026-06-17 15:52:03'),
(2, 1, 1, 'Celavive Creamy Foam Cleanser', 0, '2026-06-17 15:52:10'),
(3, 1, 1, 'Celavive Creamy Foam Cleanser', 0, '2026-06-17 15:52:10'),
(4, 1, 1, 'Celavive', 0, '2026-06-17 15:52:13'),
(5, 1, 1, 'Celavive', 0, '2026-06-17 15:52:14'),
(6, 1, 1, 'USANA AM PM StarterPak', 1, '2026-06-22 15:55:32'),
(7, 1, 1, 'Hepasil DTX', 0, '2026-06-23 11:51:52'),
(8, 1, 1, 'Hepasil', 1, '2026-06-23 11:52:02');

-- --------------------------------------------------------

--
-- Table structure for table `xio8d_stock`
--

CREATE TABLE `xio8d_stock` (
  `id_stock` int(11) UNSIGNED NOT NULL,
  `id_warehouse` int(11) UNSIGNED NOT NULL,
  `id_product` int(11) UNSIGNED NOT NULL,
  `id_product_attribute` int(11) UNSIGNED NOT NULL,
  `reference` varchar(64) NOT NULL,
  `ean13` varchar(20) DEFAULT NULL,
  `isbn` varchar(32) DEFAULT NULL,
  `upc` varchar(12) DEFAULT NULL,
  `mpn` varchar(40) DEFAULT NULL,
  `physical_quantity` int(11) UNSIGNED NOT NULL,
  `usable_quantity` int(11) UNSIGNED NOT NULL,
  `price_te` decimal(20,6) DEFAULT 0.000000
) ENGINE=InnoDB DEFAULT CHARSET=utf8mb4 COLLATE=utf8mb4_general_ci;

-- --------------------------------------------------------

--
-- Table structure for table `xio8d_stock_available`
--

CREATE TABLE `xio8d_stock_available` (
  `id_stock_available` int(11) UNSIGNED NOT NULL,
  `id_product` int(11) UNSIGNED NOT NULL,
  `id_product_attribute` int(11) UNSIGNED NOT NULL,
  `id_shop` int(11) UNSIGNED NOT NULL,
  `id_shop_group` int(11) UNSIGNED NOT NULL,
  `quantity` int(10) NOT NULL DEFAULT 0,
  `physical_quantity` int(11) NOT NULL DEFAULT 0,
  `reserved_quantity` int(11) NOT NULL DEFAULT 0,
  `depends_on_stock` tinyint(1) UNSIGNED NOT NULL DEFAULT 0,
  `out_of_stock` tinyint(1) UNSIGNED NOT NULL DEFAULT 0,
  `location` varchar(255) NOT NULL DEFAULT ''
) ENGINE=InnoDB DEFAULT CHARSET=utf8mb4 COLLATE=utf8mb4_general_ci;

--
-- Dumping data for table `xio8d_stock_available`
--

INSERT INTO `xio8d_stock_available` (`id_stock_available`, `id_product`, `id_product_attribute`, `id_shop`, `id_shop_group`, `quantity`, `physical_quantity`, `reserved_quantity`, `depends_on_stock`, `out_of_stock`, `location`) VALUES
(1, 21, 0, 2, 0, 904, 0, 0, 0, 2, ''),
(2, 21, 0, 0, 0, 0, 0, 0, 0, 0, ''),
(4, 22, 0, 2, 0, 799, 0, 0, 0, 2, ''),
(5, 22, 0, 0, 0, 0, 0, 0, 0, 0, ''),
(6, 23, 0, 2, 0, 937, 0, 0, 0, 2, ''),
(7, 23, 0, 0, 0, 0, 0, 0, 0, 0, ''),
(9, 25, 0, 2, 0, 902, 0, 0, 0, 2, ''),
(10, 25, 0, 0, 0, 0, 0, 0, 0, 0, ''),
(11, 27, 0, 2, 0, 858, 0, 0, 0, 2, ''),
(12, 27, 0, 0, 0, 0, 0, 0, 0, 0, ''),
(13, 28, 0, 2, 0, 848, 0, 0, 0, 2, ''),
(14, 28, 0, 0, 0, 0, 0, 0, 0, 0, ''),
(16, 29, 0, 2, 0, 684, 0, 0, 0, 2, ''),
(17, 29, 0, 0, 0, 0, 0, 0, 0, 0, ''),
(18, 30, 0, 2, 0, 400, 0, 0, 0, 2, ''),
(19, 30, 0, 0, 0, 0, 0, 0, 0, 0, ''),
(20, 31, 0, 2, 0, 519, 0, 0, 0, 2, ''),
(21, 31, 0, 0, 0, 0, 0, 0, 0, 0, ''),
(23, 35, 0, 2, 0, 993, 0, 0, 0, 2, ''),
(24, 35, 0, 0, 0, 0, 0, 0, 0, 0, ''),
(25, 37, 0, 2, 0, 997, 0, 0, 0, 2, ''),
(26, 37, 0, 0, 0, 0, 0, 0, 0, 0, ''),
(27, 39, 0, 2, 0, 998, 0, 0, 0, 2, ''),
(28, 39, 0, 0, 0, 0, 0, 0, 0, 0, ''),
(29, 40, 0, 2, 0, 996, 0, 0, 0, 2, ''),
(30, 40, 0, 0, 0, 0, 0, 0, 0, 0, ''),
(31, 41, 0, 2, 0, 996, 0, 0, 0, 2, ''),
(32, 41, 0, 0, 0, 0, 0, 0, 0, 0, ''),
(33, 46, 0, 2, 0, 998, 0, 0, 0, 2, ''),
(34, 46, 0, 0, 0, 0, 0, 0, 0, 0, ''),
(35, 47, 0, 2, 0, 999, 0, 0, 0, 2, ''),
(36, 47, 0, 0, 0, 0, 0, 0, 0, 0, ''),
(37, 48, 0, 2, 0, 685, 695, 10, 0, 2, ''),
(38, 48, 0, 0, 0, 0, 0, 0, 0, 0, ''),
(40, 49, 0, 2, 0, 497, 0, 0, 0, 2, ''),
(41, 49, 0, 0, 0, 0, 0, 0, 0, 0, ''),
(42, 50, 0, 2, 0, 949, 0, 0, 0, 2, ''),
(43, 50, 0, 0, 0, 0, 0, 0, 0, 0, ''),
(44, 51, 0, 2, 0, 988, 0, 0, 0, 2, ''),
(45, 51, 0, 0, 0, 0, 0, 0, 0, 0, ''),
(46, 52, 0, 2, 0, 997, 0, 0, 0, 2, ''),
(47, 52, 0, 0, 0, 0, 0, 0, 0, 0, ''),
(48, 53, 0, 2, 0, 956, 0, 0, 0, 2, ''),
(49, 53, 0, 0, 0, 0, 0, 0, 0, 0, ''),
(50, 54, 0, 2, 0, 996, 0, 0, 0, 2, ''),
(51, 54, 0, 0, 0, 0, 0, 0, 0, 0, ''),
(52, 55, 0, 2, 0, 955, 0, 0, 0, 2, ''),
(53, 55, 0, 0, 0, 0, 0, 0, 0, 0, ''),
(54, 56, 0, 2, 0, 997, 0, 0, 0, 2, ''),
(55, 56, 0, 0, 0, 0, 0, 0, 0, 0, ''),
(56, 57, 0, 2, 0, 959, 0, 0, 0, 2, ''),
(57, 57, 0, 0, 0, 0, 0, 0, 0, 0, ''),
(58, 59, 0, 2, 0, 991, 0, 0, 0, 2, ''),
(59, 59, 0, 0, 0, 0, 0, 0, 0, 0, ''),
(60, 60, 0, 2, 0, 992, 0, 0, 0, 2, ''),
(61, 60, 0, 0, 0, 0, 0, 0, 0, 0, ''),
(62, 61, 0, 2, 0, 998, 0, 0, 0, 2, ''),
(63, 61, 0, 0, 0, 0, 0, 0, 0, 0, ''),
(64, 62, 0, 2, 0, 993, 0, 0, 0, 2, ''),
(65, 62, 0, 0, 0, 0, 0, 0, 0, 0, ''),
(66, 65, 0, 2, 0, 987, 0, 0, 0, 2, ''),
(67, 65, 0, 0, 0, 0, 0, 0, 0, 0, ''),
(68, 67, 0, 1, 0, 732, 0, 0, 0, 2, ''),
(69, 67, 0, 0, 0, 0, 0, 0, 0, 0, ''),
(70, 68, 0, 1, 0, 513, 518, 5, 0, 2, ''),
(71, 68, 0, 0, 0, 0, 0, 0, 0, 0, ''),
(72, 69, 0, 1, 0, 679, 0, 0, 0, 2, ''),
(73, 69, 0, 0, 0, 0, 0, 0, 0, 0, ''),
(74, 70, 0, 1, 0, 873, 0, 0, 0, 2, ''),
(75, 70, 0, 0, 0, 0, 0, 0, 0, 0, ''),
(76, 71, 0, 1, 0, 974, 0, 0, 0, 2, ''),
(77, 71, 0, 0, 0, 0, 0, 0, 0, 0, ''),
(78, 72, 0, 1, 0, 806, 0, 0, 0, 2, ''),
(79, 72, 0, 0, 0, 0, 0, 0, 0, 0, ''),
(80, 75, 0, 1, 0, 886, 0, 0, 0, 2, ''),
(81, 75, 0, 0, 0, 0, 0, 0, 0, 0, ''),
(82, 76, 0, 1, 0, 849, 852, 3, 0, 2, ''),
(83, 76, 0, 0, 0, 0, 0, 0, 0, 0, ''),
(84, 77, 0, 1, 0, 857, 0, 0, 0, 2, ''),
(85, 77, 0, 0, 0, 0, 0, 0, 0, 0, ''),
(86, 78, 0, 1, 0, 807, 0, 0, 0, 2, ''),
(87, 78, 0, 0, 0, 0, 0, 0, 0, 0, ''),
(88, 80, 0, 1, 0, 893, 0, 0, 0, 2, ''),
(89, 80, 0, 0, 0, 0, 0, 0, 0, 0, ''),
(90, 82, 0, 1, 0, 983, 0, 0, 0, 2, ''),
(91, 82, 0, 0, 0, 0, 0, 0, 0, 0, ''),
(92, 83, 0, 1, 0, 878, 0, 0, 0, 2, ''),
(93, 83, 0, 0, 0, 0, 0, 0, 0, 0, ''),
(94, 84, 0, 1, 0, 947, 0, 0, 0, 2, ''),
(95, 84, 0, 0, 0, 0, 0, 0, 0, 0, ''),
(96, 87, 0, 1, 0, 1000, 0, 0, 0, 2, ''),
(97, 89, 0, 1, 0, 1000, 0, 0, 0, 2, ''),
(98, 91, 0, 1, 0, 987, 0, 0, 0, 2, ''),
(99, 91, 0, 0, 0, 0, 0, 0, 0, 0, ''),
(100, 92, 0, 1, 0, 988, 989, 1, 0, 2, ''),
(101, 92, 0, 0, 0, 0, 0, 0, 0, 0, ''),
(102, 93, 0, 1, 0, 975, 0, 0, 0, 2, ''),
(103, 93, 0, 0, 0, 0, 0, 0, 0, 0, ''),
(104, 95, 0, 1, 0, 952, 0, 0, 0, 2, ''),
(105, 95, 0, 0, 0, 0, 0, 0, 0, 0, ''),
(106, 96, 0, 1, 0, 988, 0, 0, 0, 2, ''),
(107, 96, 0, 0, 0, 0, 0, 0, 0, 0, ''),
(108, 97, 0, 1, 0, 995, 0, 0, 0, 2, ''),
(109, 97, 0, 0, 0, 0, 0, 0, 0, 0, ''),
(110, 98, 0, 1, 0, 991, 0, 0, 0, 2, ''),
(111, 98, 0, 0, 0, 0, 0, 0, 0, 0, ''),
(112, 99, 0, 1, 0, 945, 0, 0, 0, 2, ''),
(113, 99, 0, 0, 0, 0, 0, 0, 0, 0, ''),
(114, 100, 0, 1, 0, 997, 0, 0, 0, 2, ''),
(115, 100, 0, 0, 0, 0, 0, 0, 0, 0, ''),
(116, 101, 0, 1, 0, 954, 0, 0, 0, 2, ''),
(117, 101, 0, 0, 0, 0, 0, 0, 0, 0, ''),
(118, 102, 0, 1, 0, 0, 0, 0, 0, 2, ''),
(119, 103, 0, 1, 0, 985, 0, 0, 0, 2, ''),
(120, 104, 0, 1, 0, 993, 0, 0, 0, 2, ''),
(121, 104, 0, 0, 0, 0, 0, 0, 0, 0, ''),
(122, 109, 0, 1, 0, 983, 0, 0, 0, 2, ''),
(123, 110, 0, 1, 0, 999, 0, 0, 0, 2, ''),
(124, 111, 0, 1, 0, 1000, 0, 0, 0, 2, ''),
(125, 112, 0, 2, 0, 802, 0, 0, 0, 2, ''),
(126, 112, 0, 0, 0, 0, 0, 0, 0, 0, ''),
(127, 114, 0, 2, 0, 9995, 0, 0, 0, 2, ''),
(128, 114, 0, 0, 0, 0, 0, 0, 0, 0, ''),
(129, 117, 0, 2, 0, 996, 0, 0, 0, 2, ''),
(130, 117, 0, 0, 0, 0, 0, 0, 0, 0, ''),
(131, 118, 0, 1, 0, 996, 0, 0, 0, 2, ''),
(132, 118, 0, 0, 0, 0, 0, 0, 0, 0, ''),
(133, 119, 0, 1, 0, 982, 0, 0, 0, 2, ''),
(134, 119, 0, 0, 0, 0, 0, 0, 0, 0, ''),
(135, 121, 0, 1, 0, 100, 0, 0, 0, 2, ''),
(136, 122, 0, 1, 0, 961, 0, 0, 0, 2, ''),
(137, 122, 0, 0, 0, 0, 0, 0, 0, 0, ''),
(138, 123, 0, 1, 0, 954, 0, 0, 0, 2, ''),
(139, 123, 0, 0, 0, 0, 0, 0, 0, 0, ''),
(140, 124, 0, 1, 0, 992, 0, 0, 0, 2, ''),
(141, 124, 0, 0, 0, 0, 0, 0, 0, 0, ''),
(142, 125, 0, 1, 0, 994, 0, 0, 0, 2, ''),
(143, 125, 0, 0, 0, 0, 0, 0, 0, 0, ''),
(144, 127, 0, 1, 0, 992, 0, 0, 0, 2, ''),
(145, 127, 0, 0, 0, 0, 0, 0, 0, 0, ''),
(146, 128, 0, 2, 0, 998, 0, 0, 0, 2, ''),
(147, 128, 0, 0, 0, 0, 0, 0, 0, 0, ''),
(148, 129, 0, 1, 0, 964, 0, 0, 0, 2, ''),
(149, 129, 0, 0, 0, 0, 0, 0, 0, 0, ''),
(150, 130, 0, 1, 0, 999, 0, 0, 0, 2, ''),
(151, 130, 0, 2, 0, 9917, 0, 0, 0, 2, ''),
(152, 131, 0, 2, 0, 9850, 0, 0, 0, 2, ''),
(153, 131, 0, 0, 0, 0, 0, 0, 0, 0, ''),
(154, 133, 0, 1, 0, 998, 0, 0, 0, 2, ''),
(155, 133, 0, 0, 0, 0, 0, 0, 0, 0, ''),
(156, 134, 0, 1, 0, 994, 0, 0, 0, 2, ''),
(157, 134, 0, 0, 0, 0, 0, 0, 0, 0, ''),
(158, 135, 0, 1, 0, 999, 0, 0, 0, 2, ''),
(159, 135, 0, 0, 0, 0, 0, 0, 0, 0, ''),
(160, 136, 0, 1, 0, 1000, 0, 0, 0, 2, ''),
(161, 137, 0, 1, 0, 997, 0, 0, 0, 2, ''),
(162, 137, 0, 0, 0, 0, 0, 0, 0, 0, ''),
(163, 138, 0, 1, 0, 991, 0, 0, 0, 2, ''),
(164, 138, 0, 0, 0, 0, 0, 0, 0, 0, ''),
(165, 139, 0, 1, 0, 997, 0, 0, 0, 2, ''),
(166, 139, 0, 0, 0, 0, 0, 0, 0, 0, ''),
(167, 140, 0, 1, 0, 992, 0, 0, 0, 2, ''),
(168, 140, 0, 0, 0, 0, 0, 0, 0, 0, ''),
(169, 142, 0, 1, 0, 973, 0, 0, 0, 2, ''),
(170, 142, 0, 0, 0, 0, 0, 0, 0, 0, ''),
(171, 143, 0, 1, 0, 985, 0, 0, 0, 2, ''),
(172, 143, 0, 0, 0, 0, 0, 0, 0, 0, ''),
(173, 144, 0, 2, 0, 964, 0, 0, 0, 2, ''),
(174, 144, 0, 0, 0, 0, 0, 0, 0, 0, ''),
(175, 145, 0, 2, 0, 998, 0, 0, 0, 2, ''),
(176, 145, 0, 0, 0, 0, 0, 0, 0, 0, ''),
(177, 146, 0, 2, 0, 996, 0, 0, 0, 2, ''),
(178, 146, 0, 0, 0, 0, 0, 0, 0, 0, ''),
(179, 147, 0, 1, 0, 9960, 0, 0, 0, 2, ''),
(180, 147, 0, 0, 0, 0, 0, 0, 0, 0, ''),
(181, 148, 0, 1, 0, 99, 0, 0, 0, 2, ''),
(182, 148, 0, 0, 0, 0, 0, 0, 0, 0, ''),
(183, 149, 0, 1, 0, 9991, 0, 0, 0, 2, ''),
(184, 149, 0, 0, 0, 0, 0, 0, 0, 0, ''),
(185, 150, 0, 1, 0, 9995, 0, 0, 0, 2, ''),
(186, 150, 0, 0, 0, 0, 0, 0, 0, 0, ''),
(187, 152, 0, 2, 0, 9959, 0, 0, 0, 2, ''),
(188, 152, 0, 0, 0, 0, 0, 0, 0, 0, ''),
(189, 153, 0, 2, 0, 9979, 0, 0, 0, 2, ''),
(190, 153, 0, 0, 0, 0, 0, 0, 0, 0, ''),
(191, 154, 0, 2, 0, 9998, 0, 0, 0, 2, ''),
(192, 154, 0, 0, 0, 0, 0, 0, 0, 0, ''),
(193, 155, 0, 2, 0, 9999, 0, 0, 0, 2, ''),
(194, 155, 0, 0, 0, 0, 0, 0, 0, 0, ''),
(195, 156, 0, 2, 0, 9995, 0, 0, 0, 2, ''),
(196, 156, 0, 0, 0, 0, 0, 0, 0, 0, ''),
(197, 157, 0, 1, 0, 1000, 0, 0, 0, 2, ''),
(198, 159, 0, 1, 0, 1000, 0, 0, 0, 2, ''),
(199, 160, 0, 1, 0, 0, 0, 0, 0, 2, ''),
(200, 160, 0, 2, 0, 1000, 0, 0, 0, 2, ''),
(201, 161, 0, 2, 0, 1000, 0, 0, 0, 2, ''),
(202, 161, 0, 0, 0, 0, 0, 0, 0, 0, ''),
(203, 162, 0, 2, 0, 998, 0, 0, 0, 2, ''),
(204, 162, 0, 0, 0, 0, 0, 0, 0, 0, ''),
(205, 163, 0, 2, 0, 998, 0, 0, 0, 2, ''),
(206, 163, 0, 0, 0, 0, 0, 0, 0, 0, ''),
(207, 164, 0, 2, 0, 999, 0, 0, 0, 2, ''),
(208, 164, 0, 0, 0, 0, 0, 0, 0, 0, ''),
(209, 165, 0, 2, 0, 991, 0, 0, 0, 2, ''),
(210, 165, 0, 0, 0, 0, 0, 0, 0, 0, ''),
(211, 166, 0, 2, 0, 995, 0, 0, 0, 2, ''),
(212, 166, 0, 0, 0, 0, 0, 0, 0, 0, ''),
(213, 167, 0, 2, 0, 987, 0, 0, 0, 2, ''),
(214, 167, 0, 0, 0, 0, 0, 0, 0, 0, ''),
(215, 168, 0, 2, 0, 9965, 0, 0, 0, 2, ''),
(216, 168, 0, 0, 0, 0, 0, 0, 0, 0, ''),
(217, 169, 0, 2, 0, 444, 0, 0, 0, 2, ''),
(218, 169, 0, 0, 0, 0, 0, 0, 0, 0, ''),
(219, 170, 0, 2, 0, 987, 0, 0, 0, 2, ''),
(220, 170, 0, 0, 0, 0, 0, 0, 0, 0, ''),
(221, 171, 0, 1, 0, 998, 0, 0, 0, 2, ''),
(222, 171, 0, 0, 0, 0, 0, 0, 0, 0, ''),
(223, 172, 0, 1, 0, 50, 0, 0, 0, 2, ''),
(224, 175, 0, 1, 0, 49, 0, 0, 0, 2, ''),
(225, 175, 0, 0, 0, 0, 0, 0, 0, 0, ''),
(226, 176, 0, 1, 0, 1000, 0, 0, 0, 2, ''),
(227, 177, 0, 1, 0, 999, 0, 0, 0, 2, ''),
(228, 177, 0, 0, 0, 0, 0, 0, 0, 0, ''),
(229, 178, 0, 1, 0, 10, 0, 0, 0, 2, ''),
(230, 179, 0, 1, 0, 10, 0, 0, 0, 2, ''),
(231, 180, 0, 1, 0, 10, 0, 0, 0, 2, ''),
(232, 181, 0, 1, 0, 10, 0, 0, 0, 2, ''),
(233, 182, 0, 1, 0, 10, 0, 0, 0, 2, ''),
(234, 183, 0, 1, 0, 10, 0, 0, 0, 2, ''),
(235, 184, 0, 1, 0, 10, 0, 0, 0, 2, ''),
(236, 185, 0, 1, 0, 1000, 0, 0, 0, 2, ''),
(237, 189, 0, 2, 0, 1000, 0, 0, 0, 2, ''),
(238, 189, 0, 0, 0, 0, 0, 0, 0, 0, ''),
(239, 190, 0, 2, 0, 1000, 0, 0, 0, 2, ''),
(240, 190, 0, 0, 0, 0, 0, 0, 0, 0, ''),
(241, 191, 0, 2, 0, 983, 0, 0, 0, 2, ''),
(242, 191, 0, 0, 0, 0, 0, 0, 0, 0, ''),
(243, 194, 0, 2, 0, 994, 0, 0, 0, 2, ''),
(244, 194, 0, 0, 0, 0, 0, 0, 0, 0, ''),
(245, 195, 0, 2, 0, 0, 0, 0, 0, 2, ''),
(246, 196, 0, 2, 0, 997, 0, 0, 0, 2, ''),
(247, 196, 0, 0, 0, 0, 0, 0, 0, 0, ''),
(248, 197, 0, 2, 0, 994, 0, 0, 0, 2, ''),
(249, 197, 0, 0, 0, 0, 0, 0, 0, 0, ''),
(250, 198, 0, 2, 0, 990, 0, 0, 0, 2, ''),
(251, 198, 0, 0, 0, 0, 0, 0, 0, 0, ''),
(252, 199, 0, 2, 0, 1000, 0, 0, 0, 2, ''),
(253, 199, 0, 0, 0, 0, 0, 0, 0, 0, ''),
(254, 203, 0, 1, 0, 1000, 0, 0, 0, 2, ''),
(255, 204, 0, 1, 0, 995, 0, 0, 0, 2, '');

-- --------------------------------------------------------

--
-- Table structure for table `xio8d_stock_mvt`
--

CREATE TABLE `xio8d_stock_mvt` (
  `id_stock_mvt` bigint(20) NOT NULL,
  `id_stock` int(11) NOT NULL,
  `id_order` int(11) DEFAULT NULL,
  `id_supply_order` int(11) DEFAULT 0,
  `id_stock_mvt_reason` int(11) NOT NULL,
  `id_employee` int(11) NOT NULL,
  `employee_lastname` varchar(255) DEFAULT NULL,
  `employee_firstname` varchar(255) DEFAULT NULL,
  `physical_quantity` int(10) UNSIGNED NOT NULL,
  `date_add` datetime NOT NULL,
  `sign` smallint(6) NOT NULL DEFAULT 1,
  `price_te` decimal(20,6) DEFAULT 0.000000,
  `last_wa` decimal(20,6) DEFAULT 0.000000,
  `current_wa` decimal(20,6) DEFAULT 0.000000,
  `referer` bigint(20) DEFAULT NULL
) ENGINE=InnoDB DEFAULT CHARSET=utf8mb4 COLLATE=utf8mb4_general_ci;

--
-- Dumping data for table `xio8d_stock_mvt`
--

INSERT INTO `xio8d_stock_mvt` (`id_stock_mvt`, `id_stock`, `id_order`, `id_supply_order`, `id_stock_mvt_reason`, `id_employee`, `employee_lastname`, `employee_firstname`, `physical_quantity`, `date_add`, `sign`, `price_te`, `last_wa`, `current_wa`, `referer`) VALUES
(1, 5, NULL, 0, 4, 1, 'Tricore', 'Dev', 799, '2026-06-17 12:11:44', 1, 0.000000, 0.000000, 0.000000, NULL),
(2, 10, NULL, 0, 4, 1, 'Tricore', 'Dev', 902, '2026-06-17 12:11:45', 1, 0.000000, 0.000000, 0.000000, NULL),
(3, 12, NULL, 0, 4, 1, 'Tricore', 'Dev', 858, '2026-06-17 12:11:45', 1, 0.000000, 0.000000, 0.000000, NULL),
(4, 17, NULL, 0, 4, 1, 'Tricore', 'Dev', 684, '2026-06-17 12:11:45', 1, 0.000000, 0.000000, 0.000000, NULL),
(5, 19, NULL, 0, 4, 1, 'Tricore', 'Dev', 400, '2026-06-17 12:11:46', 1, 0.000000, 0.000000, 0.000000, NULL),
(6, 24, NULL, 0, 4, 1, 'Tricore', 'Dev', 993, '2026-06-17 12:11:46', 1, 0.000000, 0.000000, 0.000000, NULL),
(7, 26, NULL, 0, 4, 1, 'Tricore', 'Dev', 997, '2026-06-17 12:11:46', 1, 0.000000, 0.000000, 0.000000, NULL),
(8, 28, NULL, 0, 4, 1, 'Tricore', 'Dev', 998, '2026-06-17 12:11:46', 1, 0.000000, 0.000000, 0.000000, NULL),
(9, 30, NULL, 0, 4, 1, 'Tricore', 'Dev', 996, '2026-06-17 12:11:47', 1, 0.000000, 0.000000, 0.000000, NULL),
(10, 32, NULL, 0, 4, 1, 'Tricore', 'Dev', 996, '2026-06-17 12:11:47', 1, 0.000000, 0.000000, 0.000000, NULL),
(11, 34, NULL, 0, 4, 1, 'Tricore', 'Dev', 998, '2026-06-17 12:11:47', 1, 0.000000, 0.000000, 0.000000, NULL),
(12, 36, NULL, 0, 4, 1, 'Tricore', 'Dev', 999, '2026-06-17 12:11:47', 1, 0.000000, 0.000000, 0.000000, NULL),
(13, 41, NULL, 0, 4, 1, 'Tricore', 'Dev', 497, '2026-06-17 12:11:48', 1, 0.000000, 0.000000, 0.000000, NULL),
(14, 43, NULL, 0, 4, 1, 'Tricore', 'Dev', 949, '2026-06-17 12:11:48', 1, 0.000000, 0.000000, 0.000000, NULL),
(15, 45, NULL, 0, 4, 1, 'Tricore', 'Dev', 988, '2026-06-17 12:11:48', 1, 0.000000, 0.000000, 0.000000, NULL),
(16, 47, NULL, 0, 4, 1, 'Tricore', 'Dev', 997, '2026-06-17 12:11:48', 1, 0.000000, 0.000000, 0.000000, NULL),
(17, 49, NULL, 0, 4, 1, 'Tricore', 'Dev', 956, '2026-06-17 12:11:48', 1, 0.000000, 0.000000, 0.000000, NULL),
(18, 51, NULL, 0, 4, 1, 'Tricore', 'Dev', 996, '2026-06-17 12:11:48', 1, 0.000000, 0.000000, 0.000000, NULL),
(19, 53, NULL, 0, 4, 1, 'Tricore', 'Dev', 955, '2026-06-17 12:11:49', 1, 0.000000, 0.000000, 0.000000, NULL),
(20, 55, NULL, 0, 4, 1, 'Tricore', 'Dev', 997, '2026-06-17 12:11:49', 1, 0.000000, 0.000000, 0.000000, NULL),
(21, 57, NULL, 0, 4, 1, 'Tricore', 'Dev', 959, '2026-06-17 12:11:49', 1, 0.000000, 0.000000, 0.000000, NULL),
(22, 59, NULL, 0, 4, 1, 'Tricore', 'Dev', 991, '2026-06-17 12:11:49', 1, 0.000000, 0.000000, 0.000000, NULL),
(23, 61, NULL, 0, 4, 1, 'Tricore', 'Dev', 992, '2026-06-17 12:11:49', 1, 0.000000, 0.000000, 0.000000, NULL),
(24, 63, NULL, 0, 4, 1, 'Tricore', 'Dev', 998, '2026-06-17 12:11:49', 1, 0.000000, 0.000000, 0.000000, NULL),
(25, 65, NULL, 0, 4, 1, 'Tricore', 'Dev', 993, '2026-06-17 12:11:50', 1, 0.000000, 0.000000, 0.000000, NULL),
(26, 67, NULL, 0, 4, 1, 'Tricore', 'Dev', 987, '2026-06-17 12:11:50', 1, 0.000000, 0.000000, 0.000000, NULL),
(27, 68, NULL, 0, 4, 1, 'Tricore', 'Dev', 732, '2026-06-17 12:11:50', 1, 0.000000, 0.000000, 0.000000, NULL),
(28, 70, NULL, 0, 4, 1, 'Tricore', 'Dev', 514, '2026-06-17 12:11:50', 1, 0.000000, 0.000000, 0.000000, NULL),
(29, 72, NULL, 0, 4, 1, 'Tricore', 'Dev', 679, '2026-06-17 12:11:50', 1, 0.000000, 0.000000, 0.000000, NULL),
(30, 74, NULL, 0, 4, 1, 'Tricore', 'Dev', 873, '2026-06-17 12:11:50', 1, 0.000000, 0.000000, 0.000000, NULL),
(31, 76, NULL, 0, 4, 1, 'Tricore', 'Dev', 974, '2026-06-17 12:11:51', 1, 0.000000, 0.000000, 0.000000, NULL),
(32, 78, NULL, 0, 4, 1, 'Tricore', 'Dev', 806, '2026-06-17 12:11:51', 1, 0.000000, 0.000000, 0.000000, NULL),
(33, 80, NULL, 0, 4, 1, 'Tricore', 'Dev', 886, '2026-06-17 12:11:51', 1, 0.000000, 0.000000, 0.000000, NULL),
(34, 82, NULL, 0, 4, 1, 'Tricore', 'Dev', 850, '2026-06-17 12:11:51', 1, 0.000000, 0.000000, 0.000000, NULL),
(35, 84, NULL, 0, 4, 1, 'Tricore', 'Dev', 857, '2026-06-17 12:11:51', 1, 0.000000, 0.000000, 0.000000, NULL),
(36, 86, NULL, 0, 4, 1, 'Tricore', 'Dev', 807, '2026-06-17 12:11:52', 1, 0.000000, 0.000000, 0.000000, NULL),
(37, 88, NULL, 0, 4, 1, 'Tricore', 'Dev', 893, '2026-06-17 12:11:52', 1, 0.000000, 0.000000, 0.000000, NULL),
(38, 90, NULL, 0, 4, 1, 'Tricore', 'Dev', 983, '2026-06-17 12:11:52', 1, 0.000000, 0.000000, 0.000000, NULL),
(39, 92, NULL, 0, 4, 1, 'Tricore', 'Dev', 878, '2026-06-17 12:11:52', 1, 0.000000, 0.000000, 0.000000, NULL),
(40, 94, NULL, 0, 4, 1, 'Tricore', 'Dev', 947, '2026-06-17 12:11:52', 1, 0.000000, 0.000000, 0.000000, NULL),
(41, 96, NULL, 0, 4, 1, 'Tricore', 'Dev', 1000, '2026-06-17 12:11:52', 1, 0.000000, 0.000000, 0.000000, NULL),
(42, 97, NULL, 0, 4, 1, 'Tricore', 'Dev', 1000, '2026-06-17 12:11:53', 1, 0.000000, 0.000000, 0.000000, NULL),
(43, 98, NULL, 0, 4, 1, 'Tricore', 'Dev', 987, '2026-06-17 12:11:53', 1, 0.000000, 0.000000, 0.000000, NULL),
(44, 100, NULL, 0, 4, 1, 'Tricore', 'Dev', 989, '2026-06-17 12:11:53', 1, 0.000000, 0.000000, 0.000000, NULL),
(45, 102, NULL, 0, 4, 1, 'Tricore', 'Dev', 975, '2026-06-17 12:11:53', 1, 0.000000, 0.000000, 0.000000, NULL),
(46, 104, NULL, 0, 4, 1, 'Tricore', 'Dev', 952, '2026-06-17 12:12:05', 1, 0.000000, 0.000000, 0.000000, NULL),
(47, 106, NULL, 0, 4, 1, 'Tricore', 'Dev', 988, '2026-06-17 12:12:06', 1, 0.000000, 0.000000, 0.000000, NULL),
(48, 108, NULL, 0, 4, 1, 'Tricore', 'Dev', 995, '2026-06-17 12:12:06', 1, 0.000000, 0.000000, 0.000000, NULL),
(49, 110, NULL, 0, 4, 1, 'Tricore', 'Dev', 991, '2026-06-17 12:12:06', 1, 0.000000, 0.000000, 0.000000, NULL),
(50, 112, NULL, 0, 4, 1, 'Tricore', 'Dev', 945, '2026-06-17 12:12:06', 1, 0.000000, 0.000000, 0.000000, NULL),
(51, 114, NULL, 0, 4, 1, 'Tricore', 'Dev', 997, '2026-06-17 12:12:06', 1, 0.000000, 0.000000, 0.000000, NULL),
(52, 116, NULL, 0, 4, 1, 'Tricore', 'Dev', 954, '2026-06-17 12:12:07', 1, 0.000000, 0.000000, 0.000000, NULL),
(53, 119, NULL, 0, 4, 1, 'Tricore', 'Dev', 985, '2026-06-17 12:12:07', 1, 0.000000, 0.000000, 0.000000, NULL),
(54, 120, NULL, 0, 4, 1, 'Tricore', 'Dev', 993, '2026-06-17 12:12:07', 1, 0.000000, 0.000000, 0.000000, NULL),
(55, 122, NULL, 0, 4, 1, 'Tricore', 'Dev', 983, '2026-06-17 12:12:07', 1, 0.000000, 0.000000, 0.000000, NULL),
(56, 123, NULL, 0, 4, 1, 'Tricore', 'Dev', 999, '2026-06-17 12:12:08', 1, 0.000000, 0.000000, 0.000000, NULL),
(57, 124, NULL, 0, 4, 1, 'Tricore', 'Dev', 1000, '2026-06-17 12:12:08', 1, 0.000000, 0.000000, 0.000000, NULL),
(58, 126, NULL, 0, 4, 1, 'Tricore', 'Dev', 802, '2026-06-17 12:12:08', 1, 0.000000, 0.000000, 0.000000, NULL),
(59, 128, NULL, 0, 4, 1, 'Tricore', 'Dev', 9995, '2026-06-17 12:12:08', 1, 0.000000, 0.000000, 0.000000, NULL),
(60, 130, NULL, 0, 4, 1, 'Tricore', 'Dev', 996, '2026-06-17 12:12:08', 1, 0.000000, 0.000000, 0.000000, NULL),
(61, 131, NULL, 0, 4, 1, 'Tricore', 'Dev', 996, '2026-06-17 12:12:08', 1, 0.000000, 0.000000, 0.000000, NULL),
(62, 133, NULL, 0, 4, 1, 'Tricore', 'Dev', 982, '2026-06-17 12:12:09', 1, 0.000000, 0.000000, 0.000000, NULL),
(63, 135, NULL, 0, 4, 1, 'Tricore', 'Dev', 100, '2026-06-17 12:12:09', 1, 0.000000, 0.000000, 0.000000, NULL),
(64, 136, NULL, 0, 4, 1, 'Tricore', 'Dev', 961, '2026-06-17 12:12:09', 1, 0.000000, 0.000000, 0.000000, NULL),
(65, 138, NULL, 0, 4, 1, 'Tricore', 'Dev', 954, '2026-06-17 12:12:09', 1, 0.000000, 0.000000, 0.000000, NULL),
(66, 140, NULL, 0, 4, 1, 'Tricore', 'Dev', 992, '2026-06-17 12:12:09', 1, 0.000000, 0.000000, 0.000000, NULL),
(67, 142, NULL, 0, 4, 1, 'Tricore', 'Dev', 994, '2026-06-17 12:12:09', 1, 0.000000, 0.000000, 0.000000, NULL),
(68, 144, NULL, 0, 4, 1, 'Tricore', 'Dev', 992, '2026-06-17 12:12:10', 1, 0.000000, 0.000000, 0.000000, NULL),
(69, 147, NULL, 0, 4, 1, 'Tricore', 'Dev', 998, '2026-06-17 12:12:10', 1, 0.000000, 0.000000, 0.000000, NULL),
(70, 148, NULL, 0, 4, 1, 'Tricore', 'Dev', 964, '2026-06-17 12:12:10', 1, 0.000000, 0.000000, 0.000000, NULL),
(71, 150, NULL, 0, 4, 1, 'Tricore', 'Dev', 999, '2026-06-17 12:12:10', 1, 0.000000, 0.000000, 0.000000, NULL),
(72, 150, NULL, 0, 4, 1, 'Tricore', 'Dev', 9917, '2026-06-17 12:12:10', 1, 0.000000, 0.000000, 0.000000, NULL),
(73, 153, NULL, 0, 4, 1, 'Tricore', 'Dev', 9850, '2026-06-17 12:12:10', 1, 0.000000, 0.000000, 0.000000, NULL),
(74, 154, NULL, 0, 4, 1, 'Tricore', 'Dev', 998, '2026-06-17 12:12:10', 1, 0.000000, 0.000000, 0.000000, NULL),
(75, 156, NULL, 0, 4, 1, 'Tricore', 'Dev', 994, '2026-06-17 12:12:11', 1, 0.000000, 0.000000, 0.000000, NULL),
(76, 158, NULL, 0, 4, 1, 'Tricore', 'Dev', 999, '2026-06-17 12:12:11', 1, 0.000000, 0.000000, 0.000000, NULL),
(77, 160, NULL, 0, 4, 1, 'Tricore', 'Dev', 1000, '2026-06-17 12:12:11', 1, 0.000000, 0.000000, 0.000000, NULL),
(78, 161, NULL, 0, 4, 1, 'Tricore', 'Dev', 997, '2026-06-17 12:12:11', 1, 0.000000, 0.000000, 0.000000, NULL),
(79, 163, NULL, 0, 4, 1, 'Tricore', 'Dev', 991, '2026-06-17 12:12:11', 1, 0.000000, 0.000000, 0.000000, NULL),
(80, 165, NULL, 0, 4, 1, 'Tricore', 'Dev', 997, '2026-06-17 12:12:11', 1, 0.000000, 0.000000, 0.000000, NULL),
(81, 167, NULL, 0, 4, 1, 'Tricore', 'Dev', 992, '2026-06-17 12:12:12', 1, 0.000000, 0.000000, 0.000000, NULL),
(82, 169, NULL, 0, 4, 1, 'Tricore', 'Dev', 973, '2026-06-17 12:12:12', 1, 0.000000, 0.000000, 0.000000, NULL),
(83, 171, NULL, 0, 4, 1, 'Tricore', 'Dev', 985, '2026-06-17 12:12:12', 1, 0.000000, 0.000000, 0.000000, NULL),
(84, 174, NULL, 0, 4, 1, 'Tricore', 'Dev', 964, '2026-06-17 12:12:12', 1, 0.000000, 0.000000, 0.000000, NULL),
(85, 176, NULL, 0, 4, 1, 'Tricore', 'Dev', 998, '2026-06-17 12:12:12', 1, 0.000000, 0.000000, 0.000000, NULL),
(86, 178, NULL, 0, 4, 1, 'Tricore', 'Dev', 996, '2026-06-17 12:12:13', 1, 0.000000, 0.000000, 0.000000, NULL),
(87, 179, NULL, 0, 4, 1, 'Tricore', 'Dev', 9960, '2026-06-17 12:12:13', 1, 0.000000, 0.000000, 0.000000, NULL),
(88, 181, NULL, 0, 4, 1, 'Tricore', 'Dev', 99, '2026-06-17 12:12:13', 1, 0.000000, 0.000000, 0.000000, NULL),
(89, 183, NULL, 0, 4, 1, 'Tricore', 'Dev', 9991, '2026-06-17 12:12:13', 1, 0.000000, 0.000000, 0.000000, NULL),
(90, 185, NULL, 0, 4, 1, 'Tricore', 'Dev', 9995, '2026-06-17 12:12:13', 1, 0.000000, 0.000000, 0.000000, NULL),
(91, 188, NULL, 0, 4, 1, 'Tricore', 'Dev', 9959, '2026-06-17 12:12:13', 1, 0.000000, 0.000000, 0.000000, NULL),
(92, 190, NULL, 0, 4, 1, 'Tricore', 'Dev', 9979, '2026-06-17 12:12:14', 1, 0.000000, 0.000000, 0.000000, NULL),
(93, 192, NULL, 0, 4, 1, 'Tricore', 'Dev', 9998, '2026-06-17 12:12:14', 1, 0.000000, 0.000000, 0.000000, NULL),
(94, 194, NULL, 0, 4, 1, 'Tricore', 'Dev', 9999, '2026-06-17 12:12:14', 1, 0.000000, 0.000000, 0.000000, NULL),
(95, 196, NULL, 0, 4, 1, 'Tricore', 'Dev', 9995, '2026-06-17 12:12:14', 1, 0.000000, 0.000000, 0.000000, NULL),
(96, 197, NULL, 0, 4, 1, 'Tricore', 'Dev', 1000, '2026-06-17 12:12:27', 1, 0.000000, 0.000000, 0.000000, NULL),
(97, 198, NULL, 0, 4, 1, 'Tricore', 'Dev', 1000, '2026-06-17 12:12:27', 1, 0.000000, 0.000000, 0.000000, NULL),
(98, 199, NULL, 0, 4, 1, 'Tricore', 'Dev', 1000, '2026-06-17 12:12:27', 1, 0.000000, 0.000000, 0.000000, NULL),
(99, 202, NULL, 0, 4, 1, 'Tricore', 'Dev', 1000, '2026-06-17 12:12:28', 1, 0.000000, 0.000000, 0.000000, NULL),
(100, 204, NULL, 0, 4, 1, 'Tricore', 'Dev', 998, '2026-06-17 12:12:28', 1, 0.000000, 0.000000, 0.000000, NULL),
(101, 206, NULL, 0, 4, 1, 'Tricore', 'Dev', 998, '2026-06-17 12:12:28', 1, 0.000000, 0.000000, 0.000000, NULL),
(102, 208, NULL, 0, 4, 1, 'Tricore', 'Dev', 999, '2026-06-17 12:12:28', 1, 0.000000, 0.000000, 0.000000, NULL),
(103, 210, NULL, 0, 4, 1, 'Tricore', 'Dev', 991, '2026-06-17 12:12:28', 1, 0.000000, 0.000000, 0.000000, NULL),
(104, 212, NULL, 0, 4, 1, 'Tricore', 'Dev', 995, '2026-06-17 12:12:28', 1, 0.000000, 0.000000, 0.000000, NULL),
(105, 214, NULL, 0, 4, 1, 'Tricore', 'Dev', 987, '2026-06-17 12:12:29', 1, 0.000000, 0.000000, 0.000000, NULL),
(106, 216, NULL, 0, 4, 1, 'Tricore', 'Dev', 9965, '2026-06-17 12:12:29', 1, 0.000000, 0.000000, 0.000000, NULL),
(107, 218, NULL, 0, 4, 1, 'Tricore', 'Dev', 444, '2026-06-17 12:12:29', 1, 0.000000, 0.000000, 0.000000, NULL),
(108, 220, NULL, 0, 4, 1, 'Tricore', 'Dev', 987, '2026-06-17 12:12:29', 1, 0.000000, 0.000000, 0.000000, NULL),
(109, 221, NULL, 0, 4, 1, 'Tricore', 'Dev', 998, '2026-06-17 12:12:29', 1, 0.000000, 0.000000, 0.000000, NULL),
(110, 223, NULL, 0, 4, 1, 'Tricore', 'Dev', 50, '2026-06-17 12:12:30', 1, 0.000000, 0.000000, 0.000000, NULL),
(111, 224, NULL, 0, 4, 1, 'Tricore', 'Dev', 49, '2026-06-17 12:12:30', 1, 0.000000, 0.000000, 0.000000, NULL),
(112, 226, NULL, 0, 4, 1, 'Tricore', 'Dev', 1000, '2026-06-17 12:12:30', 1, 0.000000, 0.000000, 0.000000, NULL),
(113, 227, NULL, 0, 4, 1, 'Tricore', 'Dev', 999, '2026-06-17 12:12:30', 1, 0.000000, 0.000000, 0.000000, NULL),
(114, 229, NULL, 0, 4, 1, 'Tricore', 'Dev', 10, '2026-06-17 12:12:30', 1, 0.000000, 0.000000, 0.000000, NULL),
(115, 230, NULL, 0, 4, 1, 'Tricore', 'Dev', 10, '2026-06-17 12:12:30', 1, 0.000000, 0.000000, 0.000000, NULL),
(116, 231, NULL, 0, 4, 1, 'Tricore', 'Dev', 10, '2026-06-17 12:12:30', 1, 0.000000, 0.000000, 0.000000, NULL),
(117, 232, NULL, 0, 4, 1, 'Tricore', 'Dev', 10, '2026-06-17 12:12:31', 1, 0.000000, 0.000000, 0.000000, NULL),
(118, 233, NULL, 0, 4, 1, 'Tricore', 'Dev', 10, '2026-06-17 12:12:31', 1, 0.000000, 0.000000, 0.000000, NULL),
(119, 234, NULL, 0, 4, 1, 'Tricore', 'Dev', 10, '2026-06-17 12:12:31', 1, 0.000000, 0.000000, 0.000000, NULL),
(120, 235, NULL, 0, 4, 1, 'Tricore', 'Dev', 10, '2026-06-17 12:12:31', 1, 0.000000, 0.000000, 0.000000, NULL),
(121, 236, NULL, 0, 4, 1, 'Tricore', 'Dev', 1000, '2026-06-17 12:12:31', 1, 0.000000, 0.000000, 0.000000, NULL),
(122, 238, NULL, 0, 4, 1, 'Tricore', 'Dev', 1000, '2026-06-17 12:12:31', 1, 0.000000, 0.000000, 0.000000, NULL),
(123, 240, NULL, 0, 4, 1, 'Tricore', 'Dev', 1000, '2026-06-17 12:12:31', 1, 0.000000, 0.000000, 0.000000, NULL),
(124, 242, NULL, 0, 4, 1, 'Tricore', 'Dev', 983, '2026-06-17 12:12:32', 1, 0.000000, 0.000000, 0.000000, NULL),
(125, 244, NULL, 0, 4, 1, 'Tricore', 'Dev', 994, '2026-06-17 12:12:32', 1, 0.000000, 0.000000, 0.000000, NULL),
(126, 247, NULL, 0, 4, 1, 'Tricore', 'Dev', 997, '2026-06-17 12:12:32', 1, 0.000000, 0.000000, 0.000000, NULL),
(127, 249, NULL, 0, 4, 1, 'Tricore', 'Dev', 994, '2026-06-17 12:12:32', 1, 0.000000, 0.000000, 0.000000, NULL),
(128, 251, NULL, 0, 4, 1, 'Tricore', 'Dev', 990, '2026-06-17 12:12:33', 1, 0.000000, 0.000000, 0.000000, NULL),
(129, 253, NULL, 0, 4, 1, 'Tricore', 'Dev', 1000, '2026-06-17 12:12:33', 1, 0.000000, 0.000000, 0.000000, NULL),
(130, 254, NULL, 0, 4, 1, 'Tricore', 'Dev', 1000, '2026-06-17 12:12:33', 1, 0.000000, 0.000000, 0.000000, NULL),
(131, 255, NULL, 0, 4, 1, 'Tricore', 'Dev', 995, '2026-06-17 12:12:33', 1, 0.000000, 0.000000, 0.000000, NULL);

-- --------------------------------------------------------

--
-- Table structure for table `xio8d_stock_mvt_reason`
--

CREATE TABLE `xio8d_stock_mvt_reason` (
  `id_stock_mvt_reason` int(11) UNSIGNED NOT NULL,
  `sign` tinyint(1) NOT NULL DEFAULT 1,
  `date_add` datetime NOT NULL,
  `date_upd` datetime NOT NULL,
  `deleted` tinyint(1) UNSIGNED NOT NULL DEFAULT 0
) ENGINE=InnoDB DEFAULT CHARSET=utf8mb4 COLLATE=utf8mb4_general_ci;

--
-- Dumping data for table `xio8d_stock_mvt_reason`
--

INSERT INTO `xio8d_stock_mvt_reason` (`id_stock_mvt_reason`, `sign`, `date_add`, `date_upd`, `deleted`) VALUES
(1, -1, '2026-06-09 13:17:55', '2026-06-09 13:17:55', 0),
(2, 1, '2026-06-09 13:17:55', '2026-06-09 13:17:55', 0),
(3, 1, '2026-06-09 13:17:55', '2026-06-09 13:17:55', 0),
(4, 1, '2026-06-09 13:17:55', '2026-06-09 13:17:55', 0),
(5, -1, '2026-06-09 13:17:55', '2026-06-09 13:17:55', 0);

-- --------------------------------------------------------

--
-- Table structure for table `xio8d_stock_mvt_reason_lang`
--

CREATE TABLE `xio8d_stock_mvt_reason_lang` (
  `id_stock_mvt_reason` int(11) UNSIGNED NOT NULL,
  `id_lang` int(11) UNSIGNED NOT NULL,
  `name` varchar(255) CHARACTER SET utf8 COLLATE utf8_general_ci NOT NULL
) ENGINE=InnoDB DEFAULT CHARSET=utf8mb4 COLLATE=utf8mb4_general_ci;

--
-- Dumping data for table `xio8d_stock_mvt_reason_lang`
--

INSERT INTO `xio8d_stock_mvt_reason_lang` (`id_stock_mvt_reason`, `id_lang`, `name`) VALUES
(1, 1, 'Customer Order'),
(1, 2, 'Customer Order'),
(1, 3, 'Customer Order'),
(1, 4, 'Customer Order'),
(1, 5, 'Customer Order'),
(1, 6, '客户订单'),
(2, 1, 'Customer Order'),
(2, 2, 'Customer Order'),
(2, 3, 'Customer Order'),
(2, 4, 'Customer Order'),
(2, 5, 'Customer Order'),
(2, 6, '客户订单'),
(3, 1, 'Product return'),
(3, 2, 'Product Return'),
(3, 3, 'Product Return'),
(3, 4, 'Product Return'),
(3, 5, 'Product Return'),
(3, 6, '商品退货'),
(4, 1, 'Employee Edition'),
(4, 2, 'Employee Edition'),
(4, 3, 'Employee Edition'),
(4, 4, 'Employee Edition'),
(4, 5, 'Employee Edition'),
(4, 6, '员工版'),
(5, 1, 'Employee Edition'),
(5, 2, 'Employee Edition'),
(5, 3, 'Employee Edition'),
(5, 4, 'Employee Edition'),
(5, 5, 'Employee Edition'),
(5, 6, '员工版');

-- --------------------------------------------------------

--
-- Table structure for table `xio8d_store`
--

CREATE TABLE `xio8d_store` (
  `id_store` int(10) UNSIGNED NOT NULL,
  `id_country` int(10) UNSIGNED NOT NULL,
  `id_state` int(10) UNSIGNED DEFAULT NULL,
  `city` varchar(64) NOT NULL,
  `postcode` varchar(12) NOT NULL,
  `latitude` decimal(13,8) DEFAULT NULL,
  `longitude` decimal(13,8) DEFAULT NULL,
  `phone` varchar(16) DEFAULT NULL,
  `fax` varchar(16) DEFAULT NULL,
  `email` varchar(255) DEFAULT NULL,
  `active` tinyint(1) UNSIGNED NOT NULL DEFAULT 0,
  `date_add` datetime NOT NULL,
  `date_upd` datetime NOT NULL
) ENGINE=InnoDB DEFAULT CHARSET=utf8mb4 COLLATE=utf8mb4_general_ci;

--
-- Dumping data for table `xio8d_store`
--

INSERT INTO `xio8d_store` (`id_store`, `id_country`, `id_state`, `city`, `postcode`, `latitude`, `longitude`, `phone`, `fax`, `email`, `active`, `date_add`, `date_upd`) VALUES
(1, 21, 12, 'Miami', '33135', 25.76500500, -80.24379700, '', '', '', 1, '2026-06-09 13:20:18', '2026-06-09 13:20:18'),
(2, 21, 12, 'Miami', '33304', 26.13793600, -80.13943500, '', '', '', 1, '2026-06-09 13:20:18', '2026-06-09 13:20:18'),
(3, 21, 12, 'Miami', '33026', 26.00998700, -80.29447200, '', '', '', 1, '2026-06-09 13:20:18', '2026-06-09 13:20:18'),
(4, 21, 12, 'Miami', '33133', 25.73629600, -80.24479700, '', '', '', 1, '2026-06-09 13:20:18', '2026-06-09 13:20:18'),
(5, 21, 12, 'Miami', '33181', 25.88674000, -80.16329200, '', '', '', 1, '2026-06-09 13:20:18', '2026-06-09 13:20:18');

-- --------------------------------------------------------

--
-- Table structure for table `xio8d_store_lang`
--

CREATE TABLE `xio8d_store_lang` (
  `id_store` int(11) UNSIGNED NOT NULL,
  `id_lang` int(11) UNSIGNED NOT NULL,
  `name` varchar(255) NOT NULL,
  `address1` varchar(255) NOT NULL,
  `address2` varchar(255) DEFAULT NULL,
  `hours` mediumtext DEFAULT NULL,
  `note` mediumtext DEFAULT NULL
) ENGINE=InnoDB DEFAULT CHARSET=utf8mb4 COLLATE=utf8mb4_general_ci;

--
-- Dumping data for table `xio8d_store_lang`
--

INSERT INTO `xio8d_store_lang` (`id_store`, `id_lang`, `name`, `address1`, `address2`, `hours`, `note`) VALUES
(1, 1, 'Dade County', '3030 SW 8th St Miami', '', ' [[\"09:00AM - 07:00PM\"],[\"09:00AM - 07:00PM\"],[\"09:00AM - 07:00PM\"],[\"09:00AM - 07:00PM\"],[\"09:00AM - 07:00PM\"],[\"10:00AM - 04:00PM\"],[\"10:00AM - 04:00PM\"]]', ''),
(1, 2, 'Dade County', '3030 SW 8th St Miami', '', ' [[\"09:00AM - 07:00PM\"],[\"09:00AM - 07:00PM\"],[\"09:00AM - 07:00PM\"],[\"09:00AM - 07:00PM\"],[\"09:00AM - 07:00PM\"],[\"10:00AM - 04:00PM\"],[\"10:00AM - 04:00PM\"]]', ''),
(1, 3, 'Dade County', '3030 SW 8th St Miami', '', ' [[\"09:00AM - 07:00PM\"],[\"09:00AM - 07:00PM\"],[\"09:00AM - 07:00PM\"],[\"09:00AM - 07:00PM\"],[\"09:00AM - 07:00PM\"],[\"10:00AM - 04:00PM\"],[\"10:00AM - 04:00PM\"]]', ''),
(1, 4, 'Dade County', '3030 SW 8th St Miami', '', ' [[\"09:00AM - 07:00PM\"],[\"09:00AM - 07:00PM\"],[\"09:00AM - 07:00PM\"],[\"09:00AM - 07:00PM\"],[\"09:00AM - 07:00PM\"],[\"10:00AM - 04:00PM\"],[\"10:00AM - 04:00PM\"]]', ''),
(1, 5, 'Dade County', '3030 SW 8th St Miami', '', ' [[\"09:00AM - 07:00PM\"],[\"09:00AM - 07:00PM\"],[\"09:00AM - 07:00PM\"],[\"09:00AM - 07:00PM\"],[\"09:00AM - 07:00PM\"],[\"10:00AM - 04:00PM\"],[\"10:00AM - 04:00PM\"]]', ''),
(1, 6, 'Dade County', '3030 SW 8th St Miami', '', ' [[\"09:00AM - 07:00PM\"],[\"09:00AM - 07:00PM\"],[\"09:00AM - 07:00PM\"],[\"09:00AM - 07:00PM\"],[\"09:00AM - 07:00PM\"],[\"10:00AM - 04:00PM\"],[\"10:00AM - 04:00PM\"]]', ''),
(2, 1, 'E Fort Lauderdale', '1000 Northeast 4th Ave Fort Lauderdale', '', ' [[\"09:00AM - 07:00PM\"],[\"09:00AM - 07:00PM\"],[\"09:00AM - 07:00PM\"],[\"09:00AM - 07:00PM\"],[\"09:00AM - 07:00PM\"],[\"10:00AM - 04:00PM\"],[\"10:00AM - 04:00PM\"]]', ''),
(2, 2, 'E Fort Lauderdale', '1000 Northeast 4th Ave Fort Lauderdale', '', ' [[\"09:00AM - 07:00PM\"],[\"09:00AM - 07:00PM\"],[\"09:00AM - 07:00PM\"],[\"09:00AM - 07:00PM\"],[\"09:00AM - 07:00PM\"],[\"10:00AM - 04:00PM\"],[\"10:00AM - 04:00PM\"]]', ''),
(2, 3, 'E Fort Lauderdale', '1000 Northeast 4th Ave Fort Lauderdale', '', ' [[\"09:00AM - 07:00PM\"],[\"09:00AM - 07:00PM\"],[\"09:00AM - 07:00PM\"],[\"09:00AM - 07:00PM\"],[\"09:00AM - 07:00PM\"],[\"10:00AM - 04:00PM\"],[\"10:00AM - 04:00PM\"]]', ''),
(2, 4, 'E Fort Lauderdale', '1000 Northeast 4th Ave Fort Lauderdale', '', ' [[\"09:00AM - 07:00PM\"],[\"09:00AM - 07:00PM\"],[\"09:00AM - 07:00PM\"],[\"09:00AM - 07:00PM\"],[\"09:00AM - 07:00PM\"],[\"10:00AM - 04:00PM\"],[\"10:00AM - 04:00PM\"]]', ''),
(2, 5, 'E Fort Lauderdale', '1000 Northeast 4th Ave Fort Lauderdale', '', ' [[\"09:00AM - 07:00PM\"],[\"09:00AM - 07:00PM\"],[\"09:00AM - 07:00PM\"],[\"09:00AM - 07:00PM\"],[\"09:00AM - 07:00PM\"],[\"10:00AM - 04:00PM\"],[\"10:00AM - 04:00PM\"]]', ''),
(2, 6, 'E Fort Lauderdale', '1000 Northeast 4th Ave Fort Lauderdale', '', ' [[\"09:00AM - 07:00PM\"],[\"09:00AM - 07:00PM\"],[\"09:00AM - 07:00PM\"],[\"09:00AM - 07:00PM\"],[\"09:00AM - 07:00PM\"],[\"10:00AM - 04:00PM\"],[\"10:00AM - 04:00PM\"]]', ''),
(3, 1, 'Pembroke Pines', '11001 Pines Blvd Pembroke Pines', '', ' [[\"09:00AM - 07:00PM\"],[\"09:00AM - 07:00PM\"],[\"09:00AM - 07:00PM\"],[\"09:00AM - 07:00PM\"],[\"09:00AM - 07:00PM\"],[\"10:00AM - 04:00PM\"],[\"10:00AM - 04:00PM\"]]', ''),
(3, 2, 'Pembroke Pines', '11001 Pines Blvd Pembroke Pines', '', ' [[\"09:00AM - 07:00PM\"],[\"09:00AM - 07:00PM\"],[\"09:00AM - 07:00PM\"],[\"09:00AM - 07:00PM\"],[\"09:00AM - 07:00PM\"],[\"10:00AM - 04:00PM\"],[\"10:00AM - 04:00PM\"]]', ''),
(3, 3, 'Pembroke Pines', '11001 Pines Blvd Pembroke Pines', '', ' [[\"09:00AM - 07:00PM\"],[\"09:00AM - 07:00PM\"],[\"09:00AM - 07:00PM\"],[\"09:00AM - 07:00PM\"],[\"09:00AM - 07:00PM\"],[\"10:00AM - 04:00PM\"],[\"10:00AM - 04:00PM\"]]', ''),
(3, 4, 'Pembroke Pines', '11001 Pines Blvd Pembroke Pines', '', ' [[\"09:00AM - 07:00PM\"],[\"09:00AM - 07:00PM\"],[\"09:00AM - 07:00PM\"],[\"09:00AM - 07:00PM\"],[\"09:00AM - 07:00PM\"],[\"10:00AM - 04:00PM\"],[\"10:00AM - 04:00PM\"]]', ''),
(3, 5, 'Pembroke Pines', '11001 Pines Blvd Pembroke Pines', '', ' [[\"09:00AM - 07:00PM\"],[\"09:00AM - 07:00PM\"],[\"09:00AM - 07:00PM\"],[\"09:00AM - 07:00PM\"],[\"09:00AM - 07:00PM\"],[\"10:00AM - 04:00PM\"],[\"10:00AM - 04:00PM\"]]', ''),
(3, 6, 'Pembroke Pines', '11001 Pines Blvd Pembroke Pines', '', ' [[\"09:00AM - 07:00PM\"],[\"09:00AM - 07:00PM\"],[\"09:00AM - 07:00PM\"],[\"09:00AM - 07:00PM\"],[\"09:00AM - 07:00PM\"],[\"10:00AM - 04:00PM\"],[\"10:00AM - 04:00PM\"]]', ''),
(4, 1, 'Coconut Grove', '2999 SW 32nd Avenue', '', ' [[\"09:00AM - 07:00PM\"],[\"09:00AM - 07:00PM\"],[\"09:00AM - 07:00PM\"],[\"09:00AM - 07:00PM\"],[\"09:00AM - 07:00PM\"],[\"10:00AM - 04:00PM\"],[\"10:00AM - 04:00PM\"]]', ''),
(4, 2, 'Coconut Grove', '2999 SW 32nd Avenue', '', ' [[\"09:00AM - 07:00PM\"],[\"09:00AM - 07:00PM\"],[\"09:00AM - 07:00PM\"],[\"09:00AM - 07:00PM\"],[\"09:00AM - 07:00PM\"],[\"10:00AM - 04:00PM\"],[\"10:00AM - 04:00PM\"]]', ''),
(4, 3, 'Coconut Grove', '2999 SW 32nd Avenue', '', ' [[\"09:00AM - 07:00PM\"],[\"09:00AM - 07:00PM\"],[\"09:00AM - 07:00PM\"],[\"09:00AM - 07:00PM\"],[\"09:00AM - 07:00PM\"],[\"10:00AM - 04:00PM\"],[\"10:00AM - 04:00PM\"]]', ''),
(4, 4, 'Coconut Grove', '2999 SW 32nd Avenue', '', ' [[\"09:00AM - 07:00PM\"],[\"09:00AM - 07:00PM\"],[\"09:00AM - 07:00PM\"],[\"09:00AM - 07:00PM\"],[\"09:00AM - 07:00PM\"],[\"10:00AM - 04:00PM\"],[\"10:00AM - 04:00PM\"]]', ''),
(4, 5, 'Coconut Grove', '2999 SW 32nd Avenue', '', ' [[\"09:00AM - 07:00PM\"],[\"09:00AM - 07:00PM\"],[\"09:00AM - 07:00PM\"],[\"09:00AM - 07:00PM\"],[\"09:00AM - 07:00PM\"],[\"10:00AM - 04:00PM\"],[\"10:00AM - 04:00PM\"]]', ''),
(4, 6, 'Coconut Grove', '2999 SW 32nd Avenue', '', ' [[\"09:00AM - 07:00PM\"],[\"09:00AM - 07:00PM\"],[\"09:00AM - 07:00PM\"],[\"09:00AM - 07:00PM\"],[\"09:00AM - 07:00PM\"],[\"10:00AM - 04:00PM\"],[\"10:00AM - 04:00PM\"]]', ''),
(5, 1, 'N Miami/Biscayne', '12055 Biscayne Blvd', '', ' [[\"09:00AM - 07:00PM\"],[\"09:00AM - 07:00PM\"],[\"09:00AM - 07:00PM\"],[\"09:00AM - 07:00PM\"],[\"09:00AM - 07:00PM\"],[\"10:00AM - 04:00PM\"],[\"10:00AM - 04:00PM\"]]', ''),
(5, 2, 'N Miami/Biscayne', '12055 Biscayne Blvd', '', ' [[\"09:00AM - 07:00PM\"],[\"09:00AM - 07:00PM\"],[\"09:00AM - 07:00PM\"],[\"09:00AM - 07:00PM\"],[\"09:00AM - 07:00PM\"],[\"10:00AM - 04:00PM\"],[\"10:00AM - 04:00PM\"]]', ''),
(5, 3, 'N Miami/Biscayne', '12055 Biscayne Blvd', '', ' [[\"09:00AM - 07:00PM\"],[\"09:00AM - 07:00PM\"],[\"09:00AM - 07:00PM\"],[\"09:00AM - 07:00PM\"],[\"09:00AM - 07:00PM\"],[\"10:00AM - 04:00PM\"],[\"10:00AM - 04:00PM\"]]', ''),
(5, 4, 'N Miami/Biscayne', '12055 Biscayne Blvd', '', ' [[\"09:00AM - 07:00PM\"],[\"09:00AM - 07:00PM\"],[\"09:00AM - 07:00PM\"],[\"09:00AM - 07:00PM\"],[\"09:00AM - 07:00PM\"],[\"10:00AM - 04:00PM\"],[\"10:00AM - 04:00PM\"]]', ''),
(5, 5, 'N Miami/Biscayne', '12055 Biscayne Blvd', '', ' [[\"09:00AM - 07:00PM\"],[\"09:00AM - 07:00PM\"],[\"09:00AM - 07:00PM\"],[\"09:00AM - 07:00PM\"],[\"09:00AM - 07:00PM\"],[\"10:00AM - 04:00PM\"],[\"10:00AM - 04:00PM\"]]', ''),
(5, 6, 'N Miami/Biscayne', '12055 Biscayne Blvd', '', ' [[\"09:00AM - 07:00PM\"],[\"09:00AM - 07:00PM\"],[\"09:00AM - 07:00PM\"],[\"09:00AM - 07:00PM\"],[\"09:00AM - 07:00PM\"],[\"10:00AM - 04:00PM\"],[\"10:00AM - 04:00PM\"]]', '');

-- --------------------------------------------------------

--
-- Table structure for table `xio8d_store_shop`
--

CREATE TABLE `xio8d_store_shop` (
  `id_store` int(11) UNSIGNED NOT NULL,
  `id_shop` int(11) UNSIGNED NOT NULL
) ENGINE=InnoDB DEFAULT CHARSET=utf8mb4 COLLATE=utf8mb4_general_ci;

--
-- Dumping data for table `xio8d_store_shop`
--

INSERT INTO `xio8d_store_shop` (`id_store`, `id_shop`) VALUES
(1, 1),
(1, 2),
(2, 1),
(2, 2),
(3, 1),
(3, 2),
(4, 1),
(4, 2),
(5, 1),
(5, 2);

-- --------------------------------------------------------

--
-- Table structure for table `xio8d_stripe_capture`
--

CREATE TABLE `xio8d_stripe_capture` (
  `id_stripe_capture` int(10) UNSIGNED NOT NULL,
  `id_payment_intent` varchar(40) NOT NULL,
  `id_order` int(10) NOT NULL,
  `expired` tinyint(1) UNSIGNED NOT NULL,
  `date_catch` datetime NOT NULL,
  `date_authorize` datetime NOT NULL
) ENGINE=InnoDB DEFAULT CHARSET=utf8 COLLATE=utf8_general_ci;

-- --------------------------------------------------------

--
-- Table structure for table `xio8d_stripe_customer`
--

CREATE TABLE `xio8d_stripe_customer` (
  `id_stripe_customer` int(10) UNSIGNED NOT NULL,
  `id_customer` int(10) NOT NULL,
  `stripe_customer_key` varchar(50) NOT NULL,
  `id_account` varchar(50) NOT NULL
) ENGINE=InnoDB DEFAULT CHARSET=utf8 COLLATE=utf8_general_ci;

-- --------------------------------------------------------

--
-- Table structure for table `xio8d_stripe_event`
--

CREATE TABLE `xio8d_stripe_event` (
  `id_stripe_event` int(10) UNSIGNED NOT NULL,
  `id_payment_intent` varchar(40) NOT NULL,
  `status` varchar(30) NOT NULL,
  `date_add` datetime NOT NULL,
  `is_processed` tinyint(1) UNSIGNED NOT NULL,
  `flow_type` varchar(30) NOT NULL
) ENGINE=InnoDB DEFAULT CHARSET=utf8 COLLATE=utf8_general_ci;

-- --------------------------------------------------------

--
-- Table structure for table `xio8d_stripe_idempotency_key`
--

CREATE TABLE `xio8d_stripe_idempotency_key` (
  `id_idempotency_key` int(10) UNSIGNED NOT NULL,
  `id_cart` int(10) NOT NULL,
  `idempotency_key` varchar(255) NOT NULL,
  `id_payment_intent` varchar(255) NOT NULL
) ENGINE=InnoDB DEFAULT CHARSET=utf8 COLLATE=utf8_general_ci;

--
-- Dumping data for table `xio8d_stripe_idempotency_key`
--

INSERT INTO `xio8d_stripe_idempotency_key` (`id_idempotency_key`, `id_cart`, `idempotency_key`, `id_payment_intent`) VALUES
(1, 12, '12_6a2a4aa2ae9d5', 'pi_3Th1jnHlmdsHKnZ51iYfONez'),
(2, 0, '_6a2a52b1e09c5', ''),
(3, 13, '13_6a2a5c5667571', ''),
(4, 14, '14_6a2a5cb6c6149', ''),
(5, 15, '15_6a2a5de15a543', ''),
(6, 16, '16_6a2a5e3e2130c', ''),
(7, 17, '17_6a2a604bcf4a7', ''),
(8, 18, '18_6a2a612d76cf6', ''),
(9, 19, '19_6a2a62350e7cd', ''),
(10, 20, '20_6a2a64d0827e1', ''),
(11, 22, '22_6a2a662b3c846', ''),
(12, 23, '23_6a2a6735c0db1', 'pi_3Th3IjHlmdsHKnZ50yKlbcN6'),
(13, 24, '24_6a2a689ca9143', ''),
(14, 25, '25_6a2a694c5bc19', ''),
(15, 26, '26_6a2a69943f90b', ''),
(16, 27, '27_6a2a81c273a53', ''),
(17, 28, '28_6a2a82fe9588b', ''),
(18, 29, '29_6a2bf5711e6a7', ''),
(19, 30, '30_6a2c02ee34bd9', ''),
(20, 24072, '24072_6a3278ecac7e9', ''),
(21, 24087, '24087_6a34cec386074', ''),
(22, 24088, '24088_6a34ceef6dadc', ''),
(23, 24089, '24089_6a3509232d8dc', ''),
(24, 24092, '24092_6a38d0aa184bf', ''),
(25, 24093, '24093_6a38d42a50d78', ''),
(26, 24094, '24094_6a38d8dc7c058', ''),
(27, 24095, '24095_6a42629aa8310', '');

-- --------------------------------------------------------

--
-- Table structure for table `xio8d_stripe_lock_keys`
--

CREATE TABLE `xio8d_stripe_lock_keys` (
  `key_id` varchar(64) NOT NULL,
  `key_token` varchar(44) NOT NULL,
  `key_expiration` int(10) UNSIGNED NOT NULL
) ENGINE=InnoDB DEFAULT CHARSET=utf8 COLLATE=utf8_bin;

-- --------------------------------------------------------

--
-- Table structure for table `xio8d_stripe_official_processlogger`
--

CREATE TABLE `xio8d_stripe_official_processlogger` (
  `id_stripe_official_processlogger` int(10) UNSIGNED NOT NULL,
  `name` varchar(100) NOT NULL,
  `msg` mediumtext NOT NULL,
  `level` varchar(10) NOT NULL,
  `object_name` varchar(100) NOT NULL,
  `object_id` int(10) UNSIGNED DEFAULT NULL,
  `id_session` varchar(255) DEFAULT NULL,
  `date_add` datetime NOT NULL
) ENGINE=InnoDB DEFAULT CHARSET=utf8 COLLATE=utf8_general_ci;

-- --------------------------------------------------------

--
-- Table structure for table `xio8d_stripe_payment`
--

CREATE TABLE `xio8d_stripe_payment` (
  `id_payment` int(10) UNSIGNED NOT NULL,
  `id_stripe` varchar(255) NOT NULL,
  `id_payment_intent` varchar(255) NOT NULL,
  `name` varchar(255) NOT NULL,
  `id_cart` int(10) NOT NULL,
  `last4` int(10) NOT NULL,
  `type` varchar(20) NOT NULL,
  `amount` decimal(10,2) NOT NULL,
  `refund` decimal(10,2) NOT NULL,
  `currency` varchar(3) NOT NULL,
  `result` int(10) NOT NULL,
  `state` int(10) NOT NULL,
  `voucher_url` varchar(255) NOT NULL,
  `voucher_expire` datetime NOT NULL,
  `voucher_validate` datetime NOT NULL,
  `date_add` datetime NOT NULL
) ENGINE=InnoDB DEFAULT CHARSET=utf8 COLLATE=utf8_general_ci;

--
-- Dumping data for table `xio8d_stripe_payment`
--

INSERT INTO `xio8d_stripe_payment` (`id_payment`, `id_stripe`, `id_payment_intent`, `name`, `id_cart`, `last4`, `type`, `amount`, `refund`, `currency`, `result`, `state`, `voucher_url`, `voucher_expire`, `voucher_validate`, `date_add`) VALUES
(1, 'py_3Th1jnHlmdsHKnZ51gDGSRbf', 'pi_3Th1jnHlmdsHKnZ51iYfONez', 'John Doe', 12, 0, 'link', 0.61, 0.00, 'inr', 1, 1, '', '0000-00-00 00:00:00', '0000-00-00 00:00:00', '2026-06-11 11:34:34'),
(2, 'py_3Th3IjHlmdsHKnZ509yanYUI', 'pi_3Th3IjHlmdsHKnZ50yKlbcN6', 'John Doe', 23, 0, 'link', 0.60, 0.00, 'inr', 1, 1, '', '0000-00-00 00:00:00', '0000-00-00 00:00:00', '2026-06-11 13:14:59');

-- --------------------------------------------------------

--
-- Table structure for table `xio8d_stripe_payment_intent`
--

CREATE TABLE `xio8d_stripe_payment_intent` (
  `id_stripe_payment_intent` int(10) UNSIGNED NOT NULL,
  `id_payment_intent` varchar(100) NOT NULL,
  `status` varchar(30) NOT NULL,
  `amount` decimal(10,2) NOT NULL,
  `currency` varchar(3) NOT NULL,
  `date_add` datetime NOT NULL,
  `date_upd` datetime NOT NULL
) ENGINE=InnoDB DEFAULT CHARSET=utf8 COLLATE=utf8_general_ci;

--
-- Dumping data for table `xio8d_stripe_payment_intent`
--

INSERT INTO `xio8d_stripe_payment_intent` (`id_stripe_payment_intent`, `id_payment_intent`, `status`, `amount`, `currency`, `date_add`, `date_upd`) VALUES
(1, 'pi_3Th1jnHlmdsHKnZ51iYfONez', '3', 60.61, 'inr', '2026-06-11 11:34:34', '2026-06-11 11:35:20'),
(2, '', '5', 0.00, '', '2026-06-11 12:28:16', '2026-06-11 12:28:16'),
(3, 'pi_3Th3IjHlmdsHKnZ50yKlbcN6', '1', 60.31, 'inr', '2026-06-11 13:14:59', '2026-06-11 13:15:28');

-- --------------------------------------------------------

--
-- Table structure for table `xio8d_supplier`
--

CREATE TABLE `xio8d_supplier` (
  `id_supplier` int(10) UNSIGNED NOT NULL,
  `name` varchar(64) NOT NULL,
  `date_add` datetime NOT NULL,
  `date_upd` datetime NOT NULL,
  `active` tinyint(1) NOT NULL DEFAULT 0
) ENGINE=InnoDB DEFAULT CHARSET=utf8mb4 COLLATE=utf8mb4_general_ci;

--
-- Dumping data for table `xio8d_supplier`
--

INSERT INTO `xio8d_supplier` (`id_supplier`, `name`, `date_add`, `date_upd`, `active`) VALUES
(1, 'Test', '2026-06-17 12:11:44', '2026-06-17 12:11:44', 1);

-- --------------------------------------------------------

--
-- Table structure for table `xio8d_supplier_lang`
--

CREATE TABLE `xio8d_supplier_lang` (
  `id_supplier` int(10) UNSIGNED NOT NULL,
  `id_lang` int(10) UNSIGNED NOT NULL,
  `description` mediumtext DEFAULT NULL,
  `meta_title` varchar(255) DEFAULT NULL,
  `meta_description` varchar(512) DEFAULT NULL
) ENGINE=InnoDB DEFAULT CHARSET=utf8mb4 COLLATE=utf8mb4_general_ci;

--
-- Dumping data for table `xio8d_supplier_lang`
--

INSERT INTO `xio8d_supplier_lang` (`id_supplier`, `id_lang`, `description`, `meta_title`, `meta_description`) VALUES
(1, 1, 'Test tedarikçi açıklaması', 'Test Meta Başlığı', 'Test Meta Açıklaması'),
(1, 2, 'Test tedarikçi açıklaması', 'Test Meta Başlığı', 'Test Meta Açıklaması'),
(1, 3, 'Test tedarikçi açıklaması', 'Test Meta Başlığı', 'Test Meta Açıklaması'),
(1, 4, 'Test tedarikçi açıklaması', 'Test Meta Başlığı', 'Test Meta Açıklaması'),
(1, 5, 'Test tedarikçi açıklaması', 'Test Meta Başlığı', 'Test Meta Açıklaması'),
(1, 6, 'Test tedarikçi açıklaması', 'Test Meta Başlığı', 'Test Meta Açıklaması');

-- --------------------------------------------------------

--
-- Table structure for table `xio8d_supplier_shop`
--

CREATE TABLE `xio8d_supplier_shop` (
  `id_supplier` int(11) UNSIGNED NOT NULL,
  `id_shop` int(11) UNSIGNED NOT NULL
) ENGINE=InnoDB DEFAULT CHARSET=utf8mb4 COLLATE=utf8mb4_general_ci;

--
-- Dumping data for table `xio8d_supplier_shop`
--

INSERT INTO `xio8d_supplier_shop` (`id_supplier`, `id_shop`) VALUES
(1, 1),
(1, 2);

-- --------------------------------------------------------

--
-- Table structure for table `xio8d_supply_order`
--

CREATE TABLE `xio8d_supply_order` (
  `id_supply_order` int(11) UNSIGNED NOT NULL,
  `id_supplier` int(11) UNSIGNED NOT NULL,
  `supplier_name` varchar(64) NOT NULL,
  `id_lang` int(11) UNSIGNED NOT NULL,
  `id_warehouse` int(11) UNSIGNED NOT NULL,
  `id_supply_order_state` int(11) UNSIGNED NOT NULL,
  `id_currency` int(11) UNSIGNED NOT NULL,
  `id_ref_currency` int(11) UNSIGNED NOT NULL,
  `reference` varchar(64) NOT NULL,
  `date_add` datetime NOT NULL,
  `date_upd` datetime NOT NULL,
  `date_delivery_expected` datetime DEFAULT NULL,
  `total_te` decimal(20,6) DEFAULT 0.000000,
  `total_with_discount_te` decimal(20,6) DEFAULT 0.000000,
  `total_tax` decimal(20,6) DEFAULT 0.000000,
  `total_ti` decimal(20,6) DEFAULT 0.000000,
  `discount_rate` decimal(20,6) DEFAULT 0.000000,
  `discount_value_te` decimal(20,6) DEFAULT 0.000000,
  `is_template` tinyint(1) DEFAULT 0
) ENGINE=InnoDB DEFAULT CHARSET=utf8mb4 COLLATE=utf8mb4_general_ci;

-- --------------------------------------------------------

--
-- Table structure for table `xio8d_supply_order_detail`
--

CREATE TABLE `xio8d_supply_order_detail` (
  `id_supply_order_detail` int(11) UNSIGNED NOT NULL,
  `id_supply_order` int(11) UNSIGNED NOT NULL,
  `id_currency` int(11) UNSIGNED NOT NULL,
  `id_product` int(11) UNSIGNED NOT NULL,
  `id_product_attribute` int(11) UNSIGNED NOT NULL,
  `reference` varchar(64) NOT NULL,
  `supplier_reference` varchar(64) NOT NULL,
  `name` varchar(128) NOT NULL,
  `ean13` varchar(20) DEFAULT NULL,
  `isbn` varchar(32) DEFAULT NULL,
  `upc` varchar(12) DEFAULT NULL,
  `mpn` varchar(40) DEFAULT NULL,
  `exchange_rate` decimal(20,6) DEFAULT 0.000000,
  `unit_price_te` decimal(20,6) DEFAULT 0.000000,
  `quantity_expected` int(11) UNSIGNED NOT NULL,
  `quantity_received` int(11) UNSIGNED NOT NULL,
  `price_te` decimal(20,6) DEFAULT 0.000000,
  `discount_rate` decimal(20,6) DEFAULT 0.000000,
  `discount_value_te` decimal(20,6) DEFAULT 0.000000,
  `price_with_discount_te` decimal(20,6) DEFAULT 0.000000,
  `tax_rate` decimal(20,6) DEFAULT 0.000000,
  `tax_value` decimal(20,6) DEFAULT 0.000000,
  `price_ti` decimal(20,6) DEFAULT 0.000000,
  `tax_value_with_order_discount` decimal(20,6) DEFAULT 0.000000,
  `price_with_order_discount_te` decimal(20,6) DEFAULT 0.000000
) ENGINE=InnoDB DEFAULT CHARSET=utf8mb4 COLLATE=utf8mb4_general_ci;

-- --------------------------------------------------------

--
-- Table structure for table `xio8d_supply_order_history`
--

CREATE TABLE `xio8d_supply_order_history` (
  `id_supply_order_history` int(11) UNSIGNED NOT NULL,
  `id_supply_order` int(11) UNSIGNED NOT NULL,
  `id_employee` int(11) UNSIGNED NOT NULL,
  `employee_lastname` varchar(255) DEFAULT '',
  `employee_firstname` varchar(255) DEFAULT '',
  `id_state` int(11) UNSIGNED NOT NULL,
  `date_add` datetime NOT NULL
) ENGINE=InnoDB DEFAULT CHARSET=utf8mb4 COLLATE=utf8mb4_general_ci;

-- --------------------------------------------------------

--
-- Table structure for table `xio8d_supply_order_receipt_history`
--

CREATE TABLE `xio8d_supply_order_receipt_history` (
  `id_supply_order_receipt_history` int(11) UNSIGNED NOT NULL,
  `id_supply_order_detail` int(11) UNSIGNED NOT NULL,
  `id_employee` int(11) UNSIGNED NOT NULL,
  `employee_lastname` varchar(255) DEFAULT '',
  `employee_firstname` varchar(255) DEFAULT '',
  `id_supply_order_state` int(11) UNSIGNED NOT NULL,
  `quantity` int(11) UNSIGNED NOT NULL,
  `date_add` datetime NOT NULL
) ENGINE=InnoDB DEFAULT CHARSET=utf8mb4 COLLATE=utf8mb4_general_ci;

-- --------------------------------------------------------

--
-- Table structure for table `xio8d_supply_order_state`
--

CREATE TABLE `xio8d_supply_order_state` (
  `id_supply_order_state` int(11) UNSIGNED NOT NULL,
  `delivery_note` tinyint(1) NOT NULL DEFAULT 0,
  `editable` tinyint(1) NOT NULL DEFAULT 0,
  `receipt_state` tinyint(1) NOT NULL DEFAULT 0,
  `pending_receipt` tinyint(1) NOT NULL DEFAULT 0,
  `enclosed` tinyint(1) NOT NULL DEFAULT 0,
  `color` varchar(32) DEFAULT NULL
) ENGINE=InnoDB DEFAULT CHARSET=utf8mb4 COLLATE=utf8mb4_general_ci;

-- --------------------------------------------------------

--
-- Table structure for table `xio8d_supply_order_state_lang`
--

CREATE TABLE `xio8d_supply_order_state_lang` (
  `id_supply_order_state` int(11) UNSIGNED NOT NULL,
  `id_lang` int(11) UNSIGNED NOT NULL,
  `name` varchar(128) DEFAULT NULL
) ENGINE=InnoDB DEFAULT CHARSET=utf8mb4 COLLATE=utf8mb4_general_ci;

-- --------------------------------------------------------

--
-- Table structure for table `xio8d_tab`
--

CREATE TABLE `xio8d_tab` (
  `id_tab` int(11) NOT NULL,
  `id_parent` int(11) NOT NULL,
  `position` int(11) NOT NULL,
  `module` varchar(64) DEFAULT NULL,
  `class_name` varchar(64) NOT NULL,
  `route_name` varchar(256) DEFAULT NULL,
  `active` tinyint(1) NOT NULL,
  `hide_host_mode` tinyint(1) NOT NULL DEFAULT 0,
  `enabled` tinyint(1) NOT NULL,
  `icon` varchar(32) DEFAULT NULL,
  `wording` varchar(255) DEFAULT NULL,
  `wording_domain` varchar(255) DEFAULT NULL
) ENGINE=InnoDB DEFAULT CHARSET=utf8mb4 COLLATE=utf8mb4_general_ci;

--
-- Dumping data for table `xio8d_tab`
--

INSERT INTO `xio8d_tab` (`id_tab`, `id_parent`, `position`, `module`, `class_name`, `route_name`, `active`, `hide_host_mode`, `enabled`, `icon`, `wording`, `wording_domain`) VALUES
(1, 120, 0, '', 'AdminDashboard', '', 1, 0, 1, 'trending_up', 'Dashboard', 'Admin.Navigation.Menu'),
(2, 0, 2, NULL, 'SELL', '', 1, 0, 1, '', 'Sell', 'Admin.Navigation.Menu'),
(3, 2, 1, NULL, 'AdminParentOrders', '', 1, 0, 1, 'shopping_basket', 'Orders', 'Admin.Navigation.Menu'),
(4, 3, 0, NULL, 'AdminOrders', '', 1, 0, 1, '', 'Orders', 'Admin.Navigation.Menu'),
(5, 3, 1, NULL, 'AdminInvoices', '', 1, 0, 1, '', 'Invoices', 'Admin.Navigation.Menu'),
(6, 3, 2, NULL, 'AdminSlip', '', 1, 0, 1, '', 'Credit Slips', 'Admin.Navigation.Menu'),
(7, 3, 3, NULL, 'AdminDeliverySlip', '', 1, 0, 1, '', 'Delivery Slips', 'Admin.Navigation.Menu'),
(8, 3, 4, NULL, 'AdminCarts', '', 1, 0, 1, '', 'Shopping Carts', 'Admin.Navigation.Menu'),
(9, 2, 2, NULL, 'AdminCatalog', '', 1, 0, 1, 'store', 'Catalog', 'Admin.Navigation.Menu'),
(10, 9, 0, NULL, 'AdminProducts', '', 1, 0, 1, '', 'Products', 'Admin.Navigation.Menu'),
(11, 9, 1, NULL, 'AdminCategories', '', 1, 0, 1, '', 'Categories', 'Admin.Navigation.Menu'),
(12, 9, 2, NULL, 'AdminTracking', '', 1, 0, 1, '', 'Monitoring', 'Admin.Navigation.Menu'),
(13, 9, 3, NULL, 'AdminParentAttributesGroups', '', 1, 0, 1, '', 'Attributes & Features', 'Admin.Navigation.Menu'),
(14, 13, 0, NULL, 'AdminAttributesGroups', '', 1, 0, 1, '', 'Attributes', 'Admin.Navigation.Menu'),
(15, 13, 1, NULL, 'AdminFeatures', '', 1, 0, 1, '', 'Features', 'Admin.Navigation.Menu'),
(16, 9, 4, NULL, 'AdminParentManufacturers', '', 1, 0, 1, '', 'Brands & Suppliers', 'Admin.Navigation.Menu'),
(17, 16, 0, NULL, 'AdminManufacturers', '', 1, 0, 1, '', 'Brands', 'Admin.Navigation.Menu'),
(18, 16, 1, NULL, 'AdminSuppliers', '', 1, 0, 1, '', 'Suppliers', 'Admin.Navigation.Menu'),
(19, 9, 5, NULL, 'AdminAttachments', '', 1, 0, 1, '', 'Files', 'Admin.Navigation.Menu'),
(20, 9, 6, NULL, 'AdminParentCartRules', '', 1, 0, 1, '', 'Discounts', 'Admin.Navigation.Menu'),
(21, 20, 0, NULL, 'AdminCartRules', '', 1, 0, 1, '', 'Cart Rules', 'Admin.Navigation.Menu'),
(22, 20, 1, NULL, 'AdminSpecificPriceRule', '', 1, 0, 1, '', 'Catalog Price Rules', 'Admin.Navigation.Menu'),
(23, 9, 7, NULL, 'AdminStockManagement', '', 1, 0, 1, '', 'Stock', 'Admin.Navigation.Menu'),
(24, 2, 3, NULL, 'AdminParentCustomer', '', 1, 0, 1, 'account_circle', 'Customers', 'Admin.Navigation.Menu'),
(25, 24, 0, NULL, 'AdminCustomers', '', 1, 0, 1, '', 'Customers', 'Admin.Navigation.Menu'),
(26, 24, 1, NULL, 'AdminAddresses', '', 1, 0, 1, '', 'Addresses', 'Admin.Navigation.Menu'),
(27, 24, 2, NULL, 'AdminOutstanding', '', 0, 0, 1, '', 'Outstanding', 'Admin.Navigation.Menu'),
(28, 2, 4, NULL, 'AdminParentCustomerThreads', '', 1, 0, 1, 'chat', 'Customer Service', 'Admin.Navigation.Menu'),
(29, 28, 0, NULL, 'AdminCustomerThreads', '', 1, 0, 1, '', 'Customer Service', 'Admin.Navigation.Menu'),
(30, 28, 1, NULL, 'AdminOrderMessage', '', 1, 0, 1, '', 'Order Messages', 'Admin.Navigation.Menu'),
(31, 28, 2, NULL, 'AdminReturn', '', 1, 0, 1, '', 'Merchandise Returns', 'Admin.Navigation.Menu'),
(32, 2, 5, NULL, 'AdminStats', '', 1, 0, 1, 'assessment', 'Stats', 'Admin.Navigation.Menu'),
(33, 0, 3, NULL, 'IMPROVE', '', 1, 0, 1, '', 'Improve', 'Admin.Navigation.Menu'),
(34, 33, 1, NULL, 'AdminParentModulesSf', '', 1, 0, 1, 'extension', 'Modules', 'Admin.Navigation.Menu'),
(35, 34, 1, NULL, 'AdminModulesSf', '', 1, 0, 1, '', 'Module Manager', 'Admin.Navigation.Menu'),
(36, 35, 0, NULL, 'AdminModulesManage', '', 1, 0, 1, '', 'Modules', 'Admin.Navigation.Menu'),
(37, 35, 1, NULL, 'AdminModulesNotifications', '', 1, 0, 1, '', 'Alerts', 'Admin.Navigation.Menu'),
(38, 35, 2, NULL, 'AdminModulesUpdates', '', 1, 0, 1, '', 'Updates', 'Admin.Navigation.Menu'),
(39, 33, 2, NULL, 'AdminParentThemes', '', 1, 0, 1, 'desktop_mac', 'Design', 'Admin.Navigation.Menu'),
(40, 153, 1, '', 'AdminThemes', '', 1, 0, 1, '', 'Theme & Logo', 'Admin.Navigation.Menu'),
(41, 39, 2, NULL, 'AdminParentMailTheme', '', 1, 0, 1, '', 'Email Theme', 'Admin.Navigation.Menu'),
(42, 41, 0, NULL, 'AdminMailTheme', '', 1, 0, 1, '', 'Email Theme', 'Admin.Navigation.Menu'),
(43, 39, 3, NULL, 'AdminCmsContent', '', 1, 0, 1, '', 'Pages', 'Admin.Navigation.Menu'),
(44, 39, 4, NULL, 'AdminModulesPositions', '', 1, 0, 1, '', 'Positions', 'Admin.Navigation.Menu'),
(45, 39, 5, NULL, 'AdminImages', '', 1, 0, 1, '', 'Image Settings', 'Admin.Navigation.Menu'),
(46, 33, 3, NULL, 'AdminParentShipping', '', 1, 0, 1, 'local_shipping', 'Shipping', 'Admin.Navigation.Menu'),
(47, 46, 0, NULL, 'AdminCarriers', '', 1, 0, 1, '', 'Carriers', 'Admin.Navigation.Menu'),
(48, 46, 1, NULL, 'AdminShipping', '', 1, 0, 1, '', 'Preferences', 'Admin.Navigation.Menu'),
(49, 33, 4, NULL, 'AdminParentPayment', '', 1, 0, 1, 'payment', 'Payment', 'Admin.Navigation.Menu'),
(50, 49, 0, NULL, 'AdminPayment', '', 1, 0, 1, '', 'Payment Methods', 'Admin.Navigation.Menu'),
(51, 49, 1, NULL, 'AdminPaymentPreferences', '', 1, 0, 1, '', 'Preferences', 'Admin.Navigation.Menu'),
(52, 33, 5, NULL, 'AdminInternational', '', 1, 0, 1, 'language', 'International', 'Admin.Navigation.Menu'),
(53, 52, 0, NULL, 'AdminParentLocalization', '', 1, 0, 1, '', 'Localization', 'Admin.Navigation.Menu'),
(54, 53, 0, NULL, 'AdminLocalization', '', 1, 0, 1, '', 'Localization', 'Admin.Navigation.Menu'),
(55, 53, 1, NULL, 'AdminLanguages', '', 1, 0, 1, '', 'Languages', 'Admin.Navigation.Menu'),
(56, 53, 2, NULL, 'AdminCurrencies', '', 1, 0, 1, '', 'Currencies', 'Admin.Navigation.Menu'),
(57, 53, 3, NULL, 'AdminGeolocation', '', 1, 0, 1, '', 'Geolocation', 'Admin.Navigation.Menu'),
(58, 52, 1, NULL, 'AdminParentCountries', '', 1, 0, 1, '', 'Locations', 'Admin.Navigation.Menu'),
(59, 58, 0, NULL, 'AdminZones', '', 1, 0, 1, '', 'Zones', 'Admin.Navigation.Menu'),
(60, 58, 1, NULL, 'AdminCountries', '', 1, 0, 1, '', 'Countries', 'Admin.Navigation.Menu'),
(61, 58, 2, NULL, 'AdminStates', '', 1, 0, 1, '', 'States', 'Admin.Navigation.Menu'),
(62, 52, 2, NULL, 'AdminParentTaxes', '', 1, 0, 1, '', 'Taxes', 'Admin.Navigation.Menu'),
(63, 62, 0, NULL, 'AdminTaxes', '', 1, 0, 1, '', 'Taxes', 'Admin.Navigation.Menu'),
(64, 62, 1, NULL, 'AdminTaxRulesGroup', '', 1, 0, 1, '', 'Tax Rules', 'Admin.Navigation.Menu'),
(65, 52, 3, NULL, 'AdminTranslations', '', 1, 0, 1, '', 'Translations', 'Admin.Navigation.Menu'),
(66, 0, 4, NULL, 'CONFIGURE', '', 1, 0, 1, '', 'Configure', 'Admin.Navigation.Menu'),
(67, 66, 0, NULL, 'ShopParameters', '', 1, 0, 1, 'settings', 'Shop Parameters', 'Admin.Navigation.Menu'),
(68, 67, 0, NULL, 'AdminParentPreferences', '', 1, 0, 1, '', 'General', 'Admin.Navigation.Menu'),
(69, 68, 0, NULL, 'AdminPreferences', '', 1, 0, 1, '', 'General', 'Admin.Navigation.Menu'),
(70, 68, 1, NULL, 'AdminMaintenance', '', 1, 0, 1, '', 'Maintenance', 'Admin.Navigation.Menu'),
(71, 67, 1, NULL, 'AdminParentOrderPreferences', '', 1, 0, 1, '', 'Order Settings', 'Admin.Navigation.Menu'),
(72, 71, 0, NULL, 'AdminOrderPreferences', '', 1, 0, 1, '', 'Order Settings', 'Admin.Navigation.Menu'),
(73, 71, 1, NULL, 'AdminStatuses', '', 1, 0, 1, '', 'Statuses', 'Admin.Navigation.Menu'),
(74, 67, 2, NULL, 'AdminPPreferences', '', 1, 0, 1, '', 'Product Settings', 'Admin.Navigation.Menu'),
(75, 67, 3, NULL, 'AdminParentCustomerPreferences', '', 1, 0, 1, '', 'Customer Settings', 'Admin.Navigation.Menu'),
(76, 75, 0, NULL, 'AdminCustomerPreferences', '', 1, 0, 1, '', 'Customer Settings', 'Admin.Navigation.Menu'),
(77, 75, 1, NULL, 'AdminGroups', '', 1, 0, 1, '', 'Groups', 'Admin.Navigation.Menu'),
(78, 75, 2, NULL, 'AdminGenders', '', 1, 0, 1, '', 'Titles', 'Admin.Navigation.Menu'),
(79, 67, 4, NULL, 'AdminParentStores', '', 1, 0, 1, '', 'Contact', 'Admin.Navigation.Menu'),
(80, 79, 0, NULL, 'AdminContacts', '', 1, 0, 1, '', 'Contacts', 'Admin.Navigation.Menu'),
(81, 79, 1, NULL, 'AdminStores', '', 1, 0, 1, '', 'Stores', 'Admin.Navigation.Menu'),
(82, 67, 5, NULL, 'AdminParentMeta', '', 1, 0, 1, '', 'Traffic & SEO', 'Admin.Navigation.Menu'),
(83, 82, 0, NULL, 'AdminMeta', '', 1, 0, 1, '', 'SEO & URLs', 'Admin.Navigation.Menu'),
(84, 82, 1, NULL, 'AdminSearchEngines', '', 1, 0, 1, '', 'Search Engines', 'Admin.Navigation.Menu'),
(85, 67, 6, NULL, 'AdminParentSearchConf', '', 1, 0, 1, '', 'Search', 'Admin.Navigation.Menu'),
(86, 85, 0, NULL, 'AdminSearchConf', '', 1, 0, 1, '', 'Search', 'Admin.Navigation.Menu'),
(87, 85, 1, NULL, 'AdminAliases', '', 1, 0, 1, '', 'Aliases', 'Admin.Navigation.Menu'),
(88, 85, 2, NULL, 'AdminTags', '', 1, 0, 1, '', 'Tags', 'Admin.Navigation.Menu'),
(89, 66, 1, NULL, 'AdminAdvancedParameters', '', 1, 0, 1, 'settings_applications', 'Advanced Parameters', 'Admin.Navigation.Menu'),
(90, 89, 0, NULL, 'AdminInformation', '', 1, 0, 1, '', 'Information', 'Admin.Navigation.Menu'),
(91, 89, 1, NULL, 'AdminPerformance', '', 1, 0, 1, '', 'Performance', 'Admin.Navigation.Menu'),
(92, 89, 2, NULL, 'AdminAdminPreferences', '', 1, 0, 1, '', 'Administration', 'Admin.Navigation.Menu'),
(93, 89, 3, NULL, 'AdminEmails', '', 1, 0, 1, '', 'E-mail', 'Admin.Navigation.Menu'),
(94, 89, 4, NULL, 'AdminImport', '', 1, 0, 1, '', 'Import', 'Admin.Navigation.Menu'),
(95, 89, 5, NULL, 'AdminParentEmployees', '', 1, 0, 1, '', 'Team', 'Admin.Navigation.Menu'),
(96, 95, 0, NULL, 'AdminEmployees', '', 1, 0, 1, '', 'Employees', 'Admin.Navigation.Menu'),
(97, 95, 1, NULL, 'AdminProfiles', '', 1, 0, 1, '', 'Roles', 'Admin.Navigation.Menu'),
(98, 95, 2, NULL, 'AdminAccess', '', 1, 0, 1, '', 'Permissions', 'Admin.Navigation.Menu'),
(99, 89, 6, NULL, 'AdminParentRequestSql', '', 1, 0, 1, '', 'Database', 'Admin.Navigation.Menu'),
(100, 99, 0, NULL, 'AdminRequestSql', '', 1, 0, 1, '', 'SQL Manager', 'Admin.Navigation.Menu'),
(101, 99, 1, NULL, 'AdminBackup', '', 1, 0, 1, '', 'DB Backup', 'Admin.Navigation.Menu'),
(102, 89, 7, NULL, 'AdminLogs', '', 1, 0, 1, '', 'Logs', 'Admin.Navigation.Menu'),
(103, 89, 8, NULL, 'AdminWebservice', '', 1, 0, 1, '', 'Webservice', 'Admin.Navigation.Menu'),
(104, 89, 9, NULL, 'AdminAdminAPI', 'admin_api_index', 1, 0, 1, '', 'Admin API', 'Admin.Navigation.Menu'),
(105, 89, 10, NULL, 'AdminShopGroup', '', 1, 0, 1, '', 'Multistore', 'Admin.Navigation.Menu'),
(106, 89, 11, NULL, 'AdminShopUrl', '', 0, 0, 1, '', 'Multistore', 'Admin.Navigation.Menu'),
(107, 89, 12, NULL, 'AdminFeatureFlag', '', 1, 0, 1, '', 'New & Experimental Features', 'Admin.Navigation.Menu'),
(108, 89, 13, NULL, 'AdminParentSecurity', '', 1, 0, 1, '', 'Security', 'Admin.Navigation.Menu'),
(109, 108, 0, NULL, 'AdminSecurity', 'admin_security', 1, 0, 1, '', 'Security', 'Admin.Navigation.Menu'),
(110, 108, 1, NULL, 'AdminSecuritySessionEmployee', 'admin_security_sessions_employee_list', 1, 0, 1, '', 'Employee Sessions', 'Admin.Navigation.Menu'),
(111, 108, 2, NULL, 'AdminSecuritySessionCustomer', 'admin_security_sessions_customer_list', 1, 0, 1, '', 'Customer Sessions', 'Admin.Navigation.Menu'),
(112, -1, 1, NULL, 'AdminQuickAccesses', '', 1, 0, 1, '', 'Quick Access', 'Admin.Navigation.Menu'),
(113, 0, 5, NULL, 'DEFAULT', '', 1, 0, 1, '', 'More', 'Admin.Navigation.Menu'),
(114, -1, 2, NULL, 'AdminPatterns', '', 1, 0, 1, '', '', ''),
(115, -1, 3, 'ps_googleanalytics', 'AdminGanalyticsAjax', '', 1, 0, 1, '', NULL, NULL),
(116, 0, 6, 'blockreassurance', 'AdminBlockListing', '', 0, 0, 1, '', NULL, NULL),
(117, 34, 2, 'blockwishlist', 'WishlistConfigurationAdminParentController', '', 0, 0, 0, '', NULL, NULL),
(118, 117, 1, 'blockwishlist', 'WishlistConfigurationAdminController', '', 1, 0, 0, '', NULL, NULL),
(119, 117, 2, 'blockwishlist', 'WishlistStatisticsAdminController', '', 1, 0, 0, '', NULL, NULL),
(120, 0, 1, 'ps_classic_edition', 'HOME', '', 1, 0, 1, '', 'Welcome', 'Modules.Classicedition.Admin'),
(121, 120, 1, 'ps_classic_edition', 'AdminPsClassicEditionHomepageController', 'ps_classic_edition_homepage', 1, 0, 1, 'support_agent', 'Care Center', 'Modules.Classicedition.Admin'),
(122, 0, 7, 'ps_classic_edition', 'AdminPsClassicEditionPsAcademyController', '', 0, 0, 1, '', NULL, NULL),
(123, -1, 4, 'ps_imageslider', 'AdminConfigureSlides', '', 1, 0, 0, '', NULL, NULL),
(124, -1, 5, 'ps_faviconnotificationbo', 'AdminConfigureFaviconBo', '', 1, 0, 1, '', NULL, NULL),
(125, -1, 6, 'psgdpr', 'AdminAjaxPsgdpr', '', 1, 0, 1, '', NULL, NULL),
(126, -1, 7, 'psgdpr', 'AdminDownloadInvoicesPsgdpr', '', 1, 0, 1, '', NULL, NULL),
(127, 34, 3, 'psshipping', 'PsshippingHomeController', '', 0, 0, 1, '', 'Homepage', 'Modules.Pshipping.Admin'),
(128, 0, 8, 'psshipping', 'PsshippingCarrierController', '', 0, 0, 1, '', NULL, NULL),
(129, 0, 9, 'psshipping', 'PsshippingConfigurationController', '', 0, 0, 1, '', NULL, NULL),
(130, 0, 10, 'psshipping', 'PsshippingKeycloakAuthController', '', 0, 0, 1, '', NULL, NULL),
(131, 0, 11, 'psshipping', 'PsshippingOrdersController', '', 0, 0, 1, '', NULL, NULL),
(132, 0, 12, 'psshipping', 'PsshippingFaqController', '', 0, 0, 1, '', NULL, NULL),
(133, -1, 8, 'dashgoals', 'AdminDashgoals', '', 1, 0, 1, '', NULL, NULL),
(134, 0, 13, 'ps_distributionapiclient', 'AdminPsdistributionapiclientCommunity', '', 1, 0, 1, '', 'Community', 'Modules.Distributionapiclient.Admin'),
(135, 134, 1, 'ps_distributionapiclient', 'AdminPsdistributionapiclient', 'ps_distributionapiclient_top_contributors', 1, 0, 1, 'groups', 'Wall of Fame', 'Modules.Distributionapiclient.Admin'),
(136, 0, 14, 'ps_accounts', 'AdminAjaxPsAccounts', '', 0, 0, 1, '', NULL, NULL),
(137, 0, 15, 'ps_accounts', 'AdminAjaxV2PsAccounts', '', 0, 0, 1, '', NULL, NULL),
(138, 0, 16, 'ps_accounts', 'AdminOAuth2PsAccounts', '', 0, 0, 1, '', NULL, NULL),
(139, 0, 17, 'ps_accounts', 'AdminLoginPsAccounts', '', 0, 0, 1, '', NULL, NULL),
(140, 0, 18, 'ps_accounts', 'AdminLogin', '', 0, 0, 1, '', NULL, NULL),
(141, 0, 19, 'ps_accounts', 'AdminDebugPsAccounts', '', 0, 0, 1, '', NULL, NULL),
(142, 0, 20, 'ps_accounts', 'SfAdminOAuth2PsAccounts', '', 0, 0, 1, '', NULL, NULL),
(143, 0, 21, 'ps_accounts', 'SfAdminLoginPsAccounts', '', 0, 0, 1, '', NULL, NULL),
(144, 39, 6, 'ps_linklist', 'AdminLinkWidget', 'admin_link_block_list', 1, 0, 1, '', 'Link List', 'Modules.Linklist.Admin'),
(145, 0, 22, 'ps_checkout', 'AdminAjaxPrestashopCheckout', '', 0, 0, 1, '', NULL, NULL),
(153, 39, 1, '', 'AdminThemesParent', '', 1, 0, 1, '', 'Theme & Logo', 'Admin.Navigation.Menu'),
(154, 153, 2, 'ps_themecusto', 'AdminPsThemeCustoConfiguration', '', 1, 0, 0, '', NULL, NULL),
(155, 153, 3, 'ps_themecusto', 'AdminPsThemeCustoAdvanced', '', 1, 0, 0, '', NULL, NULL),
(156, 33, 6, '', 'Marketing', '', 1, 0, 1, 'campaign', NULL, NULL),
(157, 156, 1, 'psxmarketingwithgoogle', 'AdminPsxMktgWithGoogleModule', '', 1, 0, 1, '', NULL, NULL),
(158, -1, 9, 'psxmarketingwithgoogle', 'AdminAjaxPsxMktgWithGoogle', '', 1, 0, 1, '', NULL, NULL),
(159, 156, 2, 'ps_facebook', 'AdminPsfacebookModule', '', 1, 0, 0, '', NULL, NULL),
(160, -1, 10, 'ps_facebook', 'AdminAjaxPsfacebook', '', 1, 0, 0, '', NULL, NULL),
(169, 0, 23, 'stripe_official', 'AdminStripe_officialProcessLogger', '', 1, 0, 1, '', NULL, NULL),
(170, 0, 24, 'stripe_official', 'StripeBaseAdmin', '', 0, 0, 1, '', NULL, NULL),
(171, 0, 25, 'stripe_official', 'SkipCloudSyncDependencies', '', 0, 0, 1, '', NULL, NULL),
(172, 0, 26, 'stripe_official', 'AdminStripeOfficialCloudsync', '', 0, 0, 1, '', NULL, NULL),
(201, -1, 11, 'migrationpro', 'AdminMigrationPro', '', 1, 0, 1, '', NULL, NULL),
(202, 0, 27, 'migrationpro', 'AdminMigrationProRedirect', '', 0, 0, 1, '', NULL, NULL),
(211, 2, 6, 'braintreeofficial', 'AdminParentBraintreeOfficialConfiguration', '', 0, 0, 1, 'payment', NULL, NULL),
(212, 211, 1, 'braintreeofficial', 'AdminBraintreeOfficialConfiguration', '', 1, 0, 1, '', NULL, NULL),
(213, 212, 1, 'braintreeofficial', 'AdminBraintreeOfficialSetup', '', 1, 0, 1, '', NULL, NULL),
(214, 212, 2, 'braintreeofficial', 'AdminBraintreeOfficialCustomizeCheckout', '', 1, 0, 1, '', NULL, NULL),
(215, 212, 3, 'braintreeofficial', 'AdminBraintreeOfficialHelp', '', 1, 0, 1, '', NULL, NULL),
(216, 212, 4, 'braintreeofficial', 'AdminBraintreeOfficialLogs', '', 1, 0, 1, '', NULL, NULL),
(217, 211, 2, 'braintreeofficial', 'AdminBraintreeOfficialMigration', '', 0, 0, 1, '', NULL, NULL),
(218, 211, 3, 'braintreeofficial', 'AdminBraintreeofficialProcessLogger', '', 1, 0, 1, '', NULL, NULL),
(219, 33, 7, 'paypal', 'paypal', '', 0, 0, 1, '', NULL, NULL),
(220, 219, 1, 'paypal', 'AdminPaypalConfiguration', '', 1, 0, 1, '', NULL, NULL),
(221, 0, 28, 'paypal', 'AdminPaypalProcessLogger', '', 1, 0, 1, '', NULL, NULL),
(222, 220, 1, 'paypal', 'AdminPaypalDiagnostic', '', 1, 0, 1, '', NULL, NULL),
(223, 0, 29, '', 'AdminPklib', '', 1, 0, 1, '', NULL, NULL),
(224, 223, 1, 'creativeelements', 'AdminParentCEContent', '', 1, 0, 1, 'ce', NULL, NULL),
(225, 224, 1, 'creativeelements', 'AdminCEContent', '', 1, 0, 1, '', NULL, NULL),
(226, 224, 3, 'creativeelements', 'AdminCETemplates', '', 1, 0, 1, '', NULL, NULL),
(227, 224, 5, 'creativeelements', 'AdminCESettings', '', 1, 0, 1, '', NULL, NULL),
(228, 224, 6, 'creativeelements', 'AdminCEEditor', '', 0, 0, 1, '', NULL, NULL),
(229, 0, 30, 'creativeelements', 'AdminCEFonts', '', 1, 0, 1, '', NULL, NULL),
(230, 0, 31, 'creativeelements', 'AdminCEThemes', '', 1, 0, 1, '', NULL, NULL),
(231, 223, 2, 'revsliderprestashop', 'AdminRevsliderSliders', '', 1, 0, 1, 'slideshow', NULL, NULL),
(232, 223, 3, 'revsliderprestashop', 'AdminRevolutionsliderAjax', '', 0, 0, 1, 'slideshow', NULL, NULL),
(233, 223, 4, 'revsliderprestashop', 'AdminRevolutionsliderFmanager', '', 0, 0, 1, 'slideshow', NULL, NULL),
(234, 223, 5, 'pkthemesettings', 'AdminPkThemesettings', 'admin_pkthemesettings_configuration_get', 1, 0, 1, 'settings_applications', NULL, NULL),
(237, 0, 32, 'pklookbook', 'AdminPklookbook', '', 0, 0, 1, '', NULL, NULL),
(238, 0, 33, 'pkfacebook', 'AdminPkfacebook', '', 0, 0, 0, '', NULL, NULL),
(239, 0, 34, 'pkinstagram', 'AdminPkinstagram', '', 0, 0, 1, '', NULL, NULL),
(240, 0, 35, 'pkextproduct', 'AdminPkextproduct', 'admin_pkextproduct_configuration_get', 0, 0, 1, '', NULL, NULL),
(243, 223, 6, 'ph_simpleblog', 'AdminBlogForPrestaShop', '', 1, 0, 1, 'note', NULL, NULL),
(244, 243, 1, 'ph_simpleblog', 'AdminSimpleBlogPosts', '', 1, 0, 1, '', NULL, NULL),
(245, 243, 2, 'ph_simpleblog', 'AdminSimpleBlogCategories', '', 1, 0, 1, '', NULL, NULL),
(246, 243, 3, 'ph_simpleblog', 'AdminSimpleBlogComments', '', 1, 0, 1, '', NULL, NULL),
(247, 243, 4, 'ph_simpleblog', 'AdminSimpleBlogTags', '', 1, 0, 1, '', NULL, NULL),
(248, 243, 5, 'ph_simpleblog', 'AdminSimpleBlogAuthors', '', 1, 0, 1, '', NULL, NULL),
(249, 243, 6, 'ph_simpleblog', 'AdminSimpleBlogSettings', '', 1, 0, 1, '', NULL, NULL),
(270, -1, 12, 'ultimateimagetool', 'Ultimateimagetool', '', 1, 0, 1, 'image', NULL, NULL),
(271, -1, 13, 'ultimateimagetool', 'UltimateimagetoolAjax', '', 1, 0, 1, 'settings', NULL, NULL),
(278, 0, 36, '', 'AdminController', '', 1, 0, 1, '', NULL, NULL),
(279, 223, 7, 'pkcookies', 'PkcookiesAdminController', 'admin_pkcookies_configuration_get', 1, 0, 1, 'cookie', NULL, NULL),
(280, 223, 8, 'pkamp', 'AdminPkamp', '', 1, 0, 1, 'bolt', NULL, NULL),
(281, 280, 1, 'pkamp', 'AdminPkampBuilder', '', 1, 0, 1, '', NULL, NULL),
(282, 280, 2, 'pkamp', 'AdminPkampSettings', '', 1, 0, 1, '', NULL, NULL),
(283, 280, 3, 'pkamp', 'AdminPkampImage', '', 1, 0, 1, '', NULL, NULL);

-- --------------------------------------------------------

--
-- Table structure for table `xio8d_tab_lang`
--

CREATE TABLE `xio8d_tab_lang` (
  `id_tab` int(11) NOT NULL,
  `id_lang` int(11) NOT NULL,
  `name` varchar(128) NOT NULL
) ENGINE=InnoDB DEFAULT CHARSET=utf8mb4 COLLATE=utf8mb4_general_ci;

--
-- Dumping data for table `xio8d_tab_lang`
--

INSERT INTO `xio8d_tab_lang` (`id_tab`, `id_lang`, `name`) VALUES
(1, 1, 'Dashboard'),
(1, 2, 'Dashboard'),
(1, 3, 'Dashboard'),
(1, 4, 'ড্যাশবোর্ড'),
(1, 5, 'Papan pemuka'),
(1, 6, '仪表盘'),
(2, 1, 'Sell'),
(2, 2, 'Sell'),
(2, 3, 'Sell'),
(2, 4, 'Sell'),
(2, 5, 'Sell'),
(2, 6, '出售'),
(3, 1, 'Orders'),
(3, 2, 'Orders'),
(3, 3, 'Orders'),
(3, 4, 'ফরমায়েশ'),
(3, 5, 'Commandes'),
(3, 6, '订单'),
(4, 1, 'Orders'),
(4, 2, 'Orders'),
(4, 3, 'Orders'),
(4, 4, 'ফরমায়েশ'),
(4, 5, 'Commandes'),
(4, 6, '订单'),
(5, 1, 'Invoices'),
(5, 2, 'Invoices'),
(5, 3, 'Invoices'),
(5, 4, 'চালান'),
(5, 5, 'Factures'),
(5, 6, '发票'),
(6, 1, 'Credit Slips'),
(6, 2, 'Credit Slips'),
(6, 3, 'साख परची'),
(6, 4, 'ক্রেডিট স্লিপ'),
(6, 5, 'Slip Kredit'),
(6, 6, 'Avoirs'),
(7, 1, 'Delivery Slips'),
(7, 2, 'Delivery Slips'),
(7, 3, 'वितरण परची'),
(7, 4, 'ডেলিভারি স্লিপ'),
(7, 5, 'Slip Penghantaran'),
(7, 6, '交货单'),
(8, 1, 'Shopping Carts'),
(8, 2, 'Shopping Carts'),
(8, 3, 'शॉपिंग कार्ट'),
(8, 4, 'শপিং কার্ট'),
(8, 5, 'Troli Belian'),
(8, 6, '购物车'),
(9, 1, 'Catalog'),
(9, 2, 'Catalog'),
(9, 3, 'Catalog'),
(9, 4, 'মূল্য সূচী'),
(9, 5, 'Catalogue'),
(9, 6, '分类'),
(10, 1, 'Products'),
(10, 2, 'பொருட்கள்'),
(10, 3, 'Products'),
(10, 4, 'পণ্য সমূহ'),
(10, 5, 'Produk'),
(10, 6, '单件商品'),
(11, 1, 'Categories'),
(11, 2, 'வகைகள்'),
(11, 3, 'Categories'),
(11, 4, 'প্রকার'),
(11, 5, 'Kategori'),
(11, 6, '分类'),
(12, 1, 'Monitoring'),
(12, 2, 'Monitoring'),
(12, 3, 'निगरानी'),
(12, 4, 'মনিটরিং'),
(12, 5, 'Pengawasan'),
(12, 6, '监测'),
(13, 1, 'Attributes & Features'),
(13, 2, 'Attributes & Features'),
(13, 3, 'Attributes & Features'),
(13, 4, 'Attributes & Features'),
(13, 5, 'Attributes & Features'),
(13, 6, '属性和功能'),
(14, 1, 'Attributes'),
(14, 2, 'பண்புகள்'),
(14, 3, 'Attributes'),
(14, 4, 'বিভাগসমূহ'),
(14, 5, 'Attribution'),
(14, 6, '特征'),
(15, 1, 'Features'),
(15, 2, 'Features'),
(15, 3, 'Features'),
(15, 4, 'বৈশিষ্ট্য'),
(15, 5, 'Ciri-ciri'),
(15, 6, '特性'),
(16, 1, 'Brands & Suppliers'),
(16, 2, 'Brands & Suppliers'),
(16, 3, 'Brands & Suppliers'),
(16, 4, 'Brands & Suppliers'),
(16, 5, 'Brands & Suppliers'),
(16, 6, '品牌 & 供应商'),
(17, 1, 'Brands'),
(17, 2, 'Brands'),
(17, 3, 'Brands'),
(17, 4, 'ব্রান্ডসঃ   '),
(17, 5, 'Jenama'),
(17, 6, '品牌'),
(18, 1, 'Suppliers'),
(18, 2, 'Suppliers'),
(18, 3, 'Suppliers'),
(18, 4, 'সরবরাহকারি'),
(18, 5, 'Pembekal'),
(18, 6, '供应商'),
(19, 1, 'Files'),
(19, 2, 'Files'),
(19, 3, 'फ़ाइलें'),
(19, 4, 'ফাইল'),
(19, 5, 'Fail'),
(19, 6, '文件'),
(20, 1, 'Discounts'),
(20, 2, 'Discounts'),
(20, 3, 'Discounts'),
(20, 4, 'মূল্যছাড়'),
(20, 5, 'Diskaun'),
(20, 6, '折扣'),
(21, 1, 'Cart Rules'),
(21, 2, 'கூடை விதிகள்'),
(21, 3, 'Cart Rules'),
(21, 4, 'ক্রয় এর শর্ত'),
(21, 5, 'Règles panier'),
(21, 6, '购物车规则'),
(22, 1, 'Catalog Price Rules'),
(22, 2, 'Catalog Price Rules'),
(22, 3, 'सूची मूल्य नियम'),
(22, 4, 'মূল্য সূচী'),
(22, 5, 'Règles de prix catalogue'),
(22, 6, 'Règles de prix catalogue'),
(23, 1, 'Stock'),
(23, 2, 'Stock'),
(23, 3, 'Stock'),
(23, 4, 'স্টক'),
(23, 5, 'Saham'),
(23, 6, '库存'),
(24, 1, 'Customers'),
(24, 2, 'Customers'),
(24, 3, 'Customers'),
(24, 4, 'গ্রাহকরা'),
(24, 5, 'Pelanggan'),
(24, 6, '客户'),
(25, 1, 'Customers'),
(25, 2, 'Customers'),
(25, 3, 'Customers'),
(25, 4, 'গ্রাহকরা'),
(25, 5, 'Pelanggan'),
(25, 6, '客户'),
(26, 1, 'Addresses'),
(26, 2, 'முகவரிகள்'),
(26, 3, 'Addresses'),
(26, 4, 'ঠিকানা'),
(26, 5, 'Alamat'),
(26, 6, '地址'),
(27, 1, 'Outstanding'),
(27, 2, 'Outstanding'),
(27, 3, 'बकाया'),
(27, 4, 'অবশিষ্ট'),
(27, 5, 'Cemerlang'),
(27, 6, '未支付'),
(28, 1, 'Customer Service'),
(28, 2, 'Customer Service'),
(28, 3, 'ग्राहक सेवा'),
(28, 4, 'গ্রাহক সেবা'),
(28, 5, 'Khidmat Pelanggan'),
(28, 6, '客户服务'),
(29, 1, 'Customer Service'),
(29, 2, 'Customer Service'),
(29, 3, 'ग्राहक सेवा'),
(29, 4, 'গ্রাহক সেবা'),
(29, 5, 'Khidmat Pelanggan'),
(29, 6, '客户服务'),
(30, 1, 'Order Messages'),
(30, 2, 'Order Messages'),
(30, 3, 'आर्डर संदेश'),
(30, 4, 'অর্ডার বার্তা'),
(30, 5, 'Mesej Tempahan'),
(30, 6, 'Messages prédéfinis'),
(31, 1, 'Merchandise Returns'),
(31, 2, 'Merchandise Returns'),
(31, 3, 'Merchandise Returns'),
(31, 4, 'পণ্যদ্রব্য ফেরত'),
(31, 5, 'Retours produit'),
(31, 6, 'Retours produit'),
(32, 1, 'Stats'),
(32, 2, 'Stats'),
(32, 3, 'Stats'),
(32, 4, 'পরিসংখ্যান'),
(32, 5, 'Statistiques'),
(32, 6, '统计信息'),
(33, 1, 'Improve'),
(33, 2, 'Improve'),
(33, 3, 'Improve'),
(33, 4, 'Improve'),
(33, 5, 'Improve'),
(33, 6, '改进'),
(34, 1, 'Modules'),
(34, 2, 'Modules'),
(34, 3, 'Modules'),
(34, 4, 'মডিউল'),
(34, 5, 'Modul'),
(34, 6, '模块'),
(35, 1, 'Module Manager'),
(35, 2, 'Module Manager'),
(35, 3, 'Module Manager'),
(35, 4, 'Module Manager'),
(35, 5, 'Module Manager'),
(35, 6, '模块管理'),
(36, 1, 'Modules'),
(36, 2, 'Modules'),
(36, 3, 'Modules'),
(36, 4, 'মডিউল'),
(36, 5, 'Modul'),
(36, 6, '模块'),
(37, 1, 'Alerts'),
(37, 2, 'Alerts'),
(37, 3, 'Alerts'),
(37, 4, 'Alerts'),
(37, 5, 'Alerts'),
(37, 6, '通知'),
(38, 1, 'Updates'),
(38, 2, 'Updates'),
(38, 3, 'Updates'),
(38, 4, 'Updates'),
(38, 5, 'Updates'),
(38, 6, '更新'),
(39, 1, 'Design'),
(39, 2, 'Design'),
(39, 3, 'Design'),
(39, 4, 'Design'),
(39, 5, 'Design'),
(39, 6, '设计'),
(40, 1, 'Theme & Logo'),
(40, 2, 'Theme & Logo'),
(40, 3, 'Theme & Logo'),
(40, 4, 'Theme & Logo'),
(40, 5, 'Theme & Logo'),
(40, 6, '主题&商标'),
(41, 1, 'Email Theme'),
(41, 2, 'Email Theme'),
(41, 3, 'Email Theme'),
(41, 4, 'Email Theme'),
(41, 5, 'Email Theme'),
(41, 6, '电子邮件主题'),
(42, 1, 'Email Theme'),
(42, 2, 'Email Theme'),
(42, 3, 'Email Theme'),
(42, 4, 'Email Theme'),
(42, 5, 'Email Theme'),
(42, 6, '电子邮件主题'),
(43, 1, 'Pages'),
(43, 2, 'Pages'),
(43, 3, 'पृष्ठ'),
(43, 4, 'পাতা'),
(43, 5, 'Laman'),
(43, 6, '网页'),
(44, 1, 'Positions'),
(44, 2, 'Positions'),
(44, 3, 'स्थान'),
(44, 4, 'অবস্থান'),
(44, 5, 'Kedudukan'),
(44, 6, '位置'),
(45, 1, 'Image Settings'),
(45, 2, 'Image Settings'),
(45, 3, 'Image Settings'),
(45, 4, 'Image Settings'),
(45, 5, 'Image Settings'),
(45, 6, '图像设置'),
(46, 1, 'Shipping'),
(46, 2, 'Shipping'),
(46, 3, 'Shipping'),
(46, 4, 'স্থানান্তর'),
(46, 5, 'Penghantaran'),
(46, 6, '配送'),
(47, 1, 'Carriers'),
(47, 2, 'ஊர்திகள்'),
(47, 3, 'Carriers'),
(47, 4, 'বাহক'),
(47, 5, 'Operator'),
(47, 6, '货运商'),
(48, 1, 'Preferences'),
(48, 2, 'Preferences'),
(48, 3, 'प्राथमिकताएं'),
(48, 4, 'পছন্দ'),
(48, 5, 'Keutamaan'),
(48, 6, '选项'),
(49, 1, 'Payment'),
(49, 2, 'செலுத்துதல்'),
(49, 3, 'Payment'),
(49, 4, 'পরিশোধ'),
(49, 5, 'Pembayaran'),
(49, 6, '付款'),
(50, 1, 'Payment Methods'),
(50, 2, 'Payment Methods'),
(50, 3, 'Payment Methods'),
(50, 4, 'Payment Methods'),
(50, 5, 'Payment Methods'),
(50, 6, '付款方法'),
(51, 1, 'Preferences'),
(51, 2, 'Preferences'),
(51, 3, 'प्राथमिकताएं'),
(51, 4, 'পছন্দ'),
(51, 5, 'Keutamaan'),
(51, 6, '选项'),
(52, 1, 'International'),
(52, 2, 'International'),
(52, 3, 'International'),
(52, 4, 'আন্তর্জাতিক'),
(52, 5, 'Antarabangsa'),
(52, 6, '国际'),
(53, 1, 'Localization'),
(53, 2, 'Localization'),
(53, 3, 'स्थानीयकरण'),
(53, 4, 'অবস্থিত করন'),
(53, 5, 'Localisation'),
(53, 6, '本地化'),
(54, 1, 'Localization'),
(54, 2, 'Localization'),
(54, 3, 'स्थानीयकरण'),
(54, 4, 'অবস্থিত করন'),
(54, 5, 'Localisation'),
(54, 6, '本地化'),
(55, 1, 'Languages'),
(55, 2, 'Languages'),
(55, 3, 'Languages'),
(55, 4, 'ভাষা'),
(55, 5, 'Bahasa'),
(55, 6, '语言'),
(56, 1, 'Currencies'),
(56, 2, 'Currencies'),
(56, 3, 'Currencies'),
(56, 4, 'মুদ্রায়'),
(56, 5, 'Devises'),
(56, 6, '货币'),
(57, 1, 'Geolocation'),
(57, 2, 'Geolocation'),
(57, 3, 'Geolocation'),
(57, 4, 'অবস্থান '),
(57, 5, 'Geolokasi'),
(57, 6, '地理位置'),
(58, 1, 'Locations'),
(58, 2, 'Locations'),
(58, 3, 'Locations'),
(58, 4, 'Locations'),
(58, 5, 'Locations'),
(58, 6, '地点'),
(59, 1, 'Zones'),
(59, 2, 'Zones'),
(59, 3, 'Zones'),
(59, 4, 'এলাকা'),
(59, 5, 'Zon'),
(59, 6, '洲'),
(60, 1, 'Countries'),
(60, 2, 'நாடுகள்'),
(60, 3, 'Countries'),
(60, 4, 'দেশ সমূহ'),
(60, 5, 'Negara'),
(60, 6, '国家'),
(61, 1, 'States'),
(61, 2, 'States'),
(61, 3, 'States'),
(61, 4, 'প্রদেশ'),
(61, 5, 'Negeri'),
(61, 6, '省/市'),
(62, 1, 'Taxes'),
(62, 2, 'Taxes'),
(62, 3, 'Taxes'),
(62, 4, 'শুল্ক'),
(62, 5, 'Cukai'),
(62, 6, '税'),
(63, 1, 'Taxes'),
(63, 2, 'Taxes'),
(63, 3, 'Taxes'),
(63, 4, 'শুল্ক'),
(63, 5, 'Cukai'),
(63, 6, '税'),
(64, 1, 'Tax Rules'),
(64, 2, 'Tax Rules'),
(64, 3, 'Tax Rules'),
(64, 4, 'শুল্ক নিয়ম'),
(64, 5, 'Règles'),
(64, 6, '税法'),
(65, 1, 'Translations'),
(65, 2, 'Translations'),
(65, 3, 'अनुवाद'),
(65, 4, 'ভাষান্তর '),
(65, 5, 'Penterjemahan'),
(65, 6, '翻译'),
(66, 1, 'Configure'),
(66, 2, 'Configure'),
(66, 3, 'विन्यस्त करें'),
(66, 4, 'কনফিগার করুন'),
(66, 5, 'Tatarajah'),
(66, 6, '配置'),
(67, 1, 'Shop Parameters'),
(67, 2, 'Shop Parameters'),
(67, 3, 'Shop Parameters'),
(67, 4, 'Shop Parameters'),
(67, 5, 'Shop Parameters'),
(67, 6, '商店的参数'),
(68, 1, 'General'),
(68, 2, 'பொதுவான'),
(68, 3, 'General'),
(68, 4, 'সাধারণ'),
(68, 5, 'Umum'),
(68, 6, '一般'),
(69, 1, 'General'),
(69, 2, 'பொதுவான'),
(69, 3, 'General'),
(69, 4, 'সাধারণ'),
(69, 5, 'Umum'),
(69, 6, '一般'),
(70, 1, 'Maintenance'),
(70, 2, 'Maintenance'),
(70, 3, 'रखरखाव'),
(70, 4, 'রক্ষণাবেক্ষণ'),
(70, 5, 'Penyelenggaraan'),
(70, 6, '维护'),
(71, 1, 'Order Settings'),
(71, 2, 'Order Settings'),
(71, 3, 'Order Settings'),
(71, 4, 'Order Settings'),
(71, 5, 'Order Settings'),
(71, 6, '订单设置'),
(72, 1, 'Order Settings'),
(72, 2, 'Order Settings'),
(72, 3, 'Order Settings'),
(72, 4, 'Order Settings'),
(72, 5, 'Order Settings'),
(72, 6, '订单设置'),
(73, 1, 'Statuses'),
(73, 2, 'Statuses'),
(73, 3, 'स्थितियों'),
(73, 4, 'অবস্থা'),
(73, 5, 'États'),
(73, 6, '状态'),
(74, 1, 'Product Settings'),
(74, 2, 'Product Settings'),
(74, 3, 'Product Settings'),
(74, 4, 'পণ্য সমূহ'),
(74, 5, 'Product Settings'),
(74, 6, 'Products'),
(75, 1, 'Customer Settings'),
(75, 2, 'Customer Settings'),
(75, 3, 'Customer Settings'),
(75, 4, 'Customer Settings'),
(75, 5, 'Customer Settings'),
(75, 6, '客户设置'),
(76, 1, 'Customer Settings'),
(76, 2, 'Customer Settings'),
(76, 3, 'Customer Settings'),
(76, 4, 'Customer Settings'),
(76, 5, 'Customer Settings'),
(76, 6, '客户设置'),
(77, 1, 'Groups'),
(77, 2, 'Groups'),
(77, 3, 'Groups'),
(77, 4, 'দল'),
(77, 5, 'Groupes'),
(77, 6, '组'),
(78, 1, 'Titles'),
(78, 2, 'Titles'),
(78, 3, 'शीर्षक'),
(78, 4, 'শিরোনাম'),
(78, 5, 'Tajuk'),
(78, 6, 'Titres de civilité'),
(79, 1, 'Contact'),
(79, 2, 'Contact'),
(79, 3, 'Contact'),
(79, 4, 'যোগাযোগ'),
(79, 5, 'hubungi'),
(79, 6, '联系我们'),
(80, 1, 'Contacts'),
(80, 2, 'தொடர்புகள்'),
(80, 3, 'Contacts'),
(80, 4, 'যোগাযোগ'),
(80, 5, 'Hubungi'),
(80, 6, '联系方式'),
(81, 1, 'Stores'),
(81, 2, 'Stores'),
(81, 3, 'Stores'),
(81, 4, 'দোকান'),
(81, 5, 'Stores'),
(81, 6, '店铺'),
(82, 1, 'Traffic & SEO'),
(82, 2, 'Traffic & SEO'),
(82, 3, 'Traffic & SEO'),
(82, 4, 'Traffic & SEO'),
(82, 5, 'Traffic & SEO'),
(82, 6, '流量&SEO'),
(83, 1, 'SEO & URLs'),
(83, 2, 'SEO & URLs'),
(83, 3, 'एसइओ और यूआरएल'),
(83, 4, 'SEO & URLs'),
(83, 5, 'SEO & URL'),
(83, 6, 'SEO & 链接'),
(84, 1, 'Search Engines'),
(84, 2, 'Search Engines'),
(84, 3, 'Search Engines'),
(84, 4, 'অনুসন্ধান ইঞ্জিন'),
(84, 5, 'Enjin Carian'),
(84, 6, '搜索引擎'),
(85, 1, 'Search'),
(85, 2, 'Search'),
(85, 3, 'Search'),
(85, 4, 'অনুসন্ধান করুন'),
(85, 5, 'Cari'),
(85, 6, '搜索'),
(86, 1, 'Search'),
(86, 2, 'Search'),
(86, 3, 'Search'),
(86, 4, 'অনুসন্ধান করুন'),
(86, 5, 'Cari'),
(86, 6, '搜索'),
(87, 1, 'Aliases'),
(87, 2, 'Aliases'),
(87, 3, 'Aliases'),
(87, 4, 'উপনাম'),
(87, 5, 'Aliases'),
(87, 6, '別名'),
(88, 1, 'Tags'),
(88, 2, 'Tags'),
(88, 3, 'Tags'),
(88, 4, 'ট্যাগ'),
(88, 5, 'Tag'),
(88, 6, '标签'),
(89, 1, 'Advanced Parameters'),
(89, 2, 'Advanced Parameters'),
(89, 3, 'उन्नत मापदंडों'),
(89, 4, 'উচ্চতর মাপকাঠি'),
(89, 5, 'Paramètres avancés'),
(89, 6, '高级参数'),
(90, 1, 'Information'),
(90, 2, 'Information'),
(90, 3, 'Information'),
(90, 4, 'তথ্য'),
(90, 5, 'Maklumat'),
(90, 6, '信息'),
(91, 1, 'Performance'),
(91, 2, 'செயல்திறன்'),
(91, 3, 'Performance'),
(91, 4, 'সম্পাদন'),
(91, 5, 'Prestasi'),
(91, 6, '性能'),
(92, 1, 'Administration'),
(92, 2, 'Administration'),
(92, 3, 'Administration'),
(92, 4, 'প্রশাসন'),
(92, 5, 'Pentadbiran'),
(92, 6, '行政'),
(93, 1, 'E-mail'),
(93, 2, 'E-mail'),
(93, 3, 'ई-मेल'),
(93, 4, 'ই মেইল'),
(93, 5, 'E-Mel'),
(93, 6, '邮箱'),
(94, 1, 'Import'),
(94, 2, 'இறக்குமதி செய்'),
(94, 3, 'Import'),
(94, 4, 'নিয়ে আসুন'),
(94, 5, 'Import'),
(94, 6, '上传'),
(95, 1, 'Team'),
(95, 2, 'Team'),
(95, 3, 'Team'),
(95, 4, 'কর্মচারী'),
(95, 5, 'Team'),
(95, 6, 'Employees'),
(96, 1, 'Employees'),
(96, 2, 'Employees'),
(96, 3, 'Employees'),
(96, 4, 'কর্মচারী'),
(96, 5, 'Pekerja'),
(96, 6, '雇员'),
(97, 1, 'Roles'),
(97, 2, 'Roles'),
(97, 3, 'Roles'),
(97, 4, 'Roles'),
(97, 5, 'Roles'),
(97, 6, 'Roles'),
(98, 1, 'Permissions'),
(98, 2, 'Permissions'),
(98, 3, 'Permissions'),
(98, 4, 'অনুমতি'),
(98, 5, 'Kebenaran'),
(98, 6, '权限'),
(99, 1, 'Database'),
(99, 2, 'Database'),
(99, 3, 'Database'),
(99, 4, 'Database'),
(99, 5, 'Database'),
(99, 6, '数据库'),
(100, 1, 'SQL Manager'),
(100, 2, 'SQL Manager'),
(100, 3, 'SQL Manager'),
(100, 4, 'SQL ম্যানেজার '),
(100, 5, 'Pengurus SQL'),
(100, 6, 'SQL管理器'),
(101, 1, 'DB Backup'),
(101, 2, 'DB Backup'),
(101, 3, 'DB Backup'),
(101, 4, 'DB ব্যাকআপ  '),
(101, 5, 'Sandaran DB'),
(101, 6, '数据库备份'),
(102, 1, 'Logs'),
(102, 2, 'Logs'),
(102, 3, 'Logs'),
(102, 4, 'লগস '),
(102, 5, 'Log'),
(102, 6, '日志'),
(103, 1, 'Webservice'),
(103, 2, 'Webservice'),
(103, 3, 'Webservice'),
(103, 4, 'ওয়েবসার্ভিস  '),
(103, 5, 'Webservis'),
(103, 6, 'Web服务'),
(104, 1, 'Admin API'),
(104, 2, 'Admin API'),
(104, 3, 'Admin API'),
(104, 4, 'Admin API'),
(104, 5, 'Admin API'),
(104, 6, 'Admin API'),
(105, 1, 'Multistore'),
(105, 2, 'Multistore'),
(105, 3, 'Multistore'),
(105, 4, 'মাল্টি স্টোর'),
(105, 5, 'Multiboutique'),
(105, 6, 'Multiboutique'),
(106, 1, 'Multistore'),
(106, 2, 'Multistore'),
(106, 3, 'Multistore'),
(106, 4, 'মাল্টি স্টোর'),
(106, 5, 'Multiboutique'),
(106, 6, 'Multiboutique'),
(107, 1, 'New & Experimental Features'),
(107, 2, 'New & Experimental Features'),
(107, 3, 'New & Experimental Features'),
(107, 4, 'New & Experimental Features'),
(107, 5, 'New & Experimental Features'),
(107, 6, '新功能和试验性功能'),
(108, 1, 'Security'),
(108, 2, 'Security'),
(108, 3, 'Security'),
(108, 4, 'Security'),
(108, 5, 'Security'),
(108, 6, 'Security'),
(109, 1, 'Security'),
(109, 2, 'Security'),
(109, 3, 'Security'),
(109, 4, 'Security'),
(109, 5, 'Security'),
(109, 6, 'Security'),
(110, 1, 'Employee Sessions'),
(110, 2, 'Employee Sessions'),
(110, 3, 'Employee Sessions'),
(110, 4, 'Employee Sessions'),
(110, 5, 'Employee Sessions'),
(110, 6, 'Employee Sessions'),
(111, 1, 'Customer Sessions'),
(111, 2, 'Customer Sessions'),
(111, 3, 'Customer Sessions'),
(111, 4, 'Customer Sessions'),
(111, 5, 'Customer Sessions'),
(111, 6, 'Customer Sessions'),
(112, 1, 'Quick Access'),
(112, 2, 'Quick Access'),
(112, 3, 'Quick Access'),
(112, 4, 'দ্রুত প্রবেশ'),
(112, 5, 'Accès rapide'),
(112, 6, '快速通道'),
(113, 1, 'More'),
(113, 2, 'More'),
(113, 3, 'More'),
(113, 4, 'আরও'),
(113, 5, 'Seterusnya'),
(113, 6, '更多'),
(115, 1, 'Google Analytics'),
(115, 2, 'Google Analytics'),
(115, 3, 'Google Analytics'),
(115, 4, 'Google Analytics'),
(115, 5, 'Google Analytics'),
(115, 6, 'Google Analytics'),
(116, 1, 'AdminBlockListing'),
(116, 2, 'AdminBlockListing'),
(116, 3, 'AdminBlockListing'),
(116, 4, 'AdminBlockListing'),
(116, 5, 'AdminBlockListing'),
(116, 6, 'AdminBlockListing'),
(117, 1, 'Wishlist Module'),
(117, 2, 'Wishlist Module'),
(117, 3, 'Wishlist Module'),
(117, 4, 'Wishlist Module'),
(117, 5, 'Wishlist Module'),
(117, 6, 'Wishlist Module'),
(118, 1, 'Configuration'),
(118, 2, 'உருவமைப்பு'),
(118, 3, 'Configuration'),
(118, 4, 'মান নির্ধারণ'),
(118, 5, 'Konfigurasi'),
(118, 6, '配置'),
(119, 1, 'Statistics'),
(119, 2, 'Statistics'),
(119, 3, 'Statistics'),
(119, 4, 'Statistics'),
(119, 5, 'Statistics'),
(119, 6, 'Statistics'),
(120, 1, 'Welcome'),
(120, 2, 'Welcome'),
(120, 3, 'Welcome'),
(120, 4, 'Welcome'),
(120, 5, 'Welcome'),
(120, 6, 'Welcome'),
(121, 1, 'Care Center'),
(121, 2, 'Care Center'),
(121, 3, 'Care Center'),
(121, 4, 'Care Center'),
(121, 5, 'Care Center'),
(121, 6, 'Care Center'),
(122, 1, 'AdminPsClassicEditionPsAcademyController'),
(122, 2, 'AdminPsClassicEditionPsAcademyController'),
(122, 3, 'AdminPsClassicEditionPsAcademyController'),
(122, 4, 'AdminPsClassicEditionPsAcademyController'),
(122, 5, 'AdminPsClassicEditionPsAcademyController'),
(122, 6, 'AdminPsClassicEditionPsAcademyController'),
(123, 1, 'Image slider'),
(123, 2, 'Image slider'),
(123, 3, 'Image slider'),
(123, 4, 'Image slider'),
(123, 5, 'Image slider'),
(123, 6, 'Image slider'),
(124, 1, 'Order Notifications on the Favicon'),
(124, 2, 'Order Notifications on the Favicon'),
(124, 3, 'Order Notifications on the Favicon'),
(124, 4, 'Order Notifications on the Favicon'),
(124, 5, 'Order Notifications on the Favicon'),
(124, 6, 'Order Notifications on the Favicon'),
(125, 1, 'Official GDPR compliance'),
(125, 2, 'Official GDPR compliance'),
(125, 3, 'Official GDPR compliance'),
(125, 4, 'Official GDPR compliance'),
(125, 5, 'Official GDPR compliance'),
(125, 6, 'Official GDPR compliance'),
(126, 1, 'Official GDPR compliance'),
(126, 2, 'Official GDPR compliance'),
(126, 3, 'Official GDPR compliance'),
(126, 4, 'Official GDPR compliance'),
(126, 5, 'Official GDPR compliance'),
(126, 6, 'Official GDPR compliance'),
(127, 1, 'Homepage'),
(127, 2, 'Homepage'),
(127, 3, 'Homepage'),
(127, 4, 'Homepage'),
(127, 5, 'Homepage'),
(127, 6, 'Homepage'),
(128, 1, 'PsshippingCarrierController'),
(128, 2, 'PsshippingCarrierController'),
(128, 3, 'PsshippingCarrierController'),
(128, 4, 'PsshippingCarrierController'),
(128, 5, 'PsshippingCarrierController'),
(128, 6, 'PsshippingCarrierController'),
(129, 1, 'PsshippingConfigurationController'),
(129, 2, 'PsshippingConfigurationController'),
(129, 3, 'PsshippingConfigurationController'),
(129, 4, 'PsshippingConfigurationController'),
(129, 5, 'PsshippingConfigurationController'),
(129, 6, 'PsshippingConfigurationController'),
(130, 1, 'PsshippingKeycloakAuthController'),
(130, 2, 'PsshippingKeycloakAuthController'),
(130, 3, 'PsshippingKeycloakAuthController'),
(130, 4, 'PsshippingKeycloakAuthController'),
(130, 5, 'PsshippingKeycloakAuthController'),
(130, 6, 'PsshippingKeycloakAuthController'),
(131, 1, 'PsshippingOrdersController'),
(131, 2, 'PsshippingOrdersController'),
(131, 3, 'PsshippingOrdersController'),
(131, 4, 'PsshippingOrdersController'),
(131, 5, 'PsshippingOrdersController'),
(131, 6, 'PsshippingOrdersController'),
(132, 1, 'PsshippingFaqController'),
(132, 2, 'PsshippingFaqController'),
(132, 3, 'PsshippingFaqController'),
(132, 4, 'PsshippingFaqController'),
(132, 5, 'PsshippingFaqController'),
(132, 6, 'PsshippingFaqController'),
(133, 1, 'Dashgoals'),
(133, 2, 'Dashgoals'),
(133, 3, 'Dashgoals'),
(133, 4, 'Dashgoals'),
(133, 5, 'Dashgoals'),
(133, 6, 'Dashgoals'),
(134, 1, 'Community'),
(134, 2, 'Community'),
(134, 3, 'Community'),
(134, 4, 'Community'),
(134, 5, 'Community'),
(134, 6, 'Community'),
(135, 1, 'Wall of Fame'),
(135, 2, 'Wall of Fame'),
(135, 3, 'Wall of Fame'),
(135, 4, 'Wall of Fame'),
(135, 5, 'Wall of Fame'),
(135, 6, 'Wall of Fame'),
(136, 1, 'AdminAjaxPsAccounts (PrestaShop Account)'),
(136, 2, 'AdminAjaxPsAccounts (PrestaShop Account)'),
(136, 3, 'AdminAjaxPsAccounts (PrestaShop Account)'),
(136, 4, 'AdminAjaxPsAccounts (PrestaShop Account)'),
(136, 5, 'AdminAjaxPsAccounts (PrestaShop Account)'),
(136, 6, 'AdminAjaxPsAccounts (PrestaShop Account)'),
(137, 1, 'AdminAjaxV2PsAccounts (PrestaShop Account)'),
(137, 2, 'AdminAjaxV2PsAccounts (PrestaShop Account)'),
(137, 3, 'AdminAjaxV2PsAccounts (PrestaShop Account)'),
(137, 4, 'AdminAjaxV2PsAccounts (PrestaShop Account)'),
(137, 5, 'AdminAjaxV2PsAccounts (PrestaShop Account)'),
(137, 6, 'AdminAjaxV2PsAccounts (PrestaShop Account)'),
(138, 1, 'AdminOAuth2PsAccounts (PrestaShop Account)'),
(138, 2, 'AdminOAuth2PsAccounts (PrestaShop Account)'),
(138, 3, 'AdminOAuth2PsAccounts (PrestaShop Account)'),
(138, 4, 'AdminOAuth2PsAccounts (PrestaShop Account)'),
(138, 5, 'AdminOAuth2PsAccounts (PrestaShop Account)'),
(138, 6, 'AdminOAuth2PsAccounts (PrestaShop Account)'),
(139, 1, 'AdminLoginPsAccounts (PrestaShop Account)'),
(139, 2, 'AdminLoginPsAccounts (PrestaShop Account)'),
(139, 3, 'AdminLoginPsAccounts (PrestaShop Account)'),
(139, 4, 'AdminLoginPsAccounts (PrestaShop Account)'),
(139, 5, 'AdminLoginPsAccounts (PrestaShop Account)'),
(139, 6, 'AdminLoginPsAccounts (PrestaShop Account)'),
(140, 1, 'AdminLogin'),
(140, 2, 'AdminLogin'),
(140, 3, 'AdminLogin'),
(140, 4, 'AdminLogin'),
(140, 5, 'AdminLogin'),
(140, 6, 'AdminLogin'),
(141, 1, 'AdminDebugPsAccounts'),
(141, 2, 'AdminDebugPsAccounts'),
(141, 3, 'AdminDebugPsAccounts'),
(141, 4, 'AdminDebugPsAccounts'),
(141, 5, 'AdminDebugPsAccounts'),
(141, 6, 'AdminDebugPsAccounts'),
(142, 1, 'SfAdminOAuth2PsAccounts'),
(142, 2, 'SfAdminOAuth2PsAccounts'),
(142, 3, 'SfAdminOAuth2PsAccounts'),
(142, 4, 'SfAdminOAuth2PsAccounts'),
(142, 5, 'SfAdminOAuth2PsAccounts'),
(142, 6, 'SfAdminOAuth2PsAccounts'),
(143, 1, 'SfAdminLoginPsAccounts'),
(143, 2, 'SfAdminLoginPsAccounts'),
(143, 3, 'SfAdminLoginPsAccounts'),
(143, 4, 'SfAdminLoginPsAccounts'),
(143, 5, 'SfAdminLoginPsAccounts'),
(143, 6, 'SfAdminLoginPsAccounts'),
(144, 1, 'Link List'),
(144, 2, 'Link List'),
(144, 3, 'Link List'),
(144, 4, 'Link List'),
(144, 5, 'Link List'),
(144, 6, '链接列表'),
(145, 1, 'AdminAjaxPrestashopCheckout'),
(145, 2, 'AdminAjaxPrestashopCheckout'),
(145, 3, 'AdminAjaxPrestashopCheckout'),
(145, 4, 'AdminAjaxPrestashopCheckout'),
(145, 5, 'AdminAjaxPrestashopCheckout'),
(145, 6, 'AdminAjaxPrestashopCheckout'),
(153, 1, 'Theme & Logo'),
(153, 2, 'Theme & Logo'),
(153, 3, 'Theme & Logo'),
(153, 4, 'Theme & Logo'),
(153, 5, 'Theme & Logo'),
(153, 6, '主题&商标'),
(154, 1, 'Pages Configuration'),
(154, 2, 'Pages Configuration'),
(154, 3, 'Pages Configuration'),
(154, 4, 'Pages Configuration'),
(154, 5, 'Pages Configuration'),
(154, 6, 'Pages Configuration'),
(155, 1, 'Advanced Customization'),
(155, 2, 'Advanced Customization'),
(155, 3, 'Advanced Customization'),
(155, 4, 'Advanced Customization'),
(155, 5, 'Advanced Customization'),
(155, 6, 'Advanced Customization'),
(156, 1, 'Marketing'),
(156, 2, 'Marketing'),
(156, 3, 'विपणन'),
(156, 4, 'বাযারজাতকরন'),
(156, 5, 'Pemasaran'),
(156, 6, '商场'),
(157, 1, 'Google'),
(157, 2, 'Google'),
(157, 3, 'Google'),
(157, 4, 'Google'),
(157, 5, 'Google'),
(157, 6, 'Google'),
(158, 1, 'psxmarketingwithgoogle'),
(158, 2, 'psxmarketingwithgoogle'),
(158, 3, 'psxmarketingwithgoogle'),
(158, 4, 'psxmarketingwithgoogle'),
(158, 5, 'psxmarketingwithgoogle'),
(158, 6, 'psxmarketingwithgoogle'),
(159, 1, 'Facebook & Instagram'),
(159, 2, 'Facebook & Instagram'),
(159, 3, 'Facebook & Instagram'),
(159, 4, 'Facebook & Instagram'),
(159, 5, 'Facebook & Instagram'),
(159, 6, 'Facebook & Instagram'),
(160, 1, 'ps_facebook'),
(160, 2, 'ps_facebook'),
(160, 3, 'ps_facebook'),
(160, 4, 'ps_facebook'),
(160, 5, 'ps_facebook'),
(160, 6, 'ps_facebook'),
(169, 1, 'Logger Stripe_official'),
(169, 2, 'Logger Stripe_official'),
(169, 3, 'Logger Stripe_official'),
(169, 4, 'Logger Stripe_official'),
(169, 5, 'Logger Stripe_official'),
(169, 6, 'Logger Stripe_official'),
(170, 1, 'StripeBaseAdmin'),
(170, 2, 'StripeBaseAdmin'),
(170, 3, 'StripeBaseAdmin'),
(170, 4, 'StripeBaseAdmin'),
(170, 5, 'StripeBaseAdmin'),
(170, 6, 'StripeBaseAdmin'),
(171, 1, 'SkipCloudSyncDependencies'),
(171, 2, 'SkipCloudSyncDependencies'),
(171, 3, 'SkipCloudSyncDependencies'),
(171, 4, 'SkipCloudSyncDependencies'),
(171, 5, 'SkipCloudSyncDependencies'),
(171, 6, 'SkipCloudSyncDependencies'),
(172, 1, 'AdminStripeOfficialCloudsync'),
(172, 2, 'AdminStripeOfficialCloudsync'),
(172, 3, 'AdminStripeOfficialCloudsync'),
(172, 4, 'AdminStripeOfficialCloudsync'),
(172, 5, 'AdminStripeOfficialCloudsync'),
(172, 6, 'AdminStripeOfficialCloudsync'),
(201, 1, 'MigrationPro'),
(201, 2, 'MigrationPro'),
(201, 3, 'MigrationPro'),
(201, 4, 'MigrationPro'),
(201, 5, 'MigrationPro'),
(201, 6, 'MigrationPro'),
(202, 1, 'AdminMigrationProRedirect'),
(202, 2, 'AdminMigrationProRedirect'),
(202, 3, 'AdminMigrationProRedirect'),
(202, 4, 'AdminMigrationProRedirect'),
(202, 5, 'AdminMigrationProRedirect'),
(202, 6, 'AdminMigrationProRedirect'),
(211, 1, 'Braintree Official'),
(211, 2, 'Braintree Official'),
(211, 3, 'Braintree Official'),
(211, 4, 'Braintree Official'),
(211, 5, 'Braintree Official'),
(211, 6, 'Braintree Official'),
(212, 1, 'Configuration'),
(212, 2, 'Configuration'),
(212, 3, 'Configuration'),
(212, 4, 'Configuration'),
(212, 5, 'Konfigurasi'),
(212, 6, '配置'),
(213, 1, 'Setup'),
(213, 2, 'Setup'),
(213, 3, 'Setup'),
(213, 4, 'Setup'),
(213, 5, 'Setup'),
(213, 6, 'Setup'),
(214, 1, 'Experience'),
(214, 2, 'Experience'),
(214, 3, 'Experience'),
(214, 4, 'Experience'),
(214, 5, 'Experience'),
(214, 6, 'Experience'),
(215, 1, 'Help'),
(215, 2, 'Help'),
(215, 3, 'Help'),
(215, 4, 'Help'),
(215, 5, 'Help'),
(215, 6, 'Help'),
(216, 1, 'Logs'),
(216, 2, 'Logs'),
(216, 3, 'Logs'),
(216, 4, 'Logs'),
(216, 5, 'Log'),
(216, 6, '日志'),
(217, 1, 'Migration'),
(217, 2, 'Migration'),
(217, 3, 'Migration'),
(217, 4, 'Migration'),
(217, 5, 'Migration'),
(217, 6, 'Migration'),
(218, 1, 'Logger'),
(218, 2, 'Logger'),
(218, 3, 'Logger'),
(218, 4, 'Logger'),
(218, 5, 'Logger'),
(218, 6, 'Logger'),
(219, 1, 'PayPal'),
(219, 2, 'PayPal'),
(219, 3, 'PayPal'),
(219, 4, 'PayPal'),
(219, 5, 'PayPal'),
(219, 6, 'PayPal'),
(220, 1, 'Configuration'),
(220, 2, 'Configuration'),
(220, 3, 'Configuration'),
(220, 4, 'Configuration'),
(220, 5, 'Konfigurasi'),
(220, 6, '配置'),
(221, 1, 'Logger'),
(221, 2, 'Logger'),
(221, 3, 'Logger'),
(221, 4, 'Logger'),
(221, 5, 'Logger'),
(221, 6, 'Logger'),
(222, 1, 'Diagnostic'),
(222, 2, 'Diagnostic'),
(222, 3, 'Diagnostic'),
(222, 4, 'Diagnostic'),
(222, 5, 'Diagnostic'),
(222, 6, 'Diagnostic'),
(223, 1, 'Promokit'),
(223, 2, 'Promokit'),
(223, 3, 'Promokit'),
(223, 4, 'Promokit'),
(223, 5, 'Promokit'),
(223, 6, 'Promokit'),
(224, 1, 'Creative Elements'),
(224, 2, 'Creative Elements'),
(224, 3, 'Creative Elements'),
(224, 4, 'Creative Elements'),
(224, 5, 'Creative Elements'),
(224, 6, 'Creative Elements'),
(225, 1, 'Content Anywhere'),
(225, 2, 'Content Anywhere'),
(225, 3, 'Content Anywhere'),
(225, 4, 'Content Anywhere'),
(225, 5, 'Content Anywhere'),
(225, 6, 'Content Anywhere'),
(226, 1, 'Saved Templates'),
(226, 2, 'Saved Templates'),
(226, 3, 'Saved Templates'),
(226, 4, 'Saved Templates'),
(226, 5, 'Saved Templates'),
(226, 6, 'Saved Templates'),
(227, 1, 'Settings'),
(227, 2, 'Settings'),
(227, 3, 'Settings'),
(227, 4, 'Settings'),
(227, 5, 'Settings'),
(227, 6, 'Settings'),
(228, 1, 'Live Editor'),
(228, 2, 'Live Editor'),
(228, 3, 'Live Editor'),
(228, 4, 'Live Editor'),
(228, 5, 'Live Editor'),
(228, 6, 'Live Editor'),
(229, 1, 'AdminCEFonts'),
(229, 2, 'AdminCEFonts'),
(229, 3, 'AdminCEFonts'),
(229, 4, 'AdminCEFonts'),
(229, 5, 'AdminCEFonts'),
(229, 6, 'AdminCEFonts'),
(230, 1, 'AdminCEThemes'),
(230, 2, 'AdminCEThemes'),
(230, 3, 'AdminCEThemes'),
(230, 4, 'AdminCEThemes'),
(230, 5, 'AdminCEThemes'),
(230, 6, 'AdminCEThemes'),
(231, 1, 'Revolution Slider'),
(231, 2, 'Revolution Slider'),
(231, 3, 'Revolution Slider'),
(231, 4, 'Revolution Slider'),
(231, 5, 'Revolution Slider'),
(231, 6, 'Revolution Slider'),
(232, 1, 'Revolution Ajax Controller'),
(232, 2, 'Revolution Ajax Controller'),
(232, 3, 'Revolution Ajax Controller'),
(232, 4, 'Revolution Ajax Controller'),
(232, 5, 'Revolution Ajax Controller'),
(232, 6, 'Revolution Ajax Controller'),
(233, 1, 'Revolution File Manager'),
(233, 2, 'Revolution File Manager'),
(233, 3, 'Revolution File Manager'),
(233, 4, 'Revolution File Manager'),
(233, 5, 'Revolution File Manager'),
(233, 6, 'Revolution File Manager'),
(234, 1, 'Theme Settings'),
(234, 2, 'Theme Settings'),
(234, 3, 'Theme Settings'),
(234, 4, 'Theme Settings'),
(234, 5, 'Theme Settings'),
(234, 6, 'Theme Settings'),
(237, 1, 'AdminPklookbook'),
(237, 2, 'AdminPklookbook'),
(237, 3, 'AdminPklookbook'),
(237, 4, 'AdminPklookbook'),
(237, 5, 'AdminPklookbook'),
(237, 6, 'AdminPklookbook'),
(238, 1, 'AdminPkfacebook'),
(238, 2, 'AdminPkfacebook'),
(238, 3, 'AdminPkfacebook'),
(238, 4, 'AdminPkfacebook'),
(238, 5, 'AdminPkfacebook'),
(238, 6, 'AdminPkfacebook'),
(239, 1, 'AdminPkinstagram'),
(239, 2, 'AdminPkinstagram'),
(239, 3, 'AdminPkinstagram'),
(239, 4, 'AdminPkinstagram'),
(239, 5, 'AdminPkinstagram'),
(239, 6, 'AdminPkinstagram'),
(240, 1, ''),
(240, 2, ''),
(240, 3, ''),
(240, 4, ''),
(240, 5, ''),
(240, 6, ''),
(243, 1, 'Blog'),
(243, 2, 'Blog'),
(243, 3, 'Blog'),
(243, 4, 'Blog'),
(243, 5, 'Blog'),
(243, 6, 'Blog'),
(244, 1, 'Posts'),
(244, 2, 'Posts'),
(244, 3, 'Posts'),
(244, 4, 'Posts'),
(244, 5, 'Posts'),
(244, 6, 'Posts'),
(245, 1, 'Categories'),
(245, 2, 'Categories'),
(245, 3, 'Categories'),
(245, 4, 'Categories'),
(245, 5, 'Categories'),
(245, 6, 'Categories'),
(246, 1, 'Comments'),
(246, 2, 'Comments'),
(246, 3, 'Comments'),
(246, 4, 'Comments'),
(246, 5, 'Comments'),
(246, 6, 'Comments'),
(247, 1, 'Tags'),
(247, 2, 'Tags'),
(247, 3, 'Tags'),
(247, 4, 'Tags'),
(247, 5, 'Tags'),
(247, 6, 'Tags'),
(248, 1, 'Authors'),
(248, 2, 'Authors'),
(248, 3, 'Authors'),
(248, 4, 'Authors'),
(248, 5, 'Authors'),
(248, 6, 'Authors'),
(249, 1, 'Settings'),
(249, 2, 'Settings'),
(249, 3, 'Settings'),
(249, 4, 'Settings'),
(249, 5, 'Settings'),
(249, 6, 'Settings'),
(270, 1, 'Ultimate Image Tool'),
(270, 2, 'Ultimate Image Tool'),
(270, 3, 'Ultimate Image Tool'),
(270, 4, 'Ultimate Image Tool'),
(270, 5, 'Ultimate Image Tool'),
(270, 6, 'Ultimate Image Tool'),
(271, 1, 'UIT AJAX'),
(271, 2, 'UIT AJAX'),
(271, 3, 'UIT AJAX'),
(271, 4, 'UIT AJAX'),
(271, 5, 'UIT AJAX'),
(271, 6, 'UIT AJAX'),
(278, 1, 'Popup Settings'),
(278, 2, 'Popup Settings'),
(278, 3, 'Popup Settings'),
(278, 4, 'Popup Settings'),
(278, 5, 'Popup Settings'),
(278, 6, 'Popup Settings'),
(279, 1, 'Cookies Settings'),
(279, 2, 'Cookies Settings'),
(279, 3, 'Cookies Settings'),
(279, 4, 'Cookies Settings'),
(279, 5, 'Cookies Settings'),
(279, 6, 'Cookies Settings'),
(280, 1, 'Google AMP'),
(280, 2, 'Google AMP'),
(280, 3, 'Google AMP'),
(280, 4, 'Google AMP'),
(280, 5, 'Google AMP'),
(280, 6, 'Google AMP'),
(281, 1, 'Homepage'),
(281, 2, 'Homepage'),
(281, 3, 'Homepage'),
(281, 4, 'Homepage'),
(281, 5, 'Homepage'),
(281, 6, 'Homepage'),
(282, 1, 'Settings'),
(282, 2, 'Settings'),
(282, 3, 'Settings'),
(282, 4, 'Settings'),
(282, 5, 'Settings'),
(282, 6, 'Settings'),
(283, 1, 'Images'),
(283, 2, 'Images'),
(283, 3, 'Images'),
(283, 4, 'Images'),
(283, 5, 'Images'),
(283, 6, 'Images');

-- --------------------------------------------------------

--
-- Table structure for table `xio8d_tab_module_preference`
--

CREATE TABLE `xio8d_tab_module_preference` (
  `id_tab_module_preference` int(11) NOT NULL,
  `id_employee` int(11) NOT NULL,
  `id_tab` int(11) NOT NULL,
  `module` varchar(191) NOT NULL
) ENGINE=InnoDB DEFAULT CHARSET=utf8mb4 COLLATE=utf8mb4_general_ci;

-- --------------------------------------------------------

--
-- Table structure for table `xio8d_tag`
--

CREATE TABLE `xio8d_tag` (
  `id_tag` int(10) UNSIGNED NOT NULL,
  `id_lang` int(10) UNSIGNED NOT NULL,
  `name` varchar(32) NOT NULL
) ENGINE=InnoDB DEFAULT CHARSET=utf8mb4 COLLATE=utf8mb4_general_ci;

-- --------------------------------------------------------

--
-- Table structure for table `xio8d_tag_count`
--

CREATE TABLE `xio8d_tag_count` (
  `id_group` int(10) UNSIGNED NOT NULL DEFAULT 0,
  `id_tag` int(10) UNSIGNED NOT NULL DEFAULT 0,
  `id_lang` int(10) UNSIGNED NOT NULL DEFAULT 0,
  `id_shop` int(11) UNSIGNED NOT NULL DEFAULT 0,
  `counter` int(10) UNSIGNED NOT NULL DEFAULT 0
) ENGINE=InnoDB DEFAULT CHARSET=utf8mb4 COLLATE=utf8mb4_general_ci;

-- --------------------------------------------------------

--
-- Table structure for table `xio8d_tax`
--

CREATE TABLE `xio8d_tax` (
  `id_tax` int(10) UNSIGNED NOT NULL,
  `rate` decimal(10,3) NOT NULL,
  `active` tinyint(1) UNSIGNED NOT NULL DEFAULT 1,
  `deleted` tinyint(1) UNSIGNED NOT NULL DEFAULT 0
) ENGINE=InnoDB DEFAULT CHARSET=utf8mb4 COLLATE=utf8mb4_general_ci;

--
-- Dumping data for table `xio8d_tax`
--

INSERT INTO `xio8d_tax` (`id_tax`, `rate`, `active`, `deleted`) VALUES
(1, 4.000, 1, 0),
(2, 0.000, 1, 0),
(3, 6.600, 1, 0),
(4, 6.000, 1, 0),
(5, 8.250, 1, 0),
(6, 2.900, 1, 0),
(7, 0.000, 1, 0),
(8, 0.000, 1, 0),
(9, 6.000, 1, 0),
(10, 4.000, 1, 0),
(11, 4.000, 1, 0),
(12, 6.000, 1, 0),
(13, 6.250, 1, 0),
(14, 7.000, 1, 0),
(15, 6.000, 1, 0),
(16, 5.300, 1, 0),
(17, 6.000, 1, 0),
(18, 4.000, 1, 0),
(19, 5.000, 1, 0),
(20, 6.000, 1, 0),
(21, 6.250, 1, 0),
(22, 6.000, 1, 0),
(23, 6.875, 1, 0),
(24, 7.000, 1, 0),
(25, 4.225, 1, 0),
(26, 0.000, 1, 0),
(27, 5.500, 1, 0),
(28, 6.850, 1, 0),
(29, 0.000, 1, 0),
(30, 7.000, 1, 0),
(31, 5.125, 1, 0),
(32, 4.000, 1, 0),
(33, 5.500, 1, 0),
(34, 5.000, 1, 0),
(35, 5.500, 1, 0),
(36, 4.500, 1, 0),
(37, 0.000, 1, 0),
(38, 6.000, 1, 0),
(39, 7.000, 1, 0),
(40, 6.000, 1, 0),
(41, 4.000, 1, 0),
(42, 7.000, 1, 0),
(43, 6.250, 1, 0),
(44, 4.750, 1, 0),
(45, 6.000, 1, 0),
(46, 4.000, 1, 0),
(47, 6.500, 1, 0),
(48, 6.000, 1, 0),
(49, 5.000, 1, 0),
(50, 4.000, 1, 0),
(51, 5.500, 1, 0),
(52, 6.000, 1, 0),
(53, 20.000, 1, 0),
(54, 5.000, 1, 0),
(55, 20.000, 1, 0),
(56, 21.000, 1, 0),
(57, 20.000, 1, 0),
(58, 19.000, 1, 0),
(59, 21.000, 1, 0),
(60, 19.000, 1, 0),
(61, 25.000, 1, 0),
(62, 20.000, 1, 0),
(63, 21.000, 1, 0),
(64, 24.000, 1, 0),
(65, 20.000, 1, 0),
(66, 23.000, 1, 0),
(67, 25.000, 1, 0),
(68, 27.000, 1, 0),
(69, 23.000, 1, 0),
(70, 22.000, 1, 0),
(71, 21.000, 1, 0),
(72, 17.000, 1, 0),
(73, 21.000, 1, 0),
(74, 18.000, 1, 0),
(75, 21.000, 1, 0),
(76, 23.000, 1, 0),
(77, 23.000, 1, 0),
(78, 20.000, 1, 0),
(79, 25.000, 1, 0),
(80, 22.000, 1, 0),
(81, 20.000, 1, 0),
(83, 7.000, 1, 0);

-- --------------------------------------------------------

--
-- Table structure for table `xio8d_tax_lang`
--

CREATE TABLE `xio8d_tax_lang` (
  `id_tax` int(10) UNSIGNED NOT NULL,
  `id_lang` int(10) UNSIGNED NOT NULL,
  `name` varchar(32) NOT NULL
) ENGINE=InnoDB DEFAULT CHARSET=utf8mb4 COLLATE=utf8mb4_general_ci;

--
-- Dumping data for table `xio8d_tax_lang`
--

INSERT INTO `xio8d_tax_lang` (`id_tax`, `id_lang`, `name`) VALUES
(1, 1, 'Sales-taxes US-AL 4%'),
(1, 2, 'Sales-taxes US-AL 4%'),
(1, 3, 'Sales-taxes US-AL 4%'),
(1, 4, 'Sales-taxes US-AL 4%'),
(1, 5, 'Sales-taxes US-AL 4%'),
(1, 6, 'Sales-taxes US-AL 4%'),
(2, 1, 'Sales-taxes US-AK 0%'),
(2, 2, 'Sales-taxes US-AK 0%'),
(2, 3, 'Sales-taxes US-AK 0%'),
(2, 4, 'Sales-taxes US-AK 0%'),
(2, 5, 'Sales-taxes US-AK 0%'),
(2, 6, 'Sales-taxes US-AK 0%'),
(3, 1, 'Sales-taxes US-AZ 6.6%'),
(3, 2, 'Sales-taxes US-AZ 6.6%'),
(3, 3, 'Sales-taxes US-AZ 6.6%'),
(3, 4, 'Sales-taxes US-AZ 6.6%'),
(3, 5, 'Sales-taxes US-AZ 6.6%'),
(3, 6, 'Sales-taxes US-AZ 6.6%'),
(4, 1, 'Sales-taxes US-AR 6%'),
(4, 2, 'Sales-taxes US-AR 6%'),
(4, 3, 'Sales-taxes US-AR 6%'),
(4, 4, 'Sales-taxes US-AR 6%'),
(4, 5, 'Sales-taxes US-AR 6%'),
(4, 6, 'Sales-taxes US-AR 6%'),
(5, 1, 'Sales-taxes US-CA 8.25%'),
(5, 2, 'Sales-taxes US-CA 8.25%'),
(5, 3, 'Sales-taxes US-CA 8.25%'),
(5, 4, 'Sales-taxes US-CA 8.25%'),
(5, 5, 'Sales-taxes US-CA 8.25%'),
(5, 6, 'Sales-taxes US-CA 8.25%'),
(6, 1, 'Sales-taxes US-CO 2.9%'),
(6, 2, 'Sales-taxes US-CO 2.9%'),
(6, 3, 'Sales-taxes US-CO 2.9%'),
(6, 4, 'Sales-taxes US-CO 2.9%'),
(6, 5, 'Sales-taxes US-CO 2.9%'),
(6, 6, 'Sales-taxes US-CO 2.9%'),
(7, 1, 'Sales-taxes US-CT 0%'),
(7, 2, 'Sales-taxes US-CT 0%'),
(7, 3, 'Sales-taxes US-CT 0%'),
(7, 4, 'Sales-taxes US-CT 0%'),
(7, 5, 'Sales-taxes US-CT 0%'),
(7, 6, 'Sales-taxes US-CT 0%'),
(8, 1, 'Sales-taxes US-DE 0%'),
(8, 2, 'Sales-taxes US-DE 0%'),
(8, 3, 'Sales-taxes US-DE 0%'),
(8, 4, 'Sales-taxes US-DE 0%'),
(8, 5, 'Sales-taxes US-DE 0%'),
(8, 6, 'Sales-taxes US-DE 0%'),
(9, 1, 'Sales-taxes US-FL 6%'),
(9, 2, 'Sales-taxes US-FL 6%'),
(9, 3, 'Sales-taxes US-FL 6%'),
(9, 4, 'Sales-taxes US-FL 6%'),
(9, 5, 'Sales-taxes US-FL 6%'),
(9, 6, 'Sales-taxes US-FL 6%'),
(10, 1, 'Sales-taxes US-GA 4%'),
(10, 2, 'Sales-taxes US-GA 4%'),
(10, 3, 'Sales-taxes US-GA 4%'),
(10, 4, 'Sales-taxes US-GA 4%'),
(10, 5, 'Sales-taxes US-GA 4%'),
(10, 6, 'Sales-taxes US-GA 4%'),
(11, 1, 'Sales-taxes US-HI 4%'),
(11, 2, 'Sales-taxes US-HI 4%'),
(11, 3, 'Sales-taxes US-HI 4%'),
(11, 4, 'Sales-taxes US-HI 4%'),
(11, 5, 'Sales-taxes US-HI 4%'),
(11, 6, 'Sales-taxes US-HI 4%'),
(12, 1, 'Sales-taxes US-ID 6%'),
(12, 2, 'Sales-taxes US-ID 6%'),
(12, 3, 'Sales-taxes US-ID 6%'),
(12, 4, 'Sales-taxes US-ID 6%'),
(12, 5, 'Sales-taxes US-ID 6%'),
(12, 6, 'Sales-taxes US-ID 6%'),
(13, 1, 'Sales-taxes US-IL 6.25%'),
(13, 2, 'Sales-taxes US-IL 6.25%'),
(13, 3, 'Sales-taxes US-IL 6.25%'),
(13, 4, 'Sales-taxes US-IL 6.25%'),
(13, 5, 'Sales-taxes US-IL 6.25%'),
(13, 6, 'Sales-taxes US-IL 6.25%'),
(14, 1, 'Sales-taxes US-IN 7%'),
(14, 2, 'Sales-taxes US-IN 7%'),
(14, 3, 'Sales-taxes US-IN 7%'),
(14, 4, 'Sales-taxes US-IN 7%'),
(14, 5, 'Sales-taxes US-IN 7%'),
(14, 6, 'Sales-taxes US-IN 7%'),
(15, 1, 'Sales-taxes US-IA 6%'),
(15, 2, 'Sales-taxes US-IA 6%'),
(15, 3, 'Sales-taxes US-IA 6%'),
(15, 4, 'Sales-taxes US-IA 6%'),
(15, 5, 'Sales-taxes US-IA 6%'),
(15, 6, 'Sales-taxes US-IA 6%'),
(16, 1, 'Sales-taxes US-KS 5.3%'),
(16, 2, 'Sales-taxes US-KS 5.3%'),
(16, 3, 'Sales-taxes US-KS 5.3%'),
(16, 4, 'Sales-taxes US-KS 5.3%'),
(16, 5, 'Sales-taxes US-KS 5.3%'),
(16, 6, 'Sales-taxes US-KS 5.3%'),
(17, 1, 'Sales-taxes US-KY 6%'),
(17, 2, 'Sales-taxes US-KY 6%'),
(17, 3, 'Sales-taxes US-KY 6%'),
(17, 4, 'Sales-taxes US-KY 6%'),
(17, 5, 'Sales-taxes US-KY 6%'),
(17, 6, 'Sales-taxes US-KY 6%'),
(18, 1, 'Sales-taxes US-LA 4%'),
(18, 2, 'Sales-taxes US-LA 4%'),
(18, 3, 'Sales-taxes US-LA 4%'),
(18, 4, 'Sales-taxes US-LA 4%'),
(18, 5, 'Sales-taxes US-LA 4%'),
(18, 6, 'Sales-taxes US-LA 4%'),
(19, 1, 'Sales-taxes US-ME 5%'),
(19, 2, 'Sales-taxes US-ME 5%'),
(19, 3, 'Sales-taxes US-ME 5%'),
(19, 4, 'Sales-taxes US-ME 5%'),
(19, 5, 'Sales-taxes US-ME 5%'),
(19, 6, 'Sales-taxes US-ME 5%'),
(20, 1, 'Sales-taxes US-MD 6%'),
(20, 2, 'Sales-taxes US-MD 6%'),
(20, 3, 'Sales-taxes US-MD 6%'),
(20, 4, 'Sales-taxes US-MD 6%'),
(20, 5, 'Sales-taxes US-MD 6%'),
(20, 6, 'Sales-taxes US-MD 6%'),
(21, 1, 'Sales-taxes US-MA 6.25%'),
(21, 2, 'Sales-taxes US-MA 6.25%'),
(21, 3, 'Sales-taxes US-MA 6.25%'),
(21, 4, 'Sales-taxes US-MA 6.25%'),
(21, 5, 'Sales-taxes US-MA 6.25%'),
(21, 6, 'Sales-taxes US-MA 6.25%'),
(22, 1, 'Sales-taxes US-MI 6%'),
(22, 2, 'Sales-taxes US-MI 6%'),
(22, 3, 'Sales-taxes US-MI 6%'),
(22, 4, 'Sales-taxes US-MI 6%'),
(22, 5, 'Sales-taxes US-MI 6%'),
(22, 6, 'Sales-taxes US-MI 6%'),
(23, 1, 'Sales-taxes US-MN 6.875%'),
(23, 2, 'Sales-taxes US-MN 6.875%'),
(23, 3, 'Sales-taxes US-MN 6.875%'),
(23, 4, 'Sales-taxes US-MN 6.875%'),
(23, 5, 'Sales-taxes US-MN 6.875%'),
(23, 6, 'Sales-taxes US-MN 6.875%'),
(24, 1, 'Sales-taxes US-MS 7%'),
(24, 2, 'Sales-taxes US-MS 7%'),
(24, 3, 'Sales-taxes US-MS 7%'),
(24, 4, 'Sales-taxes US-MS 7%'),
(24, 5, 'Sales-taxes US-MS 7%'),
(24, 6, 'Sales-taxes US-MS 7%'),
(25, 1, 'Sales-taxes US-MO 4.225%'),
(25, 2, 'Sales-taxes US-MO 4.225%'),
(25, 3, 'Sales-taxes US-MO 4.225%'),
(25, 4, 'Sales-taxes US-MO 4.225%'),
(25, 5, 'Sales-taxes US-MO 4.225%'),
(25, 6, 'Sales-taxes US-MO 4.225%'),
(26, 1, 'Sales-taxes US-MT 0.0%'),
(26, 2, 'Sales-taxes US-MT 0.0%'),
(26, 3, 'Sales-taxes US-MT 0.0%'),
(26, 4, 'Sales-taxes US-MT 0.0%'),
(26, 5, 'Sales-taxes US-MT 0.0%'),
(26, 6, 'Sales-taxes US-MT 0.0%'),
(27, 1, 'Sales-taxes US-NE 5.5%'),
(27, 2, 'Sales-taxes US-NE 5.5%'),
(27, 3, 'Sales-taxes US-NE 5.5%'),
(27, 4, 'Sales-taxes US-NE 5.5%'),
(27, 5, 'Sales-taxes US-NE 5.5%'),
(27, 6, 'Sales-taxes US-NE 5.5%'),
(28, 1, 'Sales-taxes US-NV 6.85%'),
(28, 2, 'Sales-taxes US-NV 6.85%'),
(28, 3, 'Sales-taxes US-NV 6.85%'),
(28, 4, 'Sales-taxes US-NV 6.85%'),
(28, 5, 'Sales-taxes US-NV 6.85%'),
(28, 6, 'Sales-taxes US-NV 6.85%'),
(29, 1, 'Sales-taxes US-NH 0%'),
(29, 2, 'Sales-taxes US-NH 0%'),
(29, 3, 'Sales-taxes US-NH 0%'),
(29, 4, 'Sales-taxes US-NH 0%'),
(29, 5, 'Sales-taxes US-NH 0%'),
(29, 6, 'Sales-taxes US-NH 0%'),
(30, 1, 'Sales-taxes US-NJ 7%'),
(30, 2, 'Sales-taxes US-NJ 7%'),
(30, 3, 'Sales-taxes US-NJ 7%'),
(30, 4, 'Sales-taxes US-NJ 7%'),
(30, 5, 'Sales-taxes US-NJ 7%'),
(30, 6, 'Sales-taxes US-NJ 7%'),
(31, 1, 'Sales-taxes US-NM 5.125%'),
(31, 2, 'Sales-taxes US-NM 5.125%'),
(31, 3, 'Sales-taxes US-NM 5.125%'),
(31, 4, 'Sales-taxes US-NM 5.125%'),
(31, 5, 'Sales-taxes US-NM 5.125%'),
(31, 6, 'Sales-taxes US-NM 5.125%'),
(32, 1, 'Sales-taxes US-NY 4%'),
(32, 2, 'Sales-taxes US-NY 4%'),
(32, 3, 'Sales-taxes US-NY 4%'),
(32, 4, 'Sales-taxes US-NY 4%'),
(32, 5, 'Sales-taxes US-NY 4%'),
(32, 6, 'Sales-taxes US-NY 4%'),
(33, 1, 'Sales-taxes US-NC 5.5%'),
(33, 2, 'Sales-taxes US-NC 5.5%'),
(33, 3, 'Sales-taxes US-NC 5.5%'),
(33, 4, 'Sales-taxes US-NC 5.5%'),
(33, 5, 'Sales-taxes US-NC 5.5%'),
(33, 6, 'Sales-taxes US-NC 5.5%'),
(34, 1, 'Sales-taxes US-ND 5%'),
(34, 2, 'Sales-taxes US-ND 5%'),
(34, 3, 'Sales-taxes US-ND 5%'),
(34, 4, 'Sales-taxes US-ND 5%'),
(34, 5, 'Sales-taxes US-ND 5%'),
(34, 6, 'Sales-taxes US-ND 5%'),
(35, 1, 'Sales-taxes US-OH 5.5%'),
(35, 2, 'Sales-taxes US-OH 5.5%'),
(35, 3, 'Sales-taxes US-OH 5.5%'),
(35, 4, 'Sales-taxes US-OH 5.5%'),
(35, 5, 'Sales-taxes US-OH 5.5%'),
(35, 6, 'Sales-taxes US-OH 5.5%'),
(36, 1, 'Sales-taxes US-OK 4.5%'),
(36, 2, 'Sales-taxes US-OK 4.5%'),
(36, 3, 'Sales-taxes US-OK 4.5%'),
(36, 4, 'Sales-taxes US-OK 4.5%'),
(36, 5, 'Sales-taxes US-OK 4.5%'),
(36, 6, 'Sales-taxes US-OK 4.5%'),
(37, 1, 'Sales-taxes US-OR 0%'),
(37, 2, 'Sales-taxes US-OR 0%'),
(37, 3, 'Sales-taxes US-OR 0%'),
(37, 4, 'Sales-taxes US-OR 0%'),
(37, 5, 'Sales-taxes US-OR 0%'),
(37, 6, 'Sales-taxes US-OR 0%'),
(38, 1, 'Sales-taxes US-PA 6%'),
(38, 2, 'Sales-taxes US-PA 6%'),
(38, 3, 'Sales-taxes US-PA 6%'),
(38, 4, 'Sales-taxes US-PA 6%'),
(38, 5, 'Sales-taxes US-PA 6%'),
(38, 6, 'Sales-taxes US-PA 6%'),
(39, 1, 'Sales-taxes US-RI 7%'),
(39, 2, 'Sales-taxes US-RI 7%'),
(39, 3, 'Sales-taxes US-RI 7%'),
(39, 4, 'Sales-taxes US-RI 7%'),
(39, 5, 'Sales-taxes US-RI 7%'),
(39, 6, 'Sales-taxes US-RI 7%'),
(40, 1, 'Sales-taxes US-SC 6%'),
(40, 2, 'Sales-taxes US-SC 6%'),
(40, 3, 'Sales-taxes US-SC 6%'),
(40, 4, 'Sales-taxes US-SC 6%'),
(40, 5, 'Sales-taxes US-SC 6%'),
(40, 6, 'Sales-taxes US-SC 6%'),
(41, 1, 'Sales-taxes US-SD 4%'),
(41, 2, 'Sales-taxes US-SD 4%'),
(41, 3, 'Sales-taxes US-SD 4%'),
(41, 4, 'Sales-taxes US-SD 4%'),
(41, 5, 'Sales-taxes US-SD 4%'),
(41, 6, 'Sales-taxes US-SD 4%'),
(42, 1, 'Sales-taxes US-TN 7%'),
(42, 2, 'Sales-taxes US-TN 7%'),
(42, 3, 'Sales-taxes US-TN 7%'),
(42, 4, 'Sales-taxes US-TN 7%'),
(42, 5, 'Sales-taxes US-TN 7%'),
(42, 6, 'Sales-taxes US-TN 7%'),
(43, 1, 'Sales-taxes US-TX 6.25%'),
(43, 2, 'Sales-taxes US-TX 6.25%'),
(43, 3, 'Sales-taxes US-TX 6.25%'),
(43, 4, 'Sales-taxes US-TX 6.25%'),
(43, 5, 'Sales-taxes US-TX 6.25%'),
(43, 6, 'Sales-taxes US-TX 6.25%'),
(44, 1, 'Sales-taxes US-UT 4.75%'),
(44, 2, 'Sales-taxes US-UT 4.75%'),
(44, 3, 'Sales-taxes US-UT 4.75%'),
(44, 4, 'Sales-taxes US-UT 4.75%'),
(44, 5, 'Sales-taxes US-UT 4.75%'),
(44, 6, 'Sales-taxes US-UT 4.75%'),
(45, 1, 'Sales-taxes US-VT 6%'),
(45, 2, 'Sales-taxes US-VT 6%'),
(45, 3, 'Sales-taxes US-VT 6%'),
(45, 4, 'Sales-taxes US-VT 6%'),
(45, 5, 'Sales-taxes US-VT 6%'),
(45, 6, 'Sales-taxes US-VT 6%'),
(46, 1, 'Sales-taxes US-VA 4%'),
(46, 2, 'Sales-taxes US-VA 4%'),
(46, 3, 'Sales-taxes US-VA 4%'),
(46, 4, 'Sales-taxes US-VA 4%'),
(46, 5, 'Sales-taxes US-VA 4%'),
(46, 6, 'Sales-taxes US-VA 4%'),
(47, 1, 'Sales-taxes US-WA 6.5%'),
(47, 2, 'Sales-taxes US-WA 6.5%'),
(47, 3, 'Sales-taxes US-WA 6.5%'),
(47, 4, 'Sales-taxes US-WA 6.5%'),
(47, 5, 'Sales-taxes US-WA 6.5%'),
(47, 6, 'Sales-taxes US-WA 6.5%'),
(48, 1, 'Sales-taxes US-WV 6%'),
(48, 2, 'Sales-taxes US-WV 6%'),
(48, 3, 'Sales-taxes US-WV 6%'),
(48, 4, 'Sales-taxes US-WV 6%'),
(48, 5, 'Sales-taxes US-WV 6%'),
(48, 6, 'Sales-taxes US-WV 6%'),
(49, 1, 'Sales-taxes US-WI 5%'),
(49, 2, 'Sales-taxes US-WI 5%'),
(49, 3, 'Sales-taxes US-WI 5%'),
(49, 4, 'Sales-taxes US-WI 5%'),
(49, 5, 'Sales-taxes US-WI 5%'),
(49, 6, 'Sales-taxes US-WI 5%'),
(50, 1, 'Sales-taxes US-WY 4%'),
(50, 2, 'Sales-taxes US-WY 4%'),
(50, 3, 'Sales-taxes US-WY 4%'),
(50, 4, 'Sales-taxes US-WY 4%'),
(50, 5, 'Sales-taxes US-WY 4%'),
(50, 6, 'Sales-taxes US-WY 4%'),
(51, 1, 'Sales-taxes US-PR 5.5%'),
(51, 2, 'Sales-taxes US-PR 5.5%'),
(51, 3, 'Sales-taxes US-PR 5.5%'),
(51, 4, 'Sales-taxes US-PR 5.5%'),
(51, 5, 'Sales-taxes US-PR 5.5%'),
(51, 6, 'Sales-taxes US-PR 5.5%'),
(52, 1, 'Sales-taxes US-DC 6%'),
(52, 2, 'Sales-taxes US-DC 6%'),
(52, 3, 'Sales-taxes US-DC 6%'),
(52, 4, 'Sales-taxes US-DC 6%'),
(52, 5, 'Sales-taxes US-DC 6%'),
(52, 6, 'Sales-taxes US-DC 6%'),
(53, 1, 'VAT UK 20%'),
(53, 2, 'VAT UK 20%'),
(53, 3, 'VAT UK 20%'),
(53, 4, 'VAT UK 20%'),
(53, 5, 'VAT UK 20%'),
(53, 6, 'VAT UK 20%'),
(54, 1, 'VAT UK 5%'),
(54, 2, 'VAT UK 5%'),
(54, 3, 'VAT UK 5%'),
(54, 4, 'VAT UK 5%'),
(54, 5, 'VAT UK 5%'),
(54, 6, 'VAT UK 5%'),
(55, 1, 'USt. AT 20%'),
(55, 2, 'USt. AT 20%'),
(55, 3, 'USt. AT 20%'),
(55, 4, 'USt. AT 20%'),
(55, 5, 'USt. AT 20%'),
(55, 6, 'USt. AT 20%'),
(56, 1, 'TVA BE 21%'),
(56, 2, 'TVA BE 21%'),
(56, 3, 'TVA BE 21%'),
(56, 4, 'TVA BE 21%'),
(56, 5, 'TVA BE 21%'),
(56, 6, 'TVA BE 21%'),
(57, 1, 'ДДС BG 20%'),
(57, 2, 'ДДС BG 20%'),
(57, 3, 'ДДС BG 20%'),
(57, 4, 'ДДС BG 20%'),
(57, 5, 'ДДС BG 20%'),
(57, 6, 'ДДС BG 20%'),
(58, 1, 'ΦΠΑ CY 19%'),
(58, 2, 'ΦΠΑ CY 19%'),
(58, 3, 'ΦΠΑ CY 19%'),
(58, 4, 'ΦΠΑ CY 19%'),
(58, 5, 'ΦΠΑ CY 19%'),
(58, 6, 'ΦΠΑ CY 19%'),
(59, 1, 'DPH CZ 21%'),
(59, 2, 'DPH CZ 21%'),
(59, 3, 'DPH CZ 21%'),
(59, 4, 'DPH CZ 21%'),
(59, 5, 'DPH CZ 21%'),
(59, 6, 'DPH CZ 21%'),
(60, 1, 'MwSt. DE 19%'),
(60, 2, 'MwSt. DE 19%'),
(60, 3, 'MwSt. DE 19%'),
(60, 4, 'MwSt. DE 19%'),
(60, 5, 'MwSt. DE 19%'),
(60, 6, 'MwSt. DE 19%'),
(61, 1, 'moms DK 25%'),
(61, 2, 'moms DK 25%'),
(61, 3, 'moms DK 25%'),
(61, 4, 'moms DK 25%'),
(61, 5, 'moms DK 25%'),
(61, 6, 'moms DK 25%'),
(62, 1, 'km EE 20%'),
(62, 2, 'km EE 20%'),
(62, 3, 'km EE 20%'),
(62, 4, 'km EE 20%'),
(62, 5, 'km EE 20%'),
(62, 6, 'km EE 20%'),
(63, 1, 'IVA ES 21%'),
(63, 2, 'IVA ES 21%'),
(63, 3, 'IVA ES 21%'),
(63, 4, 'IVA ES 21%'),
(63, 5, 'IVA ES 21%'),
(63, 6, 'IVA ES 21%'),
(64, 1, 'ALV FI 24%'),
(64, 2, 'ALV FI 24%'),
(64, 3, 'ALV FI 24%'),
(64, 4, 'ALV FI 24%'),
(64, 5, 'ALV FI 24%'),
(64, 6, 'ALV FI 24%'),
(65, 1, 'TVA FR 20%'),
(65, 2, 'TVA FR 20%'),
(65, 3, 'TVA FR 20%'),
(65, 4, 'TVA FR 20%'),
(65, 5, 'TVA FR 20%'),
(65, 6, 'TVA FR 20%'),
(66, 1, 'ΦΠΑ GR 23%'),
(66, 2, 'ΦΠΑ GR 23%'),
(66, 3, 'ΦΠΑ GR 23%'),
(66, 4, 'ΦΠΑ GR 23%'),
(66, 5, 'ΦΠΑ GR 23%'),
(66, 6, 'ΦΠΑ GR 23%'),
(67, 1, 'Croatia PDV 25%'),
(67, 2, 'Croatia PDV 25%'),
(67, 3, 'Croatia PDV 25%'),
(67, 4, 'Croatia PDV 25%'),
(67, 5, 'Croatia PDV 25%'),
(67, 6, 'Croatia PDV 25%'),
(68, 1, 'ÁFA HU 27%'),
(68, 2, 'ÁFA HU 27%'),
(68, 3, 'ÁFA HU 27%'),
(68, 4, 'ÁFA HU 27%'),
(68, 5, 'ÁFA HU 27%'),
(68, 6, 'ÁFA HU 27%'),
(69, 1, 'VAT IE 23%'),
(69, 2, 'VAT IE 23%'),
(69, 3, 'VAT IE 23%'),
(69, 4, 'VAT IE 23%'),
(69, 5, 'VAT IE 23%'),
(69, 6, 'VAT IE 23%'),
(70, 1, 'IVA IT 22%'),
(70, 2, 'IVA IT 22%'),
(70, 3, 'IVA IT 22%'),
(70, 4, 'IVA IT 22%'),
(70, 5, 'IVA IT 22%'),
(70, 6, 'IVA IT 22%'),
(71, 1, 'PVM LT 21%'),
(71, 2, 'PVM LT 21%'),
(71, 3, 'PVM LT 21%'),
(71, 4, 'PVM LT 21%'),
(71, 5, 'PVM LT 21%'),
(71, 6, 'PVM LT 21%'),
(72, 1, 'TVA LU 17%'),
(72, 2, 'TVA LU 17%'),
(72, 3, 'TVA LU 17%'),
(72, 4, 'TVA LU 17%'),
(72, 5, 'TVA LU 17%'),
(72, 6, 'TVA LU 17%'),
(73, 1, 'PVN LV 21%'),
(73, 2, 'PVN LV 21%'),
(73, 3, 'PVN LV 21%'),
(73, 4, 'PVN LV 21%'),
(73, 5, 'PVN LV 21%'),
(73, 6, 'PVN LV 21%'),
(74, 1, 'VAT MT 18%'),
(74, 2, 'VAT MT 18%'),
(74, 3, 'VAT MT 18%'),
(74, 4, 'VAT MT 18%'),
(74, 5, 'VAT MT 18%'),
(74, 6, 'VAT MT 18%'),
(75, 1, 'BTW NL 21%'),
(75, 2, 'BTW NL 21%'),
(75, 3, 'BTW NL 21%'),
(75, 4, 'BTW NL 21%'),
(75, 5, 'BTW NL 21%'),
(75, 6, 'BTW NL 21%'),
(76, 1, 'PTU PL 23%'),
(76, 2, 'PTU PL 23%'),
(76, 3, 'PTU PL 23%'),
(76, 4, 'PTU PL 23%'),
(76, 5, 'PTU PL 23%'),
(76, 6, 'PTU PL 23%'),
(77, 1, 'IVA PT 23%'),
(77, 2, 'IVA PT 23%'),
(77, 3, 'IVA PT 23%'),
(77, 4, 'IVA PT 23%'),
(77, 5, 'IVA PT 23%'),
(77, 6, 'IVA PT 23%'),
(78, 1, 'TVA RO 20%'),
(78, 2, 'TVA RO 20%'),
(78, 3, 'TVA RO 20%'),
(78, 4, 'TVA RO 20%'),
(78, 5, 'TVA RO 20%'),
(78, 6, 'TVA RO 20%'),
(79, 1, 'Moms SE 25%'),
(79, 2, 'Moms SE 25%'),
(79, 3, 'Moms SE 25%'),
(79, 4, 'Moms SE 25%'),
(79, 5, 'Moms SE 25%'),
(79, 6, 'Moms SE 25%'),
(80, 1, 'DDV SI 22%'),
(80, 2, 'DDV SI 22%'),
(80, 3, 'DDV SI 22%'),
(80, 4, 'DDV SI 22%'),
(80, 5, 'DDV SI 22%'),
(80, 6, 'DDV SI 22%'),
(81, 1, 'DPH SK 20%'),
(81, 2, 'DPH SK 20%'),
(81, 3, 'DPH SK 20%'),
(81, 4, 'DPH SK 20%'),
(81, 5, 'DPH SK 20%'),
(81, 6, 'DPH SK 20%'),
(83, 1, 'GST SG 7%'),
(83, 2, 'GST SG 7%'),
(83, 3, 'GST SG 7%'),
(83, 4, 'GST SG 7%'),
(83, 5, 'GST SG 7%'),
(83, 6, 'GST SG 7%');

-- --------------------------------------------------------

--
-- Table structure for table `xio8d_tax_rule`
--

CREATE TABLE `xio8d_tax_rule` (
  `id_tax_rule` int(11) NOT NULL,
  `id_tax_rules_group` int(11) NOT NULL,
  `id_country` int(11) NOT NULL,
  `id_state` int(11) NOT NULL,
  `zipcode_from` varchar(12) NOT NULL,
  `zipcode_to` varchar(12) NOT NULL,
  `id_tax` int(11) NOT NULL,
  `behavior` int(11) NOT NULL,
  `description` varchar(100) NOT NULL
) ENGINE=InnoDB DEFAULT CHARSET=utf8mb4 COLLATE=utf8mb4_general_ci;

--
-- Dumping data for table `xio8d_tax_rule`
--

INSERT INTO `xio8d_tax_rule` (`id_tax_rule`, `id_tax_rules_group`, `id_country`, `id_state`, `zipcode_from`, `zipcode_to`, `id_tax`, `behavior`, `description`) VALUES
(1, 1, 21, 4, '0', '0', 1, 1, ''),
(2, 2, 21, 5, '0', '0', 2, 1, ''),
(3, 3, 21, 6, '0', '0', 3, 1, ''),
(4, 4, 21, 7, '0', '0', 4, 1, ''),
(5, 5, 21, 8, '0', '0', 5, 1, ''),
(6, 6, 21, 9, '0', '0', 6, 1, ''),
(7, 7, 21, 10, '0', '0', 7, 1, ''),
(8, 8, 21, 11, '0', '0', 8, 1, ''),
(9, 9, 21, 12, '0', '0', 9, 1, ''),
(10, 10, 21, 13, '0', '0', 10, 1, ''),
(11, 11, 21, 14, '0', '0', 11, 1, ''),
(12, 12, 21, 15, '0', '0', 12, 1, ''),
(13, 13, 21, 16, '0', '0', 13, 1, ''),
(14, 14, 21, 17, '0', '0', 14, 1, ''),
(15, 15, 21, 18, '0', '0', 15, 1, ''),
(16, 16, 21, 19, '0', '0', 16, 1, ''),
(17, 17, 21, 20, '0', '0', 17, 1, ''),
(18, 18, 21, 21, '0', '0', 18, 1, ''),
(19, 19, 21, 22, '0', '0', 19, 1, ''),
(20, 20, 21, 23, '0', '0', 20, 1, ''),
(21, 21, 21, 24, '0', '0', 21, 1, ''),
(22, 22, 21, 25, '0', '0', 22, 1, ''),
(23, 23, 21, 26, '0', '0', 23, 1, ''),
(24, 24, 21, 27, '0', '0', 24, 1, ''),
(25, 25, 21, 28, '0', '0', 25, 1, ''),
(26, 26, 21, 29, '0', '0', 26, 1, ''),
(27, 27, 21, 30, '0', '0', 27, 1, ''),
(28, 28, 21, 31, '0', '0', 28, 1, ''),
(29, 29, 21, 32, '0', '0', 29, 1, ''),
(30, 30, 21, 33, '0', '0', 30, 1, ''),
(31, 31, 21, 34, '0', '0', 31, 1, ''),
(32, 32, 21, 35, '0', '0', 32, 1, ''),
(33, 33, 21, 36, '0', '0', 33, 1, ''),
(34, 34, 21, 37, '0', '0', 34, 1, ''),
(35, 35, 21, 38, '0', '0', 35, 1, ''),
(36, 36, 21, 39, '0', '0', 36, 1, ''),
(37, 37, 21, 40, '0', '0', 37, 1, ''),
(38, 38, 21, 41, '0', '0', 38, 1, ''),
(39, 39, 21, 42, '0', '0', 39, 1, ''),
(40, 40, 21, 43, '0', '0', 40, 1, ''),
(41, 41, 21, 44, '0', '0', 41, 1, ''),
(42, 42, 21, 45, '0', '0', 42, 1, ''),
(43, 43, 21, 46, '0', '0', 43, 1, ''),
(44, 44, 21, 47, '0', '0', 44, 1, ''),
(45, 45, 21, 48, '0', '0', 45, 1, ''),
(46, 46, 21, 49, '0', '0', 46, 1, ''),
(47, 47, 21, 50, '0', '0', 47, 1, ''),
(48, 48, 21, 51, '0', '0', 48, 1, ''),
(49, 49, 21, 52, '0', '0', 49, 1, ''),
(50, 50, 21, 53, '0', '0', 50, 1, ''),
(51, 51, 21, 54, '0', '0', 51, 1, ''),
(52, 52, 21, 56, '0', '0', 52, 1, ''),
(53, 53, 245, 0, '0', '0', 53, 0, ''),
(54, 54, 17, 0, '0', '0', 54, 0, ''),
(55, 55, 17, 0, '0', '0', 53, 0, ''),
(56, 55, 2, 0, '0', '0', 55, 0, ''),
(57, 55, 3, 0, '0', '0', 56, 0, ''),
(58, 55, 233, 0, '0', '0', 57, 0, ''),
(59, 55, 76, 0, '0', '0', 58, 0, ''),
(60, 55, 16, 0, '0', '0', 59, 0, ''),
(61, 55, 1, 0, '0', '0', 60, 0, ''),
(62, 55, 20, 0, '0', '0', 61, 0, ''),
(63, 55, 86, 0, '0', '0', 62, 0, ''),
(64, 55, 6, 0, '0', '0', 63, 0, ''),
(65, 55, 7, 0, '0', '0', 64, 0, ''),
(66, 55, 8, 0, '0', '0', 65, 0, ''),
(67, 55, 9, 0, '0', '0', 66, 0, ''),
(68, 55, 74, 0, '0', '0', 67, 0, ''),
(69, 55, 142, 0, '0', '0', 68, 0, ''),
(70, 55, 26, 0, '0', '0', 69, 0, ''),
(71, 55, 10, 0, '0', '0', 70, 0, ''),
(72, 55, 130, 0, '0', '0', 71, 0, ''),
(73, 55, 12, 0, '0', '0', 72, 0, ''),
(74, 55, 124, 0, '0', '0', 73, 0, ''),
(75, 55, 138, 0, '0', '0', 74, 0, ''),
(76, 55, 13, 0, '0', '0', 75, 0, ''),
(77, 55, 14, 0, '0', '0', 76, 0, ''),
(78, 55, 15, 0, '0', '0', 77, 0, ''),
(79, 55, 36, 0, '0', '0', 78, 0, ''),
(80, 55, 18, 0, '0', '0', 79, 0, ''),
(81, 55, 191, 0, '0', '0', 80, 0, ''),
(82, 55, 37, 0, '0', '0', 81, 0, ''),
(83, 56, 25, 0, '0', '0', 83, 0, '');

-- --------------------------------------------------------

--
-- Table structure for table `xio8d_tax_rules_group`
--

CREATE TABLE `xio8d_tax_rules_group` (
  `id_tax_rules_group` int(11) NOT NULL,
  `name` varchar(64) NOT NULL,
  `active` int(11) NOT NULL,
  `deleted` tinyint(1) UNSIGNED NOT NULL,
  `date_add` datetime NOT NULL,
  `date_upd` datetime NOT NULL
) ENGINE=InnoDB DEFAULT CHARSET=utf8mb4 COLLATE=utf8mb4_general_ci;

--
-- Dumping data for table `xio8d_tax_rules_group`
--

INSERT INTO `xio8d_tax_rules_group` (`id_tax_rules_group`, `name`, `active`, `deleted`, `date_add`, `date_upd`) VALUES
(1, 'US-AL Rate (4%)', 1, 0, '2026-06-17 12:19:30', '2026-06-17 12:19:30'),
(2, 'US-AK Rate (0%)', 1, 0, '2026-06-17 12:19:30', '2026-06-17 12:19:30'),
(3, 'US-AZ Rate (6.6%)', 1, 0, '2026-06-17 12:19:30', '2026-06-17 12:19:30'),
(4, 'US-AR Rate (6%)', 1, 0, '2026-06-17 12:19:30', '2026-06-17 12:19:30'),
(5, 'US-CA Rate (8.25%)', 1, 0, '2026-06-17 12:19:30', '2026-06-17 12:19:30'),
(6, 'US-CO Rate (2.9%)', 1, 0, '2026-06-17 12:19:30', '2026-06-17 12:19:30'),
(7, 'US-CT Rate (0%)', 1, 0, '2026-06-17 12:19:30', '2026-06-17 12:19:30'),
(8, 'US-DE Rate (0%)', 1, 0, '2026-06-17 12:19:30', '2026-06-17 12:19:30'),
(9, 'US-FL Rate (6%)', 1, 0, '2026-06-17 12:19:30', '2026-06-17 12:19:30'),
(10, 'US-GA Rate (4%)', 1, 0, '2026-06-17 12:19:30', '2026-06-17 12:19:30'),
(11, 'US-HI Rate (4%)', 1, 0, '2026-06-17 12:19:30', '2026-06-17 12:19:30'),
(12, 'US-ID Rate (6%)', 1, 0, '2026-06-17 12:19:30', '2026-06-17 12:19:30'),
(13, 'US-IL Rate (6.25%)', 1, 0, '2026-06-17 12:19:30', '2026-06-17 12:19:30'),
(14, 'US-IN Rate (7%)', 1, 0, '2026-06-17 12:19:30', '2026-06-17 12:19:30'),
(15, 'US-IA Rate (6%)', 1, 0, '2026-06-17 12:19:30', '2026-06-17 12:19:30'),
(16, 'US-KS Rate (5.3%)', 1, 0, '2026-06-17 12:19:30', '2026-06-17 12:19:30'),
(17, 'US-KY Rate (6%)', 1, 0, '2026-06-17 12:19:30', '2026-06-17 12:19:30'),
(18, 'US-LA Rate (4%)', 1, 0, '2026-06-17 12:19:30', '2026-06-17 12:19:30'),
(19, 'US-ME Rate (5%)', 1, 0, '2026-06-17 12:19:30', '2026-06-17 12:19:30'),
(20, 'US-MD Rate (6%)', 1, 0, '2026-06-17 12:19:30', '2026-06-17 12:19:30'),
(21, 'US-MA Rate (6.25%)', 1, 0, '2026-06-17 12:19:30', '2026-06-17 12:19:30'),
(22, 'US-MI Rate (6%)', 1, 0, '2026-06-17 12:19:30', '2026-06-17 12:19:30'),
(23, 'US-MN Rate (6.875%)', 1, 0, '2026-06-17 12:19:30', '2026-06-17 12:19:30'),
(24, 'US-MS Rate (7%)', 1, 0, '2026-06-17 12:19:30', '2026-06-17 12:19:30'),
(25, 'US-MO Rate (4.225%)', 1, 0, '2026-06-17 12:19:30', '2026-06-17 12:19:30'),
(26, 'US-MT Rate (0%)', 1, 0, '2026-06-17 12:19:30', '2026-06-17 12:19:30'),
(27, 'US-NE Rate (5.5%)', 1, 0, '2026-06-17 12:19:30', '2026-06-17 12:19:30'),
(28, 'US-NV Rate (6.85%)', 1, 0, '2026-06-17 12:19:30', '2026-06-17 12:19:30'),
(29, 'US-NH Rate (0%)', 1, 0, '2026-06-17 12:19:30', '2026-06-17 12:19:30'),
(30, 'US-NJ Rate (7%)', 1, 0, '2026-06-17 12:19:30', '2026-06-17 12:19:30'),
(31, 'US-NM Rate (5.125%)', 1, 0, '2026-06-17 12:19:30', '2026-06-17 12:19:30'),
(32, 'US-NY Rate (4%)', 1, 0, '2026-06-17 12:19:30', '2026-06-17 12:19:30'),
(33, 'US-NC Rate (5.5%)', 1, 0, '2026-06-17 12:19:30', '2026-06-17 12:19:30'),
(34, 'US-ND Rate (5%)', 1, 0, '2026-06-17 12:19:30', '2026-06-17 12:19:30'),
(35, 'US-OH Rate (5.5%)', 1, 0, '2026-06-17 12:19:30', '2026-06-17 12:19:30'),
(36, 'US-OK Rate (4.5%)', 1, 0, '2026-06-17 12:19:30', '2026-06-17 12:19:30'),
(37, 'US-OR Rate (0%)', 1, 0, '2026-06-17 12:19:30', '2026-06-17 12:19:30'),
(38, 'US-PA Rate (6%)', 1, 0, '2026-06-17 12:19:30', '2026-06-17 12:19:30'),
(39, 'US-RI Rate (7%)', 1, 0, '2026-06-17 12:19:30', '2026-06-17 12:19:30'),
(40, 'US-SC Rate (6%)', 1, 0, '2026-06-17 12:19:30', '2026-06-17 12:19:30'),
(41, 'US-SD Rate (4%)', 1, 0, '2026-06-17 12:19:30', '2026-06-17 12:19:30'),
(42, 'US-TN Rate (7%)', 1, 0, '2026-06-17 12:19:30', '2026-06-17 12:19:30'),
(43, 'US-TX Rate (6.25%)', 1, 0, '2026-06-17 12:19:30', '2026-06-17 12:19:30'),
(44, 'US-UT Rate (4.75%)', 1, 0, '2026-06-17 12:19:30', '2026-06-17 12:19:30'),
(45, 'US-VT Rate (6%)', 1, 0, '2026-06-17 12:19:30', '2026-06-17 12:19:30'),
(46, 'US-VA Rate (4%)', 1, 0, '2026-06-17 12:19:31', '2026-06-17 12:19:31'),
(47, 'US-WA Rate (6.5%)', 1, 0, '2026-06-17 12:19:31', '2026-06-17 12:19:31'),
(48, 'US-WV Rate (6%)', 1, 0, '2026-06-17 12:19:31', '2026-06-17 12:19:31'),
(49, 'US-WI Rate (5%)', 1, 0, '2026-06-17 12:19:31', '2026-06-17 12:19:31'),
(50, 'US-WY Rate (4%)', 1, 0, '2026-06-17 12:19:31', '2026-06-17 12:19:31'),
(51, 'US-PR Rate (5.5%)', 1, 0, '2026-06-17 12:19:34', '2026-06-17 12:19:34'),
(52, 'US-DC Rate (6%)', 1, 0, '2026-06-17 12:19:34', '2026-06-17 12:19:34'),
(53, 'UK Standard Rate (20%)', 1, 0, '2026-06-17 12:19:34', '2026-06-17 12:19:34'),
(54, 'UK Reduced Rate (5%)', 1, 0, '2026-06-17 12:19:34', '2026-06-17 12:19:34'),
(55, 'EU VAT For Virtual Products', 1, 0, '2026-06-17 12:19:34', '2026-06-17 12:19:34'),
(56, 'SG Standard Rate (7%)', 1, 0, '2026-06-17 12:19:34', '2026-06-17 12:19:34');

-- --------------------------------------------------------

--
-- Table structure for table `xio8d_tax_rules_group_shop`
--

CREATE TABLE `xio8d_tax_rules_group_shop` (
  `id_tax_rules_group` int(11) UNSIGNED NOT NULL,
  `id_shop` int(11) UNSIGNED NOT NULL
) ENGINE=InnoDB DEFAULT CHARSET=utf8mb4 COLLATE=utf8mb4_general_ci;

--
-- Dumping data for table `xio8d_tax_rules_group_shop`
--

INSERT INTO `xio8d_tax_rules_group_shop` (`id_tax_rules_group`, `id_shop`) VALUES
(1, 1),
(1, 2),
(2, 1),
(2, 2),
(3, 1),
(3, 2),
(4, 1),
(4, 2),
(5, 1),
(5, 2),
(6, 1),
(6, 2),
(7, 1),
(7, 2),
(8, 1),
(8, 2),
(9, 1),
(9, 2),
(10, 1),
(10, 2),
(11, 1),
(11, 2),
(12, 1),
(12, 2),
(13, 1),
(13, 2),
(14, 1),
(14, 2),
(15, 1),
(15, 2),
(16, 1),
(16, 2),
(17, 1),
(17, 2),
(18, 1),
(18, 2),
(19, 1),
(19, 2),
(20, 1),
(20, 2),
(21, 1),
(21, 2),
(22, 1),
(22, 2),
(23, 1),
(23, 2),
(24, 1),
(24, 2),
(25, 1),
(25, 2),
(26, 1),
(26, 2),
(27, 1),
(27, 2),
(28, 1),
(28, 2),
(29, 1),
(29, 2),
(30, 1),
(30, 2),
(31, 1),
(31, 2),
(32, 1),
(32, 2),
(33, 1),
(33, 2),
(34, 1),
(34, 2),
(35, 1),
(35, 2),
(36, 1),
(36, 2),
(37, 1),
(37, 2),
(38, 1),
(38, 2),
(39, 1),
(39, 2),
(40, 1),
(40, 2),
(41, 1),
(41, 2),
(42, 1),
(42, 2),
(43, 1),
(43, 2),
(44, 1),
(44, 2),
(45, 1),
(45, 2),
(46, 1),
(46, 2),
(47, 1),
(47, 2),
(48, 1),
(48, 2),
(49, 1),
(49, 2),
(50, 1),
(50, 2),
(51, 1),
(51, 2),
(52, 1),
(52, 2),
(53, 2),
(54, 2),
(55, 2),
(56, 1),
(56, 2);

-- --------------------------------------------------------

--
-- Table structure for table `xio8d_timezone`
--

CREATE TABLE `xio8d_timezone` (
  `id_timezone` int(10) UNSIGNED NOT NULL,
  `name` varchar(32) NOT NULL
) ENGINE=InnoDB DEFAULT CHARSET=utf8mb4 COLLATE=utf8mb4_general_ci;

--
-- Dumping data for table `xio8d_timezone`
--

INSERT INTO `xio8d_timezone` (`id_timezone`, `name`) VALUES
(1, 'Africa/Abidjan'),
(2, 'Africa/Accra'),
(3, 'Africa/Addis_Ababa'),
(4, 'Africa/Algiers'),
(5, 'Africa/Asmara'),
(6, 'Africa/Asmera'),
(7, 'Africa/Bamako'),
(8, 'Africa/Bangui'),
(9, 'Africa/Banjul'),
(10, 'Africa/Bissau'),
(11, 'Africa/Blantyre'),
(12, 'Africa/Brazzaville'),
(13, 'Africa/Bujumbura'),
(14, 'Africa/Cairo'),
(15, 'Africa/Casablanca'),
(16, 'Africa/Ceuta'),
(17, 'Africa/Conakry'),
(18, 'Africa/Dakar'),
(19, 'Africa/Dar_es_Salaam'),
(20, 'Africa/Djibouti'),
(21, 'Africa/Douala'),
(22, 'Africa/El_Aaiun'),
(23, 'Africa/Freetown'),
(24, 'Africa/Gaborone'),
(25, 'Africa/Harare'),
(26, 'Africa/Johannesburg'),
(27, 'Africa/Kampala'),
(28, 'Africa/Khartoum'),
(29, 'Africa/Kigali'),
(30, 'Africa/Kinshasa'),
(31, 'Africa/Lagos'),
(32, 'Africa/Libreville'),
(33, 'Africa/Lome'),
(34, 'Africa/Luanda'),
(35, 'Africa/Lubumbashi'),
(36, 'Africa/Lusaka'),
(37, 'Africa/Malabo'),
(38, 'Africa/Maputo'),
(39, 'Africa/Maseru'),
(40, 'Africa/Mbabane'),
(41, 'Africa/Mogadishu'),
(42, 'Africa/Monrovia'),
(43, 'Africa/Nairobi'),
(44, 'Africa/Ndjamena'),
(45, 'Africa/Niamey'),
(46, 'Africa/Nouakchott'),
(47, 'Africa/Ouagadougou'),
(48, 'Africa/Porto-Novo'),
(49, 'Africa/Sao_Tome'),
(50, 'Africa/Timbuktu'),
(51, 'Africa/Tripoli'),
(52, 'Africa/Tunis'),
(53, 'Africa/Windhoek'),
(54, 'America/Adak'),
(55, 'America/Anchorage '),
(56, 'America/Anguilla'),
(57, 'America/Antigua'),
(58, 'America/Araguaina'),
(59, 'America/Argentina/Buenos_Aires'),
(60, 'America/Argentina/Catamarca'),
(61, 'America/Argentina/ComodRivadavia'),
(62, 'America/Argentina/Cordoba'),
(63, 'America/Argentina/Jujuy'),
(64, 'America/Argentina/La_Rioja'),
(65, 'America/Argentina/Mendoza'),
(66, 'America/Argentina/Rio_Gallegos'),
(67, 'America/Argentina/Salta'),
(68, 'America/Argentina/San_Juan'),
(69, 'America/Argentina/San_Luis'),
(70, 'America/Argentina/Tucuman'),
(71, 'America/Argentina/Ushuaia'),
(72, 'America/Aruba'),
(73, 'America/Asuncion'),
(74, 'America/Atikokan'),
(75, 'America/Atka'),
(76, 'America/Bahia'),
(77, 'America/Barbados'),
(78, 'America/Belem'),
(79, 'America/Belize'),
(80, 'America/Blanc-Sablon'),
(81, 'America/Boa_Vista'),
(82, 'America/Bogota'),
(83, 'America/Boise'),
(84, 'America/Buenos_Aires'),
(85, 'America/Cambridge_Bay'),
(86, 'America/Campo_Grande'),
(87, 'America/Cancun'),
(88, 'America/Caracas'),
(89, 'America/Catamarca'),
(90, 'America/Cayenne'),
(91, 'America/Cayman'),
(92, 'America/Chicago'),
(93, 'America/Chihuahua'),
(94, 'America/Coral_Harbour'),
(95, 'America/Cordoba'),
(96, 'America/Costa_Rica'),
(97, 'America/Cuiaba'),
(98, 'America/Curacao'),
(99, 'America/Danmarkshavn'),
(100, 'America/Dawson'),
(101, 'America/Dawson_Creek'),
(102, 'America/Denver'),
(103, 'America/Detroit'),
(104, 'America/Dominica'),
(105, 'America/Edmonton'),
(106, 'America/Eirunepe'),
(107, 'America/El_Salvador'),
(108, 'America/Ensenada'),
(109, 'America/Fort_Wayne'),
(110, 'America/Fortaleza'),
(111, 'America/Glace_Bay'),
(112, 'America/Godthab'),
(113, 'America/Goose_Bay'),
(114, 'America/Grand_Turk'),
(115, 'America/Grenada'),
(116, 'America/Guadeloupe'),
(117, 'America/Guatemala'),
(118, 'America/Guayaquil'),
(119, 'America/Guyana'),
(120, 'America/Halifax'),
(121, 'America/Havana'),
(122, 'America/Hermosillo'),
(123, 'America/Indiana/Indianapolis'),
(124, 'America/Indiana/Knox'),
(125, 'America/Indiana/Marengo'),
(126, 'America/Indiana/Petersburg'),
(127, 'America/Indiana/Tell_City'),
(128, 'America/Indiana/Vevay'),
(129, 'America/Indiana/Vincennes'),
(130, 'America/Indiana/Winamac'),
(131, 'America/Indianapolis'),
(132, 'America/Inuvik'),
(133, 'America/Iqaluit'),
(134, 'America/Jamaica'),
(135, 'America/Jujuy'),
(136, 'America/Juneau'),
(137, 'America/Kentucky/Louisville'),
(138, 'America/Kentucky/Monticello'),
(139, 'America/Knox_IN'),
(140, 'America/La_Paz'),
(141, 'America/Lima'),
(142, 'America/Los_Angeles'),
(143, 'America/Louisville'),
(144, 'America/Maceio'),
(145, 'America/Managua'),
(146, 'America/Manaus'),
(147, 'America/Marigot'),
(148, 'America/Martinique'),
(149, 'America/Mazatlan'),
(150, 'America/Mendoza'),
(151, 'America/Menominee'),
(152, 'America/Merida'),
(153, 'America/Mexico_City'),
(154, 'America/Miquelon'),
(155, 'America/Moncton'),
(156, 'America/Monterrey'),
(157, 'America/Montevideo'),
(158, 'America/Montreal'),
(159, 'America/Montserrat'),
(160, 'America/Nassau'),
(161, 'America/New_York'),
(162, 'America/Nipigon'),
(163, 'America/Nome'),
(164, 'America/Noronha'),
(165, 'America/North_Dakota/Center'),
(166, 'America/North_Dakota/New_Salem'),
(167, 'America/Panama'),
(168, 'America/Pangnirtung'),
(169, 'America/Paramaribo'),
(170, 'America/Phoenix'),
(171, 'America/Port-au-Prince'),
(172, 'America/Port_of_Spain'),
(173, 'America/Porto_Acre'),
(174, 'America/Porto_Velho'),
(175, 'America/Puerto_Rico'),
(176, 'America/Rainy_River'),
(177, 'America/Rankin_Inlet'),
(178, 'America/Recife'),
(179, 'America/Regina'),
(180, 'America/Resolute'),
(181, 'America/Rio_Branco'),
(182, 'America/Rosario'),
(183, 'America/Santarem'),
(184, 'America/Santiago'),
(185, 'America/Santo_Domingo'),
(186, 'America/Sao_Paulo'),
(187, 'America/Scoresbysund'),
(188, 'America/Shiprock'),
(189, 'America/St_Barthelemy'),
(190, 'America/St_Johns'),
(191, 'America/St_Kitts'),
(192, 'America/St_Lucia'),
(193, 'America/St_Thomas'),
(194, 'America/St_Vincent'),
(195, 'America/Swift_Current'),
(196, 'America/Tegucigalpa'),
(197, 'America/Thule'),
(198, 'America/Thunder_Bay'),
(199, 'America/Tijuana'),
(200, 'America/Toronto'),
(201, 'America/Tortola'),
(202, 'America/Vancouver'),
(203, 'America/Virgin'),
(204, 'America/Whitehorse'),
(205, 'America/Winnipeg'),
(206, 'America/Yakutat'),
(207, 'America/Yellowknife'),
(208, 'Antarctica/Casey'),
(209, 'Antarctica/Davis'),
(210, 'Antarctica/DumontDUrville'),
(211, 'Antarctica/Mawson'),
(212, 'Antarctica/McMurdo'),
(213, 'Antarctica/Palmer'),
(214, 'Antarctica/Rothera'),
(215, 'Antarctica/South_Pole'),
(216, 'Antarctica/Syowa'),
(217, 'Antarctica/Vostok'),
(218, 'Arctic/Longyearbyen'),
(219, 'Asia/Aden'),
(220, 'Asia/Almaty'),
(221, 'Asia/Amman'),
(222, 'Asia/Anadyr'),
(223, 'Asia/Aqtau'),
(224, 'Asia/Aqtobe'),
(225, 'Asia/Ashgabat'),
(226, 'Asia/Ashkhabad'),
(227, 'Asia/Baghdad'),
(228, 'Asia/Bahrain'),
(229, 'Asia/Baku'),
(230, 'Asia/Bangkok'),
(231, 'Asia/Beirut'),
(232, 'Asia/Bishkek'),
(233, 'Asia/Brunei'),
(234, 'Asia/Calcutta'),
(235, 'Asia/Choibalsan'),
(236, 'Asia/Chongqing'),
(237, 'Asia/Chungking'),
(238, 'Asia/Colombo'),
(239, 'Asia/Dacca'),
(240, 'Asia/Damascus'),
(241, 'Asia/Dhaka'),
(242, 'Asia/Dili'),
(243, 'Asia/Dubai'),
(244, 'Asia/Dushanbe'),
(245, 'Asia/Gaza'),
(246, 'Asia/Harbin'),
(247, 'Asia/Ho_Chi_Minh'),
(248, 'Asia/Hong_Kong'),
(249, 'Asia/Hovd'),
(250, 'Asia/Irkutsk'),
(251, 'Asia/Istanbul'),
(252, 'Asia/Jakarta'),
(253, 'Asia/Jayapura'),
(254, 'Asia/Jerusalem'),
(255, 'Asia/Kabul'),
(256, 'Asia/Kamchatka'),
(257, 'Asia/Karachi'),
(258, 'Asia/Kashgar'),
(259, 'Asia/Kathmandu'),
(260, 'Asia/Katmandu'),
(261, 'Asia/Kolkata'),
(262, 'Asia/Krasnoyarsk'),
(263, 'Asia/Kuala_Lumpur'),
(264, 'Asia/Kuching'),
(265, 'Asia/Kuwait'),
(266, 'Asia/Macao'),
(267, 'Asia/Macau'),
(268, 'Asia/Magadan'),
(269, 'Asia/Makassar'),
(270, 'Asia/Manila'),
(271, 'Asia/Muscat'),
(272, 'Asia/Nicosia'),
(273, 'Asia/Novosibirsk'),
(274, 'Asia/Omsk'),
(275, 'Asia/Oral'),
(276, 'Asia/Phnom_Penh'),
(277, 'Asia/Pontianak'),
(278, 'Asia/Pyongyang'),
(279, 'Asia/Qatar'),
(280, 'Asia/Qyzylorda'),
(281, 'Asia/Rangoon'),
(282, 'Asia/Riyadh'),
(283, 'Asia/Saigon'),
(284, 'Asia/Sakhalin'),
(285, 'Asia/Samarkand'),
(286, 'Asia/Seoul'),
(287, 'Asia/Shanghai'),
(288, 'Asia/Singapore'),
(289, 'Asia/Taipei'),
(290, 'Asia/Tashkent'),
(291, 'Asia/Tbilisi'),
(292, 'Asia/Tehran'),
(293, 'Asia/Tel_Aviv'),
(294, 'Asia/Thimbu'),
(295, 'Asia/Thimphu'),
(296, 'Asia/Tokyo'),
(297, 'Asia/Ujung_Pandang'),
(298, 'Asia/Ulaanbaatar'),
(299, 'Asia/Ulan_Bator'),
(300, 'Asia/Urumqi'),
(301, 'Asia/Vientiane'),
(302, 'Asia/Vladivostok'),
(303, 'Asia/Yakutsk'),
(304, 'Asia/Yekaterinburg'),
(305, 'Asia/Yerevan'),
(306, 'Atlantic/Azores'),
(307, 'Atlantic/Bermuda'),
(308, 'Atlantic/Canary'),
(309, 'Atlantic/Cape_Verde'),
(310, 'Atlantic/Faeroe'),
(311, 'Atlantic/Faroe'),
(312, 'Atlantic/Jan_Mayen'),
(313, 'Atlantic/Madeira'),
(314, 'Atlantic/Reykjavik'),
(315, 'Atlantic/South_Georgia'),
(316, 'Atlantic/St_Helena'),
(317, 'Atlantic/Stanley'),
(318, 'Australia/ACT'),
(319, 'Australia/Adelaide'),
(320, 'Australia/Brisbane'),
(321, 'Australia/Broken_Hill'),
(322, 'Australia/Canberra'),
(323, 'Australia/Currie'),
(324, 'Australia/Darwin'),
(325, 'Australia/Eucla'),
(326, 'Australia/Hobart'),
(327, 'Australia/LHI'),
(328, 'Australia/Lindeman'),
(329, 'Australia/Lord_Howe'),
(330, 'Australia/Melbourne'),
(331, 'Australia/North'),
(332, 'Australia/NSW'),
(333, 'Australia/Perth'),
(334, 'Australia/Queensland'),
(335, 'Australia/South'),
(336, 'Australia/Sydney'),
(337, 'Australia/Tasmania'),
(338, 'Australia/Victoria'),
(339, 'Australia/West'),
(340, 'Australia/Yancowinna'),
(341, 'Europe/Amsterdam'),
(342, 'Europe/Andorra'),
(343, 'Europe/Athens'),
(344, 'Europe/Belfast'),
(345, 'Europe/Belgrade'),
(346, 'Europe/Berlin'),
(347, 'Europe/Bratislava'),
(348, 'Europe/Brussels'),
(349, 'Europe/Bucharest'),
(350, 'Europe/Budapest'),
(351, 'Europe/Chisinau'),
(352, 'Europe/Copenhagen'),
(353, 'Europe/Dublin'),
(354, 'Europe/Gibraltar'),
(355, 'Europe/Guernsey'),
(356, 'Europe/Helsinki'),
(357, 'Europe/Isle_of_Man'),
(358, 'Europe/Istanbul'),
(359, 'Europe/Jersey'),
(360, 'Europe/Kaliningrad'),
(361, 'Europe/Kiev'),
(362, 'Europe/Lisbon'),
(363, 'Europe/Ljubljana'),
(364, 'Europe/London'),
(365, 'Europe/Luxembourg'),
(366, 'Europe/Madrid'),
(367, 'Europe/Malta'),
(368, 'Europe/Mariehamn'),
(369, 'Europe/Minsk'),
(370, 'Europe/Monaco'),
(371, 'Europe/Moscow'),
(372, 'Europe/Nicosia'),
(373, 'Europe/Oslo'),
(374, 'Europe/Paris'),
(375, 'Europe/Podgorica'),
(376, 'Europe/Prague'),
(377, 'Europe/Riga'),
(378, 'Europe/Rome'),
(379, 'Europe/Samara'),
(380, 'Europe/San_Marino'),
(381, 'Europe/Sarajevo'),
(382, 'Europe/Simferopol'),
(383, 'Europe/Skopje'),
(384, 'Europe/Sofia'),
(385, 'Europe/Stockholm'),
(386, 'Europe/Tallinn'),
(387, 'Europe/Tirane'),
(388, 'Europe/Tiraspol'),
(389, 'Europe/Uzhgorod'),
(390, 'Europe/Vaduz'),
(391, 'Europe/Vatican'),
(392, 'Europe/Vienna'),
(393, 'Europe/Vilnius'),
(394, 'Europe/Volgograd'),
(395, 'Europe/Warsaw'),
(396, 'Europe/Zagreb'),
(397, 'Europe/Zaporozhye'),
(398, 'Europe/Zurich'),
(399, 'Indian/Antananarivo'),
(400, 'Indian/Chagos'),
(401, 'Indian/Christmas'),
(402, 'Indian/Cocos'),
(403, 'Indian/Comoro'),
(404, 'Indian/Kerguelen'),
(405, 'Indian/Mahe'),
(406, 'Indian/Maldives'),
(407, 'Indian/Mauritius'),
(408, 'Indian/Mayotte'),
(409, 'Indian/Reunion'),
(410, 'Pacific/Apia'),
(411, 'Pacific/Auckland'),
(412, 'Pacific/Chatham'),
(413, 'Pacific/Easter'),
(414, 'Pacific/Efate'),
(415, 'Pacific/Enderbury'),
(416, 'Pacific/Fakaofo'),
(417, 'Pacific/Fiji'),
(418, 'Pacific/Funafuti'),
(419, 'Pacific/Galapagos'),
(420, 'Pacific/Gambier'),
(421, 'Pacific/Guadalcanal'),
(422, 'Pacific/Guam'),
(423, 'Pacific/Honolulu'),
(424, 'Pacific/Johnston'),
(425, 'Pacific/Kiritimati'),
(426, 'Pacific/Kosrae'),
(427, 'Pacific/Kwajalein'),
(428, 'Pacific/Majuro'),
(429, 'Pacific/Marquesas'),
(430, 'Pacific/Midway'),
(431, 'Pacific/Nauru'),
(432, 'Pacific/Niue'),
(433, 'Pacific/Norfolk'),
(434, 'Pacific/Noumea'),
(435, 'Pacific/Pago_Pago'),
(436, 'Pacific/Palau'),
(437, 'Pacific/Pitcairn'),
(438, 'Pacific/Ponape'),
(439, 'Pacific/Port_Moresby'),
(440, 'Pacific/Rarotonga'),
(441, 'Pacific/Saipan'),
(442, 'Pacific/Samoa'),
(443, 'Pacific/Tahiti'),
(444, 'Pacific/Tarawa'),
(445, 'Pacific/Tongatapu'),
(446, 'Pacific/Truk'),
(447, 'Pacific/Wake'),
(448, 'Pacific/Wallis'),
(449, 'Pacific/Yap'),
(450, 'Brazil/Acre'),
(451, 'Brazil/DeNoronha'),
(452, 'Brazil/East'),
(453, 'Brazil/West'),
(454, 'Canada/Atlantic'),
(455, 'Canada/Central'),
(456, 'Canada/East-Saskatchewan'),
(457, 'Canada/Eastern'),
(458, 'Canada/Mountain'),
(459, 'Canada/Newfoundland'),
(460, 'Canada/Pacific'),
(461, 'Canada/Saskatchewan'),
(462, 'Canada/Yukon'),
(463, 'CET'),
(464, 'Chile/Continental'),
(465, 'Chile/EasterIsland'),
(466, 'CST6CDT'),
(467, 'Cuba'),
(468, 'EET'),
(469, 'Egypt'),
(470, 'Eire'),
(471, 'EST'),
(472, 'EST5EDT'),
(473, 'Etc/GMT'),
(474, 'Etc/GMT+0'),
(475, 'Etc/GMT+1'),
(476, 'Etc/GMT+10'),
(477, 'Etc/GMT+11'),
(478, 'Etc/GMT+12'),
(479, 'Etc/GMT+2'),
(480, 'Etc/GMT+3'),
(481, 'Etc/GMT+4'),
(482, 'Etc/GMT+5'),
(483, 'Etc/GMT+6'),
(484, 'Etc/GMT+7'),
(485, 'Etc/GMT+8'),
(486, 'Etc/GMT+9'),
(487, 'Etc/GMT-0'),
(488, 'Etc/GMT-1'),
(489, 'Etc/GMT-10'),
(490, 'Etc/GMT-11'),
(491, 'Etc/GMT-12'),
(492, 'Etc/GMT-13'),
(493, 'Etc/GMT-14'),
(494, 'Etc/GMT-2'),
(495, 'Etc/GMT-3'),
(496, 'Etc/GMT-4'),
(497, 'Etc/GMT-5'),
(498, 'Etc/GMT-6'),
(499, 'Etc/GMT-7'),
(500, 'Etc/GMT-8'),
(501, 'Etc/GMT-9'),
(502, 'Etc/GMT0'),
(503, 'Etc/Greenwich'),
(504, 'Etc/UCT'),
(505, 'Etc/Universal'),
(506, 'Etc/UTC'),
(507, 'Etc/Zulu'),
(508, 'Factory'),
(509, 'GB'),
(510, 'GB-Eire'),
(511, 'GMT'),
(512, 'GMT+0'),
(513, 'GMT-0'),
(514, 'GMT0'),
(515, 'Greenwich'),
(516, 'Hongkong'),
(517, 'HST'),
(518, 'Iceland'),
(519, 'Iran'),
(520, 'Israel'),
(521, 'Jamaica'),
(522, 'Japan'),
(523, 'Kwajalein'),
(524, 'Libya'),
(525, 'MET'),
(526, 'Mexico/BajaNorte'),
(527, 'Mexico/BajaSur'),
(528, 'Mexico/General'),
(529, 'MST'),
(530, 'MST7MDT'),
(531, 'Navajo'),
(532, 'NZ'),
(533, 'NZ-CHAT'),
(534, 'Poland'),
(535, 'Portugal'),
(536, 'PRC'),
(537, 'PST8PDT'),
(538, 'ROC'),
(539, 'ROK'),
(540, 'Singapore'),
(541, 'Turkey'),
(542, 'UCT'),
(543, 'Universal'),
(544, 'US/Alaska'),
(545, 'US/Aleutian'),
(546, 'US/Arizona'),
(547, 'US/Central'),
(548, 'US/East-Indiana'),
(549, 'US/Eastern'),
(550, 'US/Hawaii'),
(551, 'US/Indiana-Starke'),
(552, 'US/Michigan'),
(553, 'US/Mountain'),
(554, 'US/Pacific'),
(555, 'US/Samoa'),
(556, 'UTC'),
(557, 'W-SU'),
(558, 'WET'),
(559, 'Zulu');

-- --------------------------------------------------------

--
-- Table structure for table `xio8d_translation`
--

CREATE TABLE `xio8d_translation` (
  `id_translation` int(11) NOT NULL,
  `id_lang` int(11) NOT NULL,
  `key` text NOT NULL,
  `translation` text NOT NULL,
  `domain` varchar(80) NOT NULL,
  `theme` varchar(32) DEFAULT NULL
) ENGINE=InnoDB DEFAULT CHARSET=utf8mb4 COLLATE=utf8mb4_general_ci;

-- --------------------------------------------------------

--
-- Table structure for table `xio8d_uit_missing_images`
--

CREATE TABLE `xio8d_uit_missing_images` (
  `id` int(10) UNSIGNED NOT NULL,
  `request_hash` char(40) NOT NULL,
  `request_path` varchar(1024) NOT NULL,
  `extension` varchar(16) NOT NULL DEFAULT '',
  `first_seen` datetime NOT NULL,
  `last_seen` datetime NOT NULL,
  `hits` int(10) UNSIGNED NOT NULL DEFAULT 1
) ENGINE=InnoDB DEFAULT CHARSET=utf8mb4 COLLATE=utf8mb4_general_ci;

--
-- Dumping data for table `xio8d_uit_missing_images`
--

INSERT INTO `xio8d_uit_missing_images` (`id`, `request_hash`, `request_path`, `extension`, `first_seen`, `last_seen`, `hits`) VALUES
(1, '208d150c62c6d994740e2020f56786ddccc7d7ae', '/prestashop.sg/modules/tricoreordertransactionid/logo.png', 'png', '2026-06-22 15:00:13', '2026-06-29 17:09:07', 10),
(2, '4c16107e208a3c70241e0b87c71b17b540c4a401', '/prestashop.sg/img/lib.svg', 'svg', '2026-06-22 15:36:26', '2026-06-23 11:52:00', 4),
(3, '97b2dcfb0ecc5fe9dfaef51c11ec39022e194805', '/prestashop.sg/img/p/7/1/4/714-small_default.jpg', 'jpg', '2026-06-22 15:53:15', '2026-06-22 17:32:02', 4),
(4, 'da075ac1915de093bd7b3f31147e9198c49868fb', '/prestashop.sg/img/p/7/1/7/717-small_default.jpg', 'jpg', '2026-06-22 15:53:17', '2026-06-22 17:32:02', 4),
(5, '5c48aaa58f8f5b275483ceaf76ff504e140f78ce', '/prestashop.sg/img/p/7/1/5/715-small_default.jpg', 'jpg', '2026-06-22 15:53:17', '2026-06-22 17:32:02', 4),
(6, '36cb9c5cd5167420b04c8220087a37243c70a5d5', '/prestashop.sg/img/p/7/1/2/712-small_default.jpg', 'jpg', '2026-06-22 15:53:17', '2026-06-23 15:15:12', 18),
(7, '486d6ed67118a8e9d4ead8a38169430f3ad8b7ab', '/prestashop.sg/img/p/7/0/6/706-small_default.jpg', 'jpg', '2026-06-22 15:53:17', '2026-06-22 15:54:40', 2),
(8, '39e20050ab14372a7940cfe5bf37192df4c590a8', '/prestashop.sg/img/p/7/1/6/716-small_default.jpg', 'jpg', '2026-06-22 15:53:18', '2026-06-22 17:32:01', 4),
(9, '14b078d7bac5554e6b5a962ac2c082884dbeb8ca', '/prestashop.sg/img/p/6/0/5/605-small_default.jpg', 'jpg', '2026-06-22 15:53:20', '2026-06-22 17:32:02', 4),
(10, '953334592ef7c1a4dcba8ba4ed4be91d056eb439', '/prestashop.sg/img/p/7/2/6/726-small_default.jpg', 'jpg', '2026-06-22 15:53:20', '2026-06-22 17:32:04', 4),
(11, '8b25215e2d0a9fd41d4b12efc658004d611701c8', '/prestashop.sg/img/p/5/5/8/558-small_default.jpg', 'jpg', '2026-06-22 15:53:21', '2026-06-23 15:15:11', 16),
(12, 'a24f187626c13ab8f36847d6f7f4b3e69e99b179', '/prestashop.sg/img/p/5/5/7/557-small_default.jpg', 'jpg', '2026-06-22 15:53:22', '2026-06-23 15:15:06', 17),
(13, 'd5a6e4afa0e4a0f788d30bf24bd8ee9cb3902318', '/prestashop.sg/img/p/5/5/6/556-small_default.jpg', 'jpg', '2026-06-22 15:53:24', '2026-06-23 15:15:03', 17),
(14, '7cde4698a1112272f3aeefe83e7a7d986310f914', '/prestashop.sg/img/p/5/5/5/555-small_default.jpg', 'jpg', '2026-06-22 15:53:24', '2026-06-23 15:15:02', 17),
(15, 'ad7fe756fe60bd3fb543cdd2d2f83fe66903cfa1', '/prestashop.sg/img/p/5/5/4/554-small_default.jpg', 'jpg', '2026-06-22 15:53:24', '2026-06-23 15:14:59', 18),
(16, '14a7c6793f9f62d378c3c92a3f7a53b14b078f48', '/prestashop.sg/img/p/5/5/3/553-small_default.jpg', 'jpg', '2026-06-22 15:53:26', '2026-06-23 15:14:57', 18),
(17, 'ff5c3feb1efbc024e963ca2b00e6fd4d4f85dcec', '/prestashop.sg/img/p/5/5/2/552-small_default.jpg', 'jpg', '2026-06-22 15:53:27', '2026-06-23 15:14:56', 17),
(18, '11a30ae3616797bdd7c0933c3d3b612c17f2aacf', '/prestashop.sg/img/p/7/0/6/706-cart_default.jpg', 'jpg', '2026-06-22 15:53:34', '2026-06-22 15:54:35', 3),
(58, 'a4a47600aae2501dda80f692a6f5ef152613ade7', '/prestashop.sg/img/p/2/9/3/293-small_default.jpg', 'jpg', '2026-06-22 17:31:53', '2026-06-23 15:14:53', 12),
(91, '0aa00bf494ea5c8469e90b790ffaf10a29f53228', '/prestashop.sg/img/p/2/5/3/253-small_default.jpg', 'jpg', '2026-06-22 17:39:12', '2026-06-23 15:14:47', 9),
(92, 'ba4bd44bc5b065d4eee74ee3a4084aa071311cfa', '/prestashop.sg/img/p/5/6/3/563-small_default.jpg', 'jpg', '2026-06-22 17:39:12', '2026-06-23 15:14:46', 9),
(93, 'f9504a705baca65a7677395922ef439d8bf70c55', '/prestashop.sg/img/p/2/4/6/246-small_default.jpg', 'jpg', '2026-06-22 17:39:14', '2026-06-23 15:14:42', 7),
(94, 'b76121f4418947c9580323aff6c2fd129645314c', '/prestashop.sg/img/p/2/4/7/247-small_default.jpg', 'jpg', '2026-06-22 17:39:14', '2026-06-23 15:14:44', 8),
(95, '731a0f4af1861d99632991a3636ef5a676bc6405', '/prestashop.sg/img/p/2/5/1/251-small_default.jpg', 'jpg', '2026-06-22 17:39:16', '2026-06-23 15:14:28', 7),
(96, '591a3a717244062a27ee3efa85e58318e9b1d07e', '/prestashop.sg/img/p/2/4/5/245-small_default.jpg', 'jpg', '2026-06-22 17:39:16', '2026-06-23 15:14:36', 7),
(97, 'e224f9d3016eca12ddcef836dd00d39f573036d0', '/prestashop.sg/img/p/2/2/8/228-small_default.jpg', 'jpg', '2026-06-22 17:39:17', '2026-06-23 15:14:33', 7),
(98, '020890a727c15acf6d0a1a52729ec80388fa363d', '/prestashop.sg/img/p/2/4/3/243-small_default.jpg', 'jpg', '2026-06-22 17:39:18', '2026-06-23 15:14:35', 7),
(99, 'c99ce9044158b02f09a8d2178d397b36e1f4b99b', '/prestashop.sg/img/p/5/7/0/570-small_default.jpg', 'jpg', '2026-06-22 17:39:19', '2026-06-23 15:14:25', 8),
(100, 'c093f0b093634483d5f977a23de17aad34ae80fb', '/prestashop.sg/img/p/2/5/0/250-small_default.jpg', 'jpg', '2026-06-22 17:39:20', '2026-06-23 15:14:27', 7),
(101, 'fef63512d31de7591269dc88cc61a1f2bd238111', '/prestashop.sg/img/p/2/1/5/215-small_default.jpg', 'jpg', '2026-06-22 17:39:21', '2026-06-23 15:14:08', 6),
(102, 'a09d19508282cb7a2c1c3924a376431f0036b987', '/prestashop.sg/img/p/1/5/0/150-small_default.jpg', 'jpg', '2026-06-22 17:39:21', '2026-06-23 15:14:08', 6),
(103, '736c319f8f396a2e72e93e6756f3a6ec907b23a8', '/prestashop.sg/img/p/2/6/6/266-small_default.jpg', 'jpg', '2026-06-22 17:39:23', '2026-06-23 15:14:08', 6),
(104, 'de17668117bbd84f6195f5faa9a0b9d75be1c5ef', '/prestashop.sg/img/p/1/5/1/151-small_default.jpg', 'jpg', '2026-06-22 17:39:24', '2026-06-23 15:14:08', 6),
(105, '95735ab97fd767f86ee7b0bc3296953f8fb6fde9', '/prestashop.sg/img/p/2/0/3/203-small_default.jpg', 'jpg', '2026-06-22 17:39:25', '2026-06-23 15:14:22', 8),
(106, '81d83376ae34a199b89519b4d619ada5df6ebd4e', '/prestashop.sg/img/p/1/7/0/170-small_default.jpg', 'jpg', '2026-06-22 17:39:25', '2026-06-23 15:14:20', 8),
(107, '255109b9d75e07e22c10fa1cca18db17890e443e', '/prestashop.sg/img/p/1/6/9/169-small_default.jpg', 'jpg', '2026-06-22 17:39:26', '2026-06-23 15:14:16', 8),
(108, 'c14c26f636b89cd233fe5931ca0655f10500fbb2', '/prestashop.sg/img/p/1/6/4/164-small_default.jpg', 'jpg', '2026-06-22 17:39:27', '2026-06-23 15:14:18', 8),
(109, 'dc99c909e8619995a4cedf95ea4939da729cf69d', '/prestashop.sg/img/p/1/6/3/163-small_default.jpg', 'jpg', '2026-06-22 17:39:28', '2026-06-23 15:14:14', 8),
(110, 'd72f27eba09396d3d62d6fd016a3a82d82fd41f5', '/prestashop.sg/img/p/1/6/2/162-small_default.jpg', 'jpg', '2026-06-22 17:39:29', '2026-06-23 15:14:13', 8),
(111, '11ef817d273d66be6221b9cc14e704183e6be246', '/prestashop.sg/img/p/5/6/2/562-small_default.jpg', 'jpg', '2026-06-22 17:39:30', '2026-06-23 15:14:09', 8),
(112, '4a719351274a35ba0d79c0a975ea4d668a3dfe03', '/prestashop.sg/img/p/5/6/1/561-small_default.jpg', 'jpg', '2026-06-22 17:39:31', '2026-06-23 15:14:09', 8),
(144, 'd75f385d5c4f2534a2f08bee52fd1061a63011b6', '/prestashop.co.uk/img/p/1/9/2/192-small_default.jpg', 'jpg', '2026-06-22 17:43:34', '2026-06-23 17:27:08', 3),
(145, '1ae26fa718f8f13e8d7b2435b35f52e05fc8d592', '/prestashop.co.uk/img/p/1/8/9/189-small_default.jpg', 'jpg', '2026-06-22 17:43:35', '2026-06-23 17:27:07', 3),
(146, '1c21b306ef7b68a58bc14beba146f1dc747e889a', '/prestashop.co.uk/img/p/5/2/6/526-small_default.jpg', 'jpg', '2026-06-22 17:43:35', '2026-06-23 17:27:07', 2),
(147, 'f4b6c09c0632ae030bfc7e5d2164108688e8a239', '/prestashop.co.uk/img/p/2/9/9/299-small_default.jpg', 'jpg', '2026-06-22 17:43:35', '2026-06-23 17:27:06', 3),
(148, 'd9065f6fdf14462515da69137ec23c42d342072d', '/prestashop.co.uk/img/p/5/2/5/525-small_default.jpg', 'jpg', '2026-06-22 17:43:35', '2026-06-23 17:27:07', 2),
(149, '021d9e120e392e91104fdbcfc5c1d014391e8e38', '/prestashop.co.uk/img/p/3/3/7/337-small_default.jpg', 'jpg', '2026-06-22 17:43:35', '2026-06-23 17:27:07', 3),
(150, 'a75df8b098c9835d65ce1ce15de1d6ef6a373121', '/prestashop.co.uk/img/p/1/1/2/112-small_default.jpg', 'jpg', '2026-06-22 17:43:38', '2026-06-23 17:27:09', 3),
(151, '979675dc855a8334d23143c55993115ea1a92ea7', '/prestashop.co.uk/img/p/1/1/4/114-small_default.jpg', 'jpg', '2026-06-22 17:43:39', '2026-06-23 17:27:10', 3),
(152, 'c6382e3d15eb043a770d65cd1cc32d56140a3415', '/prestashop.co.uk/img/p/1/1/5/115-small_default.jpg', 'jpg', '2026-06-22 17:43:41', '2026-06-23 17:27:12', 2),
(153, '0199adeac06fa44957cedff88992c5f57cca0d70', '/prestashop.co.uk/img/p/1/1/3/113-small_default.jpg', 'jpg', '2026-06-22 17:43:41', '2026-06-23 17:27:10', 2),
(154, '327da9cf956a4084f0bfe62a7ff0c34b36bb1f9b', '/prestashop.co.uk/img/p/1/9/6/196-small_default.jpg', 'jpg', '2026-06-22 17:43:42', '2026-06-23 17:27:12', 2),
(155, '87ac6e3a17a972b961438ecac754b184457b515b', '/prestashop.co.uk/img/p/3/0/1/301-small_default.jpg', 'jpg', '2026-06-22 17:43:43', '2026-06-23 17:27:13', 2),
(156, '7587218f8e47c3b43c0ebaec5b98b9d472991574', '/prestashop.co.uk/img/p/3/0/8/308-small_default.jpg', 'jpg', '2026-06-22 17:43:45', '2026-06-23 17:27:14', 2),
(157, '5e06854e653aa1613b790bd04910784f47c33968', '/prestashop.co.uk/img/p/3/1/0/310-small_default.jpg', 'jpg', '2026-06-22 17:43:46', '2026-06-23 17:27:15', 2),
(158, 'c1b7fd8d4506b7e1af7bc0a9fb7c4eaefbd985a8', '/prestashop.co.uk/img/p/3/0/9/309-small_default.jpg', 'jpg', '2026-06-22 17:43:47', '2026-06-23 17:27:14', 2),
(159, '2d7912b310ac966cd7e5c25772f38e0e242e9432', '/prestashop.co.uk/img/p/5/8/2/582-small_default.jpg', 'jpg', '2026-06-22 17:43:48', '2026-06-23 17:27:16', 2),
(160, '1021e046d8b4a5dc669cd91ecd913af2925003b1', '/prestashop.co.uk/img/p/5/8/3/583-small_default.jpg', 'jpg', '2026-06-22 17:43:50', '2026-06-23 17:27:17', 2),
(161, 'fb297fe444d05b9eb792c6fe3929417ece71b19a', '/prestashop.co.uk/img/p/3/1/1/311-small_default.jpg', 'jpg', '2026-06-22 17:43:50', '2026-06-23 17:27:18', 2),
(162, '98391e997397613b161b41008f85024cde36a24d', '/prestashop.co.uk/img/p/3/1/2/312-small_default.jpg', 'jpg', '2026-06-22 17:43:51', '2026-06-23 17:27:19', 2),
(163, '56b43c3ae65181f448d1ad5e0ffddb790b98ea72', '/prestashop.co.uk/img/p/3/1/3/313-small_default.jpg', 'jpg', '2026-06-22 17:43:52', '2026-06-23 17:27:19', 2),
(164, '36ed60a3e60985b6dddafb772e42f7ae243d26e4', '/prestashop.co.uk/img/p/3/1/4/314-small_default.jpg', 'jpg', '2026-06-22 17:43:52', '2026-06-23 17:27:21', 3),
(165, '51225d349c644abdbe408e5390820430e82f5896', '/prestashop.co.uk/img/p/3/1/7/317-small_default.jpg', 'jpg', '2026-06-22 17:43:53', '2026-06-23 17:27:21', 3),
(166, 'e01818e62b14d3c2a46540b3e211eab1f7cafc37', '/prestashop.co.uk/img/p/3/1/8/318-small_default.jpg', 'jpg', '2026-06-22 17:43:55', '2026-06-23 17:27:23', 3),
(167, 'd1ea10064b378e6b1ed57b5d067b511eeaf51585', '/prestashop.co.uk/img/p/1/9/5/195-small_default.jpg', 'jpg', '2026-06-22 17:43:55', '2026-06-23 17:27:23', 3),
(168, 'b03a065473cbfa204c9d253003c936eb8fac5ebb', '/prestashop.co.uk/img/p/3/2/9/329-small_default.jpg', 'jpg', '2026-06-22 17:43:57', '2026-06-23 17:27:24', 3),
(169, '82a8e795a3687f0e12f26eebcec2a78b48c06bb2', '/prestashop.co.uk/img/p/3/1/6/316-small_default.jpg', 'jpg', '2026-06-22 17:43:57', '2026-06-23 17:27:24', 3),
(170, 'd3c83e19d4cddbb1c789a9c94182e4806eac326f', '/prestashop.co.uk/img/p/2/3/1/231-small_default.jpg', 'jpg', '2026-06-22 17:43:57', '2026-06-23 17:27:25', 3),
(171, '04b6b08881724d0375ec38b8ece51c12a24efc17', '/prestashop.co.uk/img/p/5/2/9/529-small_default.jpg', 'jpg', '2026-06-22 17:43:58', '2026-06-23 17:27:26', 2),
(172, '1fc3bb229092c3c17f8e3a1dbdcb992ec42e1080', '/prestashop.co.uk/img/p/5/2/8/528-small_default.jpg', 'jpg', '2026-06-22 17:43:59', '2026-06-23 17:27:27', 2),
(173, '05d1aa09d63f4d2be933da19be711604eaec2fb2', '/prestashop.co.uk/img/p/3/0/3/303-small_default.jpg', 'jpg', '2026-06-22 17:43:59', '2026-06-23 17:27:27', 3),
(174, '2d32448f418a836f5972cbfdcf726a8fa25ca84b', '/prestashop.co.uk/img/p/3/0/6/306-small_default.jpg', 'jpg', '2026-06-22 17:44:00', '2026-06-23 17:27:28', 3),
(175, '15e6be4fe644f3c08c26f90cb741f74c2bb8390f', '/prestashop.co.uk/img/p/5/3/4/534-small_default.jpg', 'jpg', '2026-06-22 17:44:02', '2026-06-23 17:27:28', 2),
(176, 'fd5a3e9d029117c44a0f3b4c8cbe5fdecc59fc43', '/prestashop.co.uk/img/p/3/3/0/330-small_default.jpg', 'jpg', '2026-06-22 17:44:03', '2026-06-23 17:27:29', 3),
(177, 'c68d2fc306ab129a65619ac2485c985b1fe99a3c', '/prestashop.co.uk/img/p/3/0/7/307-small_default.jpg', 'jpg', '2026-06-22 17:44:03', '2026-06-23 17:27:30', 3),
(178, '5aabdf2ab3a18dd9a1455be4dfbbccdb77ae98ce', '/prestashop.co.uk/img/p/3/1/5/315-small_default.jpg', 'jpg', '2026-06-22 17:44:04', '2026-06-23 17:27:30', 3),
(179, '4768c1f90fd5eadf18d336bafc23b8eae6cfad1b', '/prestashop.co.uk/img/p/3/4/4/344-small_default.jpg', 'jpg', '2026-06-22 17:44:04', '2026-06-23 17:27:33', 3),
(180, '625d65406d8a0152752067c11714a790f3801b38', '/prestashop.co.uk/img/p/3/4/5/345-small_default.jpg', 'jpg', '2026-06-22 17:44:04', '2026-06-23 17:27:33', 3),
(181, 'a2ff246f8cc01029f3030b92c49809d93d9dfda7', '/prestashop.co.uk/img/p/3/4/6/346-small_default.jpg', 'jpg', '2026-06-22 17:44:06', '2026-06-23 17:27:34', 3),
(182, '1c68e910683ccb553b4e303a01d13fc55160054a', '/prestashop.co.uk/img/p/3/4/7/347-small_default.jpg', 'jpg', '2026-06-22 17:44:06', '2026-06-23 17:27:37', 3),
(183, 'e69002e87db64c9e4857ba224e19030d4cfa7244', '/prestashop.co.uk/img/p/3/4/8/348-small_default.jpg', 'jpg', '2026-06-22 17:44:08', '2026-06-23 17:27:38', 3),
(184, '82b503ea7facc4e2002a26119ae672d300955238', '/prestashop.co.uk/img/p/3/4/9/349-small_default.jpg', 'jpg', '2026-06-22 17:44:08', '2026-06-23 17:27:39', 3),
(185, 'cac801bba614a44d275c54f0e9ae730b5fb41389', '/prestashop.co.uk/img/p/3/5/0/350-small_default.jpg', 'jpg', '2026-06-22 17:44:09', '2026-06-23 17:27:40', 3),
(186, 'a2db08421f284afd2a9d6b2429093dc2d5c756e4', '/prestashop.co.uk/img/p/3/5/1/351-small_default.jpg', 'jpg', '2026-06-22 17:44:09', '2026-06-23 17:27:40', 3),
(187, '6002829ff742bb2f74ae1b6a98dd3368f9b79dda', '/prestashop.co.uk/img/p/7/2/6/726-small_default.jpg', 'jpg', '2026-06-22 17:44:09', '2026-06-23 17:27:41', 2),
(188, 'c128b23bc0501c12167ca4ab83ad9085a3f5cbca', '/prestashop.co.uk/img/p/7/1/4/714-small_default.jpg', 'jpg', '2026-06-22 17:44:11', '2026-06-23 17:27:44', 2),
(189, 'da3dede0aac7e35842b48af83eceb4c476f8572c', '/prestashop.co.uk/img/p/6/0/5/605-small_default.jpg', 'jpg', '2026-06-22 17:44:11', '2026-06-23 17:27:43', 3),
(190, '27257e888e2e17ff3b95d0bf33a388557e877ad7', '/prestashop.co.uk/img/p/7/1/7/717-small_default.jpg', 'jpg', '2026-06-22 17:44:11', '2026-06-23 17:27:44', 2),
(191, '0ac13f99cd8f75777adff3b90102b72b6181acfd', '/prestashop.co.uk/img/p/7/1/5/715-small_default.jpg', 'jpg', '2026-06-22 17:44:12', '2026-06-23 17:27:45', 2),
(192, '4cec1cc6ec128545585db00d9e2f26f55c9f7819', '/prestashop.co.uk/img/p/7/1/6/716-small_default.jpg', 'jpg', '2026-06-22 17:44:13', '2026-06-23 17:27:47', 2),
(474, '2acb9502d7babb4ecc5a76e2ed9ef84fe24eb35b', '/prestashop.co.uk/img/p/3/0/9/309-home_default.jpg', 'jpg', '2026-06-23 18:31:45', '2026-06-23 18:31:45', 1),
(475, '8b1e6f763723c7d823a84e21d1e5b445e427edc2', '/prestashop.co.uk/img/p/3/1/6/316-cart_default.jpg', 'jpg', '2026-06-23 18:31:46', '2026-06-23 18:31:46', 1),
(476, 'bc855dc8019f41160f7339c49188c6f724e7fb83', '/prestashop.co.uk/img/p/3/1/0/310-home_default.jpg', 'jpg', '2026-06-23 18:31:47', '2026-06-23 18:31:47', 1),
(477, 'c07fcf01fbb3157c687b53b009c2c8ab276c314e', '/prestashop.co.uk/img/p/5/2/8/528-home_default.jpg', 'jpg', '2026-06-23 18:31:48', '2026-06-23 18:31:48', 1),
(478, 'a56ed97b9dcd216f87a4861cdec74866e89cef22', '/prestashop.co.uk/img/p/5/2/9/529-cart_default.jpg', 'jpg', '2026-06-23 18:31:48', '2026-06-23 18:31:48', 1),
(479, 'fd51799778cc33f49cfc8e5165bdef43cbe29cff', '/prestashop.co.uk/img/p/3/3/7/337-home_default.jpg', 'jpg', '2026-06-23 18:31:49', '2026-06-23 18:32:01', 2),
(480, 'af1ff288075b38c139b399d41e80d9580baee35c', '/prestashop.co.uk/img/p/5/2/8/528-cart_default.jpg', 'jpg', '2026-06-23 18:31:49', '2026-06-23 18:31:49', 1),
(481, '3b0624b2f4fe446140780028716f0458e05ad4ad', '/prestashop.co.uk/img/p/5/2/9/529-home_default.jpg', 'jpg', '2026-06-23 18:31:52', '2026-06-23 18:31:52', 1),
(482, '69619c4b6e53a869a9a4094984bc9649df19da50', '/prestashop.co.uk/img/p/3/0/7/307-home_default.jpg', 'jpg', '2026-06-23 18:31:59', '2026-06-23 18:31:59', 1),
(483, 'e475328e8aca6bef80ecbed934ae43ccaa808c11', '/prestashop.co.uk/img/p/3/1/5/315-home_default.jpg', 'jpg', '2026-06-23 18:32:00', '2026-06-23 18:32:00', 1),
(484, '72ebd3c6bb8b23669c03bb9221f5094167deb97b', '/prestashop.co.uk/img/p/3/4/5/345-home_default.jpg', 'jpg', '2026-06-23 18:32:00', '2026-06-23 18:32:06', 2),
(487, 'd657802fd388a90a05f3e2f595f4f6b4cc0a11de', '/prestashop.sg/c/en-default-home_default/optimisers.jpg', 'jpg', '2026-06-24 15:52:07', '2026-07-01 14:56:50', 4),
(488, 'b74e3786209c0360694216279efb9331bea45758', '/prestashop.sg/c/en-default-home_default/usana-food-s-energy.jpg', 'jpg', '2026-06-24 15:52:07', '2026-07-01 14:56:50', 4),
(489, '0e08b0b23732dbf2addcb84b84574c8a6eede18c', '/prestashop.sg/c/en-default-home_default/usana-celavive.jpg', 'jpg', '2026-06-24 15:52:07', '2026-07-01 14:56:50', 4),
(490, '332b454450fcc21c58239a8dc4535cc4a1590105', '/prestashop.sg/c/en-default-home_default/oral-care.jpg', 'jpg', '2026-06-24 15:52:08', '2026-07-01 14:56:50', 4),
(492, '20940c0fc4c4617ca38a91acc3f13d873027600f', '/prestashop.sg/content/img/items.gif', 'gif', '2026-06-26 17:50:07', '2026-07-01 18:56:46', 5);

-- --------------------------------------------------------

--
-- Table structure for table `xio8d_uit_smush`
--

CREATE TABLE `xio8d_uit_smush` (
  `id` int(10) UNSIGNED NOT NULL,
  `object_id` int(10) UNSIGNED NOT NULL,
  `object_type` varchar(255) NOT NULL DEFAULT 'product',
  `image_size` varchar(255) NOT NULL DEFAULT '',
  `original_size` int(10) UNSIGNED NOT NULL DEFAULT 0,
  `new_size` int(10) UNSIGNED NOT NULL DEFAULT 0,
  `date_add` datetime NOT NULL,
  `processed` tinyint(3) UNSIGNED NOT NULL DEFAULT 0
) ENGINE=InnoDB DEFAULT CHARSET=utf8mb4 COLLATE=utf8mb4_general_ci;

--
-- Dumping data for table `xio8d_uit_smush`
--

INSERT INTO `xio8d_uit_smush` (`id`, `object_id`, `object_type`, `image_size`, `original_size`, `new_size`, `date_add`, `processed`) VALUES
(1, 199, 'product', '', 4, 3, '2026-06-22 15:06:08', 1),
(2, 198, 'product', '', 5, 5, '2026-06-22 15:06:13', 1),
(3, 197, 'product', '', 5, 4, '2026-06-22 15:06:17', 1),
(4, 196, 'product', '', 5, 4, '2026-06-22 15:06:21', 1),
(5, 194, 'product', '', 14, 12, '2026-06-22 15:06:26', 1),
(6, 191, 'product', '', 10, 9, '2026-06-22 15:06:34', 1),
(7, 190, 'product', '', 12, 11, '2026-06-22 15:06:38', 1),
(8, 189, 'product', '', 14, 12, '2026-06-22 15:06:46', 1),
(9, 185, 'product', '', 14, 13, '2026-06-22 15:06:50', 1),
(10, 177, 'product', '', 38, 29, '2026-06-22 15:06:54', 1),
(11, 176, 'product', '', 25, 19, '2026-06-22 15:06:58', 1),
(12, 175, 'product', '', 28, 21, '2026-06-22 15:07:02', 1),
(13, 172, 'product', '', 191, 140, '2026-06-22 15:07:10', 1),
(14, 171, 'product', '', 40, 29, '2026-06-22 15:07:16', 1),
(15, 170, 'product', '', 59, 49, '2026-06-22 15:07:26', 1),
(16, 169, 'product', '', 15, 13, '2026-06-22 15:07:33', 1),
(17, 168, 'product', '', 18, 16, '2026-06-22 15:07:45', 1),
(18, 157, 'product', '', 8, 6, '2026-06-22 15:07:49', 1),
(19, 152, 'product', '', 49, 41, '2026-06-22 15:07:54', 1),
(20, 150, 'product', '', 9, 7, '2026-06-22 15:07:58', 1),
(21, 149, 'product', '', 8, 8, '2026-06-22 15:08:01', 1),
(22, 148, 'product', '', 13, 10, '2026-06-22 15:08:05', 1),
(23, 147, 'product', '', 49, 42, '2026-06-22 15:08:10', 1),
(24, 144, 'product', '', 51, 43, '2026-06-22 15:08:15', 1),
(25, 143, 'product', '', 62, 51, '2026-06-22 15:08:22', 1),
(26, 142, 'product', '', 56, 47, '2026-06-22 15:08:27', 1),
(27, 138, 'product', '', 11, 8, '2026-06-22 15:08:32', 1),
(28, 134, 'product', '', 23, 17, '2026-06-22 15:08:37', 1),
(29, 131, 'product', '', 67, 56, '2026-06-22 15:08:42', 1),
(30, 130, 'product', '', 12, 11, '2026-06-22 15:08:48', 1),
(31, 129, 'product', '', 66, 56, '2026-06-22 15:08:54', 1),
(32, 127, 'product', '', 5, 5, '2026-06-22 15:08:59', 1),
(33, 122, 'product', '', 52, 45, '2026-06-22 15:09:06', 1),
(34, 118, 'product', '', 12, 9, '2026-06-22 15:09:10', 1),
(35, 112, 'product', '', 13, 12, '2026-06-22 15:09:18', 1),
(36, 101, 'product', '', 11, 9, '2026-06-22 15:09:27', 1),
(37, 99, 'product', '', 8, 7, '2026-06-22 15:09:35', 1),
(38, 97, 'product', '', 12, 9, '2026-06-22 15:09:39', 1),
(39, 96, 'product', '', 8, 7, '2026-06-22 15:09:50', 1),
(40, 95, 'product', '', 11, 10, '2026-06-22 15:10:00', 1),
(41, 93, 'product', '', 8, 6, '2026-06-22 15:10:04', 1),
(42, 92, 'product', '', 11, 10, '2026-06-22 15:10:13', 1),
(43, 84, 'product', '', 59, 50, '2026-06-22 15:10:18', 1),
(44, 83, 'product', '', 21, 16, '2026-06-22 15:10:26', 1),
(45, 80, 'product', '', 55, 47, '2026-06-22 15:10:31', 1),
(46, 78, 'product', '', 60, 51, '2026-06-22 15:10:38', 1),
(47, 77, 'product', '', 73, 61, '2026-06-22 15:10:45', 1),
(48, 76, 'product', '', 58, 49, '2026-06-22 15:10:53', 1),
(49, 75, 'product', '', 58, 50, '2026-06-22 15:11:00', 1),
(50, 72, 'product', '', 58, 50, '2026-06-22 15:11:07', 1),
(51, 71, 'product', '', 8, 7, '2026-06-22 15:11:12', 1),
(52, 70, 'product', '', 58, 50, '2026-06-22 15:11:19', 1),
(53, 69, 'product', '', 11, 10, '2026-06-22 15:11:27', 1),
(54, 68, 'product', '', 63, 53, '2026-06-22 15:11:33', 1),
(55, 67, 'product', '', 47, 40, '2026-06-22 15:11:40', 1),
(56, 49, 'product', '', 12, 11, '2026-06-22 15:11:50', 1),
(57, 48, 'product', '', 17, 14, '2026-06-22 15:12:01', 1),
(58, 30, 'product', '', 53, 45, '2026-06-22 15:12:14', 1),
(59, 29, 'product', '', 61, 51, '2026-06-22 15:12:19', 1),
(60, 27, 'product', '', 78, 64, '2026-06-22 15:12:23', 1),
(61, 23, 'product', '', 64, 54, '2026-06-22 15:12:30', 1),
(62, 22, 'product', '', 58, 48, '2026-06-22 15:12:37', 1),
(63, 21, 'product', '', 63, 53, '2026-06-22 15:12:46', 1),
(64, 204, 'product', 'cart_default', 0, 0, '2026-06-22 15:54:00', 0),
(65, 204, 'product', 'home_default', 0, 0, '2026-06-22 15:54:00', 0),
(66, 204, 'product', 'large_default', 0, 0, '2026-06-22 15:54:00', 0),
(67, 204, 'product', 'medium_default', 0, 0, '2026-06-22 15:54:00', 0),
(68, 204, 'product', 'small_default', 0, 0, '2026-06-22 15:54:00', 0),
(69, 77, 'product', 'cart_default', 0, 0, '2026-06-22 16:44:31', 0),
(70, 77, 'product', 'home_default', 0, 0, '2026-06-22 16:44:31', 0),
(71, 77, 'product', 'large_default', 0, 0, '2026-06-22 16:44:31', 0),
(72, 77, 'product', 'medium_default', 0, 0, '2026-06-22 16:44:31', 0),
(73, 77, 'product', 'small_default', 0, 0, '2026-06-22 16:44:31', 0),
(74, 75, 'product', 'cart_default', 0, 0, '2026-06-23 11:12:44', 0),
(75, 75, 'product', 'home_default', 0, 0, '2026-06-23 11:12:44', 0),
(76, 75, 'product', 'large_default', 0, 0, '2026-06-23 11:12:44', 0),
(77, 75, 'product', 'medium_default', 0, 0, '2026-06-23 11:12:44', 0),
(78, 75, 'product', 'small_default', 0, 0, '2026-06-23 11:12:44', 0),
(79, 76, 'product', 'cart_default', 0, 0, '2026-06-23 11:58:13', 0),
(80, 76, 'product', 'home_default', 0, 0, '2026-06-23 11:58:13', 0),
(81, 76, 'product', 'large_default', 0, 0, '2026-06-23 11:58:13', 0),
(82, 76, 'product', 'medium_default', 0, 0, '2026-06-23 11:58:13', 0),
(83, 76, 'product', 'small_default', 0, 0, '2026-06-23 11:58:13', 0),
(84, 149, 'product', 'cart_default', 0, 0, '2026-06-23 15:55:09', 0),
(85, 149, 'product', 'home_default', 0, 0, '2026-06-23 15:55:09', 0),
(86, 149, 'product', 'large_default', 0, 0, '2026-06-23 15:55:09', 0),
(87, 149, 'product', 'medium_default', 0, 0, '2026-06-23 15:55:09', 0),
(88, 149, 'product', 'small_default', 0, 0, '2026-06-23 15:55:09', 0),
(89, 179, 'product', 'cart_default', 0, 0, '2026-06-24 10:40:35', 0),
(90, 179, 'product', 'home_default', 0, 0, '2026-06-24 10:40:35', 0),
(91, 179, 'product', 'large_default', 0, 0, '2026-06-24 10:40:35', 0),
(92, 179, 'product', 'medium_default', 0, 0, '2026-06-24 10:40:35', 0),
(93, 179, 'product', 'small_default', 0, 0, '2026-06-24 10:40:35', 0),
(94, 92, 'product', 'cart_default', 0, 0, '2026-06-29 17:21:39', 0),
(95, 92, 'product', 'home_default', 0, 0, '2026-06-29 17:21:39', 0),
(96, 92, 'product', 'large_default', 0, 0, '2026-06-29 17:21:39', 0),
(97, 92, 'product', 'medium_default', 0, 0, '2026-06-29 17:21:39', 0),
(98, 92, 'product', 'small_default', 0, 0, '2026-06-29 17:21:39', 0);

-- --------------------------------------------------------

--
-- Table structure for table `xio8d_warehouse`
--

CREATE TABLE `xio8d_warehouse` (
  `id_warehouse` int(11) UNSIGNED NOT NULL,
  `id_currency` int(11) UNSIGNED NOT NULL,
  `id_address` int(11) UNSIGNED NOT NULL,
  `id_employee` int(11) UNSIGNED NOT NULL,
  `reference` varchar(64) DEFAULT NULL,
  `name` varchar(45) NOT NULL,
  `management_type` enum('WA','FIFO','LIFO') NOT NULL DEFAULT 'WA',
  `deleted` tinyint(1) UNSIGNED NOT NULL DEFAULT 0
) ENGINE=InnoDB DEFAULT CHARSET=utf8mb4 COLLATE=utf8mb4_general_ci;

-- --------------------------------------------------------

--
-- Table structure for table `xio8d_warehouse_carrier`
--

CREATE TABLE `xio8d_warehouse_carrier` (
  `id_carrier` int(11) UNSIGNED NOT NULL,
  `id_warehouse` int(11) UNSIGNED NOT NULL
) ENGINE=InnoDB DEFAULT CHARSET=utf8mb4 COLLATE=utf8mb4_general_ci;

-- --------------------------------------------------------

--
-- Table structure for table `xio8d_warehouse_product_location`
--

CREATE TABLE `xio8d_warehouse_product_location` (
  `id_warehouse_product_location` int(11) UNSIGNED NOT NULL,
  `id_product` int(11) UNSIGNED NOT NULL,
  `id_product_attribute` int(11) UNSIGNED NOT NULL,
  `id_warehouse` int(11) UNSIGNED NOT NULL,
  `location` varchar(64) DEFAULT NULL
) ENGINE=InnoDB DEFAULT CHARSET=utf8mb4 COLLATE=utf8mb4_general_ci;

-- --------------------------------------------------------

--
-- Table structure for table `xio8d_warehouse_shop`
--

CREATE TABLE `xio8d_warehouse_shop` (
  `id_shop` int(11) UNSIGNED NOT NULL,
  `id_warehouse` int(11) UNSIGNED NOT NULL
) ENGINE=InnoDB DEFAULT CHARSET=utf8mb4 COLLATE=utf8mb4_general_ci;

-- --------------------------------------------------------

--
-- Table structure for table `xio8d_webservice_account`
--

CREATE TABLE `xio8d_webservice_account` (
  `id_webservice_account` int(11) NOT NULL,
  `key` varchar(32) NOT NULL,
  `description` mediumtext DEFAULT NULL,
  `class_name` varchar(50) NOT NULL DEFAULT 'WebserviceRequest',
  `is_module` tinyint(2) NOT NULL DEFAULT 0,
  `module_name` varchar(50) DEFAULT NULL,
  `active` tinyint(2) NOT NULL
) ENGINE=InnoDB DEFAULT CHARSET=utf8mb4 COLLATE=utf8mb4_general_ci;

-- --------------------------------------------------------

--
-- Table structure for table `xio8d_webservice_account_shop`
--

CREATE TABLE `xio8d_webservice_account_shop` (
  `id_webservice_account` int(11) UNSIGNED NOT NULL,
  `id_shop` int(11) UNSIGNED NOT NULL
) ENGINE=InnoDB DEFAULT CHARSET=utf8mb4 COLLATE=utf8mb4_general_ci;

-- --------------------------------------------------------

--
-- Table structure for table `xio8d_webservice_permission`
--

CREATE TABLE `xio8d_webservice_permission` (
  `id_webservice_permission` int(11) NOT NULL,
  `resource` varchar(50) NOT NULL,
  `method` enum('GET','POST','PUT','PATCH','DELETE','HEAD') NOT NULL,
  `id_webservice_account` int(11) NOT NULL
) ENGINE=InnoDB DEFAULT CHARSET=utf8mb4 COLLATE=utf8mb4_general_ci;

-- --------------------------------------------------------

--
-- Table structure for table `xio8d_web_browser`
--

CREATE TABLE `xio8d_web_browser` (
  `id_web_browser` int(10) UNSIGNED NOT NULL,
  `name` varchar(64) DEFAULT NULL
) ENGINE=InnoDB DEFAULT CHARSET=utf8mb4 COLLATE=utf8mb4_general_ci;

--
-- Dumping data for table `xio8d_web_browser`
--

INSERT INTO `xio8d_web_browser` (`id_web_browser`, `name`) VALUES
(1, 'Safari'),
(2, 'Safari iPad'),
(3, 'Firefox'),
(4, 'Opera'),
(5, 'IE 6'),
(6, 'IE 7'),
(7, 'IE 8'),
(8, 'IE 9'),
(9, 'IE 10'),
(10, 'IE 11'),
(11, 'Chrome');

-- --------------------------------------------------------

--
-- Table structure for table `xio8d_wishlist`
--

CREATE TABLE `xio8d_wishlist` (
  `id_wishlist` int(10) UNSIGNED NOT NULL,
  `id_customer` int(10) UNSIGNED NOT NULL,
  `id_shop` int(10) UNSIGNED DEFAULT 1,
  `id_shop_group` int(10) UNSIGNED DEFAULT 1,
  `token` varchar(64) NOT NULL,
  `name` varchar(64) NOT NULL,
  `counter` int(10) UNSIGNED DEFAULT NULL,
  `date_add` datetime NOT NULL,
  `date_upd` datetime NOT NULL,
  `default` int(10) UNSIGNED DEFAULT 0
) ENGINE=InnoDB DEFAULT CHARSET=utf8 COLLATE=utf8_general_ci;

-- --------------------------------------------------------

--
-- Table structure for table `xio8d_wishlist_product`
--

CREATE TABLE `xio8d_wishlist_product` (
  `id_wishlist_product` int(10) NOT NULL,
  `id_wishlist` int(10) UNSIGNED NOT NULL,
  `id_product` int(10) UNSIGNED NOT NULL,
  `id_product_attribute` int(10) UNSIGNED NOT NULL,
  `quantity` int(10) UNSIGNED NOT NULL,
  `priority` int(10) UNSIGNED NOT NULL
) ENGINE=InnoDB DEFAULT CHARSET=utf8 COLLATE=utf8_general_ci;

-- --------------------------------------------------------

--
-- Table structure for table `xio8d_wishlist_product_cart`
--

CREATE TABLE `xio8d_wishlist_product_cart` (
  `id_wishlist_product` int(10) UNSIGNED NOT NULL,
  `id_cart` int(10) UNSIGNED NOT NULL,
  `quantity` int(10) UNSIGNED NOT NULL,
  `date_add` datetime NOT NULL
) ENGINE=InnoDB DEFAULT CHARSET=utf8 COLLATE=utf8_general_ci;

-- --------------------------------------------------------

--
-- Table structure for table `xio8d_zone`
--

CREATE TABLE `xio8d_zone` (
  `id_zone` int(10) UNSIGNED NOT NULL,
  `name` varchar(64) NOT NULL,
  `active` tinyint(1) UNSIGNED NOT NULL DEFAULT 0
) ENGINE=InnoDB DEFAULT CHARSET=utf8mb4 COLLATE=utf8mb4_general_ci;

--
-- Dumping data for table `xio8d_zone`
--

INSERT INTO `xio8d_zone` (`id_zone`, `name`, `active`) VALUES
(1, 'Europe', 1),
(2, 'North America', 1),
(3, 'Asia', 1),
(4, 'Africa', 1),
(5, 'Oceania', 1),
(6, 'South America', 1),
(7, 'Europe (non-EU)', 1),
(8, 'Central America/Antilla', 1),
(9, 'England, Scotland or Wales', 1),
(10, 'Isle of Man, UK', 1),
(11, 'Isle of White, UK', 1),
(12, 'Scottish Highlands,UK', 1);

-- --------------------------------------------------------

--
-- Table structure for table `xio8d_zone_shop`
--

CREATE TABLE `xio8d_zone_shop` (
  `id_zone` int(11) UNSIGNED NOT NULL,
  `id_shop` int(11) UNSIGNED NOT NULL
) ENGINE=InnoDB DEFAULT CHARSET=utf8mb4 COLLATE=utf8mb4_general_ci;

--
-- Dumping data for table `xio8d_zone_shop`
--

INSERT INTO `xio8d_zone_shop` (`id_zone`, `id_shop`) VALUES
(1, 1),
(1, 2),
(2, 1),
(2, 2),
(3, 1),
(3, 2),
(4, 1),
(4, 2),
(5, 1),
(5, 2),
(6, 1),
(6, 2),
(7, 1),
(7, 2),
(8, 1),
(8, 2),
(9, 1),
(9, 2),
(10, 1),
(10, 2),
(11, 1),
(11, 2),
(12, 1),
(12, 2);

--
-- Indexes for table `xio8d_accessory`
--
ALTER TABLE `xio8d_accessory`
  ADD PRIMARY KEY (`id_product_1`,`id_product_2`);

--
-- Indexes for table `xio8d_address`
--
ALTER TABLE `xio8d_address`
  ADD PRIMARY KEY (`id_address`),
  ADD KEY `address_customer` (`id_customer`),
  ADD KEY `id_country` (`id_country`),
  ADD KEY `id_state` (`id_state`),
  ADD KEY `id_manufacturer` (`id_manufacturer`),
  ADD KEY `id_supplier` (`id_supplier`),
  ADD KEY `id_warehouse` (`id_warehouse`);

--
-- Indexes for table `xio8d_address_format`
--
ALTER TABLE `xio8d_address_format`
  ADD PRIMARY KEY (`id_country`);

--
-- Indexes for table `xio8d_admin_filter`
--
ALTER TABLE `xio8d_admin_filter`
  ADD PRIMARY KEY (`id`),
  ADD UNIQUE KEY `admin_filter_search_id_idx` (`employee`,`shop`,`controller`,`action`,`filter_id`);

--
-- Indexes for table `xio8d_alias`
--
ALTER TABLE `xio8d_alias`
  ADD PRIMARY KEY (`id_alias`),
  ADD UNIQUE KEY `alias` (`alias`);

--
-- Indexes for table `xio8d_api_client`
--
ALTER TABLE `xio8d_api_client`
  ADD PRIMARY KEY (`id_api_client`),
  ADD UNIQUE KEY `api_client_client_id_idx` (`client_id`,`external_issuer`),
  ADD UNIQUE KEY `api_client_client_name_idx` (`client_name`,`external_issuer`);

--
-- Indexes for table `xio8d_attachment`
--
ALTER TABLE `xio8d_attachment`
  ADD PRIMARY KEY (`id_attachment`);

--
-- Indexes for table `xio8d_attachment_lang`
--
ALTER TABLE `xio8d_attachment_lang`
  ADD PRIMARY KEY (`id_attachment`,`id_lang`);

--
-- Indexes for table `xio8d_attribute`
--
ALTER TABLE `xio8d_attribute`
  ADD PRIMARY KEY (`id_attribute`),
  ADD KEY `attribute_group` (`id_attribute_group`);

--
-- Indexes for table `xio8d_attribute_group`
--
ALTER TABLE `xio8d_attribute_group`
  ADD PRIMARY KEY (`id_attribute_group`);

--
-- Indexes for table `xio8d_attribute_group_lang`
--
ALTER TABLE `xio8d_attribute_group_lang`
  ADD PRIMARY KEY (`id_attribute_group`,`id_lang`),
  ADD KEY `IDX_4653726C67A664FB` (`id_attribute_group`),
  ADD KEY `IDX_4653726CBA299860` (`id_lang`);

--
-- Indexes for table `xio8d_attribute_group_shop`
--
ALTER TABLE `xio8d_attribute_group_shop`
  ADD PRIMARY KEY (`id_attribute_group`,`id_shop`),
  ADD KEY `IDX_DB30BAAC67A664FB` (`id_attribute_group`),
  ADD KEY `IDX_DB30BAAC274A50A0` (`id_shop`);

--
-- Indexes for table `xio8d_attribute_lang`
--
ALTER TABLE `xio8d_attribute_lang`
  ADD PRIMARY KEY (`id_attribute`,`id_lang`),
  ADD KEY `IDX_3ABE46A77A4F53DC` (`id_attribute`),
  ADD KEY `IDX_3ABE46A7BA299860` (`id_lang`);

--
-- Indexes for table `xio8d_attribute_shop`
--
ALTER TABLE `xio8d_attribute_shop`
  ADD PRIMARY KEY (`id_attribute`,`id_shop`),
  ADD KEY `IDX_A7DD8E677A4F53DC` (`id_attribute`),
  ADD KEY `IDX_A7DD8E67274A50A0` (`id_shop`);

--
-- Indexes for table `xio8d_blockwishlist_statistics`
--
ALTER TABLE `xio8d_blockwishlist_statistics`
  ADD PRIMARY KEY (`id_statistics`);

--
-- Indexes for table `xio8d_braintreeofficial_capture`
--
ALTER TABLE `xio8d_braintreeofficial_capture`
  ADD PRIMARY KEY (`id_braintreeofficial_capture`);

--
-- Indexes for table `xio8d_braintreeofficial_customer`
--
ALTER TABLE `xio8d_braintreeofficial_customer`
  ADD PRIMARY KEY (`id_braintreeofficial_customer`);

--
-- Indexes for table `xio8d_braintreeofficial_order`
--
ALTER TABLE `xio8d_braintreeofficial_order`
  ADD PRIMARY KEY (`id_braintreeofficial_order`);

--
-- Indexes for table `xio8d_braintreeofficial_processlogger`
--
ALTER TABLE `xio8d_braintreeofficial_processlogger`
  ADD PRIMARY KEY (`id_braintreeofficial_processlogger`);

--
-- Indexes for table `xio8d_braintreeofficial_vaulting`
--
ALTER TABLE `xio8d_braintreeofficial_vaulting`
  ADD PRIMARY KEY (`id_braintreeofficial_vaulting`);

--
-- Indexes for table `xio8d_carrier`
--
ALTER TABLE `xio8d_carrier`
  ADD PRIMARY KEY (`id_carrier`),
  ADD KEY `deleted` (`deleted`,`active`),
  ADD KEY `reference` (`id_reference`,`deleted`,`active`);

--
-- Indexes for table `xio8d_carrier_group`
--
ALTER TABLE `xio8d_carrier_group`
  ADD PRIMARY KEY (`id_carrier`,`id_group`);

--
-- Indexes for table `xio8d_carrier_lang`
--
ALTER TABLE `xio8d_carrier_lang`
  ADD PRIMARY KEY (`id_lang`,`id_shop`,`id_carrier`);

--
-- Indexes for table `xio8d_carrier_shop`
--
ALTER TABLE `xio8d_carrier_shop`
  ADD PRIMARY KEY (`id_carrier`,`id_shop`),
  ADD KEY `id_shop` (`id_shop`);

--
-- Indexes for table `xio8d_carrier_tax_rules_group_shop`
--
ALTER TABLE `xio8d_carrier_tax_rules_group_shop`
  ADD PRIMARY KEY (`id_carrier`,`id_tax_rules_group`,`id_shop`);

--
-- Indexes for table `xio8d_carrier_zone`
--
ALTER TABLE `xio8d_carrier_zone`
  ADD PRIMARY KEY (`id_carrier`,`id_zone`);

--
-- Indexes for table `xio8d_cart`
--
ALTER TABLE `xio8d_cart`
  ADD PRIMARY KEY (`id_cart`),
  ADD KEY `cart_customer` (`id_customer`),
  ADD KEY `id_address_delivery` (`id_address_delivery`),
  ADD KEY `id_address_invoice` (`id_address_invoice`),
  ADD KEY `id_carrier` (`id_carrier`),
  ADD KEY `id_lang` (`id_lang`),
  ADD KEY `id_currency` (`id_currency`),
  ADD KEY `id_guest` (`id_guest`),
  ADD KEY `id_shop_group` (`id_shop_group`),
  ADD KEY `id_shop_2` (`id_shop`,`date_upd`),
  ADD KEY `id_shop` (`id_shop`,`date_add`);

--
-- Indexes for table `xio8d_cart_cart_rule`
--
ALTER TABLE `xio8d_cart_cart_rule`
  ADD PRIMARY KEY (`id_cart`,`id_cart_rule`),
  ADD KEY `id_cart_rule` (`id_cart_rule`);

--
-- Indexes for table `xio8d_cart_product`
--
ALTER TABLE `xio8d_cart_product`
  ADD PRIMARY KEY (`id_cart`,`id_product`,`id_product_attribute`,`id_customization`,`id_address_delivery`),
  ADD KEY `id_product_attribute` (`id_product_attribute`),
  ADD KEY `id_cart_order` (`id_cart`,`date_add`,`id_product`,`id_product_attribute`);

--
-- Indexes for table `xio8d_cart_rule`
--
ALTER TABLE `xio8d_cart_rule`
  ADD PRIMARY KEY (`id_cart_rule`),
  ADD KEY `id_customer` (`id_customer`,`active`,`date_to`),
  ADD KEY `group_restriction` (`group_restriction`,`active`,`date_to`),
  ADD KEY `id_customer_2` (`id_customer`,`active`,`highlight`,`date_to`),
  ADD KEY `group_restriction_2` (`group_restriction`,`active`,`highlight`,`date_to`),
  ADD KEY `date_from` (`date_from`),
  ADD KEY `date_to` (`date_to`),
  ADD KEY `id_cart_rule_type` (`id_cart_rule_type`);

--
-- Indexes for table `xio8d_cart_rule_carrier`
--
ALTER TABLE `xio8d_cart_rule_carrier`
  ADD PRIMARY KEY (`id_cart_rule`,`id_carrier`);

--
-- Indexes for table `xio8d_cart_rule_combination`
--
ALTER TABLE `xio8d_cart_rule_combination`
  ADD PRIMARY KEY (`id_cart_rule_1`,`id_cart_rule_2`),
  ADD KEY `id_cart_rule_1` (`id_cart_rule_1`),
  ADD KEY `id_cart_rule_2` (`id_cart_rule_2`);

--
-- Indexes for table `xio8d_cart_rule_compatible_types`
--
ALTER TABLE `xio8d_cart_rule_compatible_types`
  ADD PRIMARY KEY (`id_cart_rule`,`id_cart_rule_type`),
  ADD KEY `id_cart_rule` (`id_cart_rule`),
  ADD KEY `id_cart_rule_type` (`id_cart_rule_type`);

--
-- Indexes for table `xio8d_cart_rule_country`
--
ALTER TABLE `xio8d_cart_rule_country`
  ADD PRIMARY KEY (`id_cart_rule`,`id_country`);

--
-- Indexes for table `xio8d_cart_rule_group`
--
ALTER TABLE `xio8d_cart_rule_group`
  ADD PRIMARY KEY (`id_cart_rule`,`id_group`);

--
-- Indexes for table `xio8d_cart_rule_lang`
--
ALTER TABLE `xio8d_cart_rule_lang`
  ADD PRIMARY KEY (`id_cart_rule`,`id_lang`);

--
-- Indexes for table `xio8d_cart_rule_product_rule`
--
ALTER TABLE `xio8d_cart_rule_product_rule`
  ADD PRIMARY KEY (`id_product_rule`);

--
-- Indexes for table `xio8d_cart_rule_product_rule_group`
--
ALTER TABLE `xio8d_cart_rule_product_rule_group`
  ADD PRIMARY KEY (`id_product_rule_group`);

--
-- Indexes for table `xio8d_cart_rule_product_rule_value`
--
ALTER TABLE `xio8d_cart_rule_product_rule_value`
  ADD PRIMARY KEY (`id_product_rule`,`id_item`);

--
-- Indexes for table `xio8d_cart_rule_shop`
--
ALTER TABLE `xio8d_cart_rule_shop`
  ADD PRIMARY KEY (`id_cart_rule`,`id_shop`);

--
-- Indexes for table `xio8d_cart_rule_type`
--
ALTER TABLE `xio8d_cart_rule_type`
  ADD PRIMARY KEY (`id_cart_rule_type`),
  ADD UNIQUE KEY `discount_type` (`discount_type`);

--
-- Indexes for table `xio8d_cart_rule_type_lang`
--
ALTER TABLE `xio8d_cart_rule_type_lang`
  ADD PRIMARY KEY (`id_cart_rule_type`,`id_lang`);

--
-- Indexes for table `xio8d_category`
--
ALTER TABLE `xio8d_category`
  ADD PRIMARY KEY (`id_category`),
  ADD KEY `category_parent` (`id_parent`),
  ADD KEY `nleftrightactive` (`nleft`,`nright`,`active`),
  ADD KEY `level_depth` (`level_depth`),
  ADD KEY `nright` (`nright`),
  ADD KEY `activenleft` (`active`,`nleft`),
  ADD KEY `activenright` (`active`,`nright`);

--
-- Indexes for table `xio8d_category_group`
--
ALTER TABLE `xio8d_category_group`
  ADD PRIMARY KEY (`id_category`,`id_group`),
  ADD KEY `id_category` (`id_category`),
  ADD KEY `id_group` (`id_group`);

--
-- Indexes for table `xio8d_category_lang`
--
ALTER TABLE `xio8d_category_lang`
  ADD PRIMARY KEY (`id_category`,`id_shop`,`id_lang`),
  ADD KEY `category_name` (`name`);

--
-- Indexes for table `xio8d_category_product`
--
ALTER TABLE `xio8d_category_product`
  ADD PRIMARY KEY (`id_category`,`id_product`),
  ADD KEY `id_product` (`id_product`),
  ADD KEY `id_category` (`id_category`,`position`);

--
-- Indexes for table `xio8d_category_shop`
--
ALTER TABLE `xio8d_category_shop`
  ADD PRIMARY KEY (`id_category`,`id_shop`);

--
-- Indexes for table `xio8d_ce_content`
--
ALTER TABLE `xio8d_ce_content`
  ADD PRIMARY KEY (`id_ce_content`);

--
-- Indexes for table `xio8d_ce_content_lang`
--
ALTER TABLE `xio8d_ce_content_lang`
  ADD PRIMARY KEY (`id_ce_content`,`id_shop`,`id_lang`);

--
-- Indexes for table `xio8d_ce_content_shop`
--
ALTER TABLE `xio8d_ce_content_shop`
  ADD PRIMARY KEY (`id_ce_content`,`id_shop`),
  ADD KEY `id_shop` (`id_shop`);

--
-- Indexes for table `xio8d_ce_meta`
--
ALTER TABLE `xio8d_ce_meta`
  ADD PRIMARY KEY (`id_ce_meta`),
  ADD KEY `id` (`id`),
  ADD KEY `name` (`name`);

--
-- Indexes for table `xio8d_ce_revision`
--
ALTER TABLE `xio8d_ce_revision`
  ADD PRIMARY KEY (`id_ce_revision`),
  ADD KEY `id` (`parent`),
  ADD KEY `date_add` (`date_upd`);

--
-- Indexes for table `xio8d_ce_template`
--
ALTER TABLE `xio8d_ce_template`
  ADD PRIMARY KEY (`id_ce_template`);

--
-- Indexes for table `xio8d_cms`
--
ALTER TABLE `xio8d_cms`
  ADD PRIMARY KEY (`id_cms`);

--
-- Indexes for table `xio8d_cms_category`
--
ALTER TABLE `xio8d_cms_category`
  ADD PRIMARY KEY (`id_cms_category`),
  ADD KEY `category_parent` (`id_parent`);

--
-- Indexes for table `xio8d_cms_category_lang`
--
ALTER TABLE `xio8d_cms_category_lang`
  ADD PRIMARY KEY (`id_cms_category`,`id_shop`,`id_lang`),
  ADD KEY `category_name` (`name`);

--
-- Indexes for table `xio8d_cms_category_shop`
--
ALTER TABLE `xio8d_cms_category_shop`
  ADD PRIMARY KEY (`id_cms_category`,`id_shop`),
  ADD KEY `id_shop` (`id_shop`);

--
-- Indexes for table `xio8d_cms_lang`
--
ALTER TABLE `xio8d_cms_lang`
  ADD PRIMARY KEY (`id_cms`,`id_shop`,`id_lang`);

--
-- Indexes for table `xio8d_cms_role`
--
ALTER TABLE `xio8d_cms_role`
  ADD PRIMARY KEY (`id_cms_role`,`id_cms`),
  ADD UNIQUE KEY `name` (`name`);

--
-- Indexes for table `xio8d_cms_role_lang`
--
ALTER TABLE `xio8d_cms_role_lang`
  ADD PRIMARY KEY (`id_cms_role`,`id_lang`,`id_shop`);

--
-- Indexes for table `xio8d_cms_shop`
--
ALTER TABLE `xio8d_cms_shop`
  ADD PRIMARY KEY (`id_cms`,`id_shop`),
  ADD KEY `id_shop` (`id_shop`);

--
-- Indexes for table `xio8d_configuration`
--
ALTER TABLE `xio8d_configuration`
  ADD PRIMARY KEY (`id_configuration`),
  ADD KEY `name` (`name`),
  ADD KEY `id_shop` (`id_shop`),
  ADD KEY `id_shop_group` (`id_shop_group`);

--
-- Indexes for table `xio8d_configuration_kpi`
--
ALTER TABLE `xio8d_configuration_kpi`
  ADD PRIMARY KEY (`id_configuration_kpi`),
  ADD KEY `name` (`name`),
  ADD KEY `id_shop` (`id_shop`),
  ADD KEY `id_shop_group` (`id_shop_group`);

--
-- Indexes for table `xio8d_configuration_kpi_lang`
--
ALTER TABLE `xio8d_configuration_kpi_lang`
  ADD PRIMARY KEY (`id_configuration_kpi`,`id_lang`);

--
-- Indexes for table `xio8d_configuration_lang`
--
ALTER TABLE `xio8d_configuration_lang`
  ADD PRIMARY KEY (`id_configuration`,`id_lang`);

--
-- Indexes for table `xio8d_connections`
--
ALTER TABLE `xio8d_connections`
  ADD PRIMARY KEY (`id_connections`),
  ADD KEY `id_guest` (`id_guest`),
  ADD KEY `date_add` (`date_add`),
  ADD KEY `id_page` (`id_page`);

--
-- Indexes for table `xio8d_connections_page`
--
ALTER TABLE `xio8d_connections_page`
  ADD PRIMARY KEY (`id_connections`,`id_page`,`time_start`);

--
-- Indexes for table `xio8d_connections_source`
--
ALTER TABLE `xio8d_connections_source`
  ADD PRIMARY KEY (`id_connections_source`),
  ADD KEY `connections` (`id_connections`),
  ADD KEY `orderby` (`date_add`),
  ADD KEY `http_referer` (`http_referer`),
  ADD KEY `request_uri` (`request_uri`);

--
-- Indexes for table `xio8d_contact`
--
ALTER TABLE `xio8d_contact`
  ADD PRIMARY KEY (`id_contact`);

--
-- Indexes for table `xio8d_contact_lang`
--
ALTER TABLE `xio8d_contact_lang`
  ADD PRIMARY KEY (`id_contact`,`id_lang`);

--
-- Indexes for table `xio8d_contact_shop`
--
ALTER TABLE `xio8d_contact_shop`
  ADD PRIMARY KEY (`id_contact`,`id_shop`),
  ADD KEY `id_shop` (`id_shop`);

--
-- Indexes for table `xio8d_country`
--
ALTER TABLE `xio8d_country`
  ADD PRIMARY KEY (`id_country`),
  ADD KEY `country_iso_code` (`iso_code`),
  ADD KEY `country_` (`id_zone`);

--
-- Indexes for table `xio8d_country_lang`
--
ALTER TABLE `xio8d_country_lang`
  ADD PRIMARY KEY (`id_country`,`id_lang`);

--
-- Indexes for table `xio8d_country_shop`
--
ALTER TABLE `xio8d_country_shop`
  ADD PRIMARY KEY (`id_country`,`id_shop`),
  ADD KEY `id_shop` (`id_shop`);

--
-- Indexes for table `xio8d_currency`
--
ALTER TABLE `xio8d_currency`
  ADD PRIMARY KEY (`id_currency`),
  ADD KEY `currency_iso_code` (`iso_code`);

--
-- Indexes for table `xio8d_currency_lang`
--
ALTER TABLE `xio8d_currency_lang`
  ADD PRIMARY KEY (`id_currency`,`id_lang`);

--
-- Indexes for table `xio8d_currency_shop`
--
ALTER TABLE `xio8d_currency_shop`
  ADD PRIMARY KEY (`id_currency`,`id_shop`),
  ADD KEY `id_shop` (`id_shop`);

--
-- Indexes for table `xio8d_customer_group`
--
ALTER TABLE `xio8d_customer_group`
  ADD PRIMARY KEY (`id_customer`,`id_group`),
  ADD KEY `customer_login` (`id_group`),
  ADD KEY `id_customer` (`id_customer`);

--
-- Indexes for table `xio8d_customer_message`
--
ALTER TABLE `xio8d_customer_message`
  ADD PRIMARY KEY (`id_customer_message`),
  ADD KEY `id_customer_thread` (`id_customer_thread`),
  ADD KEY `id_employee` (`id_employee`),
  ADD KEY `id_product` (`id_product`);

--
-- Indexes for table `xio8d_customer_message_sync_imap`
--
ALTER TABLE `xio8d_customer_message_sync_imap`
  ADD KEY `md5_header_index` (`md5_header`(4));

--
-- Indexes for table `xio8d_customization`
--
ALTER TABLE `xio8d_customization`
  ADD PRIMARY KEY (`id_customization`,`id_cart`,`id_product`,`id_address_delivery`),
  ADD KEY `id_product_attribute` (`id_product_attribute`),
  ADD KEY `id_cart_product` (`id_cart`,`id_product`,`id_product_attribute`);

--
-- Indexes for table `xio8d_customization_field`
--
ALTER TABLE `xio8d_customization_field`
  ADD PRIMARY KEY (`id_customization_field`),
  ADD KEY `id_product` (`id_product`);

--
-- Indexes for table `xio8d_customization_field_lang`
--
ALTER TABLE `xio8d_customization_field_lang`
  ADD PRIMARY KEY (`id_customization_field`,`id_lang`,`id_shop`);

--
-- Indexes for table `xio8d_customized_data`
--
ALTER TABLE `xio8d_customized_data`
  ADD PRIMARY KEY (`id_customization`,`type`,`index`);

--
-- Indexes for table `xio8d_customproducttabs`
--
ALTER TABLE `xio8d_customproducttabs`
  ADD PRIMARY KEY (`tab_id`);

--
-- Indexes for table `xio8d_customproducttabs_categories`
--
ALTER TABLE `xio8d_customproducttabs_categories`
  ADD PRIMARY KEY (`tab_id`,`id_category`);

--
-- Indexes for table `xio8d_customproducttabs_content`
--
ALTER TABLE `xio8d_customproducttabs_content`
  ADD PRIMARY KEY (`content_id`);

--
-- Indexes for table `xio8d_customproducttabs_content_lang`
--
ALTER TABLE `xio8d_customproducttabs_content_lang`
  ADD PRIMARY KEY (`content_id`,`id_lang`);

--
-- Indexes for table `xio8d_customproducttabs_lang`
--
ALTER TABLE `xio8d_customproducttabs_lang`
  ADD PRIMARY KEY (`tab_id`,`id_lang`);

--
-- Indexes for table `xio8d_customproducttabs_manufacturers`
--
ALTER TABLE `xio8d_customproducttabs_manufacturers`
  ADD PRIMARY KEY (`tab_id`,`id_manufacturer`);

--
-- Indexes for table `xio8d_date_range`
--
ALTER TABLE `xio8d_date_range`
  ADD PRIMARY KEY (`id_date_range`);

--
-- Indexes for table `xio8d_delivery`
--
ALTER TABLE `xio8d_delivery`
  ADD PRIMARY KEY (`id_delivery`),
  ADD KEY `id_zone` (`id_zone`),
  ADD KEY `id_carrier` (`id_carrier`,`id_zone`),
  ADD KEY `id_range_price` (`id_range_price`),
  ADD KEY `id_range_weight` (`id_range_weight`);

--
-- Indexes for table `xio8d_emailsubscription`
--
ALTER TABLE `xio8d_emailsubscription`
  ADD PRIMARY KEY (`id`);

--
-- Indexes for table `xio8d_employee_account`
--
ALTER TABLE `xio8d_employee_account`
  ADD PRIMARY KEY (`id_employee_account`);

--
-- Indexes for table `xio8d_employee_shop`
--
ALTER TABLE `xio8d_employee_shop`
  ADD PRIMARY KEY (`id_employee`,`id_shop`),
  ADD KEY `id_shop` (`id_shop`);

--
-- Indexes for table `xio8d_eventbus_incremental_sync`
--
ALTER TABLE `xio8d_eventbus_incremental_sync`
  ADD PRIMARY KEY (`type`,`id_object`,`id_shop`,`lang_iso`);

--
-- Indexes for table `xio8d_eventbus_live_sync`
--
ALTER TABLE `xio8d_eventbus_live_sync`
  ADD PRIMARY KEY (`shop_content`);

--
-- Indexes for table `xio8d_eventbus_type_sync`
--
ALTER TABLE `xio8d_eventbus_type_sync`
  ADD PRIMARY KEY (`type`,`id_shop`,`lang_iso`);

--
-- Indexes for table `xio8d_favorite_product`
--
ALTER TABLE `xio8d_favorite_product`
  ADD PRIMARY KEY (`id_favorite_product`);

--
-- Indexes for table `xio8d_fb_category_match`
--
ALTER TABLE `xio8d_fb_category_match`
  ADD PRIMARY KEY (`id_category`,`id_shop`),
  ADD KEY `id_category` (`id_category`,`google_category_id`);

--
-- Indexes for table `xio8d_feature`
--
ALTER TABLE `xio8d_feature`
  ADD PRIMARY KEY (`id_feature`);

--
-- Indexes for table `xio8d_feature_flag`
--
ALTER TABLE `xio8d_feature_flag`
  ADD PRIMARY KEY (`id_feature_flag`),
  ADD UNIQUE KEY `UNIQ_91700F175E237E06` (`name`);

--
-- Indexes for table `xio8d_feature_lang`
--
ALTER TABLE `xio8d_feature_lang`
  ADD PRIMARY KEY (`id_feature`,`id_lang`),
  ADD KEY `id_lang` (`id_lang`,`name`);

--
-- Indexes for table `xio8d_feature_product`
--
ALTER TABLE `xio8d_feature_product`
  ADD PRIMARY KEY (`id_feature`,`id_product`,`id_feature_value`),
  ADD KEY `id_feature_value` (`id_feature_value`),
  ADD KEY `id_product` (`id_product`);

--
-- Indexes for table `xio8d_feature_shop`
--
ALTER TABLE `xio8d_feature_shop`
  ADD PRIMARY KEY (`id_feature`,`id_shop`),
  ADD KEY `id_shop` (`id_shop`);

--
-- Indexes for table `xio8d_feature_value`
--
ALTER TABLE `xio8d_feature_value`
  ADD PRIMARY KEY (`id_feature_value`),
  ADD KEY `feature` (`id_feature`);

--
-- Indexes for table `xio8d_feature_value_lang`
--
ALTER TABLE `xio8d_feature_value_lang`
  ADD PRIMARY KEY (`id_feature_value`,`id_lang`);

--
-- Indexes for table `xio8d_ganalytics`
--
ALTER TABLE `xio8d_ganalytics`
  ADD PRIMARY KEY (`id_google_analytics`),
  ADD KEY `id_order` (`id_order`),
  ADD KEY `sent` (`sent`);

--
-- Indexes for table `xio8d_ganalytics_data`
--
ALTER TABLE `xio8d_ganalytics_data`
  ADD PRIMARY KEY (`id_cart`);

--
-- Indexes for table `xio8d_gender`
--
ALTER TABLE `xio8d_gender`
  ADD PRIMARY KEY (`id_gender`);

--
-- Indexes for table `xio8d_gender_lang`
--
ALTER TABLE `xio8d_gender_lang`
  ADD PRIMARY KEY (`id_gender`,`id_lang`),
  ADD KEY `id_gender` (`id_gender`);

--
-- Indexes for table `xio8d_group`
--
ALTER TABLE `xio8d_group`
  ADD PRIMARY KEY (`id_group`);

--
-- Indexes for table `xio8d_group_lang`
--
ALTER TABLE `xio8d_group_lang`
  ADD PRIMARY KEY (`id_group`,`id_lang`);

--
-- Indexes for table `xio8d_group_reduction`
--
ALTER TABLE `xio8d_group_reduction`
  ADD PRIMARY KEY (`id_group_reduction`),
  ADD UNIQUE KEY `id_group` (`id_group`,`id_category`);

--
-- Indexes for table `xio8d_group_shop`
--
ALTER TABLE `xio8d_group_shop`
  ADD PRIMARY KEY (`id_group`,`id_shop`),
  ADD KEY `id_shop` (`id_shop`);

--
-- Indexes for table `xio8d_guest`
--
ALTER TABLE `xio8d_guest`
  ADD PRIMARY KEY (`id_guest`),
  ADD KEY `id_customer` (`id_customer`),
  ADD KEY `id_operating_system` (`id_operating_system`),
  ADD KEY `id_web_browser` (`id_web_browser`);

--
-- Indexes for table `xio8d_homeslider`
--
ALTER TABLE `xio8d_homeslider`
  ADD PRIMARY KEY (`id_homeslider_slides`,`id_shop`);

--
-- Indexes for table `xio8d_homeslider_slides`
--
ALTER TABLE `xio8d_homeslider_slides`
  ADD PRIMARY KEY (`id_homeslider_slides`);

--
-- Indexes for table `xio8d_homeslider_slides_lang`
--
ALTER TABLE `xio8d_homeslider_slides_lang`
  ADD PRIMARY KEY (`id_homeslider_slides`,`id_lang`);

--
-- Indexes for table `xio8d_hook`
--
ALTER TABLE `xio8d_hook`
  ADD PRIMARY KEY (`id_hook`),
  ADD UNIQUE KEY `hook_name` (`name`);

--
-- Indexes for table `xio8d_hook_alias`
--
ALTER TABLE `xio8d_hook_alias`
  ADD PRIMARY KEY (`id_hook_alias`),
  ADD UNIQUE KEY `alias` (`alias`);

--
-- Indexes for table `xio8d_hook_module`
--
ALTER TABLE `xio8d_hook_module`
  ADD PRIMARY KEY (`id_module`,`id_hook`,`id_shop`),
  ADD KEY `id_hook` (`id_hook`),
  ADD KEY `id_module` (`id_module`),
  ADD KEY `position` (`id_shop`,`position`);

--
-- Indexes for table `xio8d_hook_module_exceptions`
--
ALTER TABLE `xio8d_hook_module_exceptions`
  ADD PRIMARY KEY (`id_hook_module_exceptions`),
  ADD KEY `id_module` (`id_module`),
  ADD KEY `id_hook` (`id_hook`);

--
-- Indexes for table `xio8d_image`
--
ALTER TABLE `xio8d_image`
  ADD PRIMARY KEY (`id_image`),
  ADD UNIQUE KEY `id_product_cover` (`id_product`,`cover`),
  ADD UNIQUE KEY `idx_product_image` (`id_image`,`id_product`,`cover`),
  ADD KEY `image_product` (`id_product`);

--
-- Indexes for table `xio8d_image_lang`
--
ALTER TABLE `xio8d_image_lang`
  ADD PRIMARY KEY (`id_image`,`id_lang`),
  ADD KEY `id_image` (`id_image`);

--
-- Indexes for table `xio8d_image_shop`
--
ALTER TABLE `xio8d_image_shop`
  ADD PRIMARY KEY (`id_image`,`id_shop`),
  ADD UNIQUE KEY `id_product` (`id_product`,`id_shop`,`cover`),
  ADD KEY `id_shop` (`id_shop`);

--
-- Indexes for table `xio8d_image_type`
--
ALTER TABLE `xio8d_image_type`
  ADD PRIMARY KEY (`id_image_type`),
  ADD UNIQUE KEY `UNIQ_907C95215E237E06` (`name`);

--
-- Indexes for table `xio8d_import_match`
--
ALTER TABLE `xio8d_import_match`
  ADD PRIMARY KEY (`id_import_match`);

--
-- Indexes for table `xio8d_info`
--
ALTER TABLE `xio8d_info`
  ADD PRIMARY KEY (`id_info`);

--
-- Indexes for table `xio8d_info_lang`
--
ALTER TABLE `xio8d_info_lang`
  ADD PRIMARY KEY (`id_info`,`id_lang`,`id_shop`);

--
-- Indexes for table `xio8d_info_shop`
--
ALTER TABLE `xio8d_info_shop`
  ADD PRIMARY KEY (`id_info`,`id_shop`);

--
-- Indexes for table `xio8d_lang`
--
ALTER TABLE `xio8d_lang`
  ADD PRIMARY KEY (`id_lang`);

--
-- Indexes for table `xio8d_lang_shop`
--
ALTER TABLE `xio8d_lang_shop`
  ADD PRIMARY KEY (`id_lang`,`id_shop`),
  ADD KEY `IDX_2F43BFC7BA299860` (`id_lang`),
  ADD KEY `IDX_2F43BFC7274A50A0` (`id_shop`);

--
-- Indexes for table `xio8d_layered_category`
--
ALTER TABLE `xio8d_layered_category`
  ADD PRIMARY KEY (`id_layered_category`),
  ADD KEY `id_category_shop` (`id_category`,`id_shop`,`type`,`id_value`,`position`),
  ADD KEY `id_category` (`id_category`,`type`);

--
-- Indexes for table `xio8d_layered_filter`
--
ALTER TABLE `xio8d_layered_filter`
  ADD PRIMARY KEY (`id_layered_filter`);

--
-- Indexes for table `xio8d_layered_filter_block`
--
ALTER TABLE `xio8d_layered_filter_block`
  ADD PRIMARY KEY (`hash`);

--
-- Indexes for table `xio8d_layered_filter_shop`
--
ALTER TABLE `xio8d_layered_filter_shop`
  ADD PRIMARY KEY (`id_layered_filter`,`id_shop`),
  ADD KEY `id_shop` (`id_shop`);

--
-- Indexes for table `xio8d_layered_indexable_attribute_group`
--
ALTER TABLE `xio8d_layered_indexable_attribute_group`
  ADD PRIMARY KEY (`id_attribute_group`);

--
-- Indexes for table `xio8d_layered_indexable_attribute_group_lang_value`
--
ALTER TABLE `xio8d_layered_indexable_attribute_group_lang_value`
  ADD PRIMARY KEY (`id_attribute_group`,`id_lang`);

--
-- Indexes for table `xio8d_layered_indexable_attribute_lang_value`
--
ALTER TABLE `xio8d_layered_indexable_attribute_lang_value`
  ADD PRIMARY KEY (`id_attribute`,`id_lang`);

--
-- Indexes for table `xio8d_layered_indexable_feature`
--
ALTER TABLE `xio8d_layered_indexable_feature`
  ADD PRIMARY KEY (`id_feature`);

--
-- Indexes for table `xio8d_layered_indexable_feature_lang_value`
--
ALTER TABLE `xio8d_layered_indexable_feature_lang_value`
  ADD PRIMARY KEY (`id_feature`,`id_lang`);

--
-- Indexes for table `xio8d_layered_indexable_feature_value_lang_value`
--
ALTER TABLE `xio8d_layered_indexable_feature_value_lang_value`
  ADD PRIMARY KEY (`id_feature_value`,`id_lang`);

--
-- Indexes for table `xio8d_layered_price_index`
--
ALTER TABLE `xio8d_layered_price_index`
  ADD PRIMARY KEY (`id_product`,`id_currency`,`id_shop`,`id_country`),
  ADD KEY `id_currency` (`id_currency`),
  ADD KEY `price_min` (`price_min`),
  ADD KEY `price_max` (`price_max`);

--
-- Indexes for table `xio8d_layered_product_attribute`
--
ALTER TABLE `xio8d_layered_product_attribute`
  ADD PRIMARY KEY (`id_attribute`,`id_product`,`id_shop`),
  ADD UNIQUE KEY `id_attribute_group` (`id_attribute_group`,`id_attribute`,`id_product`,`id_shop`);

--
-- Indexes for table `xio8d_linksmenutop`
--
ALTER TABLE `xio8d_linksmenutop`
  ADD PRIMARY KEY (`id_linksmenutop`),
  ADD KEY `id_shop` (`id_shop`);

--
-- Indexes for table `xio8d_linksmenutop_lang`
--
ALTER TABLE `xio8d_linksmenutop_lang`
  ADD KEY `id_linksmenutop` (`id_linksmenutop`,`id_lang`,`id_shop`);

--
-- Indexes for table `xio8d_link_block`
--
ALTER TABLE `xio8d_link_block`
  ADD PRIMARY KEY (`id_link_block`);

--
-- Indexes for table `xio8d_link_block_lang`
--
ALTER TABLE `xio8d_link_block_lang`
  ADD PRIMARY KEY (`id_link_block`,`id_lang`);

--
-- Indexes for table `xio8d_link_block_shop`
--
ALTER TABLE `xio8d_link_block_shop`
  ADD PRIMARY KEY (`id_link_block`,`id_shop`);

--
-- Indexes for table `xio8d_log`
--
ALTER TABLE `xio8d_log`
  ADD PRIMARY KEY (`id_log`);

--
-- Indexes for table `xio8d_mail`
--
ALTER TABLE `xio8d_mail`
  ADD PRIMARY KEY (`id_mail`),
  ADD KEY `recipient` (`recipient`(10));

--
-- Indexes for table `xio8d_mailalert_customer_oos`
--
ALTER TABLE `xio8d_mailalert_customer_oos`
  ADD PRIMARY KEY (`id_customer`,`customer_email`,`id_product`,`id_product_attribute`,`id_shop`);

--
-- Indexes for table `xio8d_manufacturer`
--
ALTER TABLE `xio8d_manufacturer`
  ADD PRIMARY KEY (`id_manufacturer`);

--
-- Indexes for table `xio8d_manufacturer_lang`
--
ALTER TABLE `xio8d_manufacturer_lang`
  ADD PRIMARY KEY (`id_manufacturer`,`id_lang`);

--
-- Indexes for table `xio8d_manufacturer_shop`
--
ALTER TABLE `xio8d_manufacturer_shop`
  ADD PRIMARY KEY (`id_manufacturer`,`id_shop`),
  ADD KEY `id_shop` (`id_shop`);

--
-- Indexes for table `xio8d_mbo_api_config`
--
ALTER TABLE `xio8d_mbo_api_config`
  ADD PRIMARY KEY (`id_mbo_api_config`);

--
-- Indexes for table `xio8d_memcached_servers`
--
ALTER TABLE `xio8d_memcached_servers`
  ADD PRIMARY KEY (`id_memcached_server`);

--
-- Indexes for table `xio8d_message`
--
ALTER TABLE `xio8d_message`
  ADD PRIMARY KEY (`id_message`),
  ADD KEY `message_order` (`id_order`),
  ADD KEY `id_cart` (`id_cart`),
  ADD KEY `id_customer` (`id_customer`),
  ADD KEY `id_employee` (`id_employee`);

--
-- Indexes for table `xio8d_message_readed`
--
ALTER TABLE `xio8d_message_readed`
  ADD PRIMARY KEY (`id_message`,`id_employee`);

--
-- Indexes for table `xio8d_meta`
--
ALTER TABLE `xio8d_meta`
  ADD PRIMARY KEY (`id_meta`),
  ADD UNIQUE KEY `page` (`page`);

--
-- Indexes for table `xio8d_meta_lang`
--
ALTER TABLE `xio8d_meta_lang`
  ADD PRIMARY KEY (`id_meta`,`id_shop`,`id_lang`),
  ADD KEY `id_shop` (`id_shop`),
  ADD KEY `id_lang` (`id_lang`);

--
-- Indexes for table `xio8d_migrationpro_configuration`
--
ALTER TABLE `xio8d_migrationpro_configuration`
  ADD PRIMARY KEY (`id`),
  ADD UNIQUE KEY `name` (`name`);

--
-- Indexes for table `xio8d_migrationpro_data`
--
ALTER TABLE `xio8d_migrationpro_data`
  ADD PRIMARY KEY (`id_data`),
  ADD UNIQUE KEY `type_source_id` (`type`,`source_id`),
  ADD KEY `type` (`type`);

--
-- Indexes for table `xio8d_migrationpro_error_logs`
--
ALTER TABLE `xio8d_migrationpro_error_logs`
  ADD PRIMARY KEY (`id`);

--
-- Indexes for table `xio8d_migrationpro_mapping`
--
ALTER TABLE `xio8d_migrationpro_mapping`
  ADD PRIMARY KEY (`id_mapping`);

--
-- Indexes for table `xio8d_migrationpro_migrated_data`
--
ALTER TABLE `xio8d_migrationpro_migrated_data`
  ADD PRIMARY KEY (`id_data`),
  ADD UNIQUE KEY `entity_type_source_id` (`entity_type`,`source_id`);

--
-- Indexes for table `xio8d_migrationpro_process`
--
ALTER TABLE `xio8d_migrationpro_process`
  ADD PRIMARY KEY (`id_process`);

--
-- Indexes for table `xio8d_migrationpro_save_mapping`
--
ALTER TABLE `xio8d_migrationpro_save_mapping`
  ADD PRIMARY KEY (`id_mapping`);

--
-- Indexes for table `xio8d_migrationpro_warning_logs`
--
ALTER TABLE `xio8d_migrationpro_warning_logs`
  ADD PRIMARY KEY (`id`);

--
-- Indexes for table `xio8d_module`
--
ALTER TABLE `xio8d_module`
  ADD PRIMARY KEY (`id_module`),
  ADD UNIQUE KEY `name_UNIQUE` (`name`),
  ADD KEY `name` (`name`);

--
-- Indexes for table `xio8d_module_carrier`
--
ALTER TABLE `xio8d_module_carrier`
  ADD PRIMARY KEY (`id_module`,`id_shop`,`id_reference`);

--
-- Indexes for table `xio8d_module_country`
--
ALTER TABLE `xio8d_module_country`
  ADD PRIMARY KEY (`id_module`,`id_shop`,`id_country`);

--
-- Indexes for table `xio8d_module_currency`
--
ALTER TABLE `xio8d_module_currency`
  ADD PRIMARY KEY (`id_module`,`id_shop`,`id_currency`),
  ADD KEY `id_module` (`id_module`);

--
-- Indexes for table `xio8d_module_group`
--
ALTER TABLE `xio8d_module_group`
  ADD PRIMARY KEY (`id_module`,`id_shop`,`id_group`);

--
-- Indexes for table `xio8d_module_history`
--
ALTER TABLE `xio8d_module_history`
  ADD PRIMARY KEY (`id`);

--
-- Indexes for table `xio8d_module_preference`
--
ALTER TABLE `xio8d_module_preference`
  ADD PRIMARY KEY (`id_module_preference`),
  ADD UNIQUE KEY `employee_module` (`id_employee`,`module`);

--
-- Indexes for table `xio8d_module_shop`
--
ALTER TABLE `xio8d_module_shop`
  ADD PRIMARY KEY (`id_module`,`id_shop`),
  ADD KEY `id_shop` (`id_shop`);

--
-- Indexes for table `xio8d_mutation`
--
ALTER TABLE `xio8d_mutation`
  ADD PRIMARY KEY (`id_mutation`);

--
-- Indexes for table `xio8d_operating_system`
--
ALTER TABLE `xio8d_operating_system`
  ADD PRIMARY KEY (`id_operating_system`);

--
-- Indexes for table `xio8d_orders`
--
ALTER TABLE `xio8d_orders`
  ADD PRIMARY KEY (`id_order`),
  ADD KEY `reference` (`reference`),
  ADD KEY `id_customer` (`id_customer`),
  ADD KEY `id_cart` (`id_cart`),
  ADD KEY `invoice_number` (`invoice_number`),
  ADD KEY `id_carrier` (`id_carrier`),
  ADD KEY `id_lang` (`id_lang`),
  ADD KEY `id_currency` (`id_currency`),
  ADD KEY `id_address_delivery` (`id_address_delivery`),
  ADD KEY `id_address_invoice` (`id_address_invoice`),
  ADD KEY `id_shop_group` (`id_shop_group`),
  ADD KEY `current_state` (`current_state`),
  ADD KEY `id_shop` (`id_shop`),
  ADD KEY `date_add` (`date_add`),
  ADD KEY `invoice_date` (`invoice_date`);

--
-- Indexes for table `xio8d_order_carrier`
--
ALTER TABLE `xio8d_order_carrier`
  ADD PRIMARY KEY (`id_order_carrier`),
  ADD KEY `id_order` (`id_order`),
  ADD KEY `id_carrier` (`id_carrier`),
  ADD KEY `id_order_invoice` (`id_order_invoice`);

--
-- Indexes for table `xio8d_order_cart_rule`
--
ALTER TABLE `xio8d_order_cart_rule`
  ADD PRIMARY KEY (`id_order_cart_rule`),
  ADD KEY `id_order` (`id_order`),
  ADD KEY `id_cart_rule` (`id_cart_rule`);

--
-- Indexes for table `xio8d_order_detail`
--
ALTER TABLE `xio8d_order_detail`
  ADD PRIMARY KEY (`id_order_detail`),
  ADD KEY `order_detail_order` (`id_order`),
  ADD KEY `product_id` (`product_id`,`product_attribute_id`),
  ADD KEY `product_attribute_id` (`product_attribute_id`),
  ADD KEY `id_tax_rules_group` (`id_tax_rules_group`),
  ADD KEY `id_order_id_order_detail` (`id_order`,`id_order_detail`);

--
-- Indexes for table `xio8d_order_detail_tax`
--
ALTER TABLE `xio8d_order_detail_tax`
  ADD KEY `id_order_detail` (`id_order_detail`),
  ADD KEY `id_tax` (`id_tax`);

--
-- Indexes for table `xio8d_order_history`
--
ALTER TABLE `xio8d_order_history`
  ADD PRIMARY KEY (`id_order_history`),
  ADD KEY `order_history_order` (`id_order`),
  ADD KEY `id_employee` (`id_employee`),
  ADD KEY `id_order_state` (`id_order_state`);

--
-- Indexes for table `xio8d_order_invoice`
--
ALTER TABLE `xio8d_order_invoice`
  ADD PRIMARY KEY (`id_order_invoice`),
  ADD KEY `id_order` (`id_order`);

--
-- Indexes for table `xio8d_order_invoice_payment`
--
ALTER TABLE `xio8d_order_invoice_payment`
  ADD PRIMARY KEY (`id_order_invoice`,`id_order_payment`),
  ADD KEY `order_payment` (`id_order_payment`),
  ADD KEY `id_order` (`id_order`);

--
-- Indexes for table `xio8d_order_invoice_tax`
--
ALTER TABLE `xio8d_order_invoice_tax`
  ADD KEY `id_tax` (`id_tax`);

--
-- Indexes for table `xio8d_order_message`
--
ALTER TABLE `xio8d_order_message`
  ADD PRIMARY KEY (`id_order_message`);

--
-- Indexes for table `xio8d_order_message_lang`
--
ALTER TABLE `xio8d_order_message_lang`
  ADD PRIMARY KEY (`id_order_message`,`id_lang`);

--
-- Indexes for table `xio8d_order_return`
--
ALTER TABLE `xio8d_order_return`
  ADD PRIMARY KEY (`id_order_return`),
  ADD KEY `order_return_customer` (`id_customer`),
  ADD KEY `id_order` (`id_order`);

--
-- Indexes for table `xio8d_order_return_detail`
--
ALTER TABLE `xio8d_order_return_detail`
  ADD PRIMARY KEY (`id_order_return`,`id_order_detail`,`id_customization`);

--
-- Indexes for table `xio8d_order_return_state`
--
ALTER TABLE `xio8d_order_return_state`
  ADD PRIMARY KEY (`id_order_return_state`);

--
-- Indexes for table `xio8d_order_return_state_lang`
--
ALTER TABLE `xio8d_order_return_state_lang`
  ADD PRIMARY KEY (`id_order_return_state`,`id_lang`);

--
-- Indexes for table `xio8d_order_slip`
--
ALTER TABLE `xio8d_order_slip`
  ADD PRIMARY KEY (`id_order_slip`),
  ADD KEY `order_slip_customer` (`id_customer`),
  ADD KEY `id_order` (`id_order`);

--
-- Indexes for table `xio8d_order_slip_detail`
--
ALTER TABLE `xio8d_order_slip_detail`
  ADD PRIMARY KEY (`id_order_slip`,`id_order_detail`);

--
-- Indexes for table `xio8d_order_state`
--
ALTER TABLE `xio8d_order_state`
  ADD PRIMARY KEY (`id_order_state`),
  ADD KEY `module_name` (`module_name`);

--
-- Indexes for table `xio8d_order_state_lang`
--
ALTER TABLE `xio8d_order_state_lang`
  ADD PRIMARY KEY (`id_order_state`,`id_lang`);

--
-- Indexes for table `xio8d_pack`
--
ALTER TABLE `xio8d_pack`
  ADD PRIMARY KEY (`id_product_pack`,`id_product_item`,`id_product_attribute_item`),
  ADD KEY `product_item` (`id_product_item`,`id_product_attribute_item`);

--
-- Indexes for table `xio8d_page`
--
ALTER TABLE `xio8d_page`
  ADD PRIMARY KEY (`id_page`),
  ADD KEY `id_page_type` (`id_page_type`),
  ADD KEY `id_object` (`id_object`);

--
-- Indexes for table `xio8d_pagenotfound`
--
ALTER TABLE `xio8d_pagenotfound`
  ADD PRIMARY KEY (`id_pagenotfound`),
  ADD KEY `date_add` (`date_add`);

--
-- Indexes for table `xio8d_page_type`
--
ALTER TABLE `xio8d_page_type`
  ADD PRIMARY KEY (`id_page_type`),
  ADD KEY `name` (`name`);

--
-- Indexes for table `xio8d_page_viewed`
--
ALTER TABLE `xio8d_page_viewed`
  ADD PRIMARY KEY (`id_page`,`id_date_range`,`id_shop`);

--
-- Indexes for table `xio8d_paypal_capture`
--
ALTER TABLE `xio8d_paypal_capture`
  ADD PRIMARY KEY (`id_paypal_capture`);

--
-- Indexes for table `xio8d_paypal_ipn`
--
ALTER TABLE `xio8d_paypal_ipn`
  ADD PRIMARY KEY (`id_paypal_ipn`);

--
-- Indexes for table `xio8d_paypal_order`
--
ALTER TABLE `xio8d_paypal_order`
  ADD PRIMARY KEY (`id_paypal_order`);

--
-- Indexes for table `xio8d_paypal_processlogger`
--
ALTER TABLE `xio8d_paypal_processlogger`
  ADD PRIMARY KEY (`id_paypal_processlogger`);

--
-- Indexes for table `xio8d_paypal_vaulting`
--
ALTER TABLE `xio8d_paypal_vaulting`
  ADD PRIMARY KEY (`id_paypal_vaulting`);

--
-- Indexes for table `xio8d_paypal_webhook`
--
ALTER TABLE `xio8d_paypal_webhook`
  ADD PRIMARY KEY (`id_paypal_webhook`);

--
-- Indexes for table `xio8d_pk_amppagebuilder_shop`
--
ALTER TABLE `xio8d_pk_amppagebuilder_shop`
  ADD PRIMARY KEY (`id_pagebuilderprofile`,`id_shop`);

--
-- Indexes for table `xio8d_pk_facebookusers`
--
ALTER TABLE `xio8d_pk_facebookusers`
  ADD PRIMARY KEY (`id`);

--
-- Indexes for table `xio8d_pk_lookbook`
--
ALTER TABLE `xio8d_pk_lookbook`
  ADD PRIMARY KEY (`id_lookbook`,`id_shop`);

--
-- Indexes for table `xio8d_pk_lookbook_item`
--
ALTER TABLE `xio8d_pk_lookbook_item`
  ADD PRIMARY KEY (`id_lookbook`);

--
-- Indexes for table `xio8d_pk_lookbook_item_lang`
--
ALTER TABLE `xio8d_pk_lookbook_item_lang`
  ADD PRIMARY KEY (`id_lookbook`,`id_lang`);

--
-- Indexes for table `xio8d_pk_sizeguide`
--
ALTER TABLE `xio8d_pk_sizeguide`
  ADD PRIMARY KEY (`id_sizeguide_guides`,`id_shop`);

--
-- Indexes for table `xio8d_pk_sizeguide_guides`
--
ALTER TABLE `xio8d_pk_sizeguide_guides`
  ADD PRIMARY KEY (`id_sizeguide_guides`);

--
-- Indexes for table `xio8d_pk_sizeguide_guides_lang`
--
ALTER TABLE `xio8d_pk_sizeguide_guides_lang`
  ADD PRIMARY KEY (`id_sizeguide_guides`,`id_lang`);

--
-- Indexes for table `xio8d_pk_sizeguide_product`
--
ALTER TABLE `xio8d_pk_sizeguide_product`
  ADD PRIMARY KEY (`id_product`);

--
-- Indexes for table `xio8d_product`
--
ALTER TABLE `xio8d_product`
  ADD PRIMARY KEY (`id_product`),
  ADD KEY `reference_idx` (`reference`),
  ADD KEY `supplier_reference_idx` (`supplier_reference`),
  ADD KEY `product_supplier` (`id_supplier`),
  ADD KEY `product_manufacturer` (`id_manufacturer`,`id_product`),
  ADD KEY `id_category_default` (`id_category_default`),
  ADD KEY `indexed` (`indexed`),
  ADD KEY `date_add` (`date_add`),
  ADD KEY `state` (`state`,`date_upd`);

--
-- Indexes for table `xio8d_product_attachment`
--
ALTER TABLE `xio8d_product_attachment`
  ADD PRIMARY KEY (`id_product`,`id_attachment`);

--
-- Indexes for table `xio8d_product_attribute`
--
ALTER TABLE `xio8d_product_attribute`
  ADD PRIMARY KEY (`id_product_attribute`),
  ADD UNIQUE KEY `product_default` (`id_product`,`default_on`),
  ADD KEY `product_attribute_product` (`id_product`),
  ADD KEY `reference` (`reference`),
  ADD KEY `supplier_reference` (`supplier_reference`),
  ADD KEY `id_product_id_product_attribute` (`id_product_attribute`,`id_product`);

--
-- Indexes for table `xio8d_product_attribute_combination`
--
ALTER TABLE `xio8d_product_attribute_combination`
  ADD PRIMARY KEY (`id_attribute`,`id_product_attribute`),
  ADD KEY `id_product_attribute` (`id_product_attribute`);

--
-- Indexes for table `xio8d_product_attribute_image`
--
ALTER TABLE `xio8d_product_attribute_image`
  ADD PRIMARY KEY (`id_product_attribute`,`id_image`),
  ADD KEY `id_image` (`id_image`);

--
-- Indexes for table `xio8d_product_attribute_lang`
--
ALTER TABLE `xio8d_product_attribute_lang`
  ADD PRIMARY KEY (`id_product_attribute`,`id_lang`);

--
-- Indexes for table `xio8d_product_attribute_shop`
--
ALTER TABLE `xio8d_product_attribute_shop`
  ADD PRIMARY KEY (`id_product_attribute`,`id_shop`),
  ADD UNIQUE KEY `id_product` (`id_product`,`id_shop`,`default_on`);

--
-- Indexes for table `xio8d_product_carrier`
--
ALTER TABLE `xio8d_product_carrier`
  ADD PRIMARY KEY (`id_product`,`id_carrier_reference`,`id_shop`);

--
-- Indexes for table `xio8d_product_comment`
--
ALTER TABLE `xio8d_product_comment`
  ADD PRIMARY KEY (`id_product_comment`),
  ADD KEY `id_product` (`id_product`),
  ADD KEY `id_customer` (`id_customer`),
  ADD KEY `id_guest` (`id_guest`);

--
-- Indexes for table `xio8d_product_comment_criterion`
--
ALTER TABLE `xio8d_product_comment_criterion`
  ADD PRIMARY KEY (`id_product_comment_criterion`);

--
-- Indexes for table `xio8d_product_comment_criterion_category`
--
ALTER TABLE `xio8d_product_comment_criterion_category`
  ADD PRIMARY KEY (`id_product_comment_criterion`,`id_category`),
  ADD KEY `id_category` (`id_category`);

--
-- Indexes for table `xio8d_product_comment_criterion_lang`
--
ALTER TABLE `xio8d_product_comment_criterion_lang`
  ADD PRIMARY KEY (`id_product_comment_criterion`,`id_lang`);

--
-- Indexes for table `xio8d_product_comment_criterion_product`
--
ALTER TABLE `xio8d_product_comment_criterion_product`
  ADD PRIMARY KEY (`id_product`,`id_product_comment_criterion`),
  ADD KEY `id_product_comment_criterion` (`id_product_comment_criterion`);

--
-- Indexes for table `xio8d_product_comment_grade`
--
ALTER TABLE `xio8d_product_comment_grade`
  ADD PRIMARY KEY (`id_product_comment`,`id_product_comment_criterion`),
  ADD KEY `id_product_comment_criterion` (`id_product_comment_criterion`);

--
-- Indexes for table `xio8d_product_comment_report`
--
ALTER TABLE `xio8d_product_comment_report`
  ADD PRIMARY KEY (`id_product_comment`,`id_customer`);

--
-- Indexes for table `xio8d_product_comment_usefulness`
--
ALTER TABLE `xio8d_product_comment_usefulness`
  ADD PRIMARY KEY (`id_product_comment`,`id_customer`);

--
-- Indexes for table `xio8d_product_country_tax`
--
ALTER TABLE `xio8d_product_country_tax`
  ADD PRIMARY KEY (`id_product`,`id_country`);

--
-- Indexes for table `xio8d_product_download`
--
ALTER TABLE `xio8d_product_download`
  ADD PRIMARY KEY (`id_product_download`),
  ADD UNIQUE KEY `id_product` (`id_product`),
  ADD KEY `product_active` (`id_product`,`active`);

--
-- Indexes for table `xio8d_product_group_reduction_cache`
--
ALTER TABLE `xio8d_product_group_reduction_cache`
  ADD PRIMARY KEY (`id_product`,`id_group`);

--
-- Indexes for table `xio8d_product_lang`
--
ALTER TABLE `xio8d_product_lang`
  ADD PRIMARY KEY (`id_product`,`id_shop`,`id_lang`),
  ADD KEY `id_lang` (`id_lang`),
  ADD KEY `name` (`name`);

--
-- Indexes for table `xio8d_product_sale`
--
ALTER TABLE `xio8d_product_sale`
  ADD PRIMARY KEY (`id_product`),
  ADD KEY `quantity` (`quantity`);

--
-- Indexes for table `xio8d_product_shop`
--
ALTER TABLE `xio8d_product_shop`
  ADD PRIMARY KEY (`id_product`,`id_shop`),
  ADD KEY `id_category_default` (`id_category_default`),
  ADD KEY `date_add` (`date_add`,`active`,`visibility`),
  ADD KEY `indexed` (`indexed`,`active`,`id_product`),
  ADD KEY `shop_tax` (`id_shop`,`id_tax_rules_group`);

--
-- Indexes for table `xio8d_product_supplier`
--
ALTER TABLE `xio8d_product_supplier`
  ADD PRIMARY KEY (`id_product_supplier`),
  ADD UNIQUE KEY `id_product` (`id_product`,`id_product_attribute`,`id_supplier`),
  ADD KEY `id_supplier` (`id_supplier`,`id_product`);

--
-- Indexes for table `xio8d_product_tag`
--
ALTER TABLE `xio8d_product_tag`
  ADD PRIMARY KEY (`id_product`,`id_tag`),
  ADD KEY `id_tag` (`id_tag`),
  ADD KEY `id_lang` (`id_lang`,`id_tag`);

--
-- Indexes for table `xio8d_profile`
--
ALTER TABLE `xio8d_profile`
  ADD PRIMARY KEY (`id_profile`);

--
-- Indexes for table `xio8d_profile_lang`
--
ALTER TABLE `xio8d_profile_lang`
  ADD PRIMARY KEY (`id_profile`,`id_lang`);

--
-- Indexes for table `xio8d_pscheckout_authorization`
--
ALTER TABLE `xio8d_pscheckout_authorization`
  ADD PRIMARY KEY (`id`);

--
-- Indexes for table `xio8d_pscheckout_capture`
--
ALTER TABLE `xio8d_pscheckout_capture`
  ADD PRIMARY KEY (`id`);

--
-- Indexes for table `xio8d_pscheckout_cart`
--
ALTER TABLE `xio8d_pscheckout_cart`
  ADD PRIMARY KEY (`id_pscheckout_cart`);

--
-- Indexes for table `xio8d_pscheckout_customer`
--
ALTER TABLE `xio8d_pscheckout_customer`
  ADD PRIMARY KEY (`id_customer`,`paypal_customer_id`);

--
-- Indexes for table `xio8d_pscheckout_funding_source`
--
ALTER TABLE `xio8d_pscheckout_funding_source`
  ADD PRIMARY KEY (`name`,`id_shop`),
  ADD KEY `id_shop` (`id_shop`);

--
-- Indexes for table `xio8d_pscheckout_order`
--
ALTER TABLE `xio8d_pscheckout_order`
  ADD PRIMARY KEY (`id`);

--
-- Indexes for table `xio8d_pscheckout_order_matrice`
--
ALTER TABLE `xio8d_pscheckout_order_matrice`
  ADD PRIMARY KEY (`id_order_matrice`);

--
-- Indexes for table `xio8d_pscheckout_payment_token`
--
ALTER TABLE `xio8d_pscheckout_payment_token`
  ADD PRIMARY KEY (`id`),
  ADD UNIQUE KEY `token_id_merchant_id_paypal_customer_id` (`token_id`,`merchant_id`,`paypal_customer_id`);

--
-- Indexes for table `xio8d_pscheckout_purchase_unit`
--
ALTER TABLE `xio8d_pscheckout_purchase_unit`
  ADD PRIMARY KEY (`reference_id`,`id_order`);

--
-- Indexes for table `xio8d_pscheckout_refund`
--
ALTER TABLE `xio8d_pscheckout_refund`
  ADD PRIMARY KEY (`id`);

--
-- Indexes for table `xio8d_pscheckout_tracking`
--
ALTER TABLE `xio8d_pscheckout_tracking`
  ADD PRIMARY KEY (`id`),
  ADD KEY `id_order` (`id_order`),
  ADD KEY `tracking_number` (`tracking_number`),
  ADD KEY `paypal_order_id` (`paypal_order_id`);

--
-- Indexes for table `xio8d_psgdpr_consent`
--
ALTER TABLE `xio8d_psgdpr_consent`
  ADD PRIMARY KEY (`id_gdpr_consent`,`id_module`);

--
-- Indexes for table `xio8d_psgdpr_consent_lang`
--
ALTER TABLE `xio8d_psgdpr_consent_lang`
  ADD PRIMARY KEY (`id_gdpr_consent`,`id_lang`,`id_shop`);

--
-- Indexes for table `xio8d_psgdpr_log`
--
ALTER TABLE `xio8d_psgdpr_log`
  ADD PRIMARY KEY (`id_gdpr_log`),
  ADD KEY `id_customer` (`id_customer`),
  ADD KEY `idx_id_customer` (`id_customer`,`id_guest`,`client_name`,`id_module`,`date_add`,`date_upd`);

--
-- Indexes for table `xio8d_psreassurance`
--
ALTER TABLE `xio8d_psreassurance`
  ADD PRIMARY KEY (`id_psreassurance`);

--
-- Indexes for table `xio8d_psreassurance_lang`
--
ALTER TABLE `xio8d_psreassurance_lang`
  ADD PRIMARY KEY (`id_psreassurance`,`id_lang`);

--
-- Indexes for table `xio8d_psshipping_address`
--
ALTER TABLE `xio8d_psshipping_address`
  ADD PRIMARY KEY (`id_address`),
  ADD UNIQUE KEY `UNIQ_ED8CCBFF682033F1` (`pickup_point_id`);

--
-- Indexes for table `xio8d_psshipping_address_orders`
--
ALTER TABLE `xio8d_psshipping_address_orders`
  ADD PRIMARY KEY (`id_order`,`id_shop`,`id_address`),
  ADD KEY `IDX_A5067A5CD3D3C6F1` (`id_address`);

--
-- Indexes for table `xio8d_quick_access`
--
ALTER TABLE `xio8d_quick_access`
  ADD PRIMARY KEY (`id_quick_access`);

--
-- Indexes for table `xio8d_quick_access_lang`
--
ALTER TABLE `xio8d_quick_access_lang`
  ADD PRIMARY KEY (`id_quick_access`,`id_lang`);

--
-- Indexes for table `xio8d_range_price`
--
ALTER TABLE `xio8d_range_price`
  ADD PRIMARY KEY (`id_range_price`),
  ADD UNIQUE KEY `id_carrier` (`id_carrier`,`delimiter1`,`delimiter2`);

--
-- Indexes for table `xio8d_range_weight`
--
ALTER TABLE `xio8d_range_weight`
  ADD PRIMARY KEY (`id_range_weight`),
  ADD UNIQUE KEY `id_carrier` (`id_carrier`,`delimiter1`,`delimiter2`);

--
-- Indexes for table `xio8d_request_sql`
--
ALTER TABLE `xio8d_request_sql`
  ADD PRIMARY KEY (`id_request_sql`);

--
-- Indexes for table `xio8d_required_field`
--
ALTER TABLE `xio8d_required_field`
  ADD PRIMARY KEY (`id_required_field`),
  ADD KEY `object_name` (`object_name`);

--
-- Indexes for table `xio8d_revslider_backup_slides`
--
ALTER TABLE `xio8d_revslider_backup_slides`
  ADD PRIMARY KEY (`id`);

--
-- Indexes for table `xio8d_revslider_css`
--
ALTER TABLE `xio8d_revslider_css`
  ADD UNIQUE KEY `id` (`id`);

--
-- Indexes for table `xio8d_revslider_layer_animations`
--
ALTER TABLE `xio8d_revslider_layer_animations`
  ADD UNIQUE KEY `id` (`id`);

--
-- Indexes for table `xio8d_revslider_navigations`
--
ALTER TABLE `xio8d_revslider_navigations`
  ADD UNIQUE KEY `id` (`id`);

--
-- Indexes for table `xio8d_revslider_options`
--
ALTER TABLE `xio8d_revslider_options`
  ADD PRIMARY KEY (`option_id`);

--
-- Indexes for table `xio8d_revslider_sliders`
--
ALTER TABLE `xio8d_revslider_sliders`
  ADD UNIQUE KEY `id` (`id`);

--
-- Indexes for table `xio8d_revslider_slides`
--
ALTER TABLE `xio8d_revslider_slides`
  ADD UNIQUE KEY `id` (`id`);

--
-- Indexes for table `xio8d_revslider_static_slides`
--
ALTER TABLE `xio8d_revslider_static_slides`
  ADD UNIQUE KEY `id` (`id`);

--
-- Indexes for table `xio8d_risk`
--
ALTER TABLE `xio8d_risk`
  ADD PRIMARY KEY (`id_risk`);

--
-- Indexes for table `xio8d_risk_lang`
--
ALTER TABLE `xio8d_risk_lang`
  ADD PRIMARY KEY (`id_risk`,`id_lang`),
  ADD KEY `id_risk` (`id_risk`);

--
-- Indexes for table `xio8d_search_engine`
--
ALTER TABLE `xio8d_search_engine`
  ADD PRIMARY KEY (`id_search_engine`);

--
-- Indexes for table `xio8d_search_index`
--
ALTER TABLE `xio8d_search_index`
  ADD PRIMARY KEY (`id_word`,`id_product`),
  ADD KEY `id_product` (`id_product`,`weight`);

--
-- Indexes for table `xio8d_search_word`
--
ALTER TABLE `xio8d_search_word`
  ADD PRIMARY KEY (`id_word`),
  ADD UNIQUE KEY `id_lang` (`id_lang`,`id_shop`,`word`);

--
-- Indexes for table `xio8d_shipment`
--
ALTER TABLE `xio8d_shipment`
  ADD PRIMARY KEY (`id_shipment`);

--
-- Indexes for table `xio8d_shipment_product`
--
ALTER TABLE `xio8d_shipment_product`
  ADD PRIMARY KEY (`id_shipment_product`);

--
-- Indexes for table `xio8d_shop`
--
ALTER TABLE `xio8d_shop`
  ADD PRIMARY KEY (`id_shop`),
  ADD KEY `IDX_CBDFBB9EF5C9E40` (`id_shop_group`);

--
-- Indexes for table `xio8d_shop_group`
--
ALTER TABLE `xio8d_shop_group`
  ADD PRIMARY KEY (`id_shop_group`);

--
-- Indexes for table `xio8d_shop_url`
--
ALTER TABLE `xio8d_shop_url`
  ADD PRIMARY KEY (`id_shop_url`),
  ADD UNIQUE KEY `full_shop_url` (`domain`,`physical_uri`,`virtual_uri`),
  ADD UNIQUE KEY `full_shop_url_ssl` (`domain_ssl`,`physical_uri`,`virtual_uri`),
  ADD KEY `id_shop` (`id_shop`,`main`),
  ADD KEY `IDX_279F19DA274A50A0` (`id_shop`);

--
-- Indexes for table `xio8d_simpleblog_author`
--
ALTER TABLE `xio8d_simpleblog_author`
  ADD PRIMARY KEY (`id_simpleblog_author`);

--
-- Indexes for table `xio8d_simpleblog_author_lang`
--
ALTER TABLE `xio8d_simpleblog_author_lang`
  ADD PRIMARY KEY (`id_simpleblog_author`,`id_lang`);

--
-- Indexes for table `xio8d_simpleblog_category`
--
ALTER TABLE `xio8d_simpleblog_category`
  ADD PRIMARY KEY (`id_simpleblog_category`);

--
-- Indexes for table `xio8d_simpleblog_category_lang`
--
ALTER TABLE `xio8d_simpleblog_category_lang`
  ADD PRIMARY KEY (`id_simpleblog_category`,`id_lang`);

--
-- Indexes for table `xio8d_simpleblog_category_shop`
--
ALTER TABLE `xio8d_simpleblog_category_shop`
  ADD PRIMARY KEY (`id_simpleblog_category`,`id_shop`);

--
-- Indexes for table `xio8d_simpleblog_comment`
--
ALTER TABLE `xio8d_simpleblog_comment`
  ADD PRIMARY KEY (`id_simpleblog_comment`);

--
-- Indexes for table `xio8d_simpleblog_post`
--
ALTER TABLE `xio8d_simpleblog_post`
  ADD PRIMARY KEY (`id_simpleblog_post`);

--
-- Indexes for table `xio8d_simpleblog_post_image`
--
ALTER TABLE `xio8d_simpleblog_post_image`
  ADD PRIMARY KEY (`id_simpleblog_post_image`);

--
-- Indexes for table `xio8d_simpleblog_post_lang`
--
ALTER TABLE `xio8d_simpleblog_post_lang`
  ADD PRIMARY KEY (`id_simpleblog_post`,`id_lang`);

--
-- Indexes for table `xio8d_simpleblog_post_product`
--
ALTER TABLE `xio8d_simpleblog_post_product`
  ADD PRIMARY KEY (`id_simpleblog_post`,`id_product`);

--
-- Indexes for table `xio8d_simpleblog_post_shop`
--
ALTER TABLE `xio8d_simpleblog_post_shop`
  ADD PRIMARY KEY (`id_simpleblog_post`,`id_shop`);

--
-- Indexes for table `xio8d_simpleblog_post_tag`
--
ALTER TABLE `xio8d_simpleblog_post_tag`
  ADD PRIMARY KEY (`id_simpleblog_post`,`id_simpleblog_tag`),
  ADD KEY `id_simpleblog_tag` (`id_simpleblog_tag`);

--
-- Indexes for table `xio8d_simpleblog_post_type`
--
ALTER TABLE `xio8d_simpleblog_post_type`
  ADD PRIMARY KEY (`id_simpleblog_post_type`);

--
-- Indexes for table `xio8d_simpleblog_tag`
--
ALTER TABLE `xio8d_simpleblog_tag`
  ADD PRIMARY KEY (`id_simpleblog_tag`);

--
-- Indexes for table `xio8d_smarty_cache`
--
ALTER TABLE `xio8d_smarty_cache`
  ADD PRIMARY KEY (`id_smarty_cache`),
  ADD KEY `name` (`name`),
  ADD KEY `cache_id` (`cache_id`),
  ADD KEY `modified` (`modified`);

--
-- Indexes for table `xio8d_smarty_last_flush`
--
ALTER TABLE `xio8d_smarty_last_flush`
  ADD PRIMARY KEY (`type`);

--
-- Indexes for table `xio8d_smarty_lazy_cache`
--
ALTER TABLE `xio8d_smarty_lazy_cache`
  ADD PRIMARY KEY (`template_hash`,`cache_id`,`compile_id`);

--
-- Indexes for table `xio8d_specific_price`
--
ALTER TABLE `xio8d_specific_price`
  ADD PRIMARY KEY (`id_specific_price`),
  ADD UNIQUE KEY `id_product_2` (`id_product`,`id_product_attribute`,`id_customer`,`id_cart`,`from`,`to`,`id_shop`,`id_shop_group`,`id_currency`,`id_country`,`id_group`,`from_quantity`,`id_specific_price_rule`),
  ADD KEY `id_product` (`id_product`,`id_shop`,`id_currency`,`id_country`,`id_group`,`id_customer`,`from_quantity`,`from`,`to`),
  ADD KEY `from_quantity` (`from_quantity`),
  ADD KEY `id_specific_price_rule` (`id_specific_price_rule`),
  ADD KEY `id_cart` (`id_cart`),
  ADD KEY `id_product_attribute` (`id_product_attribute`),
  ADD KEY `id_shop` (`id_shop`),
  ADD KEY `id_customer` (`id_customer`),
  ADD KEY `from` (`from`),
  ADD KEY `to` (`to`);

--
-- Indexes for table `xio8d_specific_price_priority`
--
ALTER TABLE `xio8d_specific_price_priority`
  ADD PRIMARY KEY (`id_specific_price_priority`,`id_product`),
  ADD UNIQUE KEY `id_product` (`id_product`);

--
-- Indexes for table `xio8d_specific_price_rule`
--
ALTER TABLE `xio8d_specific_price_rule`
  ADD PRIMARY KEY (`id_specific_price_rule`),
  ADD KEY `id_product` (`id_shop`,`id_currency`,`id_country`,`id_group`,`from_quantity`,`from`,`to`);

--
-- Indexes for table `xio8d_specific_price_rule_condition`
--
ALTER TABLE `xio8d_specific_price_rule_condition`
  ADD PRIMARY KEY (`id_specific_price_rule_condition`),
  ADD KEY `id_specific_price_rule_condition_group` (`id_specific_price_rule_condition_group`);

--
-- Indexes for table `xio8d_specific_price_rule_condition_group`
--
ALTER TABLE `xio8d_specific_price_rule_condition_group`
  ADD PRIMARY KEY (`id_specific_price_rule_condition_group`,`id_specific_price_rule`);

--
-- Indexes for table `xio8d_state`
--
ALTER TABLE `xio8d_state`
  ADD PRIMARY KEY (`id_state`),
  ADD KEY `id_country` (`id_country`),
  ADD KEY `name` (`name`),
  ADD KEY `id_zone` (`id_zone`);

--
-- Indexes for table `xio8d_statssearch`
--
ALTER TABLE `xio8d_statssearch`
  ADD PRIMARY KEY (`id_statssearch`);

--
-- Indexes for table `xio8d_stock`
--
ALTER TABLE `xio8d_stock`
  ADD PRIMARY KEY (`id_stock`),
  ADD KEY `id_warehouse` (`id_warehouse`),
  ADD KEY `id_product` (`id_product`),
  ADD KEY `id_product_attribute` (`id_product_attribute`);

--
-- Indexes for table `xio8d_stock_available`
--
ALTER TABLE `xio8d_stock_available`
  ADD PRIMARY KEY (`id_stock_available`),
  ADD UNIQUE KEY `product_sqlstock` (`id_product`,`id_product_attribute`,`id_shop`,`id_shop_group`),
  ADD KEY `id_shop` (`id_shop`),
  ADD KEY `id_shop_group` (`id_shop_group`),
  ADD KEY `id_product` (`id_product`),
  ADD KEY `id_product_attribute` (`id_product_attribute`);

--
-- Indexes for table `xio8d_stock_mvt`
--
ALTER TABLE `xio8d_stock_mvt`
  ADD PRIMARY KEY (`id_stock_mvt`),
  ADD KEY `id_stock` (`id_stock`),
  ADD KEY `id_stock_mvt_reason` (`id_stock_mvt_reason`);

--
-- Indexes for table `xio8d_stock_mvt_reason`
--
ALTER TABLE `xio8d_stock_mvt_reason`
  ADD PRIMARY KEY (`id_stock_mvt_reason`);

--
-- Indexes for table `xio8d_stock_mvt_reason_lang`
--
ALTER TABLE `xio8d_stock_mvt_reason_lang`
  ADD PRIMARY KEY (`id_stock_mvt_reason`,`id_lang`);

--
-- Indexes for table `xio8d_store`
--
ALTER TABLE `xio8d_store`
  ADD PRIMARY KEY (`id_store`);

--
-- Indexes for table `xio8d_store_lang`
--
ALTER TABLE `xio8d_store_lang`
  ADD PRIMARY KEY (`id_store`,`id_lang`);

--
-- Indexes for table `xio8d_store_shop`
--
ALTER TABLE `xio8d_store_shop`
  ADD PRIMARY KEY (`id_store`,`id_shop`),
  ADD KEY `id_shop` (`id_shop`);

--
-- Indexes for table `xio8d_stripe_capture`
--
ALTER TABLE `xio8d_stripe_capture`
  ADD PRIMARY KEY (`id_stripe_capture`);

--
-- Indexes for table `xio8d_stripe_customer`
--
ALTER TABLE `xio8d_stripe_customer`
  ADD PRIMARY KEY (`id_stripe_customer`);

--
-- Indexes for table `xio8d_stripe_event`
--
ALTER TABLE `xio8d_stripe_event`
  ADD PRIMARY KEY (`id_stripe_event`),
  ADD UNIQUE KEY `ix_id_payment_intentstatus` (`id_payment_intent`,`status`);

--
-- Indexes for table `xio8d_stripe_idempotency_key`
--
ALTER TABLE `xio8d_stripe_idempotency_key`
  ADD PRIMARY KEY (`id_idempotency_key`);

--
-- Indexes for table `xio8d_stripe_lock_keys`
--
ALTER TABLE `xio8d_stripe_lock_keys`
  ADD PRIMARY KEY (`key_id`);

--
-- Indexes for table `xio8d_stripe_official_processlogger`
--
ALTER TABLE `xio8d_stripe_official_processlogger`
  ADD PRIMARY KEY (`id_stripe_official_processlogger`);

--
-- Indexes for table `xio8d_stripe_payment`
--
ALTER TABLE `xio8d_stripe_payment`
  ADD PRIMARY KEY (`id_payment`);

--
-- Indexes for table `xio8d_stripe_payment_intent`
--
ALTER TABLE `xio8d_stripe_payment_intent`
  ADD PRIMARY KEY (`id_stripe_payment_intent`);

--
-- Indexes for table `xio8d_supplier`
--
ALTER TABLE `xio8d_supplier`
  ADD PRIMARY KEY (`id_supplier`);

--
-- Indexes for table `xio8d_supplier_lang`
--
ALTER TABLE `xio8d_supplier_lang`
  ADD PRIMARY KEY (`id_supplier`,`id_lang`);

--
-- Indexes for table `xio8d_supplier_shop`
--
ALTER TABLE `xio8d_supplier_shop`
  ADD PRIMARY KEY (`id_supplier`,`id_shop`),
  ADD KEY `id_shop` (`id_shop`);

--
-- Indexes for table `xio8d_supply_order`
--
ALTER TABLE `xio8d_supply_order`
  ADD PRIMARY KEY (`id_supply_order`),
  ADD KEY `id_supplier` (`id_supplier`),
  ADD KEY `id_warehouse` (`id_warehouse`),
  ADD KEY `reference` (`reference`);

--
-- Indexes for table `xio8d_supply_order_detail`
--
ALTER TABLE `xio8d_supply_order_detail`
  ADD PRIMARY KEY (`id_supply_order_detail`),
  ADD KEY `id_supply_order` (`id_supply_order`,`id_product`),
  ADD KEY `id_product_attribute` (`id_product_attribute`),
  ADD KEY `id_product_product_attribute` (`id_product`,`id_product_attribute`);

--
-- Indexes for table `xio8d_supply_order_history`
--
ALTER TABLE `xio8d_supply_order_history`
  ADD PRIMARY KEY (`id_supply_order_history`),
  ADD KEY `id_supply_order` (`id_supply_order`),
  ADD KEY `id_employee` (`id_employee`),
  ADD KEY `id_state` (`id_state`);

--
-- Indexes for table `xio8d_supply_order_receipt_history`
--
ALTER TABLE `xio8d_supply_order_receipt_history`
  ADD PRIMARY KEY (`id_supply_order_receipt_history`),
  ADD KEY `id_supply_order_detail` (`id_supply_order_detail`),
  ADD KEY `id_supply_order_state` (`id_supply_order_state`);

--
-- Indexes for table `xio8d_supply_order_state`
--
ALTER TABLE `xio8d_supply_order_state`
  ADD PRIMARY KEY (`id_supply_order_state`);

--
-- Indexes for table `xio8d_supply_order_state_lang`
--
ALTER TABLE `xio8d_supply_order_state_lang`
  ADD PRIMARY KEY (`id_supply_order_state`,`id_lang`);

--
-- Indexes for table `xio8d_tab`
--
ALTER TABLE `xio8d_tab`
  ADD PRIMARY KEY (`id_tab`);

--
-- Indexes for table `xio8d_tab_lang`
--
ALTER TABLE `xio8d_tab_lang`
  ADD PRIMARY KEY (`id_tab`,`id_lang`),
  ADD KEY `IDX_CFD9262DED47AB56` (`id_tab`),
  ADD KEY `IDX_CFD9262DBA299860` (`id_lang`);

--
-- Indexes for table `xio8d_tab_module_preference`
--
ALTER TABLE `xio8d_tab_module_preference`
  ADD PRIMARY KEY (`id_tab_module_preference`),
  ADD UNIQUE KEY `employee_module` (`id_employee`,`id_tab`,`module`);

--
-- Indexes for table `xio8d_tag`
--
ALTER TABLE `xio8d_tag`
  ADD PRIMARY KEY (`id_tag`),
  ADD KEY `tag_name` (`name`),
  ADD KEY `id_lang` (`id_lang`);

--
-- Indexes for table `xio8d_tag_count`
--
ALTER TABLE `xio8d_tag_count`
  ADD PRIMARY KEY (`id_group`,`id_tag`),
  ADD KEY `id_group` (`id_group`,`id_lang`,`id_shop`,`counter`);

--
-- Indexes for table `xio8d_tax`
--
ALTER TABLE `xio8d_tax`
  ADD PRIMARY KEY (`id_tax`);

--
-- Indexes for table `xio8d_tax_lang`
--
ALTER TABLE `xio8d_tax_lang`
  ADD PRIMARY KEY (`id_tax`,`id_lang`);

--
-- Indexes for table `xio8d_tax_rule`
--
ALTER TABLE `xio8d_tax_rule`
  ADD PRIMARY KEY (`id_tax_rule`),
  ADD KEY `id_tax_rules_group` (`id_tax_rules_group`),
  ADD KEY `id_tax` (`id_tax`),
  ADD KEY `category_getproducts` (`id_tax_rules_group`,`id_country`,`id_state`,`zipcode_from`);

--
-- Indexes for table `xio8d_tax_rules_group`
--
ALTER TABLE `xio8d_tax_rules_group`
  ADD PRIMARY KEY (`id_tax_rules_group`);

--
-- Indexes for table `xio8d_tax_rules_group_shop`
--
ALTER TABLE `xio8d_tax_rules_group_shop`
  ADD PRIMARY KEY (`id_tax_rules_group`,`id_shop`),
  ADD KEY `id_shop` (`id_shop`);

--
-- Indexes for table `xio8d_timezone`
--
ALTER TABLE `xio8d_timezone`
  ADD PRIMARY KEY (`id_timezone`);

--
-- Indexes for table `xio8d_translation`
--
ALTER TABLE `xio8d_translation`
  ADD PRIMARY KEY (`id_translation`),
  ADD KEY `IDX_ADEBEB36BA299860` (`id_lang`),
  ADD KEY `key` (`domain`);

--
-- Indexes for table `xio8d_uit_missing_images`
--
ALTER TABLE `xio8d_uit_missing_images`
  ADD PRIMARY KEY (`id`),
  ADD UNIQUE KEY `uniq_request_hash` (`request_hash`),
  ADD KEY `idx_last_seen` (`last_seen`);

--
-- Indexes for table `xio8d_uit_smush`
--
ALTER TABLE `xio8d_uit_smush`
  ADD PRIMARY KEY (`id`),
  ADD KEY `object_id` (`object_id`),
  ADD KEY `object_type` (`object_type`(32)),
  ADD KEY `image_size` (`image_size`(32)),
  ADD KEY `processed` (`processed`);

--
-- Indexes for table `xio8d_warehouse`
--
ALTER TABLE `xio8d_warehouse`
  ADD PRIMARY KEY (`id_warehouse`);

--
-- Indexes for table `xio8d_warehouse_carrier`
--
ALTER TABLE `xio8d_warehouse_carrier`
  ADD PRIMARY KEY (`id_warehouse`,`id_carrier`),
  ADD KEY `id_warehouse` (`id_warehouse`),
  ADD KEY `id_carrier` (`id_carrier`);

--
-- Indexes for table `xio8d_warehouse_product_location`
--
ALTER TABLE `xio8d_warehouse_product_location`
  ADD PRIMARY KEY (`id_warehouse_product_location`),
  ADD UNIQUE KEY `id_product` (`id_product`,`id_product_attribute`,`id_warehouse`);

--
-- Indexes for table `xio8d_warehouse_shop`
--
ALTER TABLE `xio8d_warehouse_shop`
  ADD PRIMARY KEY (`id_warehouse`,`id_shop`),
  ADD KEY `id_warehouse` (`id_warehouse`),
  ADD KEY `id_shop` (`id_shop`);

--
-- Indexes for table `xio8d_webservice_account`
--
ALTER TABLE `xio8d_webservice_account`
  ADD PRIMARY KEY (`id_webservice_account`),
  ADD KEY `key` (`key`);

--
-- Indexes for table `xio8d_webservice_account_shop`
--
ALTER TABLE `xio8d_webservice_account_shop`
  ADD PRIMARY KEY (`id_webservice_account`,`id_shop`),
  ADD KEY `id_shop` (`id_shop`);

--
-- Indexes for table `xio8d_webservice_permission`
--
ALTER TABLE `xio8d_webservice_permission`
  ADD PRIMARY KEY (`id_webservice_permission`),
  ADD UNIQUE KEY `resource_2` (`resource`,`method`,`id_webservice_account`),
  ADD KEY `resource` (`resource`),
  ADD KEY `method` (`method`),
  ADD KEY `id_webservice_account` (`id_webservice_account`);

--
-- Indexes for table `xio8d_web_browser`
--
ALTER TABLE `xio8d_web_browser`
  ADD PRIMARY KEY (`id_web_browser`);

--
-- Indexes for table `xio8d_wishlist`
--
ALTER TABLE `xio8d_wishlist`
  ADD PRIMARY KEY (`id_wishlist`);

--
-- Indexes for table `xio8d_wishlist_product`
--
ALTER TABLE `xio8d_wishlist_product`
  ADD PRIMARY KEY (`id_wishlist_product`);

--
-- Indexes for table `xio8d_zone`
--
ALTER TABLE `xio8d_zone`
  ADD PRIMARY KEY (`id_zone`);

--
-- Indexes for table `xio8d_zone_shop`
--
ALTER TABLE `xio8d_zone_shop`
  ADD PRIMARY KEY (`id_zone`,`id_shop`),
  ADD KEY `id_shop` (`id_shop`);

--
-- AUTO_INCREMENT for dumped tables
--

--
-- AUTO_INCREMENT for table `xio8d_address`
--
ALTER TABLE `xio8d_address`
  MODIFY `id_address` int(10) UNSIGNED NOT NULL AUTO_INCREMENT, AUTO_INCREMENT=9570;

--
-- AUTO_INCREMENT for table `xio8d_admin_filter`
--
ALTER TABLE `xio8d_admin_filter`
  MODIFY `id` int(11) NOT NULL AUTO_INCREMENT, AUTO_INCREMENT=57;

--
-- AUTO_INCREMENT for table `xio8d_alias`
--
ALTER TABLE `xio8d_alias`
  MODIFY `id_alias` int(10) UNSIGNED NOT NULL AUTO_INCREMENT, AUTO_INCREMENT=3;

--
-- AUTO_INCREMENT for table `xio8d_api_client`
--
ALTER TABLE `xio8d_api_client`
  MODIFY `id_api_client` int(10) UNSIGNED NOT NULL AUTO_INCREMENT;

--
-- AUTO_INCREMENT for table `xio8d_attachment`
--
ALTER TABLE `xio8d_attachment`
  MODIFY `id_attachment` int(10) UNSIGNED NOT NULL AUTO_INCREMENT;

--
-- AUTO_INCREMENT for table `xio8d_attachment_lang`
--
ALTER TABLE `xio8d_attachment_lang`
  MODIFY `id_attachment` int(10) UNSIGNED NOT NULL AUTO_INCREMENT;

--
-- AUTO_INCREMENT for table `xio8d_attribute`
--
ALTER TABLE `xio8d_attribute`
  MODIFY `id_attribute` int(11) NOT NULL AUTO_INCREMENT, AUTO_INCREMENT=26;

--
-- AUTO_INCREMENT for table `xio8d_attribute_group`
--
ALTER TABLE `xio8d_attribute_group`
  MODIFY `id_attribute_group` int(11) NOT NULL AUTO_INCREMENT, AUTO_INCREMENT=5;

--
-- AUTO_INCREMENT for table `xio8d_blockwishlist_statistics`
--
ALTER TABLE `xio8d_blockwishlist_statistics`
  MODIFY `id_statistics` int(10) UNSIGNED NOT NULL AUTO_INCREMENT;

--
-- AUTO_INCREMENT for table `xio8d_braintreeofficial_capture`
--
ALTER TABLE `xio8d_braintreeofficial_capture`
  MODIFY `id_braintreeofficial_capture` int(10) UNSIGNED NOT NULL AUTO_INCREMENT;

--
-- AUTO_INCREMENT for table `xio8d_braintreeofficial_customer`
--
ALTER TABLE `xio8d_braintreeofficial_customer`
  MODIFY `id_braintreeofficial_customer` int(10) UNSIGNED NOT NULL AUTO_INCREMENT, AUTO_INCREMENT=3;

--
-- AUTO_INCREMENT for table `xio8d_braintreeofficial_order`
--
ALTER TABLE `xio8d_braintreeofficial_order`
  MODIFY `id_braintreeofficial_order` int(10) UNSIGNED NOT NULL AUTO_INCREMENT, AUTO_INCREMENT=3;

--
-- AUTO_INCREMENT for table `xio8d_braintreeofficial_processlogger`
--
ALTER TABLE `xio8d_braintreeofficial_processlogger`
  MODIFY `id_braintreeofficial_processlogger` int(10) UNSIGNED NOT NULL AUTO_INCREMENT, AUTO_INCREMENT=3;

--
-- AUTO_INCREMENT for table `xio8d_braintreeofficial_vaulting`
--
ALTER TABLE `xio8d_braintreeofficial_vaulting`
  MODIFY `id_braintreeofficial_vaulting` int(10) UNSIGNED NOT NULL AUTO_INCREMENT;

--
-- AUTO_INCREMENT for table `xio8d_carrier`
--
ALTER TABLE `xio8d_carrier`
  MODIFY `id_carrier` int(10) UNSIGNED NOT NULL AUTO_INCREMENT, AUTO_INCREMENT=75;

--
-- AUTO_INCREMENT for table `xio8d_cart`
--
ALTER TABLE `xio8d_cart`
  MODIFY `id_cart` int(10) UNSIGNED NOT NULL AUTO_INCREMENT, AUTO_INCREMENT=24096;

--
-- AUTO_INCREMENT for table `xio8d_cart_rule`
--
ALTER TABLE `xio8d_cart_rule`
  MODIFY `id_cart_rule` int(10) UNSIGNED NOT NULL AUTO_INCREMENT;

--
-- AUTO_INCREMENT for table `xio8d_cart_rule_product_rule`
--
ALTER TABLE `xio8d_cart_rule_product_rule`
  MODIFY `id_product_rule` int(10) UNSIGNED NOT NULL AUTO_INCREMENT;

--
-- AUTO_INCREMENT for table `xio8d_cart_rule_product_rule_group`
--
ALTER TABLE `xio8d_cart_rule_product_rule_group`
  MODIFY `id_product_rule_group` int(10) UNSIGNED NOT NULL AUTO_INCREMENT;

--
-- AUTO_INCREMENT for table `xio8d_cart_rule_type`
--
ALTER TABLE `xio8d_cart_rule_type`
  MODIFY `id_cart_rule_type` int(10) UNSIGNED NOT NULL AUTO_INCREMENT, AUTO_INCREMENT=11;

--
-- AUTO_INCREMENT for table `xio8d_category`
--
ALTER TABLE `xio8d_category`
  MODIFY `id_category` int(10) UNSIGNED NOT NULL AUTO_INCREMENT, AUTO_INCREMENT=53;

--
-- AUTO_INCREMENT for table `xio8d_ce_content`
--
ALTER TABLE `xio8d_ce_content`
  MODIFY `id_ce_content` int(10) UNSIGNED NOT NULL AUTO_INCREMENT;

--
-- AUTO_INCREMENT for table `xio8d_ce_meta`
--
ALTER TABLE `xio8d_ce_meta`
  MODIFY `id_ce_meta` bigint(20) UNSIGNED NOT NULL AUTO_INCREMENT, AUTO_INCREMENT=1785;

--
-- AUTO_INCREMENT for table `xio8d_ce_revision`
--
ALTER TABLE `xio8d_ce_revision`
  MODIFY `id_ce_revision` bigint(20) UNSIGNED NOT NULL AUTO_INCREMENT, AUTO_INCREMENT=257;

--
-- AUTO_INCREMENT for table `xio8d_ce_template`
--
ALTER TABLE `xio8d_ce_template`
  MODIFY `id_ce_template` int(10) UNSIGNED NOT NULL AUTO_INCREMENT, AUTO_INCREMENT=65;

--
-- AUTO_INCREMENT for table `xio8d_cms`
--
ALTER TABLE `xio8d_cms`
  MODIFY `id_cms` int(10) UNSIGNED NOT NULL AUTO_INCREMENT, AUTO_INCREMENT=45;

--
-- AUTO_INCREMENT for table `xio8d_cms_category`
--
ALTER TABLE `xio8d_cms_category`
  MODIFY `id_cms_category` int(10) UNSIGNED NOT NULL AUTO_INCREMENT, AUTO_INCREMENT=2;

--
-- AUTO_INCREMENT for table `xio8d_cms_category_shop`
--
ALTER TABLE `xio8d_cms_category_shop`
  MODIFY `id_cms_category` int(10) UNSIGNED NOT NULL AUTO_INCREMENT, AUTO_INCREMENT=2;

--
-- AUTO_INCREMENT for table `xio8d_cms_role`
--
ALTER TABLE `xio8d_cms_role`
  MODIFY `id_cms_role` int(11) UNSIGNED NOT NULL AUTO_INCREMENT, AUTO_INCREMENT=3;

--
-- AUTO_INCREMENT for table `xio8d_configuration`
--
ALTER TABLE `xio8d_configuration`
  MODIFY `id_configuration` int(10) UNSIGNED NOT NULL AUTO_INCREMENT, AUTO_INCREMENT=1555;

--
-- AUTO_INCREMENT for table `xio8d_configuration_kpi`
--
ALTER TABLE `xio8d_configuration_kpi`
  MODIFY `id_configuration_kpi` int(10) UNSIGNED NOT NULL AUTO_INCREMENT, AUTO_INCREMENT=115;

--
-- AUTO_INCREMENT for table `xio8d_connections`
--
ALTER TABLE `xio8d_connections`
  MODIFY `id_connections` int(10) UNSIGNED NOT NULL AUTO_INCREMENT, AUTO_INCREMENT=80;

--
-- AUTO_INCREMENT for table `xio8d_connections_source`
--
ALTER TABLE `xio8d_connections_source`
  MODIFY `id_connections_source` int(10) UNSIGNED NOT NULL AUTO_INCREMENT, AUTO_INCREMENT=170;

--
-- AUTO_INCREMENT for table `xio8d_contact`
--
ALTER TABLE `xio8d_contact`
  MODIFY `id_contact` int(10) UNSIGNED NOT NULL AUTO_INCREMENT, AUTO_INCREMENT=3;

--
-- AUTO_INCREMENT for table `xio8d_country`
--
ALTER TABLE `xio8d_country`
  MODIFY `id_country` int(10) UNSIGNED NOT NULL AUTO_INCREMENT, AUTO_INCREMENT=251;

--
-- AUTO_INCREMENT for table `xio8d_currency`
--
ALTER TABLE `xio8d_currency`
  MODIFY `id_currency` int(10) UNSIGNED NOT NULL AUTO_INCREMENT, AUTO_INCREMENT=5;

--
-- AUTO_INCREMENT for table `xio8d_customer_message`
--
ALTER TABLE `xio8d_customer_message`
  MODIFY `id_customer_message` int(10) UNSIGNED NOT NULL AUTO_INCREMENT, AUTO_INCREMENT=976;

--
-- AUTO_INCREMENT for table `xio8d_customization`
--
ALTER TABLE `xio8d_customization`
  MODIFY `id_customization` int(10) UNSIGNED NOT NULL AUTO_INCREMENT;

--
-- AUTO_INCREMENT for table `xio8d_customization_field`
--
ALTER TABLE `xio8d_customization_field`
  MODIFY `id_customization_field` int(10) UNSIGNED NOT NULL AUTO_INCREMENT;

--
-- AUTO_INCREMENT for table `xio8d_customproducttabs`
--
ALTER TABLE `xio8d_customproducttabs`
  MODIFY `tab_id` int(10) UNSIGNED NOT NULL AUTO_INCREMENT;

--
-- AUTO_INCREMENT for table `xio8d_customproducttabs_content`
--
ALTER TABLE `xio8d_customproducttabs_content`
  MODIFY `content_id` int(10) UNSIGNED NOT NULL AUTO_INCREMENT;

--
-- AUTO_INCREMENT for table `xio8d_date_range`
--
ALTER TABLE `xio8d_date_range`
  MODIFY `id_date_range` int(10) UNSIGNED NOT NULL AUTO_INCREMENT;

--
-- AUTO_INCREMENT for table `xio8d_delivery`
--
ALTER TABLE `xio8d_delivery`
  MODIFY `id_delivery` int(10) UNSIGNED NOT NULL AUTO_INCREMENT, AUTO_INCREMENT=655;

--
-- AUTO_INCREMENT for table `xio8d_emailsubscription`
--
ALTER TABLE `xio8d_emailsubscription`
  MODIFY `id` int(6) NOT NULL AUTO_INCREMENT;

--
-- AUTO_INCREMENT for table `xio8d_employee_account`
--
ALTER TABLE `xio8d_employee_account`
  MODIFY `id_employee_account` int(11) NOT NULL AUTO_INCREMENT;

--
-- AUTO_INCREMENT for table `xio8d_favorite_product`
--
ALTER TABLE `xio8d_favorite_product`
  MODIFY `id_favorite_product` int(10) UNSIGNED NOT NULL AUTO_INCREMENT;

--
-- AUTO_INCREMENT for table `xio8d_feature`
--
ALTER TABLE `xio8d_feature`
  MODIFY `id_feature` int(10) UNSIGNED NOT NULL AUTO_INCREMENT;

--
-- AUTO_INCREMENT for table `xio8d_feature_flag`
--
ALTER TABLE `xio8d_feature_flag`
  MODIFY `id_feature_flag` int(10) UNSIGNED NOT NULL AUTO_INCREMENT, AUTO_INCREMENT=17;

--
-- AUTO_INCREMENT for table `xio8d_feature_value`
--
ALTER TABLE `xio8d_feature_value`
  MODIFY `id_feature_value` int(10) UNSIGNED NOT NULL AUTO_INCREMENT;

--
-- AUTO_INCREMENT for table `xio8d_ganalytics`
--
ALTER TABLE `xio8d_ganalytics`
  MODIFY `id_google_analytics` int(11) NOT NULL AUTO_INCREMENT, AUTO_INCREMENT=18;

--
-- AUTO_INCREMENT for table `xio8d_gender`
--
ALTER TABLE `xio8d_gender`
  MODIFY `id_gender` int(11) NOT NULL AUTO_INCREMENT, AUTO_INCREMENT=3;

--
-- AUTO_INCREMENT for table `xio8d_group`
--
ALTER TABLE `xio8d_group`
  MODIFY `id_group` int(10) UNSIGNED NOT NULL AUTO_INCREMENT, AUTO_INCREMENT=4;

--
-- AUTO_INCREMENT for table `xio8d_group_reduction`
--
ALTER TABLE `xio8d_group_reduction`
  MODIFY `id_group_reduction` mediumint(8) UNSIGNED NOT NULL AUTO_INCREMENT;

--
-- AUTO_INCREMENT for table `xio8d_guest`
--
ALTER TABLE `xio8d_guest`
  MODIFY `id_guest` int(10) UNSIGNED NOT NULL AUTO_INCREMENT, AUTO_INCREMENT=52;

--
-- AUTO_INCREMENT for table `xio8d_homeslider`
--
ALTER TABLE `xio8d_homeslider`
  MODIFY `id_homeslider_slides` int(10) UNSIGNED NOT NULL AUTO_INCREMENT, AUTO_INCREMENT=4;

--
-- AUTO_INCREMENT for table `xio8d_homeslider_slides`
--
ALTER TABLE `xio8d_homeslider_slides`
  MODIFY `id_homeslider_slides` int(10) UNSIGNED NOT NULL AUTO_INCREMENT, AUTO_INCREMENT=4;

--
-- AUTO_INCREMENT for table `xio8d_hook`
--
ALTER TABLE `xio8d_hook`
  MODIFY `id_hook` int(10) UNSIGNED NOT NULL AUTO_INCREMENT, AUTO_INCREMENT=1278;

--
-- AUTO_INCREMENT for table `xio8d_hook_alias`
--
ALTER TABLE `xio8d_hook_alias`
  MODIFY `id_hook_alias` int(10) UNSIGNED NOT NULL AUTO_INCREMENT, AUTO_INCREMENT=87;

--
-- AUTO_INCREMENT for table `xio8d_hook_module_exceptions`
--
ALTER TABLE `xio8d_hook_module_exceptions`
  MODIFY `id_hook_module_exceptions` int(10) UNSIGNED NOT NULL AUTO_INCREMENT;

--
-- AUTO_INCREMENT for table `xio8d_image`
--
ALTER TABLE `xio8d_image`
  MODIFY `id_image` int(10) UNSIGNED NOT NULL AUTO_INCREMENT, AUTO_INCREMENT=727;

--
-- AUTO_INCREMENT for table `xio8d_image_type`
--
ALTER TABLE `xio8d_image_type`
  MODIFY `id_image_type` int(10) UNSIGNED NOT NULL AUTO_INCREMENT, AUTO_INCREMENT=9;

--
-- AUTO_INCREMENT for table `xio8d_import_match`
--
ALTER TABLE `xio8d_import_match`
  MODIFY `id_import_match` int(10) NOT NULL AUTO_INCREMENT;

--
-- AUTO_INCREMENT for table `xio8d_info`
--
ALTER TABLE `xio8d_info`
  MODIFY `id_info` int(10) UNSIGNED NOT NULL AUTO_INCREMENT, AUTO_INCREMENT=2;

--
-- AUTO_INCREMENT for table `xio8d_lang`
--
ALTER TABLE `xio8d_lang`
  MODIFY `id_lang` int(11) NOT NULL AUTO_INCREMENT, AUTO_INCREMENT=7;

--
-- AUTO_INCREMENT for table `xio8d_layered_category`
--
ALTER TABLE `xio8d_layered_category`
  MODIFY `id_layered_category` int(10) UNSIGNED NOT NULL AUTO_INCREMENT, AUTO_INCREMENT=25;

--
-- AUTO_INCREMENT for table `xio8d_layered_filter`
--
ALTER TABLE `xio8d_layered_filter`
  MODIFY `id_layered_filter` int(10) UNSIGNED NOT NULL AUTO_INCREMENT, AUTO_INCREMENT=2;

--
-- AUTO_INCREMENT for table `xio8d_linksmenutop`
--
ALTER TABLE `xio8d_linksmenutop`
  MODIFY `id_linksmenutop` int(10) UNSIGNED NOT NULL AUTO_INCREMENT, AUTO_INCREMENT=3;

--
-- AUTO_INCREMENT for table `xio8d_link_block`
--
ALTER TABLE `xio8d_link_block`
  MODIFY `id_link_block` int(10) UNSIGNED NOT NULL AUTO_INCREMENT, AUTO_INCREMENT=8;

--
-- AUTO_INCREMENT for table `xio8d_link_block_shop`
--
ALTER TABLE `xio8d_link_block_shop`
  MODIFY `id_link_block` int(10) UNSIGNED NOT NULL AUTO_INCREMENT, AUTO_INCREMENT=8;

--
-- AUTO_INCREMENT for table `xio8d_log`
--
ALTER TABLE `xio8d_log`
  MODIFY `id_log` int(10) UNSIGNED NOT NULL AUTO_INCREMENT, AUTO_INCREMENT=4938;

--
-- AUTO_INCREMENT for table `xio8d_mail`
--
ALTER TABLE `xio8d_mail`
  MODIFY `id_mail` int(11) UNSIGNED NOT NULL AUTO_INCREMENT;

--
-- AUTO_INCREMENT for table `xio8d_manufacturer`
--
ALTER TABLE `xio8d_manufacturer`
  MODIFY `id_manufacturer` int(10) UNSIGNED NOT NULL AUTO_INCREMENT, AUTO_INCREMENT=4;

--
-- AUTO_INCREMENT for table `xio8d_mbo_api_config`
--
ALTER TABLE `xio8d_mbo_api_config`
  MODIFY `id_mbo_api_config` int(10) UNSIGNED NOT NULL AUTO_INCREMENT;

--
-- AUTO_INCREMENT for table `xio8d_memcached_servers`
--
ALTER TABLE `xio8d_memcached_servers`
  MODIFY `id_memcached_server` int(11) UNSIGNED NOT NULL AUTO_INCREMENT;

--
-- AUTO_INCREMENT for table `xio8d_message`
--
ALTER TABLE `xio8d_message`
  MODIFY `id_message` int(10) UNSIGNED NOT NULL AUTO_INCREMENT, AUTO_INCREMENT=5857;

--
-- AUTO_INCREMENT for table `xio8d_meta`
--
ALTER TABLE `xio8d_meta`
  MODIFY `id_meta` int(10) UNSIGNED NOT NULL AUTO_INCREMENT, AUTO_INCREMENT=91;

--
-- AUTO_INCREMENT for table `xio8d_migrationpro_configuration`
--
ALTER TABLE `xio8d_migrationpro_configuration`
  MODIFY `id` int(11) NOT NULL AUTO_INCREMENT, AUTO_INCREMENT=52254;

--
-- AUTO_INCREMENT for table `xio8d_migrationpro_data`
--
ALTER TABLE `xio8d_migrationpro_data`
  MODIFY `id_data` int(11) NOT NULL AUTO_INCREMENT, AUTO_INCREMENT=82005;

--
-- AUTO_INCREMENT for table `xio8d_migrationpro_error_logs`
--
ALTER TABLE `xio8d_migrationpro_error_logs`
  MODIFY `id` int(11) NOT NULL AUTO_INCREMENT;

--
-- AUTO_INCREMENT for table `xio8d_migrationpro_mapping`
--
ALTER TABLE `xio8d_migrationpro_mapping`
  MODIFY `id_mapping` int(11) NOT NULL AUTO_INCREMENT, AUTO_INCREMENT=50;

--
-- AUTO_INCREMENT for table `xio8d_migrationpro_migrated_data`
--
ALTER TABLE `xio8d_migrationpro_migrated_data`
  MODIFY `id_data` int(11) NOT NULL AUTO_INCREMENT, AUTO_INCREMENT=259728;

--
-- AUTO_INCREMENT for table `xio8d_migrationpro_process`
--
ALTER TABLE `xio8d_migrationpro_process`
  MODIFY `id_process` int(11) NOT NULL AUTO_INCREMENT, AUTO_INCREMENT=4;

--
-- AUTO_INCREMENT for table `xio8d_migrationpro_save_mapping`
--
ALTER TABLE `xio8d_migrationpro_save_mapping`
  MODIFY `id_mapping` int(11) NOT NULL AUTO_INCREMENT, AUTO_INCREMENT=50;

--
-- AUTO_INCREMENT for table `xio8d_migrationpro_warning_logs`
--
ALTER TABLE `xio8d_migrationpro_warning_logs`
  MODIFY `id` int(11) NOT NULL AUTO_INCREMENT, AUTO_INCREMENT=453;

--
-- AUTO_INCREMENT for table `xio8d_module`
--
ALTER TABLE `xio8d_module`
  MODIFY `id_module` int(10) UNSIGNED NOT NULL AUTO_INCREMENT, AUTO_INCREMENT=121;

--
-- AUTO_INCREMENT for table `xio8d_module_history`
--
ALTER TABLE `xio8d_module_history`
  MODIFY `id` int(11) NOT NULL AUTO_INCREMENT, AUTO_INCREMENT=37;

--
-- AUTO_INCREMENT for table `xio8d_module_preference`
--
ALTER TABLE `xio8d_module_preference`
  MODIFY `id_module_preference` int(11) NOT NULL AUTO_INCREMENT;

--
-- AUTO_INCREMENT for table `xio8d_mutation`
--
ALTER TABLE `xio8d_mutation`
  MODIFY `id_mutation` int(10) UNSIGNED NOT NULL AUTO_INCREMENT;

--
-- AUTO_INCREMENT for table `xio8d_operating_system`
--
ALTER TABLE `xio8d_operating_system`
  MODIFY `id_operating_system` int(10) UNSIGNED NOT NULL AUTO_INCREMENT, AUTO_INCREMENT=10;

--
-- AUTO_INCREMENT for table `xio8d_orders`
--
ALTER TABLE `xio8d_orders`
  MODIFY `id_order` int(10) UNSIGNED NOT NULL AUTO_INCREMENT, AUTO_INCREMENT=6480;

--
-- AUTO_INCREMENT for table `xio8d_order_carrier`
--
ALTER TABLE `xio8d_order_carrier`
  MODIFY `id_order_carrier` int(11) NOT NULL AUTO_INCREMENT, AUTO_INCREMENT=6460;

--
-- AUTO_INCREMENT for table `xio8d_order_cart_rule`
--
ALTER TABLE `xio8d_order_cart_rule`
  MODIFY `id_order_cart_rule` int(10) UNSIGNED NOT NULL AUTO_INCREMENT, AUTO_INCREMENT=117;

--
-- AUTO_INCREMENT for table `xio8d_order_detail`
--
ALTER TABLE `xio8d_order_detail`
  MODIFY `id_order_detail` int(10) UNSIGNED NOT NULL AUTO_INCREMENT, AUTO_INCREMENT=9872;

--
-- AUTO_INCREMENT for table `xio8d_order_history`
--
ALTER TABLE `xio8d_order_history`
  MODIFY `id_order_history` int(10) UNSIGNED NOT NULL AUTO_INCREMENT, AUTO_INCREMENT=20578;

--
-- AUTO_INCREMENT for table `xio8d_order_invoice`
--
ALTER TABLE `xio8d_order_invoice`
  MODIFY `id_order_invoice` int(11) UNSIGNED NOT NULL AUTO_INCREMENT, AUTO_INCREMENT=6313;

--
-- AUTO_INCREMENT for table `xio8d_order_message`
--
ALTER TABLE `xio8d_order_message`
  MODIFY `id_order_message` int(10) UNSIGNED NOT NULL AUTO_INCREMENT, AUTO_INCREMENT=3;

--
-- AUTO_INCREMENT for table `xio8d_order_return`
--
ALTER TABLE `xio8d_order_return`
  MODIFY `id_order_return` int(10) UNSIGNED NOT NULL AUTO_INCREMENT;

--
-- AUTO_INCREMENT for table `xio8d_order_return_state`
--
ALTER TABLE `xio8d_order_return_state`
  MODIFY `id_order_return_state` int(10) UNSIGNED NOT NULL AUTO_INCREMENT, AUTO_INCREMENT=6;

--
-- AUTO_INCREMENT for table `xio8d_order_slip`
--
ALTER TABLE `xio8d_order_slip`
  MODIFY `id_order_slip` int(10) UNSIGNED NOT NULL AUTO_INCREMENT, AUTO_INCREMENT=6;

--
-- AUTO_INCREMENT for table `xio8d_order_state`
--
ALTER TABLE `xio8d_order_state`
  MODIFY `id_order_state` int(10) UNSIGNED NOT NULL AUTO_INCREMENT, AUTO_INCREMENT=35;

--
-- AUTO_INCREMENT for table `xio8d_page`
--
ALTER TABLE `xio8d_page`
  MODIFY `id_page` int(10) UNSIGNED NOT NULL AUTO_INCREMENT, AUTO_INCREMENT=12;

--
-- AUTO_INCREMENT for table `xio8d_pagenotfound`
--
ALTER TABLE `xio8d_pagenotfound`
  MODIFY `id_pagenotfound` int(10) UNSIGNED NOT NULL AUTO_INCREMENT, AUTO_INCREMENT=321;

--
-- AUTO_INCREMENT for table `xio8d_page_type`
--
ALTER TABLE `xio8d_page_type`
  MODIFY `id_page_type` int(10) UNSIGNED NOT NULL AUTO_INCREMENT, AUTO_INCREMENT=9;

--
-- AUTO_INCREMENT for table `xio8d_paypal_capture`
--
ALTER TABLE `xio8d_paypal_capture`
  MODIFY `id_paypal_capture` int(10) UNSIGNED NOT NULL AUTO_INCREMENT;

--
-- AUTO_INCREMENT for table `xio8d_paypal_ipn`
--
ALTER TABLE `xio8d_paypal_ipn`
  MODIFY `id_paypal_ipn` int(10) UNSIGNED NOT NULL AUTO_INCREMENT;

--
-- AUTO_INCREMENT for table `xio8d_paypal_order`
--
ALTER TABLE `xio8d_paypal_order`
  MODIFY `id_paypal_order` int(10) UNSIGNED NOT NULL AUTO_INCREMENT, AUTO_INCREMENT=3;

--
-- AUTO_INCREMENT for table `xio8d_paypal_processlogger`
--
ALTER TABLE `xio8d_paypal_processlogger`
  MODIFY `id_paypal_processlogger` int(10) UNSIGNED NOT NULL AUTO_INCREMENT, AUTO_INCREMENT=164;

--
-- AUTO_INCREMENT for table `xio8d_paypal_vaulting`
--
ALTER TABLE `xio8d_paypal_vaulting`
  MODIFY `id_paypal_vaulting` int(10) UNSIGNED NOT NULL AUTO_INCREMENT;

--
-- AUTO_INCREMENT for table `xio8d_paypal_webhook`
--
ALTER TABLE `xio8d_paypal_webhook`
  MODIFY `id_paypal_webhook` int(10) UNSIGNED NOT NULL AUTO_INCREMENT;

--
-- AUTO_INCREMENT for table `xio8d_pk_facebookusers`
--
ALTER TABLE `xio8d_pk_facebookusers`
  MODIFY `id` int(11) NOT NULL AUTO_INCREMENT;

--
-- AUTO_INCREMENT for table `xio8d_pk_lookbook`
--
ALTER TABLE `xio8d_pk_lookbook`
  MODIFY `id_lookbook` int(10) UNSIGNED NOT NULL AUTO_INCREMENT, AUTO_INCREMENT=4;

--
-- AUTO_INCREMENT for table `xio8d_pk_lookbook_item`
--
ALTER TABLE `xio8d_pk_lookbook_item`
  MODIFY `id_lookbook` int(10) UNSIGNED NOT NULL AUTO_INCREMENT, AUTO_INCREMENT=4;

--
-- AUTO_INCREMENT for table `xio8d_pk_sizeguide`
--
ALTER TABLE `xio8d_pk_sizeguide`
  MODIFY `id_sizeguide_guides` int(10) UNSIGNED NOT NULL AUTO_INCREMENT;

--
-- AUTO_INCREMENT for table `xio8d_pk_sizeguide_guides`
--
ALTER TABLE `xio8d_pk_sizeguide_guides`
  MODIFY `id_sizeguide_guides` int(10) UNSIGNED NOT NULL AUTO_INCREMENT;

--
-- AUTO_INCREMENT for table `xio8d_product`
--
ALTER TABLE `xio8d_product`
  MODIFY `id_product` int(10) UNSIGNED NOT NULL AUTO_INCREMENT, AUTO_INCREMENT=205;

--
-- AUTO_INCREMENT for table `xio8d_product_attribute`
--
ALTER TABLE `xio8d_product_attribute`
  MODIFY `id_product_attribute` int(10) UNSIGNED NOT NULL AUTO_INCREMENT;

--
-- AUTO_INCREMENT for table `xio8d_product_comment`
--
ALTER TABLE `xio8d_product_comment`
  MODIFY `id_product_comment` int(10) UNSIGNED NOT NULL AUTO_INCREMENT;

--
-- AUTO_INCREMENT for table `xio8d_product_comment_criterion`
--
ALTER TABLE `xio8d_product_comment_criterion`
  MODIFY `id_product_comment_criterion` int(10) UNSIGNED NOT NULL AUTO_INCREMENT, AUTO_INCREMENT=2;

--
-- AUTO_INCREMENT for table `xio8d_product_download`
--
ALTER TABLE `xio8d_product_download`
  MODIFY `id_product_download` int(10) UNSIGNED NOT NULL AUTO_INCREMENT;

--
-- AUTO_INCREMENT for table `xio8d_product_supplier`
--
ALTER TABLE `xio8d_product_supplier`
  MODIFY `id_product_supplier` int(11) UNSIGNED NOT NULL AUTO_INCREMENT;

--
-- AUTO_INCREMENT for table `xio8d_profile`
--
ALTER TABLE `xio8d_profile`
  MODIFY `id_profile` int(10) UNSIGNED NOT NULL AUTO_INCREMENT, AUTO_INCREMENT=5;

--
-- AUTO_INCREMENT for table `xio8d_pscheckout_cart`
--
ALTER TABLE `xio8d_pscheckout_cart`
  MODIFY `id_pscheckout_cart` int(10) UNSIGNED NOT NULL AUTO_INCREMENT;

--
-- AUTO_INCREMENT for table `xio8d_pscheckout_order_matrice`
--
ALTER TABLE `xio8d_pscheckout_order_matrice`
  MODIFY `id_order_matrice` int(10) UNSIGNED NOT NULL AUTO_INCREMENT;

--
-- AUTO_INCREMENT for table `xio8d_pscheckout_payment_token`
--
ALTER TABLE `xio8d_pscheckout_payment_token`
  MODIFY `id` int(10) UNSIGNED NOT NULL AUTO_INCREMENT;

--
-- AUTO_INCREMENT for table `xio8d_pscheckout_tracking`
--
ALTER TABLE `xio8d_pscheckout_tracking`
  MODIFY `id` int(10) UNSIGNED NOT NULL AUTO_INCREMENT;

--
-- AUTO_INCREMENT for table `xio8d_psgdpr_consent`
--
ALTER TABLE `xio8d_psgdpr_consent`
  MODIFY `id_gdpr_consent` int(10) UNSIGNED NOT NULL AUTO_INCREMENT;

--
-- AUTO_INCREMENT for table `xio8d_psgdpr_consent_lang`
--
ALTER TABLE `xio8d_psgdpr_consent_lang`
  MODIFY `id_gdpr_consent` int(10) UNSIGNED NOT NULL AUTO_INCREMENT;

--
-- AUTO_INCREMENT for table `xio8d_psgdpr_log`
--
ALTER TABLE `xio8d_psgdpr_log`
  MODIFY `id_gdpr_log` int(10) UNSIGNED NOT NULL AUTO_INCREMENT, AUTO_INCREMENT=25;

--
-- AUTO_INCREMENT for table `xio8d_psreassurance`
--
ALTER TABLE `xio8d_psreassurance`
  MODIFY `id_psreassurance` int(10) UNSIGNED NOT NULL AUTO_INCREMENT, AUTO_INCREMENT=4;

--
-- AUTO_INCREMENT for table `xio8d_psshipping_address`
--
ALTER TABLE `xio8d_psshipping_address`
  MODIFY `id_address` int(11) NOT NULL AUTO_INCREMENT;

--
-- AUTO_INCREMENT for table `xio8d_quick_access`
--
ALTER TABLE `xio8d_quick_access`
  MODIFY `id_quick_access` int(10) UNSIGNED NOT NULL AUTO_INCREMENT, AUTO_INCREMENT=7;

--
-- AUTO_INCREMENT for table `xio8d_range_price`
--
ALTER TABLE `xio8d_range_price`
  MODIFY `id_range_price` int(10) UNSIGNED NOT NULL AUTO_INCREMENT, AUTO_INCREMENT=13;

--
-- AUTO_INCREMENT for table `xio8d_range_weight`
--
ALTER TABLE `xio8d_range_weight`
  MODIFY `id_range_weight` int(10) UNSIGNED NOT NULL AUTO_INCREMENT, AUTO_INCREMENT=18;

--
-- AUTO_INCREMENT for table `xio8d_request_sql`
--
ALTER TABLE `xio8d_request_sql`
  MODIFY `id_request_sql` int(11) NOT NULL AUTO_INCREMENT;

--
-- AUTO_INCREMENT for table `xio8d_required_field`
--
ALTER TABLE `xio8d_required_field`
  MODIFY `id_required_field` int(11) NOT NULL AUTO_INCREMENT;

--
-- AUTO_INCREMENT for table `xio8d_revslider_backup_slides`
--
ALTER TABLE `xio8d_revslider_backup_slides`
  MODIFY `id` int(9) NOT NULL AUTO_INCREMENT;

--
-- AUTO_INCREMENT for table `xio8d_revslider_css`
--
ALTER TABLE `xio8d_revslider_css`
  MODIFY `id` int(9) NOT NULL AUTO_INCREMENT;

--
-- AUTO_INCREMENT for table `xio8d_revslider_layer_animations`
--
ALTER TABLE `xio8d_revslider_layer_animations`
  MODIFY `id` int(9) NOT NULL AUTO_INCREMENT;

--
-- AUTO_INCREMENT for table `xio8d_revslider_navigations`
--
ALTER TABLE `xio8d_revslider_navigations`
  MODIFY `id` int(9) NOT NULL AUTO_INCREMENT;

--
-- AUTO_INCREMENT for table `xio8d_revslider_options`
--
ALTER TABLE `xio8d_revslider_options`
  MODIFY `option_id` int(10) NOT NULL AUTO_INCREMENT, AUTO_INCREMENT=6;

--
-- AUTO_INCREMENT for table `xio8d_revslider_sliders`
--
ALTER TABLE `xio8d_revslider_sliders`
  MODIFY `id` int(9) NOT NULL AUTO_INCREMENT, AUTO_INCREMENT=3;

--
-- AUTO_INCREMENT for table `xio8d_revslider_slides`
--
ALTER TABLE `xio8d_revslider_slides`
  MODIFY `id` int(9) NOT NULL AUTO_INCREMENT, AUTO_INCREMENT=4;

--
-- AUTO_INCREMENT for table `xio8d_revslider_static_slides`
--
ALTER TABLE `xio8d_revslider_static_slides`
  MODIFY `id` int(9) NOT NULL AUTO_INCREMENT, AUTO_INCREMENT=2;

--
-- AUTO_INCREMENT for table `xio8d_risk`
--
ALTER TABLE `xio8d_risk`
  MODIFY `id_risk` int(11) UNSIGNED NOT NULL AUTO_INCREMENT, AUTO_INCREMENT=5;

--
-- AUTO_INCREMENT for table `xio8d_search_engine`
--
ALTER TABLE `xio8d_search_engine`
  MODIFY `id_search_engine` int(10) UNSIGNED NOT NULL AUTO_INCREMENT, AUTO_INCREMENT=39;

--
-- AUTO_INCREMENT for table `xio8d_search_word`
--
ALTER TABLE `xio8d_search_word`
  MODIFY `id_word` int(10) UNSIGNED NOT NULL AUTO_INCREMENT, AUTO_INCREMENT=18155;

--
-- AUTO_INCREMENT for table `xio8d_shipment`
--
ALTER TABLE `xio8d_shipment`
  MODIFY `id_shipment` int(10) NOT NULL AUTO_INCREMENT;

--
-- AUTO_INCREMENT for table `xio8d_shipment_product`
--
ALTER TABLE `xio8d_shipment_product`
  MODIFY `id_shipment_product` int(11) NOT NULL AUTO_INCREMENT;

--
-- AUTO_INCREMENT for table `xio8d_shop`
--
ALTER TABLE `xio8d_shop`
  MODIFY `id_shop` int(11) NOT NULL AUTO_INCREMENT, AUTO_INCREMENT=3;

--
-- AUTO_INCREMENT for table `xio8d_shop_group`
--
ALTER TABLE `xio8d_shop_group`
  MODIFY `id_shop_group` int(11) NOT NULL AUTO_INCREMENT, AUTO_INCREMENT=2;

--
-- AUTO_INCREMENT for table `xio8d_shop_url`
--
ALTER TABLE `xio8d_shop_url`
  MODIFY `id_shop_url` int(11) UNSIGNED NOT NULL AUTO_INCREMENT, AUTO_INCREMENT=3;

--
-- AUTO_INCREMENT for table `xio8d_simpleblog_author`
--
ALTER TABLE `xio8d_simpleblog_author`
  MODIFY `id_simpleblog_author` int(11) UNSIGNED NOT NULL AUTO_INCREMENT;

--
-- AUTO_INCREMENT for table `xio8d_simpleblog_category`
--
ALTER TABLE `xio8d_simpleblog_category`
  MODIFY `id_simpleblog_category` int(11) UNSIGNED NOT NULL AUTO_INCREMENT, AUTO_INCREMENT=2;

--
-- AUTO_INCREMENT for table `xio8d_simpleblog_comment`
--
ALTER TABLE `xio8d_simpleblog_comment`
  MODIFY `id_simpleblog_comment` int(11) UNSIGNED NOT NULL AUTO_INCREMENT;

--
-- AUTO_INCREMENT for table `xio8d_simpleblog_post`
--
ALTER TABLE `xio8d_simpleblog_post`
  MODIFY `id_simpleblog_post` int(11) UNSIGNED NOT NULL AUTO_INCREMENT, AUTO_INCREMENT=9;

--
-- AUTO_INCREMENT for table `xio8d_simpleblog_post_image`
--
ALTER TABLE `xio8d_simpleblog_post_image`
  MODIFY `id_simpleblog_post_image` int(11) UNSIGNED NOT NULL AUTO_INCREMENT;

--
-- AUTO_INCREMENT for table `xio8d_simpleblog_post_type`
--
ALTER TABLE `xio8d_simpleblog_post_type`
  MODIFY `id_simpleblog_post_type` int(11) UNSIGNED NOT NULL AUTO_INCREMENT, AUTO_INCREMENT=5;

--
-- AUTO_INCREMENT for table `xio8d_simpleblog_tag`
--
ALTER TABLE `xio8d_simpleblog_tag`
  MODIFY `id_simpleblog_tag` int(11) UNSIGNED NOT NULL AUTO_INCREMENT;

--
-- AUTO_INCREMENT for table `xio8d_specific_price`
--
ALTER TABLE `xio8d_specific_price`
  MODIFY `id_specific_price` int(10) UNSIGNED NOT NULL AUTO_INCREMENT, AUTO_INCREMENT=152;

--
-- AUTO_INCREMENT for table `xio8d_specific_price_priority`
--
ALTER TABLE `xio8d_specific_price_priority`
  MODIFY `id_specific_price_priority` int(11) NOT NULL AUTO_INCREMENT;

--
-- AUTO_INCREMENT for table `xio8d_specific_price_rule`
--
ALTER TABLE `xio8d_specific_price_rule`
  MODIFY `id_specific_price_rule` int(10) UNSIGNED NOT NULL AUTO_INCREMENT;

--
-- AUTO_INCREMENT for table `xio8d_specific_price_rule_condition`
--
ALTER TABLE `xio8d_specific_price_rule_condition`
  MODIFY `id_specific_price_rule_condition` int(11) UNSIGNED NOT NULL AUTO_INCREMENT;

--
-- AUTO_INCREMENT for table `xio8d_specific_price_rule_condition_group`
--
ALTER TABLE `xio8d_specific_price_rule_condition_group`
  MODIFY `id_specific_price_rule_condition_group` int(11) UNSIGNED NOT NULL AUTO_INCREMENT;

--
-- AUTO_INCREMENT for table `xio8d_state`
--
ALTER TABLE `xio8d_state`
  MODIFY `id_state` int(10) UNSIGNED NOT NULL AUTO_INCREMENT, AUTO_INCREMENT=362;

--
-- AUTO_INCREMENT for table `xio8d_statssearch`
--
ALTER TABLE `xio8d_statssearch`
  MODIFY `id_statssearch` int(10) UNSIGNED NOT NULL AUTO_INCREMENT, AUTO_INCREMENT=9;

--
-- AUTO_INCREMENT for table `xio8d_stock`
--
ALTER TABLE `xio8d_stock`
  MODIFY `id_stock` int(11) UNSIGNED NOT NULL AUTO_INCREMENT;

--
-- AUTO_INCREMENT for table `xio8d_stock_available`
--
ALTER TABLE `xio8d_stock_available`
  MODIFY `id_stock_available` int(11) UNSIGNED NOT NULL AUTO_INCREMENT, AUTO_INCREMENT=256;

--
-- AUTO_INCREMENT for table `xio8d_stock_mvt`
--
ALTER TABLE `xio8d_stock_mvt`
  MODIFY `id_stock_mvt` bigint(20) NOT NULL AUTO_INCREMENT, AUTO_INCREMENT=132;

--
-- AUTO_INCREMENT for table `xio8d_stock_mvt_reason`
--
ALTER TABLE `xio8d_stock_mvt_reason`
  MODIFY `id_stock_mvt_reason` int(11) UNSIGNED NOT NULL AUTO_INCREMENT, AUTO_INCREMENT=6;

--
-- AUTO_INCREMENT for table `xio8d_store`
--
ALTER TABLE `xio8d_store`
  MODIFY `id_store` int(10) UNSIGNED NOT NULL AUTO_INCREMENT, AUTO_INCREMENT=6;

--
-- AUTO_INCREMENT for table `xio8d_stripe_capture`
--
ALTER TABLE `xio8d_stripe_capture`
  MODIFY `id_stripe_capture` int(10) UNSIGNED NOT NULL AUTO_INCREMENT;

--
-- AUTO_INCREMENT for table `xio8d_stripe_customer`
--
ALTER TABLE `xio8d_stripe_customer`
  MODIFY `id_stripe_customer` int(10) UNSIGNED NOT NULL AUTO_INCREMENT;

--
-- AUTO_INCREMENT for table `xio8d_stripe_event`
--
ALTER TABLE `xio8d_stripe_event`
  MODIFY `id_stripe_event` int(10) UNSIGNED NOT NULL AUTO_INCREMENT;

--
-- AUTO_INCREMENT for table `xio8d_stripe_idempotency_key`
--
ALTER TABLE `xio8d_stripe_idempotency_key`
  MODIFY `id_idempotency_key` int(10) UNSIGNED NOT NULL AUTO_INCREMENT, AUTO_INCREMENT=28;

--
-- AUTO_INCREMENT for table `xio8d_stripe_official_processlogger`
--
ALTER TABLE `xio8d_stripe_official_processlogger`
  MODIFY `id_stripe_official_processlogger` int(10) UNSIGNED NOT NULL AUTO_INCREMENT;

--
-- AUTO_INCREMENT for table `xio8d_stripe_payment`
--
ALTER TABLE `xio8d_stripe_payment`
  MODIFY `id_payment` int(10) UNSIGNED NOT NULL AUTO_INCREMENT, AUTO_INCREMENT=3;

--
-- AUTO_INCREMENT for table `xio8d_stripe_payment_intent`
--
ALTER TABLE `xio8d_stripe_payment_intent`
  MODIFY `id_stripe_payment_intent` int(10) UNSIGNED NOT NULL AUTO_INCREMENT, AUTO_INCREMENT=4;

--
-- AUTO_INCREMENT for table `xio8d_supplier`
--
ALTER TABLE `xio8d_supplier`
  MODIFY `id_supplier` int(10) UNSIGNED NOT NULL AUTO_INCREMENT, AUTO_INCREMENT=2;

--
-- AUTO_INCREMENT for table `xio8d_supply_order`
--
ALTER TABLE `xio8d_supply_order`
  MODIFY `id_supply_order` int(11) UNSIGNED NOT NULL AUTO_INCREMENT;

--
-- AUTO_INCREMENT for table `xio8d_supply_order_detail`
--
ALTER TABLE `xio8d_supply_order_detail`
  MODIFY `id_supply_order_detail` int(11) UNSIGNED NOT NULL AUTO_INCREMENT;

--
-- AUTO_INCREMENT for table `xio8d_supply_order_history`
--
ALTER TABLE `xio8d_supply_order_history`
  MODIFY `id_supply_order_history` int(11) UNSIGNED NOT NULL AUTO_INCREMENT;

--
-- AUTO_INCREMENT for table `xio8d_supply_order_receipt_history`
--
ALTER TABLE `xio8d_supply_order_receipt_history`
  MODIFY `id_supply_order_receipt_history` int(11) UNSIGNED NOT NULL AUTO_INCREMENT;

--
-- AUTO_INCREMENT for table `xio8d_supply_order_state`
--
ALTER TABLE `xio8d_supply_order_state`
  MODIFY `id_supply_order_state` int(11) UNSIGNED NOT NULL AUTO_INCREMENT;

--
-- AUTO_INCREMENT for table `xio8d_tab`
--
ALTER TABLE `xio8d_tab`
  MODIFY `id_tab` int(11) NOT NULL AUTO_INCREMENT, AUTO_INCREMENT=284;

--
-- AUTO_INCREMENT for table `xio8d_tab_module_preference`
--
ALTER TABLE `xio8d_tab_module_preference`
  MODIFY `id_tab_module_preference` int(11) NOT NULL AUTO_INCREMENT;

--
-- AUTO_INCREMENT for table `xio8d_tag`
--
ALTER TABLE `xio8d_tag`
  MODIFY `id_tag` int(10) UNSIGNED NOT NULL AUTO_INCREMENT;

--
-- AUTO_INCREMENT for table `xio8d_tax`
--
ALTER TABLE `xio8d_tax`
  MODIFY `id_tax` int(10) UNSIGNED NOT NULL AUTO_INCREMENT, AUTO_INCREMENT=84;

--
-- AUTO_INCREMENT for table `xio8d_tax_rule`
--
ALTER TABLE `xio8d_tax_rule`
  MODIFY `id_tax_rule` int(11) NOT NULL AUTO_INCREMENT, AUTO_INCREMENT=84;

--
-- AUTO_INCREMENT for table `xio8d_tax_rules_group`
--
ALTER TABLE `xio8d_tax_rules_group`
  MODIFY `id_tax_rules_group` int(11) NOT NULL AUTO_INCREMENT, AUTO_INCREMENT=57;

--
-- AUTO_INCREMENT for table `xio8d_timezone`
--
ALTER TABLE `xio8d_timezone`
  MODIFY `id_timezone` int(10) UNSIGNED NOT NULL AUTO_INCREMENT, AUTO_INCREMENT=560;

--
-- AUTO_INCREMENT for table `xio8d_translation`
--
ALTER TABLE `xio8d_translation`
  MODIFY `id_translation` int(11) NOT NULL AUTO_INCREMENT;

--
-- AUTO_INCREMENT for table `xio8d_uit_missing_images`
--
ALTER TABLE `xio8d_uit_missing_images`
  MODIFY `id` int(10) UNSIGNED NOT NULL AUTO_INCREMENT, AUTO_INCREMENT=517;

--
-- AUTO_INCREMENT for table `xio8d_uit_smush`
--
ALTER TABLE `xio8d_uit_smush`
  MODIFY `id` int(10) UNSIGNED NOT NULL AUTO_INCREMENT, AUTO_INCREMENT=99;

--
-- AUTO_INCREMENT for table `xio8d_warehouse`
--
ALTER TABLE `xio8d_warehouse`
  MODIFY `id_warehouse` int(11) UNSIGNED NOT NULL AUTO_INCREMENT;

--
-- AUTO_INCREMENT for table `xio8d_warehouse_product_location`
--
ALTER TABLE `xio8d_warehouse_product_location`
  MODIFY `id_warehouse_product_location` int(11) UNSIGNED NOT NULL AUTO_INCREMENT;

--
-- AUTO_INCREMENT for table `xio8d_webservice_account`
--
ALTER TABLE `xio8d_webservice_account`
  MODIFY `id_webservice_account` int(11) NOT NULL AUTO_INCREMENT;

--
-- AUTO_INCREMENT for table `xio8d_webservice_permission`
--
ALTER TABLE `xio8d_webservice_permission`
  MODIFY `id_webservice_permission` int(11) NOT NULL AUTO_INCREMENT;

--
-- AUTO_INCREMENT for table `xio8d_web_browser`
--
ALTER TABLE `xio8d_web_browser`
  MODIFY `id_web_browser` int(10) UNSIGNED NOT NULL AUTO_INCREMENT, AUTO_INCREMENT=12;

--
-- AUTO_INCREMENT for table `xio8d_wishlist`
--
ALTER TABLE `xio8d_wishlist`
  MODIFY `id_wishlist` int(10) UNSIGNED NOT NULL AUTO_INCREMENT;

--
-- AUTO_INCREMENT for table `xio8d_wishlist_product`
--
ALTER TABLE `xio8d_wishlist_product`
  MODIFY `id_wishlist_product` int(10) NOT NULL AUTO_INCREMENT;

--
-- AUTO_INCREMENT for table `xio8d_zone`
--
ALTER TABLE `xio8d_zone`
  MODIFY `id_zone` int(10) UNSIGNED NOT NULL AUTO_INCREMENT, AUTO_INCREMENT=13;
COMMIT;

