-- Table structure for table `xio8d_revslider_static_slides`
--

CREATE TABLE `xio8d_revslider_static_slides` (
  `id` int(9) NOT NULL,
  `slider_id` int(9) NOT NULL,
  `params` longtext NOT NULL,
  `layers` longtext NOT NULL,
  `settings` text NOT NULL
) ENGINE=InnoDB DEFAULT CHARSET=utf8mb4 COLLATE=utf8mb4_general_ci;

--
-- Dumping data for table `xio8d_revslider_static_slides`
--

INSERT INTO `xio8d_revslider_static_slides` (`id`, `slider_id`, `params`, `layers`, `settings`) VALUES
(1, 1, '[]', '', '{\"temp\":true}');

-- --------------------------------------------------------

--
-- Table structure for table `xio8d_risk`
--

CREATE TABLE `xio8d_risk` (
  `id_risk` int(11) UNSIGNED NOT NULL,
  `percent` tinyint(3) NOT NULL,
  `color` varchar(32) DEFAULT NULL
) ENGINE=InnoDB DEFAULT CHARSET=utf8mb4 COLLATE=utf8mb4_general_ci;

--
-- Dumping data for table `xio8d_risk`
--

INSERT INTO `xio8d_risk` (`id_risk`, `percent`, `color`) VALUES
(1, 0, '#32CD32'),
(2, 35, '#FF8C00'),
(3, 75, '#DC143C'),
(4, 100, '#ec2e15');

-- --------------------------------------------------------

--
-- Table structure for table `xio8d_risk_lang`
--

CREATE TABLE `xio8d_risk_lang` (
  `id_risk` int(10) UNSIGNED NOT NULL,
  `id_lang` int(10) UNSIGNED NOT NULL,
  `name` varchar(20) NOT NULL
) ENGINE=InnoDB DEFAULT CHARSET=utf8mb4 COLLATE=utf8mb4_general_ci;

--
-- Dumping data for table `xio8d_risk_lang`
--

INSERT INTO `xio8d_risk_lang` (`id_risk`, `id_lang`, `name`) VALUES
(1, 1, 'None'),
(1, 2, 'எதுவும் இல்லை'),
(1, 3, 'कुछ नहीं'),
(1, 4, 'শূন্য'),
(1, 5, 'tak satupun'),
(1, 6, '无'),
(2, 1, 'Low'),
(2, 2, 'Low'),
(2, 3, 'Low'),
(2, 4, 'নিম্ন'),
(2, 5, 'Rendah'),
(2, 6, '低'),
(3, 1, 'Medium'),
(3, 2, 'Medium'),
(3, 3, 'Medium'),
(3, 4, 'মধ্যম'),
(3, 5, 'Sederhana'),
(3, 6, '中'),
(4, 1, 'High'),
(4, 2, 'High'),
(4, 3, 'High'),
(4, 4, 'উচ্চ'),
(4, 5, 'Tinggi'),
(4, 6, '高');

-- --------------------------------------------------------

--
-- Table structure for table `xio8d_search_engine`
--

CREATE TABLE `xio8d_search_engine` (
  `id_search_engine` int(10) UNSIGNED NOT NULL,
  `server` varchar(64) NOT NULL,
  `getvar` varchar(16) NOT NULL
) ENGINE=InnoDB DEFAULT CHARSET=utf8mb4 COLLATE=utf8mb4_general_ci;

--
-- Dumping data for table `xio8d_search_engine`
--

INSERT INTO `xio8d_search_engine` (`id_search_engine`, `server`, `getvar`) VALUES
(1, 'google', 'q'),
(2, 'aol', 'q'),
(3, 'yandex', 'text'),
(4, 'ask.com', 'q'),
(5, 'nhl.com', 'q'),
(6, 'yahoo', 'p'),
(7, 'baidu', 'wd'),
(8, 'lycos', 'query'),
(9, 'exalead', 'q'),
(10, 'search.live', 'q'),
(11, 'voila', 'rdata'),
(12, 'altavista', 'q'),
(13, 'bing', 'q'),
(14, 'daum', 'q'),
(15, 'eniro', 'search_word'),
(16, 'naver', 'query'),
(17, 'msn', 'q'),
(18, 'netscape', 'query'),
(19, 'cnn', 'query'),
(20, 'about', 'terms'),
(21, 'mamma', 'query'),
(22, 'alltheweb', 'q'),
(23, 'virgilio', 'qs'),
(24, 'alice', 'qs'),
(25, 'najdi', 'q'),
(26, 'mama', 'query'),
(27, 'seznam', 'q'),
(28, 'onet', 'qt'),
(29, 'szukacz', 'q'),
(30, 'yam', 'k'),
(31, 'pchome', 'q'),
(32, 'kvasir', 'q'),
(33, 'sesam', 'q'),
(34, 'ozu', 'q'),
(35, 'terra', 'query'),
(36, 'mynet', 'q'),
(37, 'ekolay', 'q'),
(38, 'rambler', 'words');

-- --------------------------------------------------------

--
-- Table structure for table `xio8d_search_index`
--

CREATE TABLE `xio8d_search_index` (
  `id_product` int(11) UNSIGNED NOT NULL,
  `id_word` int(11) UNSIGNED NOT NULL,
  `weight` smallint(4) UNSIGNED NOT NULL DEFAULT 1
) ENGINE=InnoDB DEFAULT CHARSET=utf8mb4 COLLATE=utf8mb4_general_ci;

--
-- Dumping data for table `xio8d_search_index`
--

INSERT INTO `xio8d_search_index` (`id_product`, `id_word`, `weight`) VALUES
(1, 7, 1),
(1, 8, 1),
(1, 9, 1),
(1, 10, 1),
(1, 13, 1),
(1, 14, 1),
(1, 15, 1),
(1, 16, 1),
(1, 17, 1),
(1, 19, 1),
(1, 20, 1),
(1, 21, 1),
(1, 22, 1),
(1, 23, 1),
(1, 24, 1),
(1, 26, 1),
(1, 27, 1),
(1, 28, 1),
(1, 29, 1),
(1, 30, 1),
(1, 31, 1),
(1, 32, 1),
(1, 33, 1),
(1, 34, 1),
(1, 35, 1),
(1, 36, 1),
(1, 37, 1),
(1, 38, 1),
(1, 39, 1),
(1, 40, 1),
(1, 41, 1),
(1, 42, 1),
(1, 43, 1),
(1, 44, 1),
(1, 45, 1),
(1, 46, 1),
(1, 47, 1),
(1, 48, 1),
(1, 49, 1),
(1, 50, 1),
(1, 51, 1),
(1, 62, 1),
(1, 63, 1),
(1, 64, 1),
(1, 65, 1),
(1, 68, 1),
(1, 69, 1),
(1, 70, 1),
(1, 71, 1),
(1, 72, 1),
(1, 74, 1),
(1, 75, 1),
(1, 76, 1),
(1, 77, 1),
(1, 78, 1),
(1, 79, 1),
(1, 81, 1),
(1, 82, 1),
(1, 83, 1),
(1, 84, 1),
(1, 85, 1),
(1, 86, 1),
(1, 87, 1),
(1, 88, 1),
(1, 89, 1),
(1, 90, 1),
(1, 91, 1),
(1, 92, 1),
(1, 93, 1),
(1, 94, 1),
(1, 95, 1),
(1, 96, 1),
(1, 97, 1),
(1, 98, 1),
(1, 99, 1),
(1, 100, 1),
(1, 101, 1),
(1, 102, 1),
(1, 103, 1),
(1, 104, 1),
(1, 105, 1),
(1, 106, 1),
(1, 117, 1),
(1, 118, 1),
(1, 119, 1),
(1, 120, 1),
(1, 123, 1),
(1, 124, 1),
(1, 125, 1),
(1, 126, 1),
(1, 127, 1),
(1, 129, 1),
(1, 130, 1),
(1, 131, 1),
(1, 132, 1),
(1, 133, 1),
(1, 134, 1),
(1, 136, 1),
(1, 137, 1),
(1, 138, 1),
(1, 139, 1),
(1, 140, 1),
(1, 141, 1),
(1, 142, 1),
(1, 143, 1),
(1, 144, 1),
(1, 145, 1),
(1, 146, 1),
(1, 147, 1),
(1, 148, 1),
(1, 149, 1),
(1, 150, 1),
(1, 151, 1),
(1, 152, 1),
(1, 153, 1),
(1, 154, 1),
(1, 155, 1),
(1, 156, 1),
(1, 157, 1),
(1, 158, 1),
(1, 159, 1),
(1, 160, 1),
(1, 161, 1),
(1, 172, 1),
(1, 173, 1),
(1, 174, 1),
(1, 175, 1),
(1, 178, 1),
(1, 179, 1),
(1, 180, 1),
(1, 181, 1),
(1, 182, 1),
(1, 184, 1),
(1, 185, 1),
(1, 186, 1),
(1, 187, 1),
(1, 188, 1),
(1, 189, 1),
(1, 191, 1),
(1, 192, 1),
(1, 193, 1),
(1, 194, 1),
(1, 195, 1),
(1, 196, 1),
(1, 197, 1),
(1, 198, 1),
(1, 199, 1),
(1, 200, 1),
(1, 201, 1),
(1, 202, 1),
(1, 203, 1),
(1, 204, 1),
(1, 205, 1),
(1, 206, 1),
(1, 207, 1),
(1, 208, 1),
(1, 209, 1),
(1, 210, 1),
(1, 211, 1),
(1, 212, 1),
(1, 213, 1),
(1, 214, 1),
(1, 215, 1),
(1, 216, 1),
(1, 2731, 1),
(1, 2732, 1),
(1, 2733, 1),
(1, 2734, 1),
(1, 2737, 1),
(1, 2738, 1),
(1, 2739, 1),
(1, 2740, 1),
(1, 2741, 1),
(1, 2743, 1),
(1, 2744, 1),
(1, 2745, 1),
(1, 2746, 1),
(1, 2747, 1),
(1, 2748, 1),
(1, 2750, 1),
(1, 2751, 1),
(1, 2752, 1),
(1, 2753, 1),
(1, 2754, 1),
(1, 2755, 1),
(1, 2756, 1),
(1, 2757, 1),
(1, 2758, 1),
(1, 2759, 1),
(1, 2760, 1),
(1, 2761, 1),
(1, 2762, 1),
(1, 2763, 1),
(1, 2764, 1),
(1, 2765, 1),
(1, 2766, 1),
(1, 2767, 1),
(1, 2768, 1),
(1, 2769, 1),
(1, 2770, 1),
(1, 2771, 1),
(1, 2772, 1),
(1, 2773, 1),
(1, 2774, 1),
(1, 2775, 1),
(1, 2786, 1),
(1, 2787, 1),
(1, 2788, 1),
(1, 2789, 1),
(1, 2792, 1),
(1, 2793, 1),
(1, 2794, 1),
(1, 2795, 1),
(1, 2796, 1),
(1, 2798, 1),
(1, 2799, 1),
(1, 2800, 1),
(1, 2801, 1),
(1, 2802, 1),
(1, 2803, 1),
(1, 2805, 1),
(1, 2806, 1),
(1, 2807, 1),
(1, 2808, 1),
(1, 2809, 1),
(1, 2810, 1),
(1, 2811, 1),
(1, 2812, 1),
(1, 2813, 1),
(1, 2814, 1),
(1, 2815, 1),
(1, 2816, 1),
(1, 2817, 1),
(1, 2818, 1),
(1, 2819, 1),
(1, 2820, 1),
(1, 2821, 1),
(1, 2822, 1),
(1, 2823, 1),
(1, 2824, 1),
(1, 2825, 1),
(1, 2826, 1),
(1, 2827, 1),
(1, 2828, 1),
(1, 2829, 1),
(1, 2830, 1),
(1, 2841, 1),
(1, 2842, 1),
(1, 2843, 1),
(1, 2844, 1),
(1, 2847, 1),
(1, 2848, 1),
(1, 2849, 1),
(1, 2850, 1),
(1, 2851, 1),
(1, 2853, 1),
(1, 2854, 1),
(1, 2855, 1),
(1, 2856, 1),
(1, 2857, 1),
(1, 2858, 1),
(1, 2860, 1),
(1, 2861, 1),
(1, 2862, 1),
(1, 2863, 1),
(1, 2864, 1),
(1, 2865, 1),
(1, 2866, 1),
(1, 2867, 1),
(1, 2868, 1),
(1, 2869, 1),
(1, 2870, 1),
(1, 2871, 1),
(1, 2872, 1),
(1, 2873, 1),
(1, 2874, 1),
(1, 2875, 1),
(1, 2876, 1),
(1, 2877, 1),
(1, 2878, 1),
(1, 2879, 1),
(1, 2880, 1),
(1, 2881, 1),
(1, 2882, 1),
(1, 2883, 1),
(1, 2884, 1),
(1, 2885, 1),
(1, 2896, 1),
(1, 2897, 1),
(1, 2898, 1),
(1, 2899, 1),
(1, 2902, 1),
(1, 2903, 1),
(1, 2904, 1),
(1, 2905, 1),
(1, 2906, 1),
(1, 2908, 1),
(1, 2909, 1),
(1, 2910, 1),
(1, 2911, 1),
(1, 2912, 1),
(1, 2913, 1),
(1, 2915, 1),
(1, 2916, 1),
(1, 2917, 1),
(1, 2918, 1),
(1, 2919, 1),
(1, 2920, 1),
(1, 2921, 1),
(1, 2922, 1),
(1, 2923, 1),
(1, 2924, 1),
(1, 2925, 1),
(1, 2926, 1),
(1, 2927, 1),
(1, 2928, 1),
(1, 2929, 1),
(1, 2930, 1),
(1, 2931, 1),
(1, 2932, 1),
(1, 2933, 1),
(1, 2934, 1),
(1, 2935, 1),
(1, 2936, 1),
(1, 2937, 1),
(1, 2938, 1),
(1, 2939, 1),
(1, 2940, 1),
(1, 54, 2),
(1, 55, 2),
(1, 109, 2),
(1, 110, 2),
(1, 164, 2),
(1, 165, 2),
(1, 219, 2),
(1, 220, 2),
(1, 2778, 2),
(1, 2779, 2),
(1, 2833, 2),
(1, 2834, 2),
(1, 2888, 2),
(1, 2889, 2),
(1, 2943, 2),
(1, 2944, 2),
(1, 11, 3),
(1, 12, 3),
(1, 18, 3),
(1, 52, 3),
(1, 53, 3),
(1, 66, 3),
(1, 67, 3),
(1, 73, 3),
(1, 107, 3),
(1, 108, 3),
(1, 121, 3),
(1, 122, 3),
(1, 128, 3),
(1, 162, 3),
(1, 163, 3),
(1, 176, 3),
(1, 177, 3),
(1, 183, 3),
(1, 217, 3),
(1, 218, 3),
(1, 2735, 3),
(1, 2736, 3),
(1, 2742, 3),
(1, 2776, 3),
(1, 2777, 3),
(1, 2790, 3),
(1, 2791, 3),
(1, 2797, 3),
(1, 2831, 3),
(1, 2832, 3),
(1, 2845, 3),
(1, 2846, 3),
(1, 2852, 3),
(1, 2886, 3),
(1, 2887, 3),
(1, 2900, 3),
(1, 2901, 3),
(1, 2907, 3),
(1, 2941, 3),
(1, 2942, 3),
(1, 25, 4),
(1, 80, 4),
(1, 135, 4),
(1, 190, 4),
(1, 2749, 4),
(1, 2804, 4),
(1, 2859, 4),
(1, 2914, 4),
(1, 2, 6),
(1, 3, 6),
(1, 4, 6),
(1, 5, 6),
(1, 57, 6),
(1, 58, 6),
(1, 59, 6),
(1, 60, 6),
(1, 112, 6),
(1, 113, 6),
(1, 114, 6),
(1, 115, 6),
(1, 167, 6),
(1, 168, 6),
(1, 169, 6),
(1, 170, 6),
(1, 2726, 6),
(1, 2727, 6),
(1, 2728, 6),
(1, 2729, 6),
(1, 2781, 6),
(1, 2782, 6),
(1, 2783, 6),
(1, 2784, 6),
(1, 2836, 6),
(1, 2837, 6),
(1, 2838, 6),
(1, 2839, 6),
(1, 2891, 6),
(1, 2892, 6),
(1, 2893, 6),
(1, 2894, 6),
(1, 1, 7),
(1, 56, 7),
(1, 111, 7),
(1, 166, 7),
(1, 2725, 7),
(1, 2780, 7),
(1, 2835, 7),
(1, 2890, 7),
(1, 6, 90),
(1, 61, 90),
(1, 116, 90),
(1, 171, 90),
(1, 2730, 90),
(1, 2785, 90),
(1, 2840, 90),
(1, 2895, 90),
(2, 7, 1),
(2, 8, 1),
(2, 9, 1),
(2, 10, 1),
(2, 14, 1),
(2, 26, 1),
(2, 27, 1),
(2, 28, 1),
(2, 29, 1),
(2, 30, 1),
(2, 31, 1),
(2, 32, 1),
(2, 33, 1),
(2, 34, 1),
(2, 35, 1),
(2, 36, 1),
(2, 37, 1),
(2, 38, 1),
(2, 39, 1),
(2, 40, 1),
(2, 41, 1),
(2, 42, 1),
(2, 43, 1),
(2, 44, 1),
(2, 45, 1),
(2, 46, 1),
(2, 47, 1),
(2, 48, 1),
(2, 49, 1),
(2, 50, 1),
(2, 51, 1),
(2, 62, 1),
(2, 63, 1),
(2, 64, 1),
(2, 65, 1),
(2, 69, 1),
(2, 81, 1),
(2, 82, 1),
(2, 83, 1),
(2, 84, 1),
(2, 85, 1),
(2, 86, 1),
(2, 87, 1),
(2, 88, 1),
(2, 89, 1),
(2, 90, 1),
(2, 91, 1),
(2, 92, 1),
(2, 93, 1),
(2, 94, 1),
(2, 95, 1),
(2, 96, 1),
(2, 97, 1),
(2, 98, 1),
(2, 99, 1),
(2, 100, 1),
(2, 101, 1),
(2, 102, 1),
(2, 103, 1),
(2, 104, 1),
(2, 105, 1),
(2, 106, 1),
(2, 117, 1),
(2, 118, 1),
(2, 119, 1),
(2, 120, 1),
(2, 124, 1),
(2, 136, 1),
(2, 137, 1),
(2, 138, 1),
(2, 139, 1),
(2, 140, 1),
(2, 141, 1),
(2, 142, 1),
(2, 143, 1),
(2, 144, 1),
(2, 145, 1),
(2, 146, 1),
(2, 147, 1),
(2, 148, 1),
(2, 149, 1),
(2, 150, 1),
(2, 151, 1),
(2, 152, 1),
(2, 153, 1),
(2, 154, 1),
(2, 155, 1),
(2, 156, 1),
(2, 157, 1),
(2, 158, 1),
(2, 159, 1),
(2, 160, 1),
(2, 161, 1),
(2, 172, 1),
(2, 173, 1),
(2, 174, 1),
(2, 175, 1),
(2, 179, 1),
(2, 191, 1),
(2, 192, 1),
(2, 193, 1),
(2, 194, 1),
(2, 195, 1),
(2, 196, 1),
(2, 197, 1),
(2, 198, 1),
(2, 199, 1),
(2, 200, 1),
(2, 201, 1),
(2, 202, 1),
(2, 203, 1),
(2, 204, 1),
(2, 205, 1),
(2, 206, 1),
(2, 207, 1),
(2, 208, 1),
(2, 209, 1),
(2, 210, 1),
(2, 211, 1),
(2, 212, 1),
(2, 213, 1),
(2, 214, 1),
(2, 215, 1),
(2, 216, 1),
(2, 222, 1),
(2, 223, 1),
(2, 224, 1),
(2, 225, 1),
(2, 226, 1),
(2, 227, 1),
(2, 269, 1),
(2, 270, 1),
(2, 271, 1),
(2, 272, 1),
(2, 273, 1),
(2, 274, 1),
(2, 316, 1),
(2, 317, 1),
(2, 318, 1),
(2, 319, 1),
(2, 320, 1),
(2, 321, 1),
(2, 363, 1),
(2, 364, 1),
(2, 365, 1),
(2, 366, 1),
(2, 367, 1),
(2, 368, 1),
(2, 2731, 1),
(2, 2732, 1),
(2, 2733, 1),
(2, 2734, 1),
(2, 2738, 1),
(2, 2750, 1),
(2, 2751, 1),
(2, 2752, 1),
(2, 2753, 1),
(2, 2754, 1),
(2, 2755, 1),
(2, 2756, 1),
(2, 2757, 1),
(2, 2758, 1),
(2, 2759, 1),
(2, 2760, 1),
(2, 2761, 1),
(2, 2762, 1),
(2, 2763, 1),
(2, 2764, 1),
(2, 2765, 1),
(2, 2766, 1),
(2, 2767, 1),
(2, 2768, 1),
(2, 2769, 1),
(2, 2770, 1),
(2, 2771, 1),
(2, 2772, 1),
(2, 2773, 1),
(2, 2774, 1),
(2, 2775, 1),
(2, 2786, 1),
(2, 2787, 1),
(2, 2788, 1),
(2, 2789, 1),
(2, 2793, 1),
(2, 2805, 1),
(2, 2806, 1),
(2, 2807, 1),
(2, 2808, 1),
(2, 2809, 1),
(2, 2810, 1),
(2, 2811, 1),
(2, 2812, 1),
(2, 2813, 1),
(2, 2814, 1),
(2, 2815, 1),
(2, 2816, 1),
(2, 2817, 1),
(2, 2818, 1),
(2, 2819, 1),
(2, 2820, 1),
(2, 2821, 1),
(2, 2822, 1),
(2, 2823, 1),
(2, 2824, 1),
(2, 2825, 1),
(2, 2826, 1),
(2, 2827, 1),
(2, 2828, 1),
(2, 2829, 1),
(2, 2830, 1),
(2, 2841, 1),
(2, 2842, 1),
(2, 2843, 1),
(2, 2844, 1),
(2, 2848, 1),
(2, 2860, 1),
(2, 2861, 1),
(2, 2862, 1),
(2, 2863, 1),
(2, 2864, 1),
(2, 2865, 1),
(2, 2866, 1),
(2, 2867, 1),
(2, 2868, 1),
(2, 2869, 1),
(2, 2870, 1),
(2, 2871, 1),
(2, 2872, 1),
(2, 2873, 1),
(2, 2874, 1),
(2, 2875, 1),
(2, 2876, 1),
(2, 2877, 1),
(2, 2878, 1),
(2, 2879, 1),
(2, 2880, 1),
(2, 2881, 1),
(2, 2882, 1),
(2, 2883, 1),
(2, 2884, 1),
(2, 2885, 1),
(2, 2896, 1),
(2, 2897, 1),
(2, 2898, 1),
(2, 2899, 1),
(2, 2903, 1),
(2, 2915, 1),
(2, 2916, 1),
(2, 2917, 1),
(2, 2918, 1),
(2, 2919, 1),
(2, 2920, 1),
(2, 2921, 1),
(2, 2922, 1),
(2, 2923, 1),
(2, 2924, 1),
(2, 2925, 1),
(2, 2926, 1),
(2, 2927, 1),
(2, 2928, 1),
(2, 2929, 1),
(2, 2930, 1),
(2, 2931, 1),
(2, 2932, 1),
(2, 2933, 1),
(2, 2934, 1),
(2, 2935, 1),
(2, 2936, 1),
(2, 2937, 1),
(2, 2938, 1),
(2, 2939, 1),
(2, 2940, 1),
(2, 2946, 1),
(2, 2947, 1),
(2, 2948, 1),
(2, 2949, 1),
(2, 2950, 1),
(2, 2951, 1),
(2, 2993, 1),
(2, 2994, 1),
(2, 2995, 1),
(2, 2996, 1),
(2, 2997, 1),
(2, 2998, 1),
(2, 3040, 1),
(2, 3041, 1),
(2, 3042, 1),
(2, 3043, 1),
(2, 3044, 1),
(2, 3045, 1),
(2, 3087, 1),
(2, 3088, 1),
(2, 3089, 1),
(2, 3090, 1),
(2, 3091, 1),
(2, 3092, 1),
(2, 18, 2),
(2, 73, 2),
(2, 128, 2),
(2, 183, 2),
(2, 2742, 2),
(2, 2797, 2),
(2, 2852, 2),
(2, 2907, 2),
(2, 12, 3),
(2, 15, 3),
(2, 53, 3),
(2, 67, 3),
(2, 70, 3),
(2, 108, 3),
(2, 122, 3),
(2, 125, 3),
(2, 163, 3),
(2, 177, 3),
(2, 180, 3),
(2, 218, 3),
(2, 228, 3),
(2, 275, 3),
(2, 322, 3),
(2, 369, 3),
(2, 2736, 3),
(2, 2739, 3),
(2, 2777, 3),
(2, 2791, 3),
(2, 2794, 3),
(2, 2832, 3),
(2, 2846, 3),
(2, 2849, 3),
(2, 2887, 3),
(2, 2901, 3),
(2, 2904, 3),
(2, 2942, 3),
(2, 2952, 3),
(2, 2999, 3),
(2, 3046, 3),
(2, 3093, 3),
(2, 25, 4),
(2, 80, 4),
(2, 135, 4),
(2, 190, 4),
(2, 2749, 4),
(2, 2804, 4),
(2, 2859, 4),
(2, 2914, 4),
(2, 1, 6),
(2, 2, 6),
(2, 56, 6),
(2, 57, 6),
(2, 111, 6),
(2, 112, 6),
(2, 166, 6),
(2, 167, 6),
(2, 221, 6),
(2, 268, 6),
(2, 315, 6),
(2, 362, 6),
(2, 2725, 6),
(2, 2726, 6),
(2, 2780, 6),
(2, 2781, 6),
(2, 2835, 6),
(2, 2836, 6),
(2, 2890, 6),
(2, 2891, 6),
(2, 2945, 6),
(2, 2992, 6),
(2, 3039, 6),
(2, 3086, 6),
(2, 6, 50),
(2, 61, 50),
(2, 116, 50),
(2, 171, 50),
(2, 2730, 50),
(2, 2785, 50),
(2, 2840, 50),
(2, 2895, 50),
(3, 2, 1),
(3, 57, 1),
(3, 112, 1),
(3, 167, 1),
(3, 414, 1),
(3, 417, 1),
(3, 418, 1),
(3, 419, 1),
(3, 420, 1),
(3, 421, 1),
(3, 422, 1),
(3, 423, 1),
(3, 424, 1),
(3, 425, 1),
(3, 426, 1),
(3, 427, 1),
(3, 428, 1),
(3, 429, 1),
(3, 430, 1),
(3, 431, 1),
(3, 432, 1),
(3, 433, 1),
(3, 434, 1),
(3, 435, 1),
(3, 436, 1),
(3, 437, 1),
(3, 438, 1),
(3, 439, 1),
(3, 440, 1),
(3, 441, 1),
(3, 455, 1),
(3, 458, 1),
(3, 459, 1),
(3, 460, 1),
(3, 461, 1),
(3, 462, 1),
(3, 463, 1),
(3, 464, 1),
(3, 465, 1),
(3, 466, 1),
(3, 467, 1),
(3, 468, 1),
(3, 469, 1),
(3, 470, 1),
(3, 471, 1),
(3, 472, 1),
(3, 473, 1),
(3, 474, 1),
(3, 475, 1),
(3, 476, 1),
(3, 477, 1),
(3, 478, 1),
(3, 479, 1),
(3, 480, 1),
(3, 481, 1),
(3, 482, 1),
(3, 496, 1),
(3, 499, 1),
(3, 500, 1),
(3, 501, 1),
(3, 502, 1),
(3, 503, 1),
(3, 504, 1),
(3, 505, 1),
(3, 506, 1),
(3, 507, 1),
(3, 508, 1),
(3, 509, 1),
(3, 510, 1),
(3, 511, 1),
(3, 512, 1),
(3, 513, 1),
(3, 514, 1),
(3, 515, 1),
(3, 516, 1),
(3, 517, 1),
(3, 518, 1),
(3, 519, 1),
(3, 520, 1),
(3, 521, 1),
(3, 522, 1),
(3, 523, 1),
(3, 537, 1),
(3, 540, 1),
(3, 541, 1),
(3, 542, 1),
(3, 543, 1),
(3, 544, 1),
(3, 545, 1),
(3, 546, 1),
(3, 547, 1),
(3, 548, 1),
(3, 549, 1),
(3, 550, 1),
(3, 551, 1),
(3, 552, 1),
(3, 553, 1),
(3, 554, 1),
(3, 555, 1),
(3, 556, 1),
(3, 557, 1),
(3, 558, 1),
(3, 559, 1),
(3, 560, 1),
(3, 561, 1),
(3, 562, 1),
(3, 563, 1),
(3, 564, 1),
(3, 2726, 1),
(3, 2781, 1),
(3, 2836, 1),
(3, 2891, 1),
(3, 3138, 1),
(3, 3141, 1),
(3, 3142, 1),
(3, 3143, 1),
(3, 3144, 1),
(3, 3145, 1),
(3, 3146, 1),
(3, 3147, 1),
(3, 3148, 1),
(3, 3149, 1),
(3, 3150, 1),
(3, 3151, 1),
(3, 3152, 1),
(3, 3153, 1),
(3, 3154, 1),
(3, 3155, 1),
(3, 3156, 1),
(3, 3157, 1),
(3, 3158, 1),
(3, 3159, 1),
(3, 3160, 1),
(3, 3161, 1),
(3, 3162, 1),
(3, 3163, 1),
(3, 3164, 1),
(3, 3165, 1),
(3, 3179, 1),
(3, 3182, 1),
(3, 3183, 1),
(3, 3184, 1),
(3, 3185, 1),
(3, 3186, 1),
(3, 3187, 1),
(3, 3188, 1),
(3, 3189, 1),
(3, 3190, 1),
(3, 3191, 1),
(3, 3192, 1),
(3, 3193, 1),
(3, 3194, 1),
(3, 3195, 1),
(3, 3196, 1),
(3, 3197, 1),
(3, 3198, 1),
(3, 3199, 1),
(3, 3200, 1),
(3, 3201, 1),
(3, 3202, 1),
(3, 3203, 1),
(3, 3204, 1),
(3, 3205, 1),
(3, 3206, 1),
(3, 3220, 1),
(3, 3223, 1),
(3, 3224, 1),
(3, 3225, 1),
(3, 3226, 1),
(3, 3227, 1),
(3, 3228, 1),
(3, 3229, 1),
(3, 3230, 1),
(3, 3231, 1),
(3, 3232, 1),
(3, 3233, 1),
(3, 3234, 1),
(3, 3235, 1),
(3, 3236, 1),
(3, 3237, 1),
(3, 3238, 1),
(3, 3239, 1),
(3, 3240, 1),
(3, 3241, 1),
(3, 3242, 1),
(3, 3243, 1),
(3, 3244, 1),
(3, 3245, 1),
(3, 3246, 1),
(3, 3247, 1),
(3, 3261, 1),
(3, 3264, 1),
(3, 3265, 1),
(3, 3266, 1),
(3, 3267, 1),
(3, 3268, 1),
(3, 3269, 1),
(3, 3270, 1),
(3, 3271, 1),
(3, 3272, 1),
(3, 3273, 1),
(3, 3274, 1),
(3, 3275, 1),
(3, 3276, 1),
(3, 3277, 1),
(3, 3278, 1),
(3, 3279, 1),
(3, 3280, 1),
(3, 3281, 1),
(3, 3282, 1),
(3, 3283, 1),
(3, 3284, 1),
(3, 3285, 1),
(3, 3286, 1),
(3, 3287, 1),
(3, 3288, 1),
(3, 445, 2),
(3, 446, 2),
(3, 447, 2),
(3, 486, 2),
(3, 487, 2),
(3, 488, 2),
(3, 527, 2),
(3, 528, 2),
(3, 529, 2),
(3, 568, 2),
(3, 569, 2),
(3, 570, 2),
(3, 3169, 2),
(3, 3170, 2),
(3, 3171, 2),
(3, 3210, 2),
(3, 3211, 2),
(3, 3212, 2),
(3, 3251, 2),
(3, 3252, 2),
(3, 3253, 2),
(3, 3292, 2),
(3, 3293, 2),
(3, 3294, 2),
(3, 415, 3),
(3, 416, 3),
(3, 442, 3),
(3, 443, 3),
(3, 444, 3),
(3, 456, 3),
(3, 457, 3),
(3, 483, 3),
(3, 484, 3),
(3, 485, 3),
(3, 497, 3),
(3, 498, 3),
(3, 524, 3),
(3, 525, 3),
(3, 526, 3),
(3, 538, 3),
(3, 539, 3),
(3, 565, 3),
(3, 566, 3),
(3, 567, 3),
(3, 3139, 3),
(3, 3140, 3),
(3, 3166, 3),
(3, 3167, 3),
(3, 3168, 3),
(3, 3180, 3),
(3, 3181, 3),
(3, 3207, 3),
(3, 3208, 3),
(3, 3209, 3),
(3, 3221, 3),
(3, 3222, 3),
(3, 3248, 3),
(3, 3249, 3),
(3, 3250, 3),
(3, 3262, 3),
(3, 3263, 3),
(3, 3289, 3),
(3, 3290, 3),
(3, 3291, 3),
(3, 411, 6),
(3, 452, 6),
(3, 493, 6),
(3, 534, 6),
(3, 3135, 6),
(3, 3176, 6),
(3, 3217, 6),
(3, 3258, 6),
(3, 409, 7),
(3, 410, 7),
(3, 412, 7),
(3, 413, 7),
(3, 450, 7),
(3, 451, 7),
(3, 453, 7),
(3, 454, 7),
(3, 491, 7),
(3, 492, 7),
(3, 494, 7),
(3, 495, 7),
(3, 532, 7),
(3, 533, 7),
(3, 535, 7),
(3, 536, 7),
(3, 3133, 7),
(3, 3134, 7),
(3, 3136, 7),
(3, 3137, 7),
(3, 3174, 7),
(3, 3175, 7),
(3, 3177, 7),
(3, 3178, 7),
(3, 3215, 7),
(3, 3216, 7),
(3, 3218, 7),
(3, 3219, 7),
(3, 3256, 7),
(3, 3257, 7),
(3, 3259, 7),
(3, 3260, 7),
(3, 6, 40),
(3, 61, 40),
(3, 116, 40),
(3, 171, 40),
(3, 2730, 40),
(3, 2785, 40),
(3, 2840, 40),
(3, 2895, 40),
(4, 2, 1),
(4, 57, 1),
(4, 112, 1),
(4, 167, 1),
(4, 409, 1),
(4, 410, 1),
(4, 414, 1),
(4, 417, 1),
(4, 418, 1),
(4, 419, 1),
(4, 420, 1),
(4, 421, 1),
(4, 422, 1),
(4, 423, 1),
(4, 424, 1),
(4, 425, 1),
(4, 426, 1),
(4, 427, 1),
(4, 428, 1),
(4, 429, 1),
(4, 430, 1),
(4, 431, 1),
(4, 432, 1),
(4, 433, 1),
(4, 434, 1),
(4, 435, 1),
(4, 436, 1),
(4, 437, 1),
(4, 438, 1),
(4, 439, 1),
(4, 440, 1),
(4, 441, 1),
(4, 450, 1),
(4, 451, 1),
(4, 455, 1),
(4, 458, 1),
(4, 459, 1),
(4, 460, 1),
(4, 461, 1),
(4, 462, 1),
(4, 463, 1),
(4, 464, 1),
(4, 465, 1),
(4, 466, 1),
(4, 467, 1),
(4, 468, 1),
(4, 469, 1),
(4, 470, 1),
(4, 471, 1),
(4, 472, 1),
(4, 473, 1),
(4, 474, 1),
(4, 475, 1),
(4, 476, 1),
(4, 477, 1),
(4, 478, 1),
(4, 479, 1),
(4, 480, 1),
(4, 481, 1),
(4, 482, 1),
(4, 491, 1),
(4, 492, 1),
(4, 496, 1),
(4, 499, 1),
(4, 500, 1),
(4, 501, 1),
(4, 502, 1),
(4, 503, 1),
(4, 504, 1),
(4, 505, 1),
(4, 506, 1),
(4, 507, 1),
(4, 508, 1),
(4, 509, 1),
(4, 510, 1),
(4, 511, 1),
(4, 512, 1),
(4, 513, 1),
(4, 514, 1),
(4, 515, 1),
(4, 516, 1),
(4, 517, 1),
(4, 518, 1),
(4, 519, 1),
(4, 520, 1),
(4, 521, 1),
(4, 522, 1),
(4, 523, 1),
(4, 532, 1),
(4, 533, 1),
(4, 537, 1),
(4, 540, 1),
(4, 541, 1),
(4, 542, 1),
(4, 543, 1),
(4, 544, 1),
(4, 545, 1),
(4, 546, 1),
(4, 547, 1),
(4, 548, 1),
(4, 549, 1),
(4, 550, 1),
(4, 551, 1),
(4, 552, 1),
(4, 553, 1),
(4, 554, 1),
(4, 555, 1),
(4, 556, 1),
(4, 557, 1),
(4, 558, 1),
(4, 559, 1),
(4, 560, 1),
(4, 561, 1),
(4, 562, 1),
(4, 563, 1),
(4, 564, 1),
(4, 575, 1),
(4, 618, 1),
(4, 661, 1),
(4, 704, 1),
(4, 2726, 1),
(4, 2781, 1),
(4, 2836, 1),
(4, 2891, 1),
(4, 3133, 1),
(4, 3134, 1),
(4, 3138, 1),
(4, 3141, 1),
(4, 3142, 1),
(4, 3143, 1),
(4, 3144, 1),
(4, 3145, 1),
(4, 3146, 1),
(4, 3147, 1),
(4, 3148, 1),
(4, 3149, 1),
(4, 3150, 1),
(4, 3151, 1),
(4, 3152, 1),
(4, 3153, 1),
(4, 3154, 1),
(4, 3155, 1),
(4, 3156, 1),
(4, 3157, 1),
(4, 3158, 1),
(4, 3159, 1),
(4, 3160, 1),
(4, 3161, 1),
(4, 3162, 1),
(4, 3163, 1),
(4, 3164, 1),
(4, 3165, 1),
(4, 3174, 1),
(4, 3175, 1),
(4, 3179, 1),
(4, 3182, 1),
(4, 3183, 1),
(4, 3184, 1),
(4, 3185, 1),
(4, 3186, 1),
(4, 3187, 1),
(4, 3188, 1),
(4, 3189, 1),
(4, 3190, 1),
(4, 3191, 1),
(4, 3192, 1),
(4, 3193, 1),
(4, 3194, 1),
(4, 3195, 1),
(4, 3196, 1),
(4, 3197, 1),
(4, 3198, 1),
(4, 3199, 1),
(4, 3200, 1),
(4, 3201, 1),
(4, 3202, 1),
(4, 3203, 1),
(4, 3204, 1),
(4, 3205, 1),
(4, 3206, 1),
(4, 3215, 1),
(4, 3216, 1),
(4, 3220, 1),
(4, 3223, 1),
(4, 3224, 1),
(4, 3225, 1),
(4, 3226, 1),
(4, 3227, 1),
(4, 3228, 1),
(4, 3229, 1),
(4, 3230, 1),
(4, 3231, 1),
(4, 3232, 1),
(4, 3233, 1),
(4, 3234, 1),
(4, 3235, 1),
(4, 3236, 1),
(4, 3237, 1),
(4, 3238, 1),
(4, 3239, 1),
(4, 3240, 1),
(4, 3241, 1),
(4, 3242, 1),
(4, 3243, 1),
(4, 3244, 1),
(4, 3245, 1),
(4, 3246, 1),
(4, 3247, 1),
(4, 3256, 1),
(4, 3257, 1),
(4, 3261, 1),
(4, 3264, 1),
(4, 3265, 1),
(4, 3266, 1),
(4, 3267, 1),
(4, 3268, 1),
(4, 3269, 1),
(4, 3270, 1),
(4, 3271, 1),
(4, 3272, 1),
(4, 3273, 1),
(4, 3274, 1),
(4, 3275, 1),
(4, 3276, 1),
(4, 3277, 1),
(4, 3278, 1),
(4, 3279, 1),
(4, 3280, 1),
(4, 3281, 1),
(4, 3282, 1),
(4, 3283, 1),
(4, 3284, 1),
(4, 3285, 1),
(4, 3286, 1),
(4, 3287, 1),
(4, 3288, 1),
(4, 3299, 1),
(4, 3342, 1),
(4, 3385, 1),
(4, 3428, 1),
(4, 416, 2),
(4, 445, 2),
(4, 446, 2),
(4, 447, 2),
(4, 457, 2),
(4, 486, 2),
(4, 487, 2),
(4, 488, 2),
(4, 498, 2),
(4, 527, 2),
(4, 528, 2),
(4, 529, 2),
(4, 539, 2),
(4, 568, 2),
(4, 569, 2),
(4, 570, 2),
(4, 3140, 2),
(4, 3169, 2),
(4, 3170, 2),
(4, 3171, 2),
(4, 3181, 2),
(4, 3210, 2),
(4, 3211, 2),
(4, 3212, 2),
(4, 3222, 2),
(4, 3251, 2),
(4, 3252, 2),
(4, 3253, 2),
(4, 3263, 2),
(4, 3292, 2),
(4, 3293, 2),
(4, 3294, 2),
(4, 415, 3),
(4, 442, 3),
(4, 443, 3),
(4, 444, 3),
(4, 456, 3),
(4, 483, 3),
(4, 484, 3),
(4, 485, 3),
(4, 497, 3),
(4, 524, 3),
(4, 525, 3),
(4, 526, 3),
(4, 538, 3),
(4, 565, 3),
(4, 566, 3),
(4, 567, 3),
(4, 3139, 3),
(4, 3166, 3),
(4, 3167, 3),
(4, 3168, 3),
(4, 3180, 3),
(4, 3207, 3),
(4, 3208, 3),
(4, 3209, 3),
(4, 3221, 3),
(4, 3248, 3),
(4, 3249, 3),
(4, 3250, 3),
(4, 3262, 3),
(4, 3289, 3),
(4, 3290, 3),
(4, 3291, 3),
(4, 573, 6),
(4, 574, 6),
(4, 616, 6),
(4, 617, 6),
(4, 659, 6),
(4, 660, 6),
(4, 702, 6),
(4, 703, 6),
(4, 3297, 6),
(4, 3298, 6),
(4, 3340, 6),
(4, 3341, 6),
(4, 3383, 6),
(4, 3384, 6),
(4, 3426, 6),
(4, 3427, 6),
(4, 412, 7),
(4, 413, 7),
(4, 453, 7),
(4, 454, 7),
(4, 494, 7),
(4, 495, 7),
(4, 535, 7),
(4, 536, 7),
(4, 3136, 7),
(4, 3137, 7),
(4, 3177, 7),
(4, 3178, 7),
(4, 3218, 7),
(4, 3219, 7),
(4, 3259, 7),
(4, 3260, 7),
(4, 6, 40),
(4, 61, 40),
(4, 116, 40),
(4, 171, 40),
(4, 2730, 40),
(4, 2785, 40),
(4, 2840, 40),
(4, 2895, 40),
(5, 2, 1),
(5, 57, 1),
(5, 112, 1),
(5, 167, 1),
(5, 409, 1),
(5, 410, 1),
(5, 414, 1),
(5, 417, 1),
(5, 418, 1),
(5, 419, 1),
(5, 420, 1),
(5, 421, 1),
(5, 422, 1),
(5, 423, 1),
(5, 424, 1),
(5, 425, 1),
(5, 426, 1),
(5, 427, 1),
(5, 428, 1),
(5, 429, 1),
(5, 430, 1),
(5, 431, 1),
(5, 432, 1),
(5, 433, 1),
(5, 434, 1),
(5, 435, 1),
(5, 436, 1),
(5, 437, 1),
(5, 438, 1),
(5, 439, 1),
(5, 440, 1),
(5, 441, 1),
(5, 450, 1),
(5, 451, 1),
(5, 455, 1),
(5, 458, 1),
(5, 459, 1),
(5, 460, 1),
(5, 461, 1),
(5, 462, 1),
(5, 463, 1),
(5, 464, 1),
(5, 465, 1),
(5, 466, 1),
(5, 467, 1),
(5, 468, 1),
(5, 469, 1),
(5, 470, 1),
(5, 471, 1),
(5, 472, 1),
(5, 473, 1),
(5, 474, 1),
(5, 475, 1),
(5, 476, 1),
(5, 477, 1),
(5, 478, 1),
(5, 479, 1),
(5, 480, 1),
(5, 481, 1),
(5, 482, 1),
(5, 491, 1),
(5, 492, 1),
(5, 496, 1),
(5, 499, 1),
(5, 500, 1),
(5, 501, 1),
(5, 502, 1),
(5, 503, 1),
(5, 504, 1),
(5, 505, 1),
(5, 506, 1),
(5, 507, 1),
(5, 508, 1),
(5, 509, 1),
(5, 510, 1),
(5, 511, 1),
(5, 512, 1),
(5, 513, 1),
(5, 514, 1),
(5, 515, 1),
(5, 516, 1),
(5, 517, 1),
(5, 518, 1),
(5, 519, 1),
(5, 520, 1),
(5, 521, 1),
(5, 522, 1),
(5, 523, 1),
(5, 532, 1),
(5, 533, 1),
(5, 537, 1),
(5, 540, 1),
(5, 541, 1),
(5, 542, 1),
(5, 543, 1),
(5, 544, 1),
(5, 545, 1),
(5, 546, 1),
(5, 547, 1),
(5, 548, 1),
(5, 549, 1),
(5, 550, 1),
(5, 551, 1),
(5, 552, 1),
(5, 553, 1),
(5, 554, 1),
(5, 555, 1),
(5, 556, 1),
(5, 557, 1),
(5, 558, 1),
(5, 559, 1),
(5, 560, 1),
(5, 561, 1),
(5, 562, 1),
(5, 563, 1),
(5, 564, 1),
(5, 575, 1),
(5, 618, 1),
(5, 661, 1),
(5, 704, 1),
(5, 2726, 1),
(5, 2781, 1),
(5, 2836, 1),
(5, 2891, 1),
(5, 3133, 1),
(5, 3134, 1),
(5, 3138, 1),
(5, 3141, 1),
(5, 3142, 1),
(5, 3143, 1),
(5, 3144, 1),
(5, 3145, 1),
(5, 3146, 1),
(5, 3147, 1),
(5, 3148, 1),
(5, 3149, 1),
(5, 3150, 1),
(5, 3151, 1),
(5, 3152, 1),
(5, 3153, 1),
(5, 3154, 1),
(5, 3155, 1),
(5, 3156, 1),
(5, 3157, 1),
(5, 3158, 1),
(5, 3159, 1),
(5, 3160, 1),
(5, 3161, 1),
(5, 3162, 1),
(5, 3163, 1),
(5, 3164, 1),
(5, 3165, 1),
(5, 3174, 1),
(5, 3175, 1),
(5, 3179, 1),
(5, 3182, 1),
(5, 3183, 1),
(5, 3184, 1),
(5, 3185, 1),
(5, 3186, 1),
(5, 3187, 1),
(5, 3188, 1),
(5, 3189, 1),
(5, 3190, 1),
(5, 3191, 1),
(5, 3192, 1),
(5, 3193, 1),
(5, 3194, 1),
(5, 3195, 1),
(5, 3196, 1),
(5, 3197, 1),
(5, 3198, 1),
(5, 3199, 1),
(5, 3200, 1),
(5, 3201, 1),
(5, 3202, 1),
(5, 3203, 1),
(5, 3204, 1),
(5, 3205, 1),
(5, 3206, 1),
(5, 3215, 1),
(5, 3216, 1),
(5, 3220, 1),
(5, 3223, 1),
(5, 3224, 1),
(5, 3225, 1),
(5, 3226, 1),
(5, 3227, 1),
(5, 3228, 1),
(5, 3229, 1),
(5, 3230, 1),
(5, 3231, 1),
(5, 3232, 1),
(5, 3233, 1),
(5, 3234, 1),
(5, 3235, 1),
(5, 3236, 1),
(5, 3237, 1),
(5, 3238, 1),
(5, 3239, 1),
(5, 3240, 1),
(5, 3241, 1),
(5, 3242, 1),
(5, 3243, 1),
(5, 3244, 1),
(5, 3245, 1),
(5, 3246, 1),
(5, 3247, 1),
(5, 3256, 1),
(5, 3257, 1),
(5, 3261, 1),
(5, 3264, 1),
(5, 3265, 1),
(5, 3266, 1),
(5, 3267, 1),
(5, 3268, 1),
(5, 3269, 1),
(5, 3270, 1),
(5, 3271, 1),
(5, 3272, 1),
(5, 3273, 1),
(5, 3274, 1),
(5, 3275, 1),
(5, 3276, 1),
(5, 3277, 1),
(5, 3278, 1),
(5, 3279, 1),
(5, 3280, 1),
(5, 3281, 1),
(5, 3282, 1),
(5, 3283, 1),
(5, 3284, 1),
(5, 3285, 1),
(5, 3286, 1),
(5, 3287, 1),
(5, 3288, 1),
(5, 3299, 1),
(5, 3342, 1),
(5, 3385, 1),
(5, 3428, 1),
(5, 445, 2),
(5, 446, 2),
(5, 447, 2),
(5, 486, 2),
(5, 487, 2),
(5, 488, 2),
(5, 527, 2),
(5, 528, 2),
(5, 529, 2),
(5, 568, 2),
(5, 569, 2),
(5, 570, 2),
(5, 3169, 2),
(5, 3170, 2),
(5, 3171, 2),
(5, 3210, 2),
(5, 3211, 2),
(5, 3212, 2),
(5, 3251, 2),
(5, 3252, 2),
(5, 3253, 2),
(5, 3292, 2),
(5, 3293, 2),
(5, 3294, 2),
(5, 415, 3),
(5, 416, 3),
(5, 442, 3),
(5, 443, 3),
(5, 444, 3),
(5, 456, 3),
(5, 457, 3),
(5, 483, 3),
(5, 484, 3),
(5, 485, 3),
(5, 497, 3),
(5, 498, 3),
(5, 524, 3),
(5, 525, 3),
(5, 526, 3),
(5, 538, 3),
(5, 539, 3),
(5, 565, 3),
(5, 566, 3),
(5, 567, 3),
(5, 3139, 3),
(5, 3140, 3),
(5, 3166, 3),
(5, 3167, 3),
(5, 3168, 3),
(5, 3180, 3),
(5, 3181, 3),
(5, 3207, 3),
(5, 3208, 3),
(5, 3209, 3),
(5, 3221, 3),
(5, 3222, 3),
(5, 3248, 3),
(5, 3249, 3),
(5, 3250, 3),
(5, 3262, 3),
(5, 3263, 3),
(5, 3289, 3),
(5, 3290, 3),
(5, 3291, 3),
(5, 745, 6),
(5, 746, 6),
(5, 747, 6),
(5, 789, 6),
(5, 790, 6),
(5, 791, 6),
(5, 833, 6),
(5, 834, 6),
(5, 835, 6),
(5, 877, 6),
(5, 878, 6),
(5, 879, 6),
(5, 3469, 6),
(5, 3470, 6),
(5, 3471, 6),
(5, 3513, 6),
(5, 3514, 6),
(5, 3515, 6),
(5, 3557, 6),
(5, 3558, 6),
(5, 3559, 6),
(5, 3601, 6),
(5, 3602, 6),
(5, 3603, 6),
(5, 412, 7),
(5, 413, 7),
(5, 453, 7),
(5, 454, 7),
(5, 494, 7),
(5, 495, 7),
(5, 535, 7),
(5, 536, 7),
(5, 3136, 7),
(5, 3137, 7),
(5, 3177, 7),
(5, 3178, 7),
(5, 3218, 7),
(5, 3219, 7),
(5, 3259, 7),
(5, 3260, 7),
(5, 6, 40),
(5, 61, 40),
(5, 116, 40),
(5, 171, 40),
(5, 2730, 40),
(5, 2785, 40),
(5, 2840, 40),
(5, 2895, 40),
(6, 54, 1),
(6, 109, 1),
(6, 164, 1),
(6, 219, 1),
(6, 419, 1),
(6, 460, 1),
(6, 501, 1),
(6, 542, 1),
(6, 747, 1),
(6, 791, 1),
(6, 835, 1),
(6, 879, 1),
(6, 924, 1),
(6, 925, 1),
(6, 926, 1),
(6, 927, 1),
(6, 928, 1),
(6, 929, 1),
(6, 930, 1),
(6, 931, 1),
(6, 932, 1),
(6, 933, 1),
(6, 934, 1),
(6, 935, 1),
(6, 936, 1),
(6, 937, 1),
(6, 938, 1),
(6, 952, 1),
(6, 953, 1),
(6, 954, 1),
(6, 955, 1),
(6, 956, 1),
(6, 957, 1),
(6, 958, 1),
(6, 959, 1),
(6, 960, 1),
(6, 961, 1),
(6, 962, 1),
(6, 963, 1),
(6, 964, 1),
(6, 965, 1),
(6, 966, 1),
(6, 980, 1),
(6, 981, 1),
(6, 982, 1),
(6, 983, 1),
(6, 984, 1),
(6, 985, 1),
(6, 986, 1),
(6, 987, 1),
(6, 988, 1),
(6, 989, 1),
(6, 990, 1),
(6, 991, 1),
(6, 992, 1),
(6, 993, 1),
(6, 994, 1),
(6, 1008, 1),
(6, 1009, 1),
(6, 1010, 1),
(6, 1011, 1),
(6, 1012, 1),
(6, 1013, 1),
(6, 1014, 1),
(6, 1015, 1),
(6, 1016, 1),
(6, 1017, 1),
(6, 1018, 1),
(6, 1019, 1),
(6, 1020, 1),
(6, 1021, 1),
(6, 1022, 1),
(6, 2778, 1),
(6, 2833, 1),
(6, 2888, 1),
(6, 2943, 1),
(6, 3143, 1),
(6, 3184, 1),
(6, 3225, 1),
(6, 3266, 1),
(6, 3471, 1),
(6, 3515, 1),
(6, 3559, 1),
(6, 3603, 1),
(6, 3648, 1),
(6, 3649, 1),
(6, 3650, 1),
(6, 3651, 1),
(6, 3652, 1),
(6, 3653, 1),
(6, 3654, 1),
(6, 3655, 1),
(6, 3656, 1),
(6, 3657, 1),
(6, 3658, 1),
(6, 3659, 1),
(6, 3660, 1),
(6, 3661, 1),
(6, 3662, 1),
(6, 3676, 1),
(6, 3677, 1),
(6, 3678, 1),
(6, 3679, 1),
(6, 3680, 1),
(6, 3681, 1),
(6, 3682, 1),
(6, 3683, 1),
(6, 3684, 1),
(6, 3685, 1),
(6, 3686, 1),
(6, 3687, 1),
(6, 3688, 1),
(6, 3689, 1),
(6, 3690, 1),
(6, 3704, 1),
(6, 3705, 1),
(6, 3706, 1),
(6, 3707, 1),
(6, 3708, 1),
(6, 3709, 1),
(6, 3710, 1),
(6, 3711, 1),
(6, 3712, 1),
(6, 3713, 1),
(6, 3714, 1),
(6, 3715, 1),
(6, 3716, 1),
(6, 3717, 1),
(6, 3718, 1),
(6, 3732, 1),
(6, 3733, 1),
(6, 3734, 1),
(6, 3735, 1),
(6, 3736, 1),
(6, 3737, 1),
(6, 3738, 1),
(6, 3739, 1),
(6, 3740, 1),
(6, 3741, 1),
(6, 3742, 1),
(6, 3743, 1),
(6, 3744, 1),
(6, 3745, 1),
(6, 3746, 1),
(6, 25, 3),
(6, 53, 3),
(6, 80, 3),
(6, 108, 3),
(6, 135, 3),
(6, 163, 3),
(6, 190, 3),
(6, 218, 3),
(6, 923, 3),
(6, 939, 3),
(6, 940, 3),
(6, 951, 3),
(6, 967, 3),
(6, 968, 3),
(6, 979, 3),
(6, 995, 3),
(6, 996, 3),
(6, 1007, 3),
(6, 1023, 3),
(6, 1024, 3),
(6, 2749, 3),
(6, 2777, 3),
(6, 2804, 3),
(6, 2832, 3),
(6, 2859, 3),
(6, 2887, 3),
(6, 2914, 3),
(6, 2942, 3),
(6, 3647, 3),
(6, 3663, 3),
(6, 3664, 3),
(6, 3675, 3),
(6, 3691, 3),
(6, 3692, 3),
(6, 3703, 3),
(6, 3719, 3),
(6, 3720, 3),
(6, 3731, 3),
(6, 3747, 3),
(6, 3748, 3),
(6, 921, 6),
(6, 922, 6),
(6, 949, 6),
(6, 950, 6),
(6, 977, 6),
(6, 978, 6),
(6, 1005, 6),
(6, 1006, 6),
(6, 3645, 6),
(6, 3646, 6),
(6, 3673, 6),
(6, 3674, 6),
(6, 3701, 6),
(6, 3702, 6),
(6, 3729, 6),
(6, 3730, 6),
(6, 409, 7),
(6, 410, 7),
(6, 450, 7),
(6, 451, 7),
(6, 491, 7),
(6, 492, 7),
(6, 532, 7),
(6, 533, 7),
(6, 3133, 7),
(6, 3134, 7),
(6, 3174, 7),
(6, 3175, 7),
(6, 3215, 7),
(6, 3216, 7),
(6, 3256, 7),
(6, 3257, 7),
(6, 6, 10),
(6, 61, 10),
(6, 116, 10),
(6, 171, 10),
(6, 2730, 10),
(6, 2785, 10),
(6, 2840, 10),
(6, 2895, 10),
(7, 54, 1),
(7, 109, 1),
(7, 164, 1),
(7, 219, 1),
(7, 925, 1),
(7, 930, 1),
(7, 931, 1),
(7, 932, 1),
(7, 933, 1),
(7, 934, 1),
(7, 935, 1),
(7, 936, 1),
(7, 937, 1),
(7, 938, 1),
(7, 953, 1),
(7, 958, 1),
(7, 959, 1),
(7, 960, 1),
(7, 961, 1),
(7, 962, 1),
(7, 963, 1),
(7, 964, 1),
(7, 965, 1),
(7, 966, 1),
(7, 981, 1),
(7, 986, 1),
(7, 987, 1),
(7, 988, 1),
(7, 989, 1),
(7, 990, 1),
(7, 991, 1),
(7, 992, 1),
(7, 993, 1),
(7, 994, 1),
(7, 1009, 1),
(7, 1014, 1),
(7, 1015, 1),
(7, 1016, 1),
(7, 1017, 1),
(7, 1018, 1),
(7, 1019, 1),
(7, 1020, 1),
(7, 1021, 1),
(7, 1022, 1),
(7, 1033, 1),
(7, 1034, 1),
(7, 1035, 1),
(7, 1036, 1),
(7, 1037, 1),
(7, 1058, 1),
(7, 1059, 1),
(7, 1060, 1),
(7, 1061, 1),
(7, 1062, 1),
(7, 1083, 1),
(7, 1084, 1),
(7, 1085, 1),
(7, 1086, 1),
(7, 1087, 1),
(7, 1108, 1),
(7, 1109, 1),
(7, 1110, 1),
(7, 1111, 1),
(7, 1112, 1),
(7, 2778, 1),
(7, 2833, 1),
(7, 2888, 1),
(7, 2943, 1),
(7, 3649, 1),
(7, 3654, 1),
(7, 3655, 1),
(7, 3656, 1),
(7, 3657, 1),
(7, 3658, 1),
(7, 3659, 1),
(7, 3660, 1),
(7, 3661, 1),
(7, 3662, 1),
(7, 3677, 1),
(7, 3682, 1),
(7, 3683, 1),
(7, 3684, 1),
(7, 3685, 1),
(7, 3686, 1),
(7, 3687, 1),
(7, 3688, 1),
(7, 3689, 1),
(7, 3690, 1),
(7, 3705, 1),
(7, 3710, 1),
(7, 3711, 1),
(7, 3712, 1),
(7, 3713, 1),
(7, 3714, 1),
(7, 3715, 1),
(7, 3716, 1),
(7, 3717, 1),
(7, 3718, 1),
(7, 3733, 1),
(7, 3738, 1),
(7, 3739, 1),
(7, 3740, 1),
(7, 3741, 1),
(7, 3742, 1),
(7, 3743, 1),
(7, 3744, 1),
(7, 3745, 1),
(7, 3746, 1),
(7, 3757, 1),
(7, 3758, 1),
(7, 3759, 1),
(7, 3760, 1),
(7, 3761, 1),
(7, 3782, 1),
(7, 3783, 1),
(7, 3784, 1),
(7, 3785, 1),
(7, 3786, 1),
(7, 3807, 1),
(7, 3808, 1),
(7, 3809, 1),
(7, 3810, 1),
(7, 3811, 1),
(7, 3832, 1),
(7, 3833, 1),
(7, 3834, 1),
(7, 3835, 1),
(7, 3836, 1),
(7, 25, 3),
(7, 53, 3),
(7, 80, 3),
(7, 108, 3),
(7, 135, 3),
(7, 163, 3),
(7, 190, 3),
(7, 218, 3),
(7, 923, 3),
(7, 939, 3),
(7, 940, 3),
(7, 951, 3),
(7, 967, 3),
(7, 968, 3),
(7, 979, 3),
(7, 995, 3),
(7, 996, 3),
(7, 1007, 3),
(7, 1023, 3),
(7, 1024, 3),
(7, 2749, 3),
(7, 2777, 3),
(7, 2804, 3),
(7, 2832, 3),
(7, 2859, 3),
(7, 2887, 3),
(7, 2914, 3),
(7, 2942, 3),
(7, 3647, 3),
(7, 3663, 3),
(7, 3664, 3),
(7, 3675, 3),
(7, 3691, 3),
(7, 3692, 3),
(7, 3703, 3),
(7, 3719, 3),
(7, 3720, 3),
(7, 3731, 3),
(7, 3747, 3),
(7, 3748, 3),
(7, 573, 7),
(7, 574, 7),
(7, 616, 7),
(7, 617, 7),
(7, 659, 7),
(7, 660, 7),
(7, 702, 7),
(7, 703, 7),
(7, 921, 7),
(7, 949, 7),
(7, 977, 7),
(7, 1005, 7),
(7, 3297, 7),
(7, 3298, 7),
(7, 3340, 7),
(7, 3341, 7),
(7, 3383, 7),
(7, 3384, 7),
(7, 3426, 7),
(7, 3427, 7),
(7, 3645, 7),
(7, 3673, 7),
(7, 3701, 7),
(7, 3729, 7),
(7, 6, 10),
(7, 61, 10),
(7, 116, 10),
(7, 171, 10),
(7, 2730, 10),
(7, 2785, 10),
(7, 2840, 10),
(7, 2895, 10),
(8, 54, 1),
(8, 109, 1),
(8, 164, 1),
(8, 219, 1),
(8, 424, 1),
(8, 465, 1),
(8, 506, 1),
(8, 547, 1),
(8, 925, 1),
(8, 926, 1),
(8, 930, 1),
(8, 931, 1),
(8, 932, 1),
(8, 933, 1),
(8, 934, 1),
(8, 935, 1),
(8, 936, 1),
(8, 937, 1),
(8, 938, 1),
(8, 953, 1),
(8, 954, 1),
(8, 958, 1),
(8, 959, 1),
(8, 960, 1),
(8, 961, 1),
(8, 962, 1),
(8, 963, 1),
(8, 964, 1),
(8, 965, 1),
(8, 966, 1),
(8, 981, 1),
(8, 982, 1),
(8, 986, 1),
(8, 987, 1),
(8, 988, 1),
(8, 989, 1),
(8, 990, 1),
(8, 991, 1),
(8, 992, 1),
(8, 993, 1),
(8, 994, 1),
(8, 1009, 1),
(8, 1010, 1),
(8, 1014, 1),
(8, 1015, 1),
(8, 1016, 1),
(8, 1017, 1),
(8, 1018, 1),
(8, 1019, 1),
(8, 1020, 1),
(8, 1021, 1),
(8, 1022, 1),
(8, 1034, 1),
(8, 1059, 1),
(8, 1084, 1),
(8, 1109, 1),
(8, 1133, 1),
(8, 1134, 1),
(8, 1135, 1),
(8, 1136, 1),
(8, 1161, 1),
(8, 1162, 1),
(8, 1163, 1),
(8, 1164, 1),
(8, 1189, 1),
(8, 1190, 1),
(8, 1191, 1),
(8, 1192, 1),
(8, 1217, 1),
(8, 1218, 1),
(8, 1219, 1),
(8, 1220, 1),
(8, 2778, 1),
(8, 2833, 1),
(8, 2888, 1),
(8, 2943, 1),
(8, 3148, 1),
(8, 3189, 1),
(8, 3230, 1),
(8, 3271, 1),
(8, 3649, 1),
(8, 3650, 1),
(8, 3654, 1),
(8, 3655, 1),
(8, 3656, 1),
(8, 3657, 1),
(8, 3658, 1),
(8, 3659, 1),
(8, 3660, 1),
(8, 3661, 1),
(8, 3662, 1),
(8, 3677, 1),
(8, 3678, 1),
(8, 3682, 1),
(8, 3683, 1),
(8, 3684, 1),
(8, 3685, 1),
(8, 3686, 1),
(8, 3687, 1),
(8, 3688, 1),
(8, 3689, 1),
(8, 3690, 1),
(8, 3705, 1),
(8, 3706, 1),
(8, 3710, 1),
(8, 3711, 1),
(8, 3712, 1),
(8, 3713, 1),
(8, 3714, 1),
(8, 3715, 1),
(8, 3716, 1),
(8, 3717, 1),
(8, 3718, 1),
(8, 3733, 1),
(8, 3734, 1),
(8, 3738, 1),
(8, 3739, 1),
(8, 3740, 1),
(8, 3741, 1),
(8, 3742, 1),
(8, 3743, 1),
(8, 3744, 1),
(8, 3745, 1),
(8, 3746, 1),
(8, 3758, 1),
(8, 3783, 1),
(8, 3808, 1),
(8, 3833, 1),
(8, 3857, 1),
(8, 3858, 1),
(8, 3859, 1),
(8, 3860, 1),
(8, 3885, 1),
(8, 3886, 1),
(8, 3887, 1),
(8, 3888, 1),
(8, 3913, 1),
(8, 3914, 1),
(8, 3915, 1),
(8, 3916, 1),
(8, 3941, 1),
(8, 3942, 1),
(8, 3943, 1),
(8, 3944, 1),
(8, 25, 3),
(8, 53, 3),
(8, 80, 3),
(8, 108, 3),
(8, 135, 3),
(8, 163, 3),
(8, 190, 3),
(8, 218, 3),
(8, 923, 3),
(8, 939, 3),
(8, 940, 3),
(8, 951, 3),
(8, 967, 3),
(8, 968, 3),
(8, 979, 3),
(8, 995, 3),
(8, 996, 3),
(8, 1007, 3),
(8, 1023, 3),
(8, 1024, 3),
(8, 2749, 3),
(8, 2777, 3),
(8, 2804, 3),
(8, 2832, 3),
(8, 2859, 3),
(8, 2887, 3),
(8, 2914, 3),
(8, 2942, 3),
(8, 3647, 3),
(8, 3663, 3),
(8, 3664, 3),
(8, 3675, 3),
(8, 3691, 3),
(8, 3692, 3),
(8, 3703, 3),
(8, 3719, 3),
(8, 3720, 3),
(8, 3731, 3),
(8, 3747, 3),
(8, 3748, 3),
(8, 745, 6),
(8, 789, 6),
(8, 833, 6),
(8, 877, 6),
(8, 3469, 6),
(8, 3513, 6),
(8, 3557, 6),
(8, 3601, 6),
(8, 746, 7),
(8, 747, 7),
(8, 790, 7),
(8, 791, 7),
(8, 834, 7),
(8, 835, 7),
(8, 878, 7),
(8, 879, 7),
(8, 921, 7),
(8, 949, 7),
(8, 977, 7),
(8, 1005, 7),
(8, 3470, 7),
(8, 3471, 7),
(8, 3514, 7),
(8, 3515, 7),
(8, 3558, 7),
(8, 3559, 7),
(8, 3602, 7),
(8, 3603, 7),
(8, 3645, 7),
(8, 3673, 7),
(8, 3701, 7),
(8, 3729, 7),
(8, 6, 10),
(8, 61, 10),
(8, 116, 10),
(8, 171, 10),
(8, 2730, 10),
(8, 2785, 10),
(8, 2840, 10),
(8, 2895, 10),
(9, 32, 1),
(9, 87, 1),
(9, 142, 1),
(9, 197, 1),
(9, 222, 1),
(9, 223, 1),
(9, 269, 1),
(9, 270, 1),
(9, 316, 1),
(9, 317, 1),
(9, 363, 1),
(9, 364, 1),
(9, 425, 1),
(9, 443, 1),
(9, 466, 1),
(9, 484, 1),
(9, 507, 1),
(9, 525, 1),
(9, 548, 1),
(9, 566, 1),
(9, 1133, 1),
(9, 1134, 1),
(9, 1161, 1),
(9, 1162, 1),
(9, 1189, 1),
(9, 1190, 1),
(9, 1217, 1),
(9, 1218, 1),
(9, 1250, 1),
(9, 1251, 1),
(9, 1252, 1),
(9, 1253, 1),
(9, 1254, 1),
(9, 1255, 1),
(9, 1256, 1),
(9, 1257, 1),
(9, 1258, 1),
(9, 1259, 1),
(9, 1260, 1),
(9, 1261, 1),
(9, 1262, 1),
(9, 1263, 1),
(9, 1264, 1),
(9, 1265, 1),
(9, 1266, 1),
(9, 1267, 1),
(9, 1288, 1),
(9, 1289, 1),
(9, 1290, 1),
(9, 1291, 1),
(9, 1292, 1),
(9, 1293, 1),
(9, 1294, 1),
(9, 1295, 1),
(9, 1296, 1),
(9, 1297, 1),
(9, 1298, 1),
(9, 1299, 1),
(9, 1300, 1),
(9, 1301, 1),
(9, 1302, 1),
(9, 1303, 1),
(9, 1304, 1),
(9, 1305, 1),
(9, 1326, 1),
(9, 1327, 1),
(9, 1328, 1),
(9, 1329, 1),
(9, 1330, 1),
(9, 1331, 1),
(9, 1332, 1),
(9, 1333, 1),
(9, 1334, 1),
(9, 1335, 1),
(9, 1336, 1),
(9, 1337, 1),
(9, 1338, 1),
(9, 1339, 1),
(9, 1340, 1),
(9, 1341, 1),
(9, 1342, 1),
(9, 1343, 1),
(9, 1364, 1),
(9, 1365, 1),
(9, 1366, 1),
(9, 1367, 1),
(9, 1368, 1),
(9, 1369, 1),
(9, 1370, 1),
(9, 1371, 1),
(9, 1372, 1),
(9, 1373, 1),
(9, 1374, 1),
(9, 1375, 1),
(9, 1376, 1),
(9, 1377, 1),
(9, 1378, 1),
(9, 1379, 1),
(9, 1380, 1),
(9, 1381, 1),
(9, 2756, 1),
(9, 2811, 1),
(9, 2866, 1),
(9, 2921, 1),
(9, 2946, 1),
(9, 2947, 1),
(9, 2993, 1),
(9, 2994, 1),
(9, 3040, 1),
(9, 3041, 1),
(9, 3087, 1),
(9, 3088, 1),
(9, 3149, 1),
(9, 3167, 1),
(9, 3190, 1),
(9, 3208, 1),
(9, 3231, 1),
(9, 3249, 1),
(9, 3272, 1),
(9, 3290, 1),
(9, 3857, 1),
(9, 3858, 1),
(9, 3885, 1),
(9, 3886, 1),
(9, 3913, 1),
(9, 3914, 1),
(9, 3941, 1),
(9, 3942, 1),
(9, 3974, 1),
(9, 3975, 1),
(9, 3976, 1),
(9, 3977, 1),
(9, 3978, 1),
(9, 3979, 1),
(9, 3980, 1),
(9, 3981, 1),
(9, 3982, 1),
(9, 3983, 1),
(9, 3984, 1),
(9, 3985, 1),
(9, 3986, 1),
(9, 3987, 1),
(9, 3988, 1),
(9, 3989, 1),
(9, 3990, 1),
(9, 3991, 1),
(9, 4012, 1),
(9, 4013, 1),
(9, 4014, 1),
(9, 4015, 1),
(9, 4016, 1),
(9, 4017, 1),
(9, 4018, 1),
(9, 4019, 1),
(9, 4020, 1),
(9, 4021, 1),
(9, 4022, 1),
(9, 4023, 1),
(9, 4024, 1),
(9, 4025, 1),
(9, 4026, 1),
(9, 4027, 1),
(9, 4028, 1),
(9, 4029, 1),
(9, 4050, 1),
(9, 4051, 1),
(9, 4052, 1),
(9, 4053, 1),
(9, 4054, 1),
(9, 4055, 1),
(9, 4056, 1),
(9, 4057, 1),
(9, 4058, 1),
(9, 4059, 1),
(9, 4060, 1),
(9, 4061, 1),
(9, 4062, 1),
(9, 4063, 1),
(9, 4064, 1),
(9, 4065, 1),
(9, 4066, 1),
(9, 4067, 1),
(9, 4088, 1),
(9, 4089, 1),
(9, 4090, 1),
(9, 4091, 1),
(9, 4092, 1),
(9, 4093, 1),
(9, 4094, 1),
(9, 4095, 1),
(9, 4096, 1),
(9, 4097, 1),
(9, 4098, 1),
(9, 4099, 1),
(9, 4100, 1),
(9, 4101, 1),
(9, 4102, 1),
(9, 4103, 1),
(9, 4104, 1),
(9, 4105, 1),
(9, 54, 2),
(9, 55, 2),
(9, 109, 2),
(9, 110, 2),
(9, 164, 2),
(9, 165, 2),
(9, 219, 2),
(9, 220, 2),
(9, 2778, 2),
(9, 2779, 2),
(9, 2833, 2),
(9, 2834, 2),
(9, 2888, 2),
(9, 2889, 2),
(9, 2943, 2),
(9, 2944, 2),
(9, 25, 3),
(9, 53, 3),
(9, 80, 3),
(9, 108, 3),
(9, 135, 3),
(9, 163, 3),
(9, 190, 3),
(9, 218, 3),
(9, 939, 3),
(9, 940, 3),
(9, 967, 3),
(9, 968, 3),
(9, 995, 3),
(9, 996, 3),
(9, 1023, 3),
(9, 1024, 3),
(9, 1248, 3),
(9, 1268, 3),
(9, 1286, 3),
(9, 1306, 3),
(9, 1324, 3),
(9, 1344, 3),
(9, 1362, 3),
(9, 1382, 3),
(9, 2749, 3),
(9, 2777, 3),
(9, 2804, 3),
(9, 2832, 3),
(9, 2859, 3),
(9, 2887, 3),
(9, 2914, 3),
(9, 2942, 3),
(9, 3663, 3),
(9, 3664, 3),
(9, 3691, 3),
(9, 3692, 3),
(9, 3719, 3),
(9, 3720, 3),
(9, 3747, 3),
(9, 3748, 3),
(9, 3972, 3),
(9, 3992, 3),
(9, 4010, 3),
(9, 4030, 3),
(9, 4048, 3),
(9, 4068, 3),
(9, 4086, 3),
(9, 4106, 3),
(9, 1249, 4),
(9, 1287, 4),
(9, 1325, 4),
(9, 1363, 4),
(9, 3973, 4),
(9, 4011, 4),
(9, 4049, 4),
(9, 4087, 4),
(9, 1245, 7),
(9, 1246, 7),
(9, 1283, 7),
(9, 1284, 7),
(9, 1321, 7),
(9, 1322, 7),
(9, 1359, 7),
(9, 1360, 7),
(9, 3969, 7),
(9, 3970, 7),
(9, 4007, 7),
(9, 4008, 7),
(9, 4045, 7),
(9, 4046, 7),
(9, 4083, 7),
(9, 4084, 7),
(9, 1247, 8),
(9, 1285, 8),
(9, 1323, 8),
(9, 1361, 8),
(9, 3971, 8),
(9, 4009, 8),
(9, 4047, 8),
(9, 4085, 8),
(9, 6, 30),
(9, 61, 30),
(9, 116, 30),
(9, 171, 30),
(9, 2730, 30),
(9, 2785, 30),
(9, 2840, 30),
(9, 2895, 30),
(10, 32, 1),
(10, 87, 1),
(10, 142, 1),
(10, 197, 1),
(10, 222, 1),
(10, 223, 1),
(10, 269, 1),
(10, 270, 1),
(10, 316, 1),
(10, 317, 1),
(10, 363, 1),
(10, 364, 1),
(10, 425, 1),
(10, 443, 1),
(10, 466, 1),
(10, 484, 1),
(10, 507, 1),
(10, 525, 1),
(10, 548, 1),
(10, 566, 1),
(10, 1133, 1),
(10, 1134, 1),
(10, 1161, 1),
(10, 1162, 1),
(10, 1189, 1),
(10, 1190, 1),
(10, 1217, 1),
(10, 1218, 1),
(10, 1250, 1),
(10, 1251, 1),
(10, 1252, 1),
(10, 1253, 1),
(10, 1254, 1),
(10, 1255, 1),
(10, 1256, 1),
(10, 1257, 1),
(10, 1258, 1),
(10, 1259, 1),
(10, 1260, 1),
(10, 1261, 1),
(10, 1262, 1),
(10, 1263, 1),
(10, 1264, 1),
(10, 1265, 1),
(10, 1266, 1),
(10, 1267, 1),
(10, 1288, 1),
(10, 1289, 1),
(10, 1290, 1),
(10, 1291, 1),
(10, 1292, 1),
(10, 1293, 1),
(10, 1294, 1),
(10, 1295, 1),
(10, 1296, 1),
(10, 1297, 1),
(10, 1298, 1),
(10, 1299, 1),
(10, 1300, 1),
(10, 1301, 1),
(10, 1302, 1),
(10, 1303, 1),
(10, 1304, 1),
(10, 1305, 1),
(10, 1326, 1),
(10, 1327, 1),
(10, 1328, 1),
(10, 1329, 1),
(10, 1330, 1),
(10, 1331, 1),
(10, 1332, 1),
(10, 1333, 1),
(10, 1334, 1),
(10, 1335, 1),
(10, 1336, 1),
(10, 1337, 1),
(10, 1338, 1),
(10, 1339, 1),
(10, 1340, 1),
(10, 1341, 1),
(10, 1342, 1),
(10, 1343, 1),
(10, 1364, 1),
(10, 1365, 1),
(10, 1366, 1),
(10, 1367, 1),
(10, 1368, 1),
(10, 1369, 1),
(10, 1370, 1),
(10, 1371, 1),
(10, 1372, 1),
(10, 1373, 1),
(10, 1374, 1),
(10, 1375, 1),
(10, 1376, 1),
(10, 1377, 1),
(10, 1378, 1),
(10, 1379, 1),
(10, 1380, 1),
(10, 1381, 1),
(10, 2756, 1),
(10, 2811, 1),
(10, 2866, 1),
(10, 2921, 1),
(10, 2946, 1),
(10, 2947, 1),
(10, 2993, 1),
(10, 2994, 1),
(10, 3040, 1),
(10, 3041, 1),
(10, 3087, 1),
(10, 3088, 1),
(10, 3149, 1),
(10, 3167, 1),
(10, 3190, 1),
(10, 3208, 1),
(10, 3231, 1),
(10, 3249, 1),
(10, 3272, 1),
(10, 3290, 1),
(10, 3857, 1),
(10, 3858, 1),
(10, 3885, 1),
(10, 3886, 1),
(10, 3913, 1),
(10, 3914, 1),
(10, 3941, 1),
(10, 3942, 1),
(10, 3974, 1),
(10, 3975, 1),
(10, 3976, 1),
(10, 3977, 1),
(10, 3978, 1),
(10, 3979, 1),
(10, 3980, 1),
(10, 3981, 1),
(10, 3982, 1),
(10, 3983, 1),
(10, 3984, 1),
(10, 3985, 1),
(10, 3986, 1),
(10, 3987, 1),
(10, 3988, 1),
(10, 3989, 1),
(10, 3990, 1),
(10, 3991, 1),
(10, 4012, 1),
(10, 4013, 1),
(10, 4014, 1),
(10, 4015, 1),
(10, 4016, 1),
(10, 4017, 1),
(10, 4018, 1),
(10, 4019, 1),
(10, 4020, 1),
(10, 4021, 1),
(10, 4022, 1),
(10, 4023, 1),
(10, 4024, 1),
(10, 4025, 1),
(10, 4026, 1),
(10, 4027, 1),
(10, 4028, 1),
(10, 4029, 1),
(10, 4050, 1),
(10, 4051, 1),
(10, 4052, 1),
(10, 4053, 1),
(10, 4054, 1),
(10, 4055, 1),
(10, 4056, 1),
(10, 4057, 1),
(10, 4058, 1),
(10, 4059, 1),
(10, 4060, 1),
(10, 4061, 1),
(10, 4062, 1),
(10, 4063, 1),
(10, 4064, 1),
(10, 4065, 1),
(10, 4066, 1),
(10, 4067, 1),
(10, 4088, 1),
(10, 4089, 1),
(10, 4090, 1),
(10, 4091, 1),
(10, 4092, 1),
(10, 4093, 1),
(10, 4094, 1),
(10, 4095, 1),
(10, 4096, 1),
(10, 4097, 1),
(10, 4098, 1),
(10, 4099, 1),
(10, 4100, 1),
(10, 4101, 1),
(10, 4102, 1),
(10, 4103, 1),
(10, 4104, 1),
(10, 4105, 1),
(10, 54, 2),
(10, 55, 2),
(10, 109, 2),
(10, 110, 2),
(10, 164, 2),
(10, 165, 2),
(10, 219, 2),
(10, 220, 2),
(10, 2778, 2),
(10, 2779, 2),
(10, 2833, 2),
(10, 2834, 2),
(10, 2888, 2),
(10, 2889, 2),
(10, 2943, 2),
(10, 2944, 2),
(10, 25, 3),
(10, 53, 3),
(10, 80, 3),
(10, 108, 3),
(10, 135, 3),
(10, 163, 3),
(10, 190, 3),
(10, 218, 3),
(10, 939, 3),
(10, 940, 3),
(10, 967, 3),
(10, 968, 3),
(10, 995, 3),
(10, 996, 3),
(10, 1023, 3),
(10, 1024, 3),
(10, 1248, 3),
(10, 1268, 3),
(10, 1286, 3),
(10, 1306, 3),
(10, 1324, 3),
(10, 1344, 3),
(10, 1362, 3),
(10, 1382, 3),
(10, 2749, 3),
(10, 2777, 3),
(10, 2804, 3),
(10, 2832, 3),
(10, 2859, 3),
(10, 2887, 3),
(10, 2914, 3),
(10, 2942, 3),
(10, 3663, 3),
(10, 3664, 3),
(10, 3691, 3),
(10, 3692, 3),
(10, 3719, 3),
(10, 3720, 3),
(10, 3747, 3),
(10, 3748, 3),
(10, 3972, 3),
(10, 3992, 3),
(10, 4010, 3),
(10, 4030, 3),
(10, 4048, 3),
(10, 4068, 3),
(10, 4086, 3),
(10, 4106, 3),
(10, 1249, 4),
(10, 1287, 4),
(10, 1325, 4),
(10, 1363, 4),
(10, 3973, 4),
(10, 4011, 4),
(10, 4049, 4),
(10, 4087, 4),
(10, 1397, 7),
(10, 1398, 7),
(10, 1435, 7),
(10, 1436, 7),
(10, 1473, 7),
(10, 1474, 7),
(10, 1511, 7),
(10, 1512, 7),
(10, 4121, 7),
(10, 4122, 7),
(10, 4159, 7),
(10, 4160, 7),
(10, 4197, 7),
(10, 4198, 7),
(10, 4235, 7),
(10, 4236, 7),
(10, 1247, 8),
(10, 1285, 8),
(10, 1323, 8),
(10, 1361, 8),
(10, 3971, 8),
(10, 4009, 8),
(10, 4047, 8),
(10, 4085, 8),
(10, 6, 30),
(10, 61, 30),
(10, 116, 30),
(10, 171, 30),
(10, 2730, 30),
(10, 2785, 30),
(10, 2840, 30),
(10, 2895, 30),
(11, 32, 1),
(11, 87, 1),
(11, 142, 1),
(11, 197, 1),
(11, 222, 1),
(11, 223, 1),
(11, 269, 1),
(11, 270, 1),
(11, 316, 1),
(11, 317, 1),
(11, 363, 1),
(11, 364, 1),
(11, 425, 1),
(11, 443, 1),
(11, 466, 1),
(11, 484, 1),
(11, 507, 1),
(11, 525, 1),
(11, 548, 1),
(11, 566, 1),
(11, 1133, 1),
(11, 1134, 1),
(11, 1161, 1),
(11, 1162, 1),
(11, 1189, 1),
(11, 1190, 1),
(11, 1217, 1),
(11, 1218, 1),
(11, 1250, 1),
(11, 1251, 1),
(11, 1252, 1),
(11, 1253, 1),
(11, 1254, 1),
(11, 1255, 1),
(11, 1256, 1),
(11, 1257, 1),
(11, 1258, 1),
(11, 1259, 1),
(11, 1260, 1),
(11, 1261, 1),
(11, 1262, 1),
(11, 1263, 1),
(11, 1264, 1),
(11, 1265, 1),
(11, 1266, 1),
(11, 1267, 1),
(11, 1288, 1),
(11, 1289, 1),
(11, 1290, 1),
(11, 1291, 1),
(11, 1292, 1),
(11, 1293, 1),
(11, 1294, 1),
(11, 1295, 1),
(11, 1296, 1),
(11, 1297, 1),
(11, 1298, 1),
(11, 1299, 1),
(11, 1300, 1),
(11, 1301, 1),
(11, 1302, 1),
(11, 1303, 1),
(11, 1304, 1),
(11, 1305, 1),
(11, 1326, 1),
(11, 1327, 1),
(11, 1328, 1),
(11, 1329, 1),
(11, 1330, 1),
(11, 1331, 1),
(11, 1332, 1),
(11, 1333, 1),
(11, 1334, 1),
(11, 1335, 1),
(11, 1336, 1),
(11, 1337, 1),
(11, 1338, 1),
(11, 1339, 1),
(11, 1340, 1),
(11, 1341, 1),
(11, 1342, 1),
(11, 1343, 1),
(11, 1364, 1),
(11, 1365, 1),
(11, 1366, 1),
(11, 1367, 1),
(11, 1368, 1),
(11, 1369, 1),
(11, 1370, 1),
(11, 1371, 1),
(11, 1372, 1),
(11, 1373, 1),
(11, 1374, 1),
(11, 1375, 1),
(11, 1376, 1),
(11, 1377, 1),
(11, 1378, 1),
(11, 1379, 1),
(11, 1380, 1),
(11, 1381, 1),
(11, 2756, 1),
(11, 2811, 1),
(11, 2866, 1),
(11, 2921, 1),
(11, 2946, 1),
(11, 2947, 1),
(11, 2993, 1),
(11, 2994, 1),
(11, 3040, 1),
(11, 3041, 1),
(11, 3087, 1),
(11, 3088, 1),
(11, 3149, 1),
(11, 3167, 1),
(11, 3190, 1),
(11, 3208, 1),
(11, 3231, 1),
(11, 3249, 1),
(11, 3272, 1),
(11, 3290, 1),
(11, 3857, 1),
(11, 3858, 1),
(11, 3885, 1),
(11, 3886, 1),
(11, 3913, 1),
(11, 3914, 1),
(11, 3941, 1),
(11, 3942, 1),
(11, 3974, 1),
(11, 3975, 1),
(11, 3976, 1),
(11, 3977, 1),
(11, 3978, 1),
(11, 3979, 1),
(11, 3980, 1),
(11, 3981, 1),
(11, 3982, 1),
(11, 3983, 1),
(11, 3984, 1),
(11, 3985, 1),
(11, 3986, 1),
(11, 3987, 1),
(11, 3988, 1),
(11, 3989, 1),
(11, 3990, 1),
(11, 3991, 1),
(11, 4012, 1),
(11, 4013, 1),
(11, 4014, 1),
(11, 4015, 1),
(11, 4016, 1),
(11, 4017, 1),
(11, 4018, 1),
(11, 4019, 1),
(11, 4020, 1),
(11, 4021, 1),
(11, 4022, 1),
(11, 4023, 1),
(11, 4024, 1),
(11, 4025, 1),
(11, 4026, 1),
(11, 4027, 1),
(11, 4028, 1),
(11, 4029, 1),
(11, 4050, 1),
(11, 4051, 1),
(11, 4052, 1),
(11, 4053, 1),
(11, 4054, 1),
(11, 4055, 1),
(11, 4056, 1),
(11, 4057, 1),
(11, 4058, 1),
(11, 4059, 1),
(11, 4060, 1),
(11, 4061, 1),
(11, 4062, 1),
(11, 4063, 1),
(11, 4064, 1),
(11, 4065, 1),
(11, 4066, 1),
(11, 4067, 1),
(11, 4088, 1),
(11, 4089, 1),
(11, 4090, 1),
(11, 4091, 1),
(11, 4092, 1),
(11, 4093, 1),
(11, 4094, 1),
(11, 4095, 1),
(11, 4096, 1),
(11, 4097, 1),
(11, 4098, 1),
(11, 4099, 1),
(11, 4100, 1),
(11, 4101, 1),
(11, 4102, 1),
(11, 4103, 1),
(11, 4104, 1),
(11, 4105, 1),
(11, 54, 2),
(11, 55, 2),
(11, 109, 2),
(11, 110, 2),
(11, 164, 2),
(11, 165, 2),
(11, 219, 2),
(11, 220, 2),
(11, 2778, 2),
(11, 2779, 2),
(11, 2833, 2),
(11, 2834, 2),
(11, 2888, 2),
(11, 2889, 2),
(11, 2943, 2),
(11, 2944, 2),
(11, 25, 3),
(11, 53, 3),
(11, 80, 3),
(11, 108, 3),
(11, 135, 3),
(11, 163, 3),
(11, 190, 3),
(11, 218, 3),
(11, 939, 3),
(11, 940, 3),
(11, 967, 3),
(11, 968, 3),
(11, 995, 3),
(11, 996, 3),
(11, 1023, 3),
(11, 1024, 3),
(11, 1248, 3),
(11, 1268, 3),
(11, 1286, 3),
(11, 1306, 3),
(11, 1324, 3),
(11, 1344, 3),
(11, 1362, 3),
(11, 1382, 3),
(11, 2749, 3),
(11, 2777, 3),
(11, 2804, 3),
(11, 2832, 3),
(11, 2859, 3),
(11, 2887, 3),
(11, 2914, 3),
(11, 2942, 3),
(11, 3663, 3),
(11, 3664, 3),
(11, 3691, 3),
(11, 3692, 3),
(11, 3719, 3),
(11, 3720, 3),
(11, 3747, 3),
(11, 3748, 3),
(11, 3972, 3),
(11, 3992, 3),
(11, 4010, 3),
(11, 4030, 3),
(11, 4048, 3),
(11, 4068, 3),
(11, 4086, 3),
(11, 4106, 3),
(11, 1249, 4),
(11, 1287, 4),
(11, 1325, 4),
(11, 1363, 4),
(11, 3973, 4),
(11, 4011, 4),
(11, 4049, 4),
(11, 4087, 4),
(11, 1, 7),
(11, 56, 7),
(11, 111, 7),
(11, 166, 7),
(11, 2725, 7),
(11, 2780, 7),
(11, 2835, 7),
(11, 2890, 7),
(11, 1247, 8),
(11, 1285, 8),
(11, 1323, 8),
(11, 1361, 8),
(11, 3971, 8),
(11, 4009, 8),
(11, 4047, 8),
(11, 4085, 8),
(11, 6, 30),
(11, 61, 30),
(11, 116, 30),
(11, 171, 30),
(11, 2730, 30),
(11, 2785, 30),
(11, 2840, 30),
(11, 2895, 30),
(12, 43, 1),
(12, 98, 1),
(12, 153, 1),
(12, 208, 1),
(12, 1699, 1),
(12, 1700, 1),
(12, 1701, 1),
(12, 1702, 1),
(12, 1703, 1),
(12, 1704, 1),
(12, 1705, 1),
(12, 1706, 1),
(12, 1707, 1),
(12, 1708, 1),
(12, 1709, 1),
(12, 1710, 1),
(12, 1711, 1),
(12, 1712, 1),
(12, 1713, 1),
(12, 1714, 1),
(12, 1715, 1),
(12, 1716, 1),
(12, 1717, 1),
(12, 1718, 1),
(12, 1719, 1),
(12, 1729, 1),
(12, 1730, 1),
(12, 1731, 1),
(12, 1732, 1),
(12, 1733, 1),
(12, 1734, 1),
(12, 1735, 1),
(12, 1736, 1),
(12, 1737, 1),
(12, 1738, 1),
(12, 1739, 1),
(12, 1740, 1),
(12, 1741, 1),
(12, 1742, 1),
(12, 1743, 1),
(12, 1744, 1),
(12, 1745, 1),
(12, 1746, 1),
(12, 1747, 1),
(12, 1748, 1),
(12, 1749, 1),
(12, 1759, 1),
(12, 1760, 1),
(12, 1761, 1),
(12, 1762, 1),
(12, 1763, 1),
(12, 1764, 1),
(12, 1765, 1),
(12, 1766, 1),
(12, 1767, 1),
(12, 1768, 1),
(12, 1769, 1),
(12, 1770, 1),
(12, 1771, 1),
(12, 1772, 1),
(12, 1773, 1),
(12, 1774, 1),
(12, 1775, 1),
(12, 1776, 1),
(12, 1777, 1),
(12, 1778, 1),
(12, 1779, 1),
(12, 1789, 1),
(12, 1790, 1),
(12, 1791, 1),
(12, 1792, 1),
(12, 1793, 1),
(12, 1794, 1),
(12, 1795, 1),
(12, 1796, 1),
(12, 1797, 1),
(12, 1798, 1),
(12, 1799, 1),
(12, 1800, 1),
(12, 1801, 1),
(12, 1802, 1),
(12, 1803, 1),
(12, 1804, 1),
(12, 1805, 1),
(12, 1806, 1),
(12, 1807, 1),
(12, 1808, 1),
(12, 1809, 1),
(12, 2767, 1),
(12, 2822, 1),
(12, 2877, 1),
(12, 2932, 1),
(12, 4423, 1),
(12, 4424, 1),
(12, 4425, 1),
(12, 4426, 1),
(12, 4427, 1),
(12, 4428, 1),
(12, 4429, 1),
(12, 4430, 1),
(12, 4431, 1),
(12, 4432, 1),
(12, 4433, 1),
(12, 4434, 1),
(12, 4435, 1),
(12, 4436, 1),
(12, 4437, 1),
(12, 4438, 1),
(12, 4439, 1),
(12, 4440, 1),
(12, 4441, 1),
(12, 4442, 1),
(12, 4443, 1),
(12, 4453, 1),
(12, 4454, 1),
(12, 4455, 1),
(12, 4456, 1),
(12, 4457, 1),
(12, 4458, 1),
(12, 4459, 1),
(12, 4460, 1),
(12, 4461, 1),
(12, 4462, 1),
(12, 4463, 1),
(12, 4464, 1),
(12, 4465, 1),
(12, 4466, 1),
(12, 4467, 1),
(12, 4468, 1),
(12, 4469, 1),
(12, 4470, 1),
(12, 4471, 1),
(12, 4472, 1),
(12, 4473, 1),
(12, 4483, 1),
(12, 4484, 1),
(12, 4485, 1),
(12, 4486, 1),
(12, 4487, 1),
(12, 4488, 1),
(12, 4489, 1),
(12, 4490, 1),
(12, 4491, 1),
(12, 4492, 1),
(12, 4493, 1),
(12, 4494, 1),
(12, 4495, 1),
(12, 4496, 1),
(12, 4497, 1),
(12, 4498, 1),
(12, 4499, 1),
(12, 4500, 1),
(12, 4501, 1),
(12, 4502, 1),
(12, 4503, 1),
(12, 4513, 1),
(12, 4514, 1),
(12, 4515, 1),
(12, 4516, 1),
(12, 4517, 1),
(12, 4518, 1),
(12, 4519, 1),
(12, 4520, 1),
(12, 4521, 1),
(12, 4522, 1),
(12, 4523, 1),
(12, 4524, 1),
(12, 4525, 1),
(12, 4526, 1),
(12, 4527, 1),
(12, 4528, 1),
(12, 4529, 1),
(12, 4530, 1),
(12, 4531, 1),
(12, 4532, 1),
(12, 4533, 1),
(12, 442, 3),
(12, 444, 3),
(12, 483, 3),
(12, 485, 3),
(12, 524, 3),
(12, 526, 3),
(12, 565, 3),
(12, 567, 3),
(12, 3166, 3),
(12, 3168, 3),
(12, 3207, 3),
(12, 3209, 3),
(12, 3248, 3),
(12, 3250, 3),
(12, 3289, 3),
(12, 3291, 3),
(12, 443, 4),
(12, 484, 4),
(12, 525, 4),
(12, 566, 4),
(12, 3167, 4),
(12, 3208, 4),
(12, 3249, 4),
(12, 3290, 4),
(12, 1698, 6),
(12, 1728, 6),
(12, 1758, 6),
(12, 1788, 6),
(12, 4422, 6),
(12, 4452, 6),
(12, 4482, 6),
(12, 4512, 6),
(12, 1245, 7),
(12, 1246, 7),
(12, 1283, 7),
(12, 1284, 7),
(12, 1321, 7),
(12, 1322, 7),
(12, 1359, 7),
(12, 1360, 7),
(12, 3969, 7),
(12, 3970, 7),
(12, 4007, 7),
(12, 4008, 7),
(12, 4045, 7),
(12, 4046, 7),
(12, 4083, 7),
(12, 4084, 7),
(12, 1697, 8),
(12, 1727, 8),
(12, 1757, 8),
(12, 1787, 8),
(12, 4421, 8),
(12, 4451, 8),
(12, 4481, 8),
(12, 4511, 8),
(12, 6, 10),
(12, 61, 10),
(12, 116, 10),
(12, 171, 10),
(12, 2730, 10),
(12, 2785, 10),
(12, 2840, 10),
(12, 2895, 10),
(13, 43, 1),
(13, 98, 1),
(13, 153, 1),
(13, 208, 1),
(13, 1245, 1),
(13, 1246, 1),
(13, 1283, 1),
(13, 1284, 1),
(13, 1321, 1),
(13, 1322, 1),
(13, 1359, 1),
(13, 1360, 1),
(13, 1699, 1),
(13, 1700, 1),
(13, 1701, 1),
(13, 1702, 1),
(13, 1703, 1),
(13, 1704, 1),
(13, 1705, 1),
(13, 1706, 1),
(13, 1707, 1),
(13, 1708, 1),
(13, 1709, 1),
(13, 1710, 1),
(13, 1711, 1),
(13, 1712, 1),
(13, 1713, 1),
(13, 1714, 1),
(13, 1715, 1),
(13, 1716, 1),
(13, 1717, 1),
(13, 1718, 1),
(13, 1719, 1),
(13, 1729, 1),
(13, 1730, 1),
(13, 1731, 1),
(13, 1732, 1),
(13, 1733, 1),
(13, 1734, 1),
(13, 1735, 1),
(13, 1736, 1),
(13, 1737, 1),
(13, 1738, 1),
(13, 1739, 1),
(13, 1740, 1),
(13, 1741, 1),
(13, 1742, 1),
(13, 1743, 1),
(13, 1744, 1),
(13, 1745, 1),
(13, 1746, 1),
(13, 1747, 1),
(13, 1748, 1),
(13, 1749, 1),
(13, 1759, 1),
(13, 1760, 1),
(13, 1761, 1),
(13, 1762, 1),
(13, 1763, 1),
(13, 1764, 1),
(13, 1765, 1),
(13, 1766, 1),
(13, 1767, 1),
(13, 1768, 1),
(13, 1769, 1),
(13, 1770, 1),
(13, 1771, 1),
(13, 1772, 1),
(13, 1773, 1),
(13, 1774, 1),
(13, 1775, 1),
(13, 1776, 1),
(13, 1777, 1),
(13, 1778, 1),
(13, 1779, 1),
(13, 1789, 1),
(13, 1790, 1),
(13, 1791, 1),
(13, 1792, 1),
(13, 1793, 1),
(13, 1794, 1),
(13, 1795, 1),
(13, 1796, 1),
(13, 1797, 1),
(13, 1798, 1),
(13, 1799, 1),
(13, 1800, 1),
(13, 1801, 1),
(13, 1802, 1),
(13, 1803, 1),
(13, 1804, 1),
(13, 1805, 1),
(13, 1806, 1),
(13, 1807, 1),
(13, 1808, 1),
(13, 1809, 1),
(13, 2767, 1),
(13, 2822, 1),
(13, 2877, 1),
(13, 2932, 1),
(13, 3969, 1),
(13, 3970, 1),
(13, 4007, 1),
(13, 4008, 1),
(13, 4045, 1),
(13, 4046, 1),
(13, 4083, 1),
(13, 4084, 1),
(13, 4423, 1),
(13, 4424, 1),
(13, 4425, 1),
(13, 4426, 1),
(13, 4427, 1),
(13, 4428, 1),
(13, 4429, 1),
(13, 4430, 1),
(13, 4431, 1),
(13, 4432, 1),
(13, 4433, 1),
(13, 4434, 1),
(13, 4435, 1),
(13, 4436, 1),
(13, 4437, 1),
(13, 4438, 1),
(13, 4439, 1),
(13, 4440, 1),
(13, 4441, 1),
(13, 4442, 1),
(13, 4443, 1),
(13, 4453, 1),
(13, 4454, 1),
(13, 4455, 1),
(13, 4456, 1),
(13, 4457, 1),
(13, 4458, 1),
(13, 4459, 1),
(13, 4460, 1),
(13, 4461, 1),
(13, 4462, 1),
(13, 4463, 1),
(13, 4464, 1),
(13, 4465, 1),
(13, 4466, 1),
(13, 4467, 1),
(13, 4468, 1),
(13, 4469, 1),
(13, 4470, 1),
(13, 4471, 1),
(13, 4472, 1),
(13, 4473, 1),
(13, 4483, 1),
(13, 4484, 1),
(13, 4485, 1),
(13, 4486, 1),
(13, 4487, 1),
(13, 4488, 1),
(13, 4489, 1),
(13, 4490, 1),
(13, 4491, 1),
(13, 4492, 1),
(13, 4493, 1),
(13, 4494, 1),
(13, 4495, 1),
(13, 4496, 1),
(13, 4497, 1),
(13, 4498, 1),
(13, 4499, 1),
(13, 4500, 1),
(13, 4501, 1),
(13, 4502, 1),
(13, 4503, 1),
(13, 4513, 1),
(13, 4514, 1),
(13, 4515, 1),
(13, 4516, 1),
(13, 4517, 1),
(13, 4518, 1),
(13, 4519, 1),
(13, 4520, 1),
(13, 4521, 1),
(13, 4522, 1),
(13, 4523, 1),
(13, 4524, 1),
(13, 4525, 1),
(13, 4526, 1),
(13, 4527, 1),
(13, 4528, 1),
(13, 4529, 1),
(13, 4530, 1),
(13, 4531, 1),
(13, 4532, 1),
(13, 4533, 1),
(13, 442, 3),
(13, 444, 3),
(13, 483, 3),
(13, 485, 3),
(13, 524, 3),
(13, 526, 3),
(13, 565, 3),
(13, 567, 3),
(13, 3166, 3),
(13, 3168, 3),
(13, 3207, 3),
(13, 3209, 3),
(13, 3248, 3),
(13, 3250, 3),
(13, 3289, 3),
(13, 3291, 3),
(13, 443, 4),
(13, 484, 4),
(13, 525, 4),
(13, 566, 4),
(13, 3167, 4),
(13, 3208, 4),
(13, 3249, 4),
(13, 3290, 4),
(13, 1397, 6),
(13, 1398, 6),
(13, 1435, 6),
(13, 1436, 6),
(13, 1473, 6),
(13, 1474, 6),
(13, 1511, 6),
(13, 1512, 6),
(13, 1698, 6),
(13, 1728, 6),
(13, 1758, 6),
(13, 1788, 6),
(13, 4121, 6),
(13, 4122, 6),
(13, 4159, 6),
(13, 4160, 6),
(13, 4197, 6),
(13, 4198, 6),
(13, 4235, 6),
(13, 4236, 6),
(13, 4422, 6),
(13, 4452, 6),
(13, 4482, 6),
(13, 4512, 6),
(13, 1697, 8),
(13, 1727, 8),
(13, 1757, 8),
(13, 1787, 8),
(13, 4421, 8),
(13, 4451, 8),
(13, 4481, 8),
(13, 4511, 8),
(13, 6, 10),
(13, 61, 10),
(13, 116, 10),
(13, 171, 10),
(13, 2730, 10),
(13, 2785, 10),
(13, 2840, 10),
(13, 2895, 10),
(14, 43, 1),
(14, 98, 1),
(14, 153, 1),
(14, 208, 1),
(14, 1245, 1),
(14, 1246, 1),
(14, 1283, 1),
(14, 1284, 1),
(14, 1321, 1),
(14, 1322, 1),
(14, 1359, 1),
(14, 1360, 1),
(14, 1699, 1),
(14, 1700, 1),
(14, 1701, 1),
(14, 1702, 1),
(14, 1703, 1),
(14, 1704, 1),
(14, 1705, 1),
(14, 1706, 1),
(14, 1707, 1),
(14, 1708, 1),
(14, 1709, 1),
(14, 1710, 1),
(14, 1711, 1),
(14, 1712, 1),
(14, 1713, 1),
(14, 1714, 1),
(14, 1715, 1),
(14, 1716, 1),
(14, 1717, 1),
(14, 1718, 1),
(14, 1719, 1),
(14, 1729, 1),
(14, 1730, 1),
(14, 1731, 1),
(14, 1732, 1),
(14, 1733, 1),
(14, 1734, 1),
(14, 1735, 1),
(14, 1736, 1),
(14, 1737, 1),
(14, 1738, 1),
(14, 1739, 1),
(14, 1740, 1),
(14, 1741, 1),
(14, 1742, 1),
(14, 1743, 1),
(14, 1744, 1),
(14, 1745, 1),
(14, 1746, 1),
(14, 1747, 1),
(14, 1748, 1),
(14, 1749, 1),
(14, 1759, 1),
(14, 1760, 1),
(14, 1761, 1),
(14, 1762, 1),
(14, 1763, 1),
(14, 1764, 1),
(14, 1765, 1),
(14, 1766, 1),
(14, 1767, 1),
(14, 1768, 1),
(14, 1769, 1),
(14, 1770, 1),
(14, 1771, 1),
(14, 1772, 1),
(14, 1773, 1),
(14, 1774, 1),
(14, 1775, 1),
(14, 1776, 1),
(14, 1777, 1),
(14, 1778, 1),
(14, 1779, 1),
(14, 1789, 1),
(14, 1790, 1),
(14, 1791, 1),
(14, 1792, 1),
(14, 1793, 1),
(14, 1794, 1),
(14, 1795, 1),
(14, 1796, 1),
(14, 1797, 1),
(14, 1798, 1),
(14, 1799, 1),
(14, 1800, 1),
(14, 1801, 1),
(14, 1802, 1),
(14, 1803, 1),
(14, 1804, 1),
(14, 1805, 1),
(14, 1806, 1),
(14, 1807, 1),
(14, 1808, 1),
(14, 1809, 1),
(14, 2767, 1),
(14, 2822, 1),
(14, 2877, 1),
(14, 2932, 1),
(14, 3969, 1),
(14, 3970, 1),
(14, 4007, 1),
(14, 4008, 1),
(14, 4045, 1),
(14, 4046, 1),
(14, 4083, 1),
(14, 4084, 1),
(14, 4423, 1),
(14, 4424, 1),
(14, 4425, 1),
(14, 4426, 1),
(14, 4427, 1),
(14, 4428, 1),
(14, 4429, 1),
(14, 4430, 1),
(14, 4431, 1),
(14, 4432, 1),
(14, 4433, 1),
(14, 4434, 1),
(14, 4435, 1),
(14, 4436, 1),
(14, 4437, 1),
(14, 4438, 1),
(14, 4439, 1),
(14, 4440, 1),
(14, 4441, 1),
(14, 4442, 1),
(14, 4443, 1),
(14, 4453, 1),
(14, 4454, 1),
(14, 4455, 1),
(14, 4456, 1),
(14, 4457, 1),
(14, 4458, 1),
(14, 4459, 1),
(14, 4460, 1),
(14, 4461, 1),
(14, 4462, 1),
(14, 4463, 1),
(14, 4464, 1),
(14, 4465, 1),
(14, 4466, 1),
(14, 4467, 1),
(14, 4468, 1),
(14, 4469, 1),
(14, 4470, 1),
(14, 4471, 1),
(14, 4472, 1),
(14, 4473, 1),
(14, 4483, 1),
(14, 4484, 1),
(14, 4485, 1),
(14, 4486, 1),
(14, 4487, 1),
(14, 4488, 1),
(14, 4489, 1),
(14, 4490, 1),
(14, 4491, 1),
(14, 4492, 1),
(14, 4493, 1),
(14, 4494, 1),
(14, 4495, 1),
(14, 4496, 1),
(14, 4497, 1),
(14, 4498, 1),
(14, 4499, 1),
(14, 4500, 1),
(14, 4501, 1),
(14, 4502, 1),
(14, 4503, 1),
(14, 4513, 1),
(14, 4514, 1),
(14, 4515, 1),
(14, 4516, 1),
(14, 4517, 1),
(14, 4518, 1),
(14, 4519, 1),
(14, 4520, 1),
(14, 4521, 1),
(14, 4522, 1),
(14, 4523, 1),
(14, 4524, 1),
(14, 4525, 1),
(14, 4526, 1),
(14, 4527, 1),
(14, 4528, 1),
(14, 4529, 1),
(14, 4530, 1),
(14, 4531, 1),
(14, 4532, 1),
(14, 4533, 1),
(14, 442, 3),
(14, 444, 3),
(14, 483, 3),
(14, 485, 3),
(14, 524, 3),
(14, 526, 3),
(14, 565, 3),
(14, 567, 3),
(14, 3166, 3),
(14, 3168, 3),
(14, 3207, 3),
(14, 3209, 3),
(14, 3248, 3),
(14, 3250, 3),
(14, 3289, 3),
(14, 3291, 3),
(14, 443, 4),
(14, 484, 4),
(14, 525, 4),
(14, 566, 4),
(14, 3167, 4),
(14, 3208, 4),
(14, 3249, 4),
(14, 3290, 4),
(14, 1, 6),
(14, 56, 6),
(14, 111, 6),
(14, 166, 6),
(14, 1698, 6),
(14, 1728, 6),
(14, 1758, 6),
(14, 1788, 6),
(14, 2725, 6),
(14, 2780, 6),
(14, 2835, 6),
(14, 2890, 6),
(14, 4422, 6),
(14, 4452, 6),
(14, 4482, 6),
(14, 4512, 6),
(14, 1697, 8),
(14, 1727, 8),
(14, 1757, 8),
(14, 1787, 8),
(14, 4421, 8),
(14, 4451, 8),
(14, 4481, 8),
(14, 4511, 8),
(14, 6, 10),
(14, 61, 10),
(14, 116, 10),
(14, 171, 10),
(14, 2730, 10),
(14, 2785, 10),
(14, 2840, 10),
(14, 2895, 10),
(15, 447, 1),
(15, 488, 1),
(15, 529, 1),
(15, 570, 1),
(15, 573, 1),
(15, 574, 1),
(15, 616, 1),
(15, 617, 1),
(15, 659, 1),
(15, 660, 1),
(15, 702, 1),
(15, 703, 1),
(15, 745, 1),
(15, 746, 1),
(15, 747, 1),
(15, 789, 1),
(15, 790, 1),
(15, 791, 1),
(15, 833, 1),
(15, 834, 1),
(15, 835, 1),
(15, 877, 1),
(15, 878, 1),
(15, 879, 1),
(15, 3171, 1),
(15, 3212, 1),
(15, 3253, 1),
(15, 3294, 1),
(15, 3297, 1),
(15, 3298, 1),
(15, 3340, 1),
(15, 3341, 1),
(15, 3383, 1),
(15, 3384, 1),
(15, 3426, 1),
(15, 3427, 1),
(15, 3469, 1),
(15, 3470, 1);
INSERT INTO `xio8d_search_index` (`id_product`, `id_word`, `weight`) VALUES
(15, 3471, 1),
(15, 3513, 1),
(15, 3514, 1),
(15, 3515, 1),
(15, 3557, 1),
(15, 3558, 1),
(15, 3559, 1),
(15, 3601, 1),
(15, 3602, 1),
(15, 3603, 1),
(15, 939, 3),
(15, 940, 3),
(15, 967, 3),
(15, 968, 3),
(15, 995, 3),
(15, 996, 3),
(15, 1023, 3),
(15, 1024, 3),
(15, 3663, 3),
(15, 3664, 3),
(15, 3691, 3),
(15, 3692, 3),
(15, 3719, 3),
(15, 3720, 3),
(15, 3747, 3),
(15, 3748, 3),
(15, 2069, 6),
(15, 2082, 6),
(15, 2095, 6),
(15, 2108, 6),
(15, 4793, 6),
(15, 4806, 6),
(15, 4819, 6),
(15, 4832, 6),
(15, 412, 7),
(15, 413, 7),
(15, 453, 7),
(15, 454, 7),
(15, 494, 7),
(15, 495, 7),
(15, 535, 7),
(15, 536, 7),
(15, 921, 7),
(15, 949, 7),
(15, 977, 7),
(15, 1005, 7),
(15, 3136, 7),
(15, 3137, 7),
(15, 3177, 7),
(15, 3178, 7),
(15, 3218, 7),
(15, 3219, 7),
(15, 3259, 7),
(15, 3260, 7),
(15, 3645, 7),
(15, 3673, 7),
(15, 3701, 7),
(15, 3729, 7),
(15, 6, 10),
(15, 61, 10),
(15, 116, 10),
(15, 171, 10),
(15, 2730, 10),
(15, 2785, 10),
(15, 2840, 10),
(15, 2895, 10),
(16, 13, 1),
(16, 53, 1),
(16, 68, 1),
(16, 108, 1),
(16, 123, 1),
(16, 163, 1),
(16, 178, 1),
(16, 218, 1),
(16, 409, 1),
(16, 416, 1),
(16, 425, 1),
(16, 450, 1),
(16, 457, 1),
(16, 466, 1),
(16, 491, 1),
(16, 498, 1),
(16, 507, 1),
(16, 532, 1),
(16, 539, 1),
(16, 548, 1),
(16, 939, 1),
(16, 967, 1),
(16, 995, 1),
(16, 1023, 1),
(16, 1249, 1),
(16, 1287, 1),
(16, 1325, 1),
(16, 1363, 1),
(16, 2123, 1),
(16, 2124, 1),
(16, 2127, 1),
(16, 2128, 1),
(16, 2129, 1),
(16, 2130, 1),
(16, 2131, 1),
(16, 2132, 1),
(16, 2133, 1),
(16, 2134, 1),
(16, 2135, 1),
(16, 2136, 1),
(16, 2137, 1),
(16, 2138, 1),
(16, 2139, 1),
(16, 2140, 1),
(16, 2141, 1),
(16, 2142, 1),
(16, 2143, 1),
(16, 2144, 1),
(16, 2165, 1),
(16, 2166, 1),
(16, 2169, 1),
(16, 2170, 1),
(16, 2171, 1),
(16, 2172, 1),
(16, 2173, 1),
(16, 2174, 1),
(16, 2175, 1),
(16, 2176, 1),
(16, 2177, 1),
(16, 2178, 1),
(16, 2179, 1),
(16, 2180, 1),
(16, 2181, 1),
(16, 2182, 1),
(16, 2183, 1),
(16, 2184, 1),
(16, 2185, 1),
(16, 2186, 1),
(16, 2207, 1),
(16, 2208, 1),
(16, 2211, 1),
(16, 2212, 1),
(16, 2213, 1),
(16, 2214, 1),
(16, 2215, 1),
(16, 2216, 1),
(16, 2217, 1),
(16, 2218, 1),
(16, 2219, 1),
(16, 2220, 1),
(16, 2221, 1),
(16, 2222, 1),
(16, 2223, 1),
(16, 2224, 1),
(16, 2225, 1),
(16, 2226, 1),
(16, 2227, 1),
(16, 2228, 1),
(16, 2249, 1),
(16, 2250, 1),
(16, 2253, 1),
(16, 2254, 1),
(16, 2255, 1),
(16, 2256, 1),
(16, 2257, 1),
(16, 2258, 1),
(16, 2259, 1),
(16, 2260, 1),
(16, 2261, 1),
(16, 2262, 1),
(16, 2263, 1),
(16, 2264, 1),
(16, 2265, 1),
(16, 2266, 1),
(16, 2267, 1),
(16, 2268, 1),
(16, 2269, 1),
(16, 2270, 1),
(16, 2737, 1),
(16, 2777, 1),
(16, 2792, 1),
(16, 2832, 1),
(16, 2847, 1),
(16, 2887, 1),
(16, 2902, 1),
(16, 2942, 1),
(16, 3133, 1),
(16, 3140, 1),
(16, 3149, 1),
(16, 3174, 1),
(16, 3181, 1),
(16, 3190, 1),
(16, 3215, 1),
(16, 3222, 1),
(16, 3231, 1),
(16, 3256, 1),
(16, 3263, 1),
(16, 3272, 1),
(16, 3663, 1),
(16, 3691, 1),
(16, 3719, 1),
(16, 3747, 1),
(16, 3973, 1),
(16, 4011, 1),
(16, 4049, 1),
(16, 4087, 1),
(16, 4847, 1),
(16, 4848, 1),
(16, 4851, 1),
(16, 4852, 1),
(16, 4853, 1),
(16, 4854, 1),
(16, 4855, 1),
(16, 4856, 1),
(16, 4857, 1),
(16, 4858, 1),
(16, 4859, 1),
(16, 4860, 1),
(16, 4861, 1),
(16, 4862, 1),
(16, 4863, 1),
(16, 4864, 1),
(16, 4865, 1),
(16, 4866, 1),
(16, 4867, 1),
(16, 4868, 1),
(16, 4889, 1),
(16, 4890, 1),
(16, 4893, 1),
(16, 4894, 1),
(16, 4895, 1),
(16, 4896, 1),
(16, 4897, 1),
(16, 4898, 1),
(16, 4899, 1),
(16, 4900, 1),
(16, 4901, 1),
(16, 4902, 1),
(16, 4903, 1),
(16, 4904, 1),
(16, 4905, 1),
(16, 4906, 1),
(16, 4907, 1),
(16, 4908, 1),
(16, 4909, 1),
(16, 4910, 1),
(16, 4931, 1),
(16, 4932, 1),
(16, 4935, 1),
(16, 4936, 1),
(16, 4937, 1),
(16, 4938, 1),
(16, 4939, 1),
(16, 4940, 1),
(16, 4941, 1),
(16, 4942, 1),
(16, 4943, 1),
(16, 4944, 1),
(16, 4945, 1),
(16, 4946, 1),
(16, 4947, 1),
(16, 4948, 1),
(16, 4949, 1),
(16, 4950, 1),
(16, 4951, 1),
(16, 4952, 1),
(16, 4973, 1),
(16, 4974, 1),
(16, 4977, 1),
(16, 4978, 1),
(16, 4979, 1),
(16, 4980, 1),
(16, 4981, 1),
(16, 4982, 1),
(16, 4983, 1),
(16, 4984, 1),
(16, 4985, 1),
(16, 4986, 1),
(16, 4987, 1),
(16, 4988, 1),
(16, 4989, 1),
(16, 4990, 1),
(16, 4991, 1),
(16, 4992, 1),
(16, 4993, 1),
(16, 4994, 1),
(16, 2146, 2),
(16, 2147, 2),
(16, 2148, 2),
(16, 2149, 2),
(16, 2150, 2),
(16, 2188, 2),
(16, 2189, 2),
(16, 2190, 2),
(16, 2191, 2),
(16, 2192, 2),
(16, 2230, 2),
(16, 2231, 2),
(16, 2232, 2),
(16, 2233, 2),
(16, 2234, 2),
(16, 2272, 2),
(16, 2273, 2),
(16, 2274, 2),
(16, 2275, 2),
(16, 2276, 2),
(16, 4870, 2),
(16, 4871, 2),
(16, 4872, 2),
(16, 4873, 2),
(16, 4874, 2),
(16, 4912, 2),
(16, 4913, 2),
(16, 4914, 2),
(16, 4915, 2),
(16, 4916, 2),
(16, 4954, 2),
(16, 4955, 2),
(16, 4956, 2),
(16, 4957, 2),
(16, 4958, 2),
(16, 4996, 2),
(16, 4997, 2),
(16, 4998, 2),
(16, 4999, 2),
(16, 5000, 2),
(16, 443, 3),
(16, 444, 3),
(16, 484, 3),
(16, 485, 3),
(16, 525, 3),
(16, 526, 3),
(16, 566, 3),
(16, 567, 3),
(16, 2122, 3),
(16, 2125, 3),
(16, 2126, 3),
(16, 2145, 3),
(16, 2164, 3),
(16, 2167, 3),
(16, 2168, 3),
(16, 2187, 3),
(16, 2206, 3),
(16, 2209, 3),
(16, 2210, 3),
(16, 2229, 3),
(16, 2248, 3),
(16, 2251, 3),
(16, 2252, 3),
(16, 2271, 3),
(16, 3167, 3),
(16, 3168, 3),
(16, 3208, 3),
(16, 3209, 3),
(16, 3249, 3),
(16, 3250, 3),
(16, 3290, 3),
(16, 3291, 3),
(16, 4846, 3),
(16, 4849, 3),
(16, 4850, 3),
(16, 4869, 3),
(16, 4888, 3),
(16, 4891, 3),
(16, 4892, 3),
(16, 4911, 3),
(16, 4930, 3),
(16, 4933, 3),
(16, 4934, 3),
(16, 4953, 3),
(16, 4972, 3),
(16, 4975, 3),
(16, 4976, 3),
(16, 4995, 3),
(16, 1245, 7),
(16, 1246, 7),
(16, 1283, 7),
(16, 1284, 7),
(16, 1321, 7),
(16, 1322, 7),
(16, 1359, 7),
(16, 1360, 7),
(16, 3969, 7),
(16, 3970, 7),
(16, 4007, 7),
(16, 4008, 7),
(16, 4045, 7),
(16, 4046, 7),
(16, 4083, 7),
(16, 4084, 7),
(16, 2121, 8),
(16, 2163, 8),
(16, 2205, 8),
(16, 2247, 8),
(16, 4845, 8),
(16, 4887, 8),
(16, 4929, 8),
(16, 4971, 8),
(16, 6, 50),
(16, 61, 50),
(16, 116, 50),
(16, 171, 50),
(16, 2730, 50),
(16, 2785, 50),
(16, 2840, 50),
(16, 2895, 50),
(17, 13, 1),
(17, 53, 1),
(17, 68, 1),
(17, 108, 1),
(17, 123, 1),
(17, 163, 1),
(17, 178, 1),
(17, 218, 1),
(17, 409, 1),
(17, 416, 1),
(17, 425, 1),
(17, 450, 1),
(17, 457, 1),
(17, 466, 1),
(17, 491, 1),
(17, 498, 1),
(17, 507, 1),
(17, 532, 1),
(17, 539, 1),
(17, 548, 1),
(17, 939, 1),
(17, 967, 1),
(17, 995, 1),
(17, 1023, 1),
(17, 1245, 1),
(17, 1246, 1),
(17, 1249, 1),
(17, 1283, 1),
(17, 1284, 1),
(17, 1287, 1),
(17, 1321, 1),
(17, 1322, 1),
(17, 1325, 1),
(17, 1359, 1),
(17, 1360, 1),
(17, 1363, 1),
(17, 2123, 1),
(17, 2124, 1),
(17, 2127, 1),
(17, 2128, 1),
(17, 2129, 1),
(17, 2130, 1),
(17, 2131, 1),
(17, 2132, 1),
(17, 2133, 1),
(17, 2134, 1),
(17, 2135, 1),
(17, 2136, 1),
(17, 2137, 1),
(17, 2138, 1),
(17, 2139, 1),
(17, 2140, 1),
(17, 2141, 1),
(17, 2142, 1),
(17, 2143, 1),
(17, 2144, 1),
(17, 2165, 1),
(17, 2166, 1),
(17, 2169, 1),
(17, 2170, 1),
(17, 2171, 1),
(17, 2172, 1),
(17, 2173, 1),
(17, 2174, 1),
(17, 2175, 1),
(17, 2176, 1),
(17, 2177, 1),
(17, 2178, 1),
(17, 2179, 1),
(17, 2180, 1),
(17, 2181, 1),
(17, 2182, 1),
(17, 2183, 1),
(17, 2184, 1),
(17, 2185, 1),
(17, 2186, 1),
(17, 2207, 1),
(17, 2208, 1),
(17, 2211, 1),
(17, 2212, 1),
(17, 2213, 1),
(17, 2214, 1),
(17, 2215, 1),
(17, 2216, 1),
(17, 2217, 1),
(17, 2218, 1),
(17, 2219, 1),
(17, 2220, 1),
(17, 2221, 1),
(17, 2222, 1),
(17, 2223, 1),
(17, 2224, 1),
(17, 2225, 1),
(17, 2226, 1),
(17, 2227, 1),
(17, 2228, 1),
(17, 2249, 1),
(17, 2250, 1),
(17, 2253, 1),
(17, 2254, 1),
(17, 2255, 1),
(17, 2256, 1),
(17, 2257, 1),
(17, 2258, 1),
(17, 2259, 1),
(17, 2260, 1),
(17, 2261, 1),
(17, 2262, 1),
(17, 2263, 1),
(17, 2264, 1),
(17, 2265, 1),
(17, 2266, 1),
(17, 2267, 1),
(17, 2268, 1),
(17, 2269, 1),
(17, 2270, 1),
(17, 2737, 1),
(17, 2777, 1),
(17, 2792, 1),
(17, 2832, 1),
(17, 2847, 1),
(17, 2887, 1),
(17, 2902, 1),
(17, 2942, 1),
(17, 3133, 1),
(17, 3140, 1),
(17, 3149, 1),
(17, 3174, 1),
(17, 3181, 1),
(17, 3190, 1),
(17, 3215, 1),
(17, 3222, 1),
(17, 3231, 1),
(17, 3256, 1),
(17, 3263, 1),
(17, 3272, 1),
(17, 3663, 1),
(17, 3691, 1),
(17, 3719, 1),
(17, 3747, 1),
(17, 3969, 1),
(17, 3970, 1),
(17, 3973, 1),
(17, 4007, 1),
(17, 4008, 1),
(17, 4011, 1),
(17, 4045, 1),
(17, 4046, 1),
(17, 4049, 1),
(17, 4083, 1),
(17, 4084, 1),
(17, 4087, 1),
(17, 4847, 1),
(17, 4848, 1),
(17, 4851, 1),
(17, 4852, 1),
(17, 4853, 1),
(17, 4854, 1),
(17, 4855, 1),
(17, 4856, 1),
(17, 4857, 1),
(17, 4858, 1),
(17, 4859, 1),
(17, 4860, 1),
(17, 4861, 1),
(17, 4862, 1),
(17, 4863, 1),
(17, 4864, 1),
(17, 4865, 1),
(17, 4866, 1),
(17, 4867, 1),
(17, 4868, 1),
(17, 4889, 1),
(17, 4890, 1),
(17, 4893, 1),
(17, 4894, 1),
(17, 4895, 1),
(17, 4896, 1),
(17, 4897, 1),
(17, 4898, 1),
(17, 4899, 1),
(17, 4900, 1),
(17, 4901, 1),
(17, 4902, 1),
(17, 4903, 1),
(17, 4904, 1),
(17, 4905, 1),
(17, 4906, 1),
(17, 4907, 1),
(17, 4908, 1),
(17, 4909, 1),
(17, 4910, 1),
(17, 4931, 1),
(17, 4932, 1),
(17, 4935, 1),
(17, 4936, 1),
(17, 4937, 1),
(17, 4938, 1),
(17, 4939, 1),
(17, 4940, 1),
(17, 4941, 1),
(17, 4942, 1),
(17, 4943, 1),
(17, 4944, 1),
(17, 4945, 1),
(17, 4946, 1),
(17, 4947, 1),
(17, 4948, 1),
(17, 4949, 1),
(17, 4950, 1),
(17, 4951, 1),
(17, 4952, 1),
(17, 4973, 1),
(17, 4974, 1),
(17, 4977, 1),
(17, 4978, 1),
(17, 4979, 1),
(17, 4980, 1),
(17, 4981, 1),
(17, 4982, 1),
(17, 4983, 1),
(17, 4984, 1),
(17, 4985, 1),
(17, 4986, 1),
(17, 4987, 1),
(17, 4988, 1),
(17, 4989, 1),
(17, 4990, 1),
(17, 4991, 1),
(17, 4992, 1),
(17, 4993, 1),
(17, 4994, 1),
(17, 2146, 2),
(17, 2147, 2),
(17, 2148, 2),
(17, 2149, 2),
(17, 2150, 2),
(17, 2188, 2),
(17, 2189, 2),
(17, 2190, 2),
(17, 2191, 2),
(17, 2192, 2),
(17, 2230, 2),
(17, 2231, 2),
(17, 2232, 2),
(17, 2233, 2),
(17, 2234, 2),
(17, 2272, 2),
(17, 2273, 2),
(17, 2274, 2),
(17, 2275, 2),
(17, 2276, 2),
(17, 4870, 2),
(17, 4871, 2),
(17, 4872, 2),
(17, 4873, 2),
(17, 4874, 2),
(17, 4912, 2),
(17, 4913, 2),
(17, 4914, 2),
(17, 4915, 2),
(17, 4916, 2),
(17, 4954, 2),
(17, 4955, 2),
(17, 4956, 2),
(17, 4957, 2),
(17, 4958, 2),
(17, 4996, 2),
(17, 4997, 2),
(17, 4998, 2),
(17, 4999, 2),
(17, 5000, 2),
(17, 443, 3),
(17, 444, 3),
(17, 484, 3),
(17, 485, 3),
(17, 525, 3),
(17, 526, 3),
(17, 566, 3),
(17, 567, 3),
(17, 2122, 3),
(17, 2125, 3),
(17, 2126, 3),
(17, 2145, 3),
(17, 2164, 3),
(17, 2167, 3),
(17, 2168, 3),
(17, 2187, 3),
(17, 2206, 3),
(17, 2209, 3),
(17, 2210, 3),
(17, 2229, 3),
(17, 2248, 3),
(17, 2251, 3),
(17, 2252, 3),
(17, 2271, 3),
(17, 3167, 3),
(17, 3168, 3),
(17, 3208, 3),
(17, 3209, 3),
(17, 3249, 3),
(17, 3250, 3),
(17, 3290, 3),
(17, 3291, 3),
(17, 4846, 3),
(17, 4849, 3),
(17, 4850, 3),
(17, 4869, 3),
(17, 4888, 3),
(17, 4891, 3),
(17, 4892, 3),
(17, 4911, 3),
(17, 4930, 3),
(17, 4933, 3),
(17, 4934, 3),
(17, 4953, 3),
(17, 4972, 3),
(17, 4975, 3),
(17, 4976, 3),
(17, 4995, 3),
(17, 1397, 6),
(17, 1398, 6),
(17, 1435, 6),
(17, 1436, 6),
(17, 1473, 6),
(17, 1474, 6),
(17, 1511, 6),
(17, 1512, 6),
(17, 4121, 6),
(17, 4122, 6),
(17, 4159, 6),
(17, 4160, 6),
(17, 4197, 6),
(17, 4198, 6),
(17, 4235, 6),
(17, 4236, 6),
(17, 2121, 8),
(17, 2163, 8),
(17, 2205, 8),
(17, 2247, 8),
(17, 4845, 8),
(17, 4887, 8),
(17, 4929, 8),
(17, 4971, 8),
(17, 6, 50),
(17, 61, 50),
(17, 116, 50),
(17, 171, 50),
(17, 2730, 50),
(17, 2785, 50),
(17, 2840, 50),
(17, 2895, 50),
(18, 13, 1),
(18, 53, 1),
(18, 68, 1),
(18, 108, 1),
(18, 123, 1),
(18, 163, 1),
(18, 178, 1),
(18, 218, 1),
(18, 409, 1),
(18, 416, 1),
(18, 425, 1),
(18, 450, 1),
(18, 457, 1),
(18, 466, 1),
(18, 491, 1),
(18, 498, 1),
(18, 507, 1),
(18, 532, 1),
(18, 539, 1),
(18, 548, 1),
(18, 939, 1),
(18, 967, 1),
(18, 995, 1),
(18, 1023, 1),
(18, 1245, 1),
(18, 1246, 1),
(18, 1249, 1),
(18, 1283, 1),
(18, 1284, 1),
(18, 1287, 1),
(18, 1321, 1),
(18, 1322, 1),
(18, 1325, 1),
(18, 1359, 1),
(18, 1360, 1),
(18, 1363, 1),
(18, 2123, 1),
(18, 2124, 1),
(18, 2127, 1),
(18, 2128, 1),
(18, 2129, 1),
(18, 2130, 1),
(18, 2131, 1),
(18, 2132, 1),
(18, 2133, 1),
(18, 2134, 1),
(18, 2135, 1),
(18, 2136, 1),
(18, 2137, 1),
(18, 2138, 1),
(18, 2139, 1),
(18, 2140, 1),
(18, 2141, 1),
(18, 2142, 1),
(18, 2143, 1),
(18, 2144, 1),
(18, 2165, 1),
(18, 2166, 1),
(18, 2169, 1),
(18, 2170, 1),
(18, 2171, 1),
(18, 2172, 1),
(18, 2173, 1),
(18, 2174, 1),
(18, 2175, 1),
(18, 2176, 1),
(18, 2177, 1),
(18, 2178, 1),
(18, 2179, 1),
(18, 2180, 1),
(18, 2181, 1),
(18, 2182, 1),
(18, 2183, 1),
(18, 2184, 1),
(18, 2185, 1),
(18, 2186, 1),
(18, 2207, 1),
(18, 2208, 1),
(18, 2211, 1),
(18, 2212, 1),
(18, 2213, 1),
(18, 2214, 1),
(18, 2215, 1),
(18, 2216, 1),
(18, 2217, 1),
(18, 2218, 1),
(18, 2219, 1),
(18, 2220, 1),
(18, 2221, 1),
(18, 2222, 1),
(18, 2223, 1),
(18, 2224, 1),
(18, 2225, 1),
(18, 2226, 1),
(18, 2227, 1),
(18, 2228, 1),
(18, 2249, 1),
(18, 2250, 1),
(18, 2253, 1),
(18, 2254, 1),
(18, 2255, 1),
(18, 2256, 1),
(18, 2257, 1),
(18, 2258, 1),
(18, 2259, 1),
(18, 2260, 1),
(18, 2261, 1),
(18, 2262, 1),
(18, 2263, 1),
(18, 2264, 1),
(18, 2265, 1),
(18, 2266, 1),
(18, 2267, 1),
(18, 2268, 1),
(18, 2269, 1),
(18, 2270, 1),
(18, 2146, 2),
(18, 2147, 2),
(18, 2148, 2),
(18, 2149, 2),
(18, 2150, 2),
(18, 2188, 2),
(18, 2189, 2),
(18, 2190, 2),
(18, 2191, 2),
(18, 2192, 2),
(18, 2230, 2),
(18, 2231, 2),
(18, 2232, 2),
(18, 2233, 2),
(18, 2234, 2),
(18, 2272, 2),
(18, 2273, 2),
(18, 2274, 2),
(18, 2275, 2),
(18, 2276, 2),
(18, 443, 3),
(18, 444, 3),
(18, 484, 3),
(18, 485, 3),
(18, 525, 3),
(18, 526, 3),
(18, 566, 3),
(18, 567, 3),
(18, 2122, 3),
(18, 2125, 3),
(18, 2126, 3),
(18, 2145, 3),
(18, 2164, 3),
(18, 2167, 3),
(18, 2168, 3),
(18, 2187, 3),
(18, 2206, 3),
(18, 2209, 3),
(18, 2210, 3),
(18, 2229, 3),
(18, 2248, 3),
(18, 2251, 3),
(18, 2252, 3),
(18, 2271, 3),
(18, 1, 6),
(18, 56, 6),
(18, 111, 6),
(18, 166, 6),
(18, 2121, 8),
(18, 2163, 8),
(18, 2205, 8),
(18, 2247, 8),
(18, 5614, 10),
(18, 5615, 10),
(18, 5616, 10),
(18, 5661, 10),
(18, 5662, 10),
(18, 5663, 10),
(18, 5708, 10),
(18, 5709, 10),
(18, 5710, 10),
(18, 5755, 10),
(18, 5756, 10),
(18, 5757, 10),
(18, 5613, 20),
(18, 5660, 20),
(18, 5707, 20),
(18, 5754, 20),
(18, 6, 100),
(18, 61, 100),
(18, 116, 100),
(18, 171, 100),
(19, 54, 1),
(19, 109, 1),
(19, 164, 1),
(19, 219, 1),
(19, 925, 1),
(19, 953, 1),
(19, 981, 1),
(19, 1009, 1),
(19, 2638, 1),
(19, 2639, 1),
(19, 2640, 1),
(19, 2641, 1),
(19, 2642, 1),
(19, 2643, 1),
(19, 2644, 1),
(19, 2645, 1),
(19, 2646, 1),
(19, 2647, 1),
(19, 2648, 1),
(19, 2649, 1),
(19, 2660, 1),
(19, 2661, 1),
(19, 2662, 1),
(19, 2663, 1),
(19, 2664, 1),
(19, 2665, 1),
(19, 2666, 1),
(19, 2667, 1),
(19, 2668, 1),
(19, 2669, 1),
(19, 2670, 1),
(19, 2671, 1),
(19, 2682, 1),
(19, 2683, 1),
(19, 2684, 1),
(19, 2685, 1),
(19, 2686, 1),
(19, 2687, 1),
(19, 2688, 1),
(19, 2689, 1),
(19, 2690, 1),
(19, 2691, 1),
(19, 2692, 1),
(19, 2693, 1),
(19, 2704, 1),
(19, 2705, 1),
(19, 2706, 1),
(19, 2707, 1),
(19, 2708, 1),
(19, 2709, 1),
(19, 2710, 1),
(19, 2711, 1),
(19, 2712, 1),
(19, 2713, 1),
(19, 2714, 1),
(19, 2715, 1),
(19, 2778, 1),
(19, 2833, 1),
(19, 2888, 1),
(19, 2943, 1),
(19, 3649, 1),
(19, 3677, 1),
(19, 3705, 1),
(19, 3733, 1),
(19, 5362, 1),
(19, 5363, 1),
(19, 5364, 1),
(19, 5365, 1),
(19, 5366, 1),
(19, 5367, 1),
(19, 5368, 1),
(19, 5369, 1),
(19, 5370, 1),
(19, 5371, 1),
(19, 5372, 1),
(19, 5373, 1),
(19, 5384, 1),
(19, 5385, 1),
(19, 5386, 1),
(19, 5387, 1),
(19, 5388, 1),
(19, 5389, 1),
(19, 5390, 1),
(19, 5391, 1),
(19, 5392, 1),
(19, 5393, 1),
(19, 5394, 1),
(19, 5395, 1),
(19, 5406, 1),
(19, 5407, 1),
(19, 5408, 1),
(19, 5409, 1),
(19, 5410, 1),
(19, 5411, 1),
(19, 5412, 1),
(19, 5413, 1),
(19, 5414, 1),
(19, 5415, 1),
(19, 5416, 1),
(19, 5417, 1),
(19, 5428, 1),
(19, 5429, 1),
(19, 5430, 1),
(19, 5431, 1),
(19, 5432, 1),
(19, 5433, 1),
(19, 5434, 1),
(19, 5435, 1),
(19, 5436, 1),
(19, 5437, 1),
(19, 5438, 1),
(19, 5439, 1),
(19, 25, 3),
(19, 53, 3),
(19, 80, 3),
(19, 108, 3),
(19, 135, 3),
(19, 163, 3),
(19, 190, 3),
(19, 218, 3),
(19, 923, 3),
(19, 939, 3),
(19, 940, 3),
(19, 951, 3),
(19, 967, 3),
(19, 968, 3),
(19, 979, 3),
(19, 995, 3),
(19, 996, 3),
(19, 1007, 3),
(19, 1023, 3),
(19, 1024, 3),
(19, 2749, 3),
(19, 2777, 3),
(19, 2804, 3),
(19, 2832, 3),
(19, 2859, 3),
(19, 2887, 3),
(19, 2914, 3),
(19, 2942, 3),
(19, 3647, 3),
(19, 3663, 3),
(19, 3664, 3),
(19, 3675, 3),
(19, 3691, 3),
(19, 3692, 3),
(19, 3703, 3),
(19, 3719, 3),
(19, 3720, 3),
(19, 3731, 3),
(19, 3747, 3),
(19, 3748, 3),
(19, 2637, 6),
(19, 2659, 6),
(19, 2681, 6),
(19, 2703, 6),
(19, 5361, 6),
(19, 5383, 6),
(19, 5405, 6),
(19, 5427, 6),
(19, 921, 8),
(19, 949, 8),
(19, 977, 8),
(19, 1005, 8),
(19, 3645, 8),
(19, 3673, 8),
(19, 3701, 8),
(19, 3729, 8),
(19, 6, 10),
(19, 61, 10),
(19, 116, 10),
(19, 171, 10),
(19, 2730, 10),
(19, 2785, 10),
(19, 2840, 10),
(19, 2895, 10),
(75, 746, 1),
(75, 7280, 1),
(75, 7290, 1),
(75, 7339, 1),
(75, 7427, 1),
(75, 7440, 1),
(75, 7867, 1),
(75, 7868, 1),
(75, 7946, 1),
(75, 7960, 1),
(75, 7961, 1),
(75, 7968, 1),
(75, 8036, 1),
(75, 8053, 1),
(75, 8054, 1),
(75, 8055, 1),
(75, 8063, 1),
(75, 8076, 1),
(75, 8123, 1),
(75, 8141, 1),
(75, 8142, 1),
(75, 8143, 1),
(75, 8151, 1),
(75, 8164, 1),
(75, 8172, 1),
(75, 8638, 1),
(75, 8640, 1),
(75, 8641, 1),
(75, 8642, 1),
(75, 8643, 1),
(75, 8644, 1),
(75, 8645, 1),
(75, 8646, 1),
(75, 8647, 1),
(75, 8648, 1),
(75, 8649, 1),
(75, 8650, 1),
(75, 8651, 1),
(75, 8652, 1),
(75, 8653, 1),
(75, 8654, 1),
(75, 8655, 1),
(75, 8656, 1),
(75, 8657, 1),
(75, 8658, 1),
(75, 8659, 1),
(75, 8660, 1),
(75, 8661, 1),
(75, 8662, 1),
(75, 8663, 1),
(75, 8664, 1),
(75, 8665, 1),
(75, 8666, 1),
(75, 8667, 1),
(75, 8668, 1),
(75, 8669, 1),
(75, 8670, 1),
(75, 8671, 1),
(75, 8672, 1),
(75, 8673, 1),
(75, 8706, 1),
(75, 8708, 1),
(75, 8709, 1),
(75, 8710, 1),
(75, 8711, 1),
(75, 8712, 1),
(75, 8713, 1),
(75, 8714, 1),
(75, 8715, 1),
(75, 8716, 1),
(75, 8717, 1),
(75, 8718, 1),
(75, 8719, 1),
(75, 8720, 1),
(75, 8721, 1),
(75, 8722, 1),
(75, 8723, 1),
(75, 8724, 1),
(75, 8725, 1),
(75, 8726, 1),
(75, 8727, 1),
(75, 8728, 1),
(75, 8729, 1),
(75, 8730, 1),
(75, 8731, 1),
(75, 8732, 1),
(75, 8733, 1),
(75, 8734, 1),
(75, 8735, 1),
(75, 8736, 1),
(75, 8737, 1),
(75, 8738, 1),
(75, 8739, 1),
(75, 8740, 1),
(75, 8741, 1),
(75, 8742, 1),
(75, 8743, 1),
(75, 8744, 1),
(75, 8745, 1),
(75, 8746, 1),
(75, 8747, 1),
(75, 8761, 1),
(75, 8763, 1),
(75, 8764, 1),
(75, 8765, 1),
(75, 8766, 1),
(75, 8767, 1),
(75, 8768, 1),
(75, 8769, 1),
(75, 8770, 1),
(75, 8771, 1),
(75, 8772, 1),
(75, 8773, 1),
(75, 8774, 1),
(75, 8775, 1),
(75, 8776, 1),
(75, 8777, 1),
(75, 8778, 1),
(75, 8779, 1),
(75, 8780, 1),
(75, 8781, 1),
(75, 8782, 1),
(75, 8783, 1),
(75, 8784, 1),
(75, 8785, 1),
(75, 8786, 1),
(75, 8787, 1),
(75, 8788, 1),
(75, 8789, 1),
(75, 8790, 1),
(75, 8791, 1),
(75, 8792, 1),
(75, 8793, 1),
(75, 8794, 1),
(75, 8795, 1),
(75, 8796, 1),
(75, 8797, 1),
(75, 8798, 1),
(75, 8799, 1),
(75, 8800, 1),
(75, 8801, 1),
(75, 8802, 1),
(75, 8803, 1),
(75, 8804, 1),
(75, 7947, 2),
(75, 7958, 2),
(75, 7991, 2),
(75, 8037, 2),
(75, 8051, 2),
(75, 8091, 2),
(75, 8124, 2),
(75, 8139, 2),
(75, 8182, 2),
(75, 8637, 2),
(75, 8639, 2),
(75, 8705, 2),
(75, 8707, 2),
(75, 8760, 2),
(75, 8762, 2),
(75, 8674, 3),
(75, 8693, 3),
(75, 8697, 3),
(75, 8701, 3),
(75, 8748, 3),
(75, 8805, 3),
(75, 8112, 6),
(75, 8118, 6),
(75, 8183, 6),
(75, 8634, 6),
(75, 8635, 6),
(75, 8690, 6),
(75, 8691, 6),
(75, 8694, 6),
(75, 8695, 6),
(75, 8698, 6),
(75, 8699, 6),
(75, 8702, 6),
(75, 8703, 6),
(75, 8758, 6),
(75, 8636, 10),
(75, 8692, 10),
(75, 8696, 10),
(75, 8700, 10),
(75, 8704, 10),
(75, 8759, 10),
(76, 14, 1),
(76, 420, 1),
(76, 2124, 1),
(76, 7282, 1),
(76, 7283, 1),
(76, 7324, 1),
(76, 7339, 1),
(76, 7346, 1),
(76, 7363, 1),
(76, 7427, 1),
(76, 7430, 1),
(76, 7492, 1),
(76, 7867, 1),
(76, 7872, 1),
(76, 7881, 1),
(76, 7947, 1),
(76, 7958, 1),
(76, 7961, 1),
(76, 7979, 1),
(76, 8037, 1),
(76, 8049, 1),
(76, 8051, 1),
(76, 8055, 1),
(76, 8060, 1),
(76, 8076, 1),
(76, 8078, 1),
(76, 8124, 1),
(76, 8137, 1),
(76, 8139, 1),
(76, 8143, 1),
(76, 8148, 1),
(76, 8164, 1),
(76, 8166, 1),
(76, 8656, 1),
(76, 8726, 1),
(76, 8729, 1),
(76, 8740, 1),
(76, 8782, 1),
(76, 8785, 1),
(76, 8796, 1),
(76, 9386, 1),
(76, 9387, 1),
(76, 9388, 1),
(76, 9389, 1),
(76, 9390, 1),
(76, 9391, 1),
(76, 9392, 1),
(76, 9393, 1),
(76, 9394, 1),
(76, 9395, 1),
(76, 9396, 1),
(76, 9397, 1),
(76, 9398, 1),
(76, 9399, 1),
(76, 9400, 1),
(76, 9401, 1),
(76, 9402, 1),
(76, 9403, 1),
(76, 9404, 1),
(76, 9405, 1),
(76, 9406, 1),
(76, 9407, 1),
(76, 9408, 1),
(76, 9409, 1),
(76, 9410, 1),
(76, 9411, 1),
(76, 9412, 1),
(76, 9413, 1),
(76, 9414, 1),
(76, 9415, 1),
(76, 9416, 1),
(76, 9417, 1),
(76, 9418, 1),
(76, 9419, 1),
(76, 9420, 1),
(76, 9421, 1),
(76, 9422, 1),
(76, 9423, 1),
(76, 9424, 1),
(76, 9425, 1),
(76, 9426, 1),
(76, 9427, 1),
(76, 9428, 1),
(76, 9429, 1),
(76, 9430, 1),
(76, 9431, 1),
(76, 9432, 1),
(76, 9433, 1),
(76, 9434, 1),
(76, 9435, 1),
(76, 9436, 1),
(76, 9437, 1),
(76, 9438, 1),
(76, 9439, 1),
(76, 9440, 1),
(76, 9441, 1),
(76, 9442, 1),
(76, 9491, 1),
(76, 9499, 1),
(76, 9500, 1),
(76, 9501, 1),
(76, 9502, 1),
(76, 9503, 1),
(76, 9504, 1),
(76, 9505, 1),
(76, 9506, 1),
(76, 9507, 1),
(76, 9508, 1),
(76, 9509, 1),
(76, 9510, 1),
(76, 9511, 1),
(76, 9512, 1),
(76, 9513, 1),
(76, 9514, 1),
(76, 9515, 1),
(76, 9516, 1),
(76, 9517, 1),
(76, 9518, 1),
(76, 9519, 1),
(76, 9520, 1),
(76, 9521, 1),
(76, 9522, 1),
(76, 9523, 1),
(76, 9524, 1),
(76, 9525, 1),
(76, 9526, 1),
(76, 9527, 1),
(76, 9528, 1),
(76, 9529, 1),
(76, 9530, 1),
(76, 9531, 1),
(76, 9532, 1),
(76, 9533, 1),
(76, 9534, 1),
(76, 9535, 1),
(76, 9536, 1),
(76, 9537, 1),
(76, 9538, 1),
(76, 9539, 1),
(76, 9540, 1),
(76, 9541, 1),
(76, 9542, 1),
(76, 9543, 1),
(76, 9544, 1),
(76, 9545, 1),
(76, 9546, 1),
(76, 9547, 1),
(76, 9548, 1),
(76, 9549, 1),
(76, 9550, 1),
(76, 9551, 1),
(76, 9552, 1),
(76, 9553, 1),
(76, 9554, 1),
(76, 9555, 1),
(76, 9556, 1),
(76, 9557, 1),
(76, 9558, 1),
(76, 9559, 1),
(76, 9560, 1),
(76, 9561, 1),
(76, 9562, 1),
(76, 9563, 1),
(76, 9564, 1),
(76, 9585, 1),
(76, 9593, 1),
(76, 9594, 1),
(76, 9595, 1),
(76, 9596, 1),
(76, 9597, 1),
(76, 9598, 1),
(76, 9599, 1),
(76, 9600, 1),
(76, 9601, 1),
(76, 9602, 1),
(76, 9603, 1),
(76, 9604, 1),
(76, 9605, 1),
(76, 9606, 1),
(76, 9607, 1),
(76, 9608, 1),
(76, 9609, 1),
(76, 9610, 1),
(76, 9611, 1),
(76, 9612, 1),
(76, 9613, 1),
(76, 9614, 1),
(76, 9615, 1),
(76, 9616, 1),
(76, 9617, 1),
(76, 9618, 1),
(76, 9619, 1),
(76, 9620, 1),
(76, 9621, 1),
(76, 9622, 1),
(76, 9623, 1),
(76, 9624, 1),
(76, 9625, 1),
(76, 9626, 1),
(76, 9627, 1),
(76, 9628, 1),
(76, 9629, 1),
(76, 9630, 1),
(76, 9631, 1),
(76, 9632, 1),
(76, 9633, 1),
(76, 9634, 1),
(76, 9635, 1),
(76, 9636, 1),
(76, 9637, 1),
(76, 9638, 1),
(76, 9639, 1),
(76, 9640, 1),
(76, 9641, 1),
(76, 9642, 1),
(76, 9643, 1),
(76, 9644, 1),
(76, 9645, 1),
(76, 9646, 1),
(76, 9647, 1),
(76, 9648, 1),
(76, 9649, 1),
(76, 9650, 1),
(76, 9651, 1),
(76, 9652, 1),
(76, 9653, 1),
(76, 9654, 1),
(76, 9655, 1),
(76, 9656, 1),
(76, 9657, 1),
(76, 9658, 1),
(76, 9659, 1),
(76, 7290, 2),
(76, 7315, 2),
(76, 8053, 2),
(76, 8141, 2),
(76, 9377, 2),
(76, 9378, 2),
(76, 9379, 2),
(76, 9381, 2),
(76, 9382, 2),
(76, 9383, 2),
(76, 9384, 2),
(76, 9385, 2),
(76, 9488, 2),
(76, 9489, 2),
(76, 9490, 2),
(76, 9492, 2),
(76, 9494, 2),
(76, 9495, 2),
(76, 9496, 2),
(76, 9497, 2),
(76, 9498, 2),
(76, 9582, 2),
(76, 9583, 2),
(76, 9584, 2),
(76, 9586, 2),
(76, 9588, 2),
(76, 9589, 2),
(76, 9590, 2),
(76, 9591, 2),
(76, 9592, 2),
(76, 7535, 3),
(76, 7543, 3),
(76, 7551, 3),
(76, 7882, 3),
(76, 9470, 3),
(76, 9471, 3),
(76, 9476, 3),
(76, 9477, 3),
(76, 9482, 3),
(76, 9483, 3),
(76, 9565, 3),
(76, 9660, 3),
(76, 7516, 4),
(76, 8044, 4),
(76, 8132, 4),
(76, 9380, 5),
(76, 9493, 5),
(76, 9587, 5),
(76, 8118, 6),
(76, 8183, 6),
(76, 9375, 6),
(76, 9467, 6),
(76, 9468, 6),
(76, 9473, 6),
(76, 9474, 6),
(76, 9479, 6),
(76, 9480, 6),
(76, 9486, 6),
(76, 9579, 6),
(76, 9580, 6),
(76, 9374, 7),
(76, 9485, 7),
(76, 9578, 7),
(76, 9376, 10),
(76, 9469, 10),
(76, 9475, 10),
(76, 9481, 10),
(76, 9487, 10),
(76, 9581, 10),
(77, 45, 1),
(77, 226, 1),
(77, 420, 1),
(77, 1716, 1),
(77, 7290, 1),
(77, 7339, 1),
(77, 7353, 1),
(77, 7380, 1),
(77, 7446, 1),
(77, 7516, 1),
(77, 7881, 1),
(77, 7944, 1),
(77, 7945, 1),
(77, 7946, 1),
(77, 7947, 1),
(77, 7949, 1),
(77, 7950, 1),
(77, 7951, 1),
(77, 7952, 1),
(77, 7953, 1),
(77, 7954, 1),
(77, 7955, 1),
(77, 7956, 1),
(77, 7957, 1),
(77, 7958, 1),
(77, 7959, 1),
(77, 7960, 1),
(77, 7961, 1),
(77, 7962, 1),
(77, 7963, 1),
(77, 7964, 1),
(77, 7965, 1),
(77, 7966, 1),
(77, 7967, 1),
(77, 7968, 1),
(77, 7969, 1),
(77, 7970, 1),
(77, 7971, 1),
(77, 7972, 1),
(77, 7973, 1),
(77, 7974, 1),
(77, 7975, 1),
(77, 7976, 1),
(77, 7977, 1),
(77, 7978, 1),
(77, 7979, 1),
(77, 7980, 1),
(77, 7981, 1),
(77, 7982, 1),
(77, 7983, 1),
(77, 7984, 1),
(77, 7985, 1),
(77, 7986, 1),
(77, 7987, 1),
(77, 7988, 1),
(77, 7989, 1),
(77, 7990, 1),
(77, 7991, 1),
(77, 7992, 1),
(77, 7993, 1),
(77, 7994, 1),
(77, 7995, 1),
(77, 7996, 1),
(77, 7997, 1),
(77, 7998, 1),
(77, 7999, 1),
(77, 8000, 1),
(77, 8001, 1),
(77, 8002, 1),
(77, 8003, 1),
(77, 8004, 1),
(77, 8005, 1),
(77, 8006, 1),
(77, 8007, 1),
(77, 8008, 1),
(77, 8033, 1),
(77, 8034, 1),
(77, 8035, 1),
(77, 8036, 1),
(77, 8037, 1),
(77, 8039, 1),
(77, 8040, 1),
(77, 8041, 1),
(77, 8042, 1),
(77, 8043, 1),
(77, 8044, 1),
(77, 8045, 1),
(77, 8046, 1),
(77, 8047, 1),
(77, 8048, 1),
(77, 8049, 1),
(77, 8050, 1),
(77, 8051, 1),
(77, 8052, 1),
(77, 8053, 1),
(77, 8054, 1),
(77, 8055, 1),
(77, 8056, 1),
(77, 8057, 1),
(77, 8058, 1),
(77, 8059, 1),
(77, 8060, 1),
(77, 8061, 1),
(77, 8062, 1),
(77, 8063, 1),
(77, 8064, 1),
(77, 8065, 1),
(77, 8066, 1),
(77, 8067, 1),
(77, 8068, 1),
(77, 8069, 1),
(77, 8070, 1),
(77, 8071, 1),
(77, 8072, 1),
(77, 8073, 1),
(77, 8074, 1),
(77, 8075, 1),
(77, 8076, 1),
(77, 8077, 1),
(77, 8078, 1),
(77, 8079, 1),
(77, 8080, 1),
(77, 8081, 1),
(77, 8082, 1),
(77, 8083, 1),
(77, 8084, 1),
(77, 8085, 1),
(77, 8086, 1),
(77, 8087, 1),
(77, 8088, 1),
(77, 8089, 1),
(77, 8090, 1),
(77, 8091, 1),
(77, 8092, 1),
(77, 8093, 1),
(77, 8094, 1),
(77, 8095, 1),
(77, 8096, 1),
(77, 8097, 1),
(77, 8098, 1),
(77, 8099, 1),
(77, 8100, 1),
(77, 8101, 1),
(77, 8102, 1),
(77, 8103, 1),
(77, 8104, 1),
(77, 8105, 1),
(77, 8106, 1),
(77, 8107, 1),
(77, 8108, 1),
(77, 8120, 1),
(77, 8121, 1),
(77, 8122, 1),
(77, 8123, 1),
(77, 8124, 1),
(77, 8126, 1),
(77, 8127, 1),
(77, 8128, 1),
(77, 8129, 1),
(77, 8130, 1),
(77, 8131, 1),
(77, 8132, 1),
(77, 8133, 1),
(77, 8134, 1),
(77, 8135, 1),
(77, 8136, 1),
(77, 8137, 1),
(77, 8138, 1),
(77, 8139, 1),
(77, 8140, 1),
(77, 8141, 1),
(77, 8142, 1),
(77, 8143, 1),
(77, 8144, 1),
(77, 8145, 1),
(77, 8146, 1),
(77, 8147, 1),
(77, 8148, 1),
(77, 8149, 1),
(77, 8150, 1),
(77, 8151, 1),
(77, 8152, 1),
(77, 8153, 1),
(77, 8154, 1),
(77, 8155, 1),
(77, 8156, 1),
(77, 8157, 1),
(77, 8158, 1),
(77, 8159, 1),
(77, 8160, 1),
(77, 8161, 1),
(77, 8162, 1),
(77, 8163, 1),
(77, 8164, 1),
(77, 8165, 1),
(77, 8166, 1),
(77, 8167, 1),
(77, 8168, 1),
(77, 8169, 1),
(77, 8170, 1),
(77, 8171, 1),
(77, 8172, 1),
(77, 8173, 1),
(77, 8174, 1),
(77, 8175, 1),
(77, 8176, 1),
(77, 8177, 1),
(77, 8178, 1),
(77, 8179, 1),
(77, 8180, 1),
(77, 8181, 1),
(77, 8182, 1),
(77, 8183, 1),
(77, 8184, 1),
(77, 8185, 1),
(77, 8186, 1),
(77, 8187, 1),
(77, 8188, 1),
(77, 8189, 1),
(77, 8190, 1),
(77, 8191, 1),
(77, 8192, 1),
(77, 8193, 1),
(77, 8194, 1),
(77, 8195, 1),
(77, 8196, 1),
(77, 8197, 1),
(77, 8198, 1),
(77, 8199, 1),
(77, 8200, 1),
(77, 7948, 2),
(77, 8038, 2),
(77, 8125, 2),
(77, 939, 3),
(77, 967, 3),
(77, 995, 3),
(77, 7940, 3),
(77, 7941, 3),
(77, 8109, 3),
(77, 8110, 3),
(77, 8201, 3),
(77, 8202, 3),
(77, 7942, 6),
(77, 8021, 6),
(77, 8024, 6),
(77, 8027, 6),
(77, 8031, 6),
(77, 8111, 6),
(77, 8112, 6),
(77, 8113, 6),
(77, 8114, 6),
(77, 8115, 6),
(77, 8116, 6),
(77, 8117, 6),
(77, 8118, 6),
(77, 7943, 10),
(77, 8022, 10),
(77, 8025, 10),
(77, 8028, 10),
(77, 8032, 10),
(77, 8119, 10),
(92, 31, 1),
(92, 45, 1),
(92, 426, 1),
(92, 442, 1),
(92, 1135, 1),
(92, 1707, 1),
(92, 1714, 1),
(92, 1716, 1),
(92, 1717, 1),
(92, 2136, 1),
(92, 2139, 1),
(92, 7273, 1),
(92, 7280, 1),
(92, 7281, 1),
(92, 7282, 1),
(92, 7284, 1),
(92, 7290, 1),
(92, 7295, 1),
(92, 7296, 1),
(92, 7299, 1),
(92, 7308, 1),
(92, 7312, 1),
(92, 7318, 1),
(92, 7320, 1),
(92, 7324, 1),
(92, 7327, 1),
(92, 7328, 1),
(92, 7331, 1),
(92, 7332, 1),
(92, 7333, 1),
(92, 7334, 1),
(92, 7339, 1),
(92, 7343, 1),
(92, 7344, 1),
(92, 7349, 1),
(92, 7352, 1),
(92, 7354, 1),
(92, 7365, 1),
(92, 7367, 1),
(92, 7368, 1),
(92, 7369, 1),
(92, 7370, 1),
(92, 7371, 1),
(92, 7373, 1),
(92, 7378, 1),
(92, 7380, 1),
(92, 7384, 1),
(92, 7394, 1),
(92, 7395, 1),
(92, 7406, 1),
(92, 7407, 1),
(92, 7408, 1),
(92, 7409, 1),
(92, 7410, 1),
(92, 7411, 1),
(92, 7425, 1),
(92, 7426, 1),
(92, 7427, 1),
(92, 7428, 1),
(92, 7429, 1),
(92, 7430, 1),
(92, 7440, 1),
(92, 7446, 1),
(92, 7447, 1),
(92, 7448, 1),
(92, 7450, 1),
(92, 7451, 1),
(92, 7452, 1),
(92, 7453, 1),
(92, 7454, 1),
(92, 7455, 1),
(92, 7456, 1),
(92, 7457, 1),
(92, 7458, 1),
(92, 7459, 1),
(92, 7460, 1),
(92, 7461, 1),
(92, 7462, 1),
(92, 7463, 1),
(92, 7464, 1),
(92, 7465, 1),
(92, 7466, 1),
(92, 7467, 1),
(92, 7468, 1),
(92, 7469, 1),
(92, 7470, 1),
(92, 7471, 1),
(92, 7472, 1),
(92, 7473, 1),
(92, 7474, 1),
(92, 7475, 1),
(92, 7476, 1),
(92, 7477, 1),
(92, 7478, 1),
(92, 7479, 1),
(92, 7480, 1),
(92, 7481, 1),
(92, 7482, 1),
(92, 7483, 1),
(92, 7484, 1),
(92, 7485, 1),
(92, 7486, 1),
(92, 7487, 1),
(92, 7488, 1),
(92, 7489, 1),
(92, 7490, 1),
(92, 7491, 1),
(92, 7492, 1),
(92, 7512, 1),
(92, 7513, 1),
(92, 7514, 1),
(92, 7515, 1),
(92, 7867, 1),
(92, 7873, 1),
(92, 7881, 1),
(92, 7887, 1),
(92, 7946, 1),
(92, 7984, 1),
(92, 8033, 1),
(92, 8036, 1),
(92, 8053, 1),
(92, 8060, 1),
(92, 8074, 1),
(92, 8076, 1),
(92, 8077, 1),
(92, 8080, 1),
(92, 8084, 1),
(92, 8120, 1),
(92, 8123, 1),
(92, 8129, 1),
(92, 8141, 1),
(92, 8148, 1),
(92, 8162, 1),
(92, 8164, 1),
(92, 8165, 1),
(92, 8168, 1),
(92, 8175, 1),
(92, 8727, 1),
(92, 8729, 1),
(92, 8735, 1),
(92, 8740, 1),
(92, 8783, 1),
(92, 8785, 1),
(92, 8791, 1),
(92, 8796, 1),
(92, 9381, 1),
(92, 9396, 1),
(92, 9402, 1),
(92, 9406, 1),
(92, 9494, 1),
(92, 9504, 1),
(92, 9510, 1),
(92, 9513, 1),
(92, 9520, 1),
(92, 9522, 1),
(92, 9527, 1),
(92, 9536, 1),
(92, 9588, 1),
(92, 9598, 1),
(92, 9604, 1),
(92, 9607, 1),
(92, 9614, 1),
(92, 9616, 1),
(92, 9621, 1),
(92, 9630, 1),
(92, 11132, 1),
(92, 11144, 1),
(92, 11158, 1),
(92, 11199, 1),
(92, 11211, 1),
(92, 11227, 1),
(92, 13400, 1),
(92, 13401, 1),
(92, 13403, 1),
(92, 13404, 1),
(92, 13405, 1),
(92, 13407, 1),
(92, 13408, 1),
(92, 13409, 1),
(92, 13410, 1),
(92, 13411, 1),
(92, 13412, 1),
(92, 13413, 1),
(92, 13414, 1),
(92, 13415, 1),
(92, 13416, 1),
(92, 13417, 1),
(92, 13418, 1),
(92, 13419, 1),
(92, 13420, 1),
(92, 13421, 1),
(92, 13422, 1),
(92, 13423, 1),
(92, 13424, 1),
(92, 13425, 1),
(92, 13426, 1),
(92, 13427, 1),
(92, 13428, 1),
(92, 13429, 1),
(92, 13430, 1),
(92, 13431, 1),
(92, 13432, 1),
(92, 13433, 1),
(92, 13434, 1),
(92, 13435, 1),
(92, 13436, 1),
(92, 13437, 1),
(92, 13438, 1),
(92, 13439, 1),
(92, 13440, 1),
(92, 13441, 1),
(92, 13442, 1),
(92, 13443, 1),
(92, 13444, 1),
(92, 13445, 1),
(92, 13446, 1),
(92, 13447, 1),
(92, 13448, 1),
(92, 13449, 1),
(92, 13450, 1),
(92, 13451, 1),
(92, 13452, 1),
(92, 13453, 1),
(92, 13454, 1),
(92, 13455, 1),
(92, 13456, 1),
(92, 13457, 1),
(92, 13458, 1),
(92, 13459, 1),
(92, 13460, 1),
(92, 13461, 1),
(92, 13462, 1),
(92, 13463, 1),
(92, 13464, 1),
(92, 13465, 1),
(92, 13466, 1),
(92, 13467, 1),
(92, 13468, 1),
(92, 13469, 1),
(92, 13470, 1),
(92, 13471, 1),
(92, 13472, 1),
(92, 13473, 1),
(92, 13474, 1),
(92, 13475, 1),
(92, 13476, 1),
(92, 13477, 1),
(92, 13478, 1),
(92, 13479, 1),
(92, 13480, 1),
(92, 13481, 1),
(92, 13482, 1),
(92, 13483, 1),
(92, 13484, 1),
(92, 13485, 1),
(92, 13486, 1),
(92, 13487, 1),
(92, 13488, 1),
(92, 13489, 1),
(92, 13490, 1),
(92, 13491, 1),
(92, 13492, 1),
(92, 13493, 1),
(92, 13494, 1),
(92, 13495, 1),
(92, 13496, 1),
(92, 13497, 1),
(92, 13498, 1),
(92, 13499, 1),
(92, 13500, 1),
(92, 13501, 1),
(92, 13502, 1),
(92, 13503, 1),
(92, 13504, 1),
(92, 13505, 1),
(92, 13506, 1),
(92, 13507, 1),
(92, 13508, 1),
(92, 13509, 1),
(92, 13510, 1),
(92, 13511, 1),
(92, 13512, 1),
(92, 13513, 1),
(92, 13514, 1),
(92, 13515, 1),
(92, 13516, 1),
(92, 13517, 1),
(92, 13518, 1),
(92, 13519, 1),
(92, 13520, 1),
(92, 13521, 1),
(92, 13522, 1),
(92, 13523, 1),
(92, 13524, 1),
(92, 13525, 1),
(92, 13526, 1),
(92, 13527, 1),
(92, 13528, 1),
(92, 13529, 1),
(92, 13530, 1),
(92, 13531, 1),
(92, 13532, 1),
(92, 13533, 1),
(92, 13534, 1),
(92, 13535, 1),
(92, 13536, 1),
(92, 13537, 1),
(92, 13538, 1),
(92, 13539, 1),
(92, 13540, 1),
(92, 13541, 1),
(92, 13542, 1),
(92, 13543, 1),
(92, 13544, 1),
(92, 13545, 1),
(92, 13546, 1),
(92, 13547, 1),
(92, 13548, 1),
(92, 13549, 1),
(92, 13712, 1),
(92, 13713, 1),
(92, 13715, 1),
(92, 13716, 1),
(92, 13717, 1),
(92, 13722, 1),
(92, 13723, 1),
(92, 13724, 1),
(92, 13725, 1),
(92, 13726, 1),
(92, 13727, 1),
(92, 13728, 1),
(92, 13729, 1),
(92, 13730, 1),
(92, 13731, 1),
(92, 13732, 1),
(92, 13733, 1),
(92, 13734, 1),
(92, 13735, 1),
(92, 13736, 1),
(92, 13737, 1),
(92, 13738, 1),
(92, 13739, 1),
(92, 13740, 1),
(92, 13741, 1),
(92, 13742, 1),
(92, 13743, 1),
(92, 13744, 1),
(92, 13745, 1),
(92, 13746, 1),
(92, 13747, 1),
(92, 13748, 1),
(92, 13749, 1),
(92, 13750, 1),
(92, 13751, 1),
(92, 13752, 1),
(92, 13753, 1),
(92, 13754, 1),
(92, 13755, 1),
(92, 13756, 1),
(92, 13757, 1),
(92, 13758, 1),
(92, 13759, 1),
(92, 13760, 1),
(92, 13761, 1),
(92, 13762, 1),
(92, 13763, 1),
(92, 13764, 1),
(92, 13765, 1),
(92, 13766, 1),
(92, 13767, 1),
(92, 13768, 1),
(92, 13769, 1),
(92, 13770, 1),
(92, 13771, 1),
(92, 13772, 1),
(92, 13773, 1),
(92, 13774, 1),
(92, 13775, 1),
(92, 13776, 1),
(92, 13777, 1),
(92, 13778, 1),
(92, 13779, 1),
(92, 13780, 1),
(92, 13781, 1),
(92, 13782, 1),
(92, 13783, 1),
(92, 13784, 1),
(92, 13785, 1),
(92, 13786, 1),
(92, 13787, 1),
(92, 13788, 1),
(92, 13789, 1),
(92, 13790, 1),
(92, 13791, 1),
(92, 13792, 1),
(92, 13793, 1),
(92, 13794, 1),
(92, 13795, 1),
(92, 13796, 1),
(92, 13797, 1),
(92, 13798, 1),
(92, 13799, 1),
(92, 13800, 1),
(92, 13801, 1),
(92, 13802, 1),
(92, 13803, 1),
(92, 13804, 1),
(92, 13805, 1),
(92, 13806, 1),
(92, 13807, 1),
(92, 13808, 1),
(92, 13809, 1),
(92, 13810, 1),
(92, 13811, 1),
(92, 13812, 1),
(92, 13813, 1),
(92, 13814, 1),
(92, 13815, 1),
(92, 13816, 1),
(92, 13817, 1),
(92, 13818, 1),
(92, 13819, 1),
(92, 13820, 1),
(92, 13821, 1),
(92, 13822, 1),
(92, 13823, 1),
(92, 13824, 1),
(92, 13825, 1),
(92, 13826, 1),
(92, 13827, 1),
(92, 13828, 1),
(92, 13829, 1),
(92, 13830, 1),
(92, 13831, 1),
(92, 13832, 1),
(92, 13833, 1),
(92, 13834, 1),
(92, 13835, 1),
(92, 13836, 1),
(92, 13837, 1),
(92, 13838, 1),
(92, 13839, 1),
(92, 13840, 1),
(92, 13841, 1),
(92, 13842, 1),
(92, 13843, 1),
(92, 13844, 1),
(92, 13845, 1),
(92, 13846, 1),
(92, 13847, 1),
(92, 13848, 1),
(92, 13849, 1),
(92, 13850, 1),
(92, 13851, 1),
(92, 13852, 1),
(92, 13853, 1),
(92, 13854, 1),
(92, 13855, 1),
(92, 13856, 1),
(92, 13857, 1),
(92, 13858, 1),
(92, 13859, 1),
(92, 13860, 1),
(92, 13861, 1),
(92, 13862, 1),
(92, 13863, 1),
(92, 13864, 1),
(92, 13865, 1),
(92, 13866, 1),
(92, 13867, 1),
(92, 13868, 1),
(92, 13869, 1),
(92, 13870, 1),
(92, 13871, 1),
(92, 13872, 1),
(92, 13873, 1),
(92, 13874, 1),
(92, 13875, 1),
(92, 13876, 1),
(92, 13877, 1),
(92, 13878, 1),
(92, 13879, 1),
(92, 13880, 1),
(92, 13881, 1),
(92, 13882, 1),
(92, 13883, 1),
(92, 13884, 1),
(92, 13885, 1),
(92, 13886, 1),
(92, 13887, 1),
(92, 13888, 1),
(92, 13889, 1),
(92, 13890, 1),
(92, 13891, 1),
(92, 13892, 1),
(92, 13893, 1),
(92, 13894, 1),
(92, 13895, 1),
(92, 13896, 1),
(92, 13897, 1),
(92, 13898, 1),
(92, 13899, 1),
(92, 13900, 1),
(92, 13901, 1),
(92, 13902, 1),
(92, 13903, 1),
(92, 13904, 1),
(92, 13905, 1),
(92, 13906, 1),
(92, 13907, 1),
(92, 13908, 1),
(92, 13909, 1),
(92, 13910, 1),
(92, 13911, 1),
(92, 13912, 1),
(92, 13913, 1),
(92, 13914, 1),
(92, 13915, 1),
(92, 13916, 1),
(92, 13917, 1),
(92, 13918, 1),
(92, 13919, 1),
(92, 13920, 1),
(92, 13921, 1),
(92, 13922, 1),
(92, 13923, 1),
(92, 13924, 1),
(92, 13925, 1),
(92, 13926, 1),
(92, 13927, 1),
(92, 13928, 1),
(92, 13929, 1),
(92, 13930, 1),
(92, 13931, 1),
(92, 13932, 1),
(92, 13933, 1),
(92, 13934, 1),
(92, 13935, 1),
(92, 13936, 1),
(92, 13937, 1),
(92, 13938, 1),
(92, 13939, 1),
(92, 13940, 1),
(92, 13941, 1),
(92, 13942, 1),
(92, 13943, 1),
(92, 13944, 1),
(92, 13945, 1),
(92, 13946, 1),
(92, 13947, 1),
(92, 13948, 1),
(92, 13949, 1),
(92, 13950, 1),
(92, 13951, 1),
(92, 13952, 1),
(92, 13953, 1),
(92, 13954, 1),
(92, 13955, 1),
(92, 13956, 1),
(92, 13957, 1),
(92, 13958, 1),
(92, 13959, 1),
(92, 13960, 1),
(92, 13961, 1),
(92, 13962, 1),
(92, 13996, 1),
(92, 13997, 1),
(92, 13999, 1),
(92, 14000, 1),
(92, 14001, 1),
(92, 14006, 1),
(92, 14007, 1),
(92, 14008, 1),
(92, 14009, 1),
(92, 14010, 1),
(92, 14011, 1),
(92, 14012, 1),
(92, 14013, 1),
(92, 14014, 1),
(92, 14015, 1),
(92, 14016, 1),
(92, 14017, 1),
(92, 14018, 1),
(92, 14019, 1),
(92, 14020, 1),
(92, 14021, 1),
(92, 14022, 1),
(92, 14023, 1),
(92, 14024, 1),
(92, 14025, 1),
(92, 14026, 1),
(92, 14027, 1),
(92, 14028, 1),
(92, 14029, 1),
(92, 14030, 1),
(92, 14031, 1),
(92, 14032, 1),
(92, 14033, 1),
(92, 14034, 1),
(92, 14035, 1),
(92, 14036, 1),
(92, 14037, 1),
(92, 14038, 1),
(92, 14039, 1),
(92, 14040, 1),
(92, 14041, 1),
(92, 14042, 1),
(92, 14043, 1),
(92, 14044, 1),
(92, 14045, 1),
(92, 14046, 1),
(92, 14047, 1),
(92, 14048, 1),
(92, 14049, 1),
(92, 14050, 1),
(92, 14051, 1),
(92, 14052, 1),
(92, 14053, 1),
(92, 14054, 1),
(92, 14055, 1),
(92, 14056, 1),
(92, 14057, 1),
(92, 14058, 1),
(92, 14059, 1),
(92, 14060, 1),
(92, 14061, 1),
(92, 14062, 1),
(92, 14063, 1),
(92, 14064, 1),
(92, 14065, 1),
(92, 14066, 1),
(92, 14067, 1),
(92, 14068, 1),
(92, 14069, 1),
(92, 14070, 1),
(92, 14071, 1),
(92, 14072, 1),
(92, 14073, 1),
(92, 14074, 1),
(92, 14075, 1),
(92, 14076, 1),
(92, 14077, 1),
(92, 14078, 1),
(92, 14079, 1),
(92, 14080, 1),
(92, 14081, 1),
(92, 14082, 1),
(92, 14083, 1),
(92, 14084, 1),
(92, 14085, 1),
(92, 14086, 1),
(92, 14087, 1),
(92, 14088, 1),
(92, 14089, 1),
(92, 14090, 1),
(92, 14091, 1),
(92, 14092, 1),
(92, 14093, 1),
(92, 14094, 1),
(92, 14095, 1),
(92, 14096, 1),
(92, 14097, 1),
(92, 14098, 1),
(92, 14099, 1),
(92, 14100, 1),
(92, 14101, 1),
(92, 14102, 1),
(92, 14103, 1),
(92, 14104, 1),
(92, 14105, 1),
(92, 14106, 1),
(92, 14107, 1),
(92, 14108, 1),
(92, 14109, 1),
(92, 14110, 1),
(92, 14111, 1),
(92, 14112, 1),
(92, 14113, 1),
(92, 14114, 1),
(92, 14115, 1),
(92, 14116, 1),
(92, 14117, 1),
(92, 14118, 1),
(92, 14119, 1),
(92, 14120, 1),
(92, 14121, 1),
(92, 14122, 1),
(92, 14123, 1),
(92, 14124, 1),
(92, 14125, 1),
(92, 14126, 1),
(92, 14127, 1),
(92, 14128, 1),
(92, 14129, 1),
(92, 14130, 1),
(92, 14131, 1),
(92, 14132, 1),
(92, 14133, 1),
(92, 14134, 1),
(92, 14135, 1),
(92, 14136, 1),
(92, 14137, 1),
(92, 14138, 1),
(92, 14139, 1),
(92, 14140, 1),
(92, 14141, 1),
(92, 14142, 1),
(92, 14143, 1),
(92, 14144, 1),
(92, 14145, 1),
(92, 14146, 1),
(92, 14147, 1),
(92, 14148, 1),
(92, 14149, 1),
(92, 14150, 1),
(92, 14151, 1),
(92, 14152, 1),
(92, 14153, 1),
(92, 14154, 1),
(92, 14155, 1),
(92, 14156, 1),
(92, 14157, 1),
(92, 14158, 1),
(92, 14159, 1),
(92, 14160, 1),
(92, 14161, 1),
(92, 14162, 1),
(92, 14163, 1),
(92, 14164, 1),
(92, 14165, 1),
(92, 14166, 1),
(92, 14167, 1),
(92, 14168, 1),
(92, 14169, 1),
(92, 14170, 1),
(92, 14171, 1),
(92, 14172, 1),
(92, 14173, 1),
(92, 14174, 1),
(92, 14175, 1),
(92, 14176, 1),
(92, 14177, 1),
(92, 14178, 1),
(92, 14179, 1),
(92, 14180, 1),
(92, 14181, 1),
(92, 14182, 1),
(92, 14183, 1),
(92, 14184, 1),
(92, 14185, 1),
(92, 14186, 1),
(92, 14187, 1),
(92, 14188, 1),
(92, 14189, 1),
(92, 14190, 1),
(92, 14191, 1),
(92, 14192, 1),
(92, 14193, 1),
(92, 14194, 1),
(92, 14195, 1),
(92, 14196, 1),
(92, 14197, 1),
(92, 14198, 1),
(92, 14199, 1),
(92, 14200, 1),
(92, 14201, 1),
(92, 14202, 1),
(92, 14203, 1),
(92, 14204, 1),
(92, 14205, 1),
(92, 14206, 1),
(92, 14207, 1),
(92, 14208, 1),
(92, 14209, 1),
(92, 14210, 1),
(92, 14211, 1),
(92, 14212, 1),
(92, 14213, 1),
(92, 14214, 1),
(92, 14215, 1),
(92, 14216, 1),
(92, 14217, 1),
(92, 14218, 1),
(92, 14219, 1),
(92, 14220, 1),
(92, 14221, 1),
(92, 14222, 1),
(92, 14223, 1),
(92, 14224, 1),
(92, 14225, 1),
(92, 14226, 1),
(92, 14227, 1),
(92, 14228, 1),
(92, 14229, 1),
(92, 14230, 1),
(92, 14231, 1),
(92, 14232, 1),
(92, 14233, 1),
(92, 14234, 1),
(92, 14235, 1),
(92, 14236, 1),
(92, 14237, 1),
(92, 14238, 1),
(92, 14239, 1),
(92, 14240, 1),
(92, 14241, 1),
(92, 14242, 1),
(92, 14243, 1),
(92, 14244, 1),
(92, 14245, 1),
(92, 14246, 1),
(92, 14247, 1),
(92, 14248, 1),
(92, 14249, 1),
(92, 14250, 1),
(92, 14251, 1),
(92, 7274, 2),
(92, 7275, 2),
(92, 7341, 2),
(92, 13402, 2),
(92, 13406, 2),
(92, 13714, 2),
(92, 13718, 2),
(92, 13719, 2),
(92, 13720, 2),
(92, 13721, 2),
(92, 13998, 2),
(92, 14002, 2),
(92, 14003, 2),
(92, 14004, 2),
(92, 14005, 2),
(92, 7516, 3),
(92, 7535, 3),
(92, 7543, 3),
(92, 7551, 3),
(92, 8044, 3),
(92, 8132, 3),
(92, 13395, 6),
(92, 13396, 6),
(92, 13398, 6),
(92, 13399, 6),
(92, 13678, 6),
(92, 13679, 6),
(92, 13680, 6),
(92, 13681, 6),
(92, 13682, 6),
(92, 13683, 6),
(92, 13684, 6),
(92, 13687, 6),
(92, 13688, 6),
(92, 13689, 6),
(92, 13690, 6),
(92, 13691, 6),
(92, 13692, 6),
(92, 13693, 6),
(92, 13696, 6),
(92, 13697, 6),
(92, 13698, 6),
(92, 13699, 6),
(92, 13700, 6),
(92, 13701, 6),
(92, 13702, 6),
(92, 13707, 6),
(92, 13708, 6),
(92, 13710, 6),
(92, 13711, 6),
(92, 13991, 6),
(92, 13992, 6),
(92, 13994, 6),
(92, 13995, 6),
(92, 7315, 7),
(92, 9490, 7),
(92, 9584, 7),
(92, 13394, 7),
(92, 13397, 7),
(92, 13706, 7),
(92, 13709, 7),
(92, 13990, 7),
(92, 13993, 7),
(92, 7259, 9),
(92, 7528, 9),
(92, 7536, 9),
(92, 7544, 9),
(92, 13705, 9),
(92, 13989, 9),
(92, 14279, 10),
(92, 14564, 10),
(92, 14574, 10),
(92, 14584, 10),
(92, 14594, 10),
(92, 14879, 10),
(99, 7, 1),
(99, 15, 1),
(99, 29, 1),
(99, 31, 1),
(99, 45, 1),
(99, 426, 1),
(99, 442, 1),
(99, 1707, 1),
(99, 1714, 1),
(99, 1717, 1),
(99, 2136, 1),
(99, 7267, 1),
(99, 7268, 1),
(99, 7269, 1),
(99, 7272, 1),
(99, 7273, 1),
(99, 7276, 1),
(99, 7277, 1),
(99, 7278, 1),
(99, 7279, 1),
(99, 7280, 1),
(99, 7281, 1),
(99, 7282, 1),
(99, 7283, 1),
(99, 7284, 1),
(99, 7285, 1),
(99, 7286, 1),
(99, 7287, 1),
(99, 7288, 1),
(99, 7289, 1),
(99, 7290, 1),
(99, 7291, 1),
(99, 7292, 1),
(99, 7293, 1),
(99, 7294, 1),
(99, 7295, 1),
(99, 7296, 1),
(99, 7297, 1),
(99, 7298, 1),
(99, 7299, 1),
(99, 7300, 1),
(99, 7301, 1),
(99, 7302, 1),
(99, 7303, 1),
(99, 7304, 1),
(99, 7305, 1),
(99, 7306, 1),
(99, 7307, 1),
(99, 7308, 1),
(99, 7309, 1),
(99, 7310, 1),
(99, 7311, 1),
(99, 7312, 1),
(99, 7313, 1),
(99, 7314, 1),
(99, 7315, 1),
(99, 7316, 1),
(99, 7317, 1),
(99, 7318, 1),
(99, 7319, 1),
(99, 7320, 1),
(99, 7321, 1),
(99, 7322, 1),
(99, 7323, 1),
(99, 7324, 1),
(99, 7325, 1),
(99, 7326, 1),
(99, 7327, 1),
(99, 7328, 1),
(99, 7329, 1),
(99, 7330, 1),
(99, 7331, 1),
(99, 7332, 1),
(99, 7333, 1),
(99, 7334, 1),
(99, 7335, 1),
(99, 7336, 1),
(99, 7337, 1),
(99, 7338, 1),
(99, 7339, 1),
(99, 7340, 1),
(99, 7341, 1),
(99, 7342, 1),
(99, 7343, 1),
(99, 7344, 1),
(99, 7345, 1),
(99, 7346, 1),
(99, 7347, 1),
(99, 7348, 1),
(99, 7349, 1),
(99, 7350, 1),
(99, 7351, 1),
(99, 7352, 1),
(99, 7353, 1),
(99, 7354, 1),
(99, 7355, 1),
(99, 7356, 1),
(99, 7357, 1),
(99, 7358, 1),
(99, 7359, 1),
(99, 7360, 1),
(99, 7361, 1),
(99, 7362, 1),
(99, 7363, 1),
(99, 7364, 1),
(99, 7365, 1),
(99, 7366, 1),
(99, 7367, 1),
(99, 7368, 1),
(99, 7369, 1),
(99, 7370, 1),
(99, 7371, 1),
(99, 7372, 1),
(99, 7373, 1),
(99, 7374, 1),
(99, 7375, 1),
(99, 7376, 1),
(99, 7377, 1),
(99, 7378, 1),
(99, 7379, 1),
(99, 7380, 1),
(99, 7381, 1),
(99, 7382, 1),
(99, 7383, 1),
(99, 7384, 1),
(99, 7385, 1),
(99, 7386, 1),
(99, 7387, 1),
(99, 7388, 1),
(99, 7389, 1),
(99, 7390, 1),
(99, 7391, 1),
(99, 7392, 1),
(99, 7393, 1),
(99, 7394, 1),
(99, 7395, 1),
(99, 7396, 1),
(99, 7397, 1),
(99, 7398, 1),
(99, 7399, 1),
(99, 7400, 1),
(99, 7401, 1),
(99, 7402, 1),
(99, 7403, 1),
(99, 7404, 1),
(99, 7405, 1),
(99, 7406, 1),
(99, 7407, 1),
(99, 7408, 1),
(99, 7409, 1),
(99, 7410, 1),
(99, 7411, 1),
(99, 7412, 1),
(99, 7413, 1),
(99, 7414, 1),
(99, 7415, 1),
(99, 7416, 1),
(99, 7417, 1),
(99, 7418, 1),
(99, 7419, 1),
(99, 7420, 1),
(99, 7421, 1),
(99, 7422, 1),
(99, 7423, 1),
(99, 7424, 1),
(99, 7425, 1),
(99, 7426, 1),
(99, 7427, 1),
(99, 7428, 1),
(99, 7429, 1),
(99, 7430, 1),
(99, 7431, 1),
(99, 7432, 1),
(99, 7433, 1),
(99, 7434, 1),
(99, 7435, 1),
(99, 7436, 1),
(99, 7437, 1),
(99, 7438, 1),
(99, 7439, 1),
(99, 7440, 1),
(99, 7441, 1),
(99, 7442, 1),
(99, 7443, 1),
(99, 7444, 1),
(99, 7445, 1),
(99, 7446, 1),
(99, 7447, 1),
(99, 7448, 1),
(99, 7449, 1),
(99, 7450, 1),
(99, 7451, 1),
(99, 7452, 1),
(99, 7453, 1),
(99, 7454, 1),
(99, 7455, 1),
(99, 7456, 1),
(99, 7457, 1),
(99, 7458, 1),
(99, 7459, 1),
(99, 7460, 1),
(99, 7461, 1),
(99, 7462, 1),
(99, 7463, 1),
(99, 7464, 1),
(99, 7465, 1),
(99, 7466, 1),
(99, 7467, 1),
(99, 7468, 1),
(99, 7469, 1),
(99, 7470, 1),
(99, 7471, 1),
(99, 7472, 1),
(99, 7473, 1),
(99, 7474, 1),
(99, 7475, 1),
(99, 7476, 1),
(99, 7477, 1),
(99, 7478, 1),
(99, 7479, 1),
(99, 7480, 1),
(99, 7481, 1),
(99, 7482, 1),
(99, 7483, 1),
(99, 7484, 1),
(99, 7485, 1),
(99, 7486, 1),
(99, 7487, 1),
(99, 7488, 1),
(99, 7489, 1),
(99, 7490, 1),
(99, 7491, 1),
(99, 7492, 1),
(99, 7493, 1),
(99, 7494, 1),
(99, 7495, 1),
(99, 7496, 1),
(99, 7497, 1),
(99, 7498, 1),
(99, 7499, 1),
(99, 7500, 1),
(99, 7501, 1),
(99, 7502, 1),
(99, 7503, 1),
(99, 7504, 1),
(99, 7505, 1),
(99, 7506, 1),
(99, 7507, 1),
(99, 7508, 1),
(99, 7509, 1),
(99, 7510, 1),
(99, 7511, 1),
(99, 7512, 1),
(99, 7513, 1),
(99, 7514, 1),
(99, 7515, 1),
(99, 7266, 2),
(99, 7270, 2),
(99, 7271, 2),
(99, 7274, 2),
(99, 7275, 2),
(99, 7516, 3),
(99, 7535, 3),
(99, 7543, 3),
(99, 7551, 3),
(99, 7262, 6),
(99, 7263, 6),
(99, 7529, 6),
(99, 7530, 6),
(99, 7531, 6),
(99, 7532, 6),
(99, 7533, 6),
(99, 7537, 6),
(99, 7538, 6),
(99, 7539, 6),
(99, 7540, 6),
(99, 7541, 6),
(99, 7545, 6),
(99, 7546, 6),
(99, 7547, 6),
(99, 7548, 6),
(99, 7549, 6),
(99, 7260, 7),
(99, 7261, 7),
(99, 7264, 7),
(99, 7259, 9),
(99, 7528, 9),
(99, 7536, 9),
(99, 7544, 9),
(99, 7265, 10),
(99, 7534, 10),
(99, 7542, 10),
(99, 7550, 10),
(149, 35, 1),
(149, 45, 1),
(149, 747, 1),
(149, 2136, 1),
(149, 2640, 1),
(149, 7336, 1),
(149, 7347, 1),
(149, 7418, 1),
(149, 7440, 1),
(149, 7446, 1),
(149, 7516, 1),
(149, 7854, 1),
(149, 7855, 1),
(149, 7856, 1),
(149, 7857, 1),
(149, 7858, 1),
(149, 7859, 1),
(149, 7860, 1),
(149, 7861, 1),
(149, 7862, 1),
(149, 7863, 1),
(149, 7864, 1),
(149, 7865, 1),
(149, 7866, 1),
(149, 7867, 1),
(149, 7868, 1),
(149, 7869, 1),
(149, 7870, 1),
(149, 7871, 1),
(149, 7872, 1),
(149, 7873, 1),
(149, 7874, 1),
(149, 7875, 1),
(149, 7876, 1),
(149, 7877, 1),
(149, 7878, 1),
(149, 7879, 1),
(149, 7880, 1),
(149, 7881, 1),
(149, 7882, 1),
(149, 7883, 1),
(149, 7884, 1),
(149, 7885, 1),
(149, 7886, 1),
(149, 7887, 1),
(149, 7888, 1),
(149, 7889, 1),
(149, 7890, 1),
(149, 7891, 1),
(149, 7892, 1),
(149, 7893, 1),
(149, 7894, 1),
(149, 7895, 1),
(149, 7896, 1),
(149, 7897, 1),
(149, 7898, 1),
(149, 8044, 1),
(149, 8060, 1),
(149, 8077, 1),
(149, 8080, 1),
(149, 8132, 1),
(149, 8148, 1),
(149, 8165, 1),
(149, 8168, 1),
(149, 8725, 1),
(149, 8729, 1),
(149, 8735, 1),
(149, 8781, 1),
(149, 8785, 1),
(149, 8791, 1),
(149, 9521, 1),
(149, 9565, 1),
(149, 9615, 1),
(149, 9660, 1),
(149, 11123, 1),
(149, 11124, 1),
(149, 11125, 1),
(149, 11126, 1),
(149, 11127, 1),
(149, 11128, 1),
(149, 11129, 1),
(149, 11130, 1),
(149, 11131, 1),
(149, 11132, 1),
(149, 11133, 1),
(149, 11134, 1),
(149, 11135, 1),
(149, 11136, 1),
(149, 11137, 1),
(149, 11138, 1),
(149, 11139, 1),
(149, 11140, 1),
(149, 11141, 1),
(149, 11142, 1),
(149, 11143, 1),
(149, 11144, 1),
(149, 11145, 1),
(149, 11146, 1),
(149, 11147, 1),
(149, 11148, 1),
(149, 11149, 1),
(149, 11150, 1),
(149, 11151, 1),
(149, 11152, 1),
(149, 11153, 1),
(149, 11154, 1),
(149, 11155, 1),
(149, 11156, 1),
(149, 11157, 1),
(149, 11158, 1),
(149, 11159, 1),
(149, 11160, 1),
(149, 11161, 1),
(149, 11162, 1),
(149, 11163, 1),
(149, 11164, 1),
(149, 11165, 1),
(149, 11166, 1),
(149, 11167, 1),
(149, 11168, 1),
(149, 11169, 1),
(149, 11190, 1),
(149, 11191, 1),
(149, 11192, 1),
(149, 11193, 1),
(149, 11194, 1),
(149, 11195, 1),
(149, 11196, 1),
(149, 11197, 1),
(149, 11198, 1),
(149, 11199, 1),
(149, 11200, 1),
(149, 11201, 1),
(149, 11202, 1),
(149, 11203, 1),
(149, 11204, 1),
(149, 11205, 1),
(149, 11206, 1),
(149, 11207, 1),
(149, 11208, 1),
(149, 11209, 1),
(149, 11210, 1),
(149, 11211, 1),
(149, 11212, 1),
(149, 11213, 1),
(149, 11214, 1),
(149, 11215, 1),
(149, 11216, 1),
(149, 11217, 1),
(149, 11218, 1),
(149, 11219, 1),
(149, 11220, 1),
(149, 11221, 1),
(149, 11222, 1),
(149, 11223, 1),
(149, 11224, 1),
(149, 11225, 1),
(149, 11226, 1),
(149, 11227, 1),
(149, 11228, 1),
(149, 11229, 1),
(149, 11230, 1),
(149, 11231, 1),
(149, 11232, 1),
(149, 11233, 1),
(149, 11234, 1),
(149, 11235, 1),
(149, 11236, 1),
(149, 11237, 1),
(149, 11238, 1),
(149, 939, 3),
(149, 967, 3),
(149, 995, 3),
(149, 7940, 3),
(149, 7941, 3),
(149, 8109, 3),
(149, 8110, 3),
(149, 8201, 3),
(149, 8202, 3),
(149, 7911, 6),
(149, 7912, 6),
(149, 7913, 6),
(149, 7914, 6),
(149, 7915, 6),
(149, 7916, 6),
(149, 7917, 6),
(149, 7918, 6),
(149, 7921, 6),
(149, 7922, 6),
(149, 7923, 6),
(149, 7924, 6),
(149, 7925, 6),
(149, 7926, 6),
(149, 7927, 6),
(149, 7928, 6),
(149, 7931, 6),
(149, 7932, 6),
(149, 7933, 6),
(149, 7934, 6),
(149, 7935, 6),
(149, 7936, 6),
(149, 7937, 6),
(149, 7938, 6),
(149, 7845, 7),
(149, 7846, 7),
(149, 7847, 7),
(149, 7848, 7),
(149, 7849, 7),
(149, 11114, 7),
(149, 11115, 7),
(149, 11116, 7),
(149, 11117, 7),
(149, 11118, 7),
(149, 11181, 7),
(149, 11182, 7),
(149, 11183, 7),
(149, 11184, 7),
(149, 11185, 7),
(149, 7850, 8),
(149, 7851, 8),
(149, 7852, 8),
(149, 11119, 8),
(149, 11120, 8),
(149, 11121, 8),
(149, 11186, 8),
(149, 11187, 8),
(149, 11188, 8),
(149, 7853, 10),
(149, 7919, 10),
(149, 7929, 10),
(149, 7939, 10),
(149, 11122, 10),
(149, 11189, 10);

-- --------------------------------------------------------

--
-- Table structure for table `xio8d_search_word`
--

CREATE TABLE `xio8d_search_word` (
  `id_word` int(10) UNSIGNED NOT NULL,
  `id_shop` int(11) UNSIGNED NOT NULL DEFAULT 1,
  `id_lang` int(10) UNSIGNED NOT NULL,
  `word` varchar(30) NOT NULL
) ENGINE=InnoDB DEFAULT CHARSET=utf8mb4 COLLATE=utf8mb4_general_ci;

--
-- Dumping data for table `xio8d_search_word`
--

INSERT INTO `xio8d_search_word` (`id_word`, `id_shop`, `id_lang`, `word`) VALUES
(13522, 1, 1, '(adaptogen'),
(13511, 1, 1, '(anti'),
(13542, 1, 1, '(anti-aging'),
(13543, 1, 1, '(antiaging'),
(13530, 1, 1, '(bio'),
(13548, 1, 1, '(bio-retinol),'),
(13549, 1, 1, '(bioretinol),'),
(13520, 1, 1, '(coffee)'),
(7381, 1, 1, '(morning'),
(2649, 1, 1, '---'),
(7952, 1, 1, '-12'),
(13461, 1, 1, '02%'),
(934, 1, 1, '043kg'),
(222, 1, 1, '100%'),
(7943, 1, 1, '105'),
(5613, 1, 1, '1093'),
(5614, 1, 1, '1094'),
(5615, 1, 1, '1095'),
(5616, 1, 1, '1096'),
(8636, 1, 1, '113'),
(7953, 1, 1, '12'),
(2122, 1, 1, '120'),
(13491, 1, 1, '13%-a'),
(13541, 1, 1, '13%a'),
(9376, 1, 1, '135'),
(2127, 1, 1, '16x22cm'),
(7371, 1, 1, '2025,'),
(7853, 1, 1, '259'),
(7456, 1, 1, '30+'),
(925, 1, 1, '325ml'),
(1253, 1, 1, '32x32cm'),
(7265, 1, 1, '333'),
(14279, 1, 1, '339'),
(447, 1, 1, '40x60cm'),
(445, 1, 1, '60x90cm'),
(1265, 1, 1, '60°'),
(446, 1, 1, '80x120cm'),
(930, 1, 1, '82cm'),
(932, 1, 1, '95cm'),
(13517, 1, 1, 'abrotanum'),
(940, 1, 1, 'accessories'),
(7317, 1, 1, 'achieve'),
(7444, 1, 1, 'acid'),
(7438, 1, 1, 'acid:'),
(13409, 1, 1, 'activate'),
(7846, 1, 1, 'active'),
(9402, 1, 1, 'actively'),
(13490, 1, 1, 'actives'),
(1133, 1, 1, 'add'),
(13460, 1, 1, 'additional'),
(7297, 1, 1, 'address'),
(7343, 1, 1, 'advanced'),
(573, 1, 1, 'adventure'),
(423, 1, 1, 'aesthethic,'),
(8651, 1, 1, 'affecting'),
(7949, 1, 1, 'ages'),
(13397, 1, 1, 'aging'),
(13459, 1, 1, 'aging,'),
(13528, 1, 1, 'also'),
(7389, 1, 1, 'amount'),
(8003, 1, 1, 'animal'),
(13396, 1, 1, 'anti'),
(13398, 1, 1, 'anti-aging'),
(13399, 1, 1, 'antiaging'),
(7946, 1, 1, 'antioxidant'),
(7972, 1, 1, 'antioxidants'),
(7428, 1, 1, 'apple'),
(7394, 1, 1, 'apply'),
(13519, 1, 1, 'arabica'),
(1255, 1, 1, 'armchair'),
(9404, 1, 1, 'array'),
(442, 1, 1, 'art'),
(13516, 1, 1, 'artemisia'),
(7448, 1, 1, 'artificial'),
(1260, 1, 1, 'atmosphere'),
(7997, 1, 1, 'b12'),
(7986, 1, 1, 'b12,'),
(7985, 1, 1, 'b6,'),
(1252, 1, 1, 'back'),
(7462, 1, 1, 'backed'),
(13529, 1, 1, 'bakuchiol'),
(13482, 1, 1, 'bakuchiol,'),
(9394, 1, 1, 'balance'),
(7857, 1, 1, 'balanced'),
(7354, 1, 1, 'barrier'),
(7501, 1, 1, 'barrier-nourish'),
(7502, 1, 1, 'barriernourishi'),
(7880, 1, 1, 'based'),
(7477, 1, 1, 'batch'),
(1398, 1, 1, 'bear'),
(1256, 1, 1, 'bed'),
(574, 1, 1, 'begins'),
(13474, 1, 1, 'behind'),
(9387, 1, 1, 'believe'),
(7339, 1, 1, 'benefits'),
(7875, 1, 1, 'benefits:'),
(409, 1, 1, 'best'),
(13429, 1, 1, 'beyond'),
(9441, 1, 1, 'bi-layer'),
(9442, 1, 1, 'bilayer'),
(8666, 1, 1, 'bilberry'),
(2144, 1, 1, 'binding'),
(13455, 1, 1, 'biopeptide'),
(13537, 1, 1, 'biopeptide-cs'),
(13538, 1, 1, 'biopeptidecs'),
(55, 1, 1, 'black'),
(7872, 1, 1, 'blend'),
(13523, 1, 1, 'blend):'),
(13447, 1, 1, 'blends'),
(9395, 1, 1, 'body\'s'),
(7977, 1, 1, 'bone'),
(7994, 1, 1, 'bones'),
(13493, 1, 1, 'boosts'),
(13469, 1, 1, 'botanical'),
(7978, 1, 1, 'brain'),
(9412, 1, 1, 'broccoli'),
(1397, 1, 1, 'brown'),
(224, 1, 1, 'brushed'),
(7989, 1, 1, 'calcium,'),
(7888, 1, 1, 'carbs,'),
(2126, 1, 1, 'cardboard'),
(7377, 1, 1, 'carry'),
(7503, 1, 1, 'carry-on'),
(7504, 1, 1, 'carryon'),
(7259, 1, 1, 'celavive'),
(13410, 1, 1, 'cell'),
(13426, 1, 1, 'cells-using'),
(13534, 1, 1, 'cellsusing'),
(7344, 1, 1, 'cellular'),
(923, 1, 1, 'ceramic'),
(2648, 1, 1, 'characters:'),
(8000, 1, 1, 'chewables'),
(7948, 1, 1, 'children'),
(7401, 1, 1, 'chin-your'),
(39, 1, 1, 'chino'),
(7507, 1, 1, 'chinyour'),
(7848, 1, 1, 'chocolate'),
(2640, 1, 1, 'choice'),
(7988, 1, 1, 'choline'),
(7396, 1, 1, 'circular'),
(7485, 1, 1, 'claimed'),
(30, 1, 1, 'classic'),
(7323, 1, 1, 'clean'),
(7415, 1, 1, 'clean,'),
(7267, 1, 1, 'cleaning,'),
(7286, 1, 1, 'cleanse'),
(7356, 1, 1, 'cleanse,'),
(7271, 1, 1, 'cleanser'),
(7345, 1, 1, 'cleanser,'),
(7262, 1, 1, 'cleanser:'),
(7359, 1, 1, 'cleanses'),
(13449, 1, 1, 'clinically'),
(7361, 1, 1, 'clogging'),
(13478, 1, 1, 'coenzyme'),
(13518, 1, 1, 'coffea'),
(1034, 1, 1, 'coffee'),
(13416, 1, 1, 'collagen'),
(28, 1, 1, 'collection'),
(47, 1, 1, 'color'),
(49, 1, 1, 'color,'),
(32, 1, 1, 'colorful'),
(13532, 1, 1, 'colors'),
(7449, 1, 1, 'colours'),
(7288, 1, 1, 'combination,'),
(13457, 1, 1, 'combine'),
(9423, 1, 1, 'combining'),
(922, 1, 1, 'come'),
(419, 1, 1, 'come!'),
(411, 1, 1, 'come\''),
(227, 1, 1, 'comfort'),
(1706, 1, 1, 'commercial'),
(7298, 1, 1, 'common'),
(7878, 1, 1, 'complete,'),
(9381, 1, 1, 'complex'),
(13512, 1, 1, 'complex):'),
(13477, 1, 1, 'complex,'),
(7312, 1, 1, 'complexion'),
(7473, 1, 1, 'composition:'),
(9377, 1, 1, 'comprehensive'),
(9413, 1, 1, 'concentrate,'),
(7469, 1, 1, 'confirms'),
(1036, 1, 1, 'conquer'),
(8667, 1, 1, 'contains'),
(7467, 1, 1, 'contaminants'),
(7405, 1, 1, 'continue'),
(7321, 1, 1, 'continued'),
(7855, 1, 1, 'convenient'),
(13456, 1, 1, 'copper'),
(13526, 1, 1, 'cordyceps'),
(444, 1, 1, 'corner'),
(18, 1, 1, 'cotton'),
(223, 1, 1, 'cotton,'),
(13458, 1, 1, 'counter'),
(1249, 1, 1, 'cover'),
(13501, 1, 1, 'cream'),
(7260, 1, 1, 'creamy'),
(1257, 1, 1, 'create'),
(1711, 1, 1, 'creative'),
(7474, 1, 1, 'critical'),
(1033, 1, 1, 'cup'),
(23, 1, 1, 'curiosity'),
(1247, 1, 1, 'cushion'),
(1710, 1, 1, 'custom'),
(2637, 1, 1, 'customizable'),
(2638, 1, 1, 'customize'),
(8646, 1, 1, 'cycling,'),
(7380, 1, 1, 'daily'),
(13464, 1, 1, 'damage'),
(7475, 1, 1, 'data'),
(747, 1, 1, 'day'),
(1037, 1, 1, 'day!'),
(7266, 1, 1, 'deep'),
(7413, 1, 1, 'deep,'),
(7276, 1, 1, 'deep-cleaning,'),
(7277, 1, 1, 'deepcleaning,'),
(21, 1, 1, 'delicacy,'),
(8659, 1, 1, 'delicate'),
(7892, 1, 1, 'delicious'),
(7854, 1, 1, 'deliciously'),
(7407, 1, 1, 'deliver'),
(7363, 1, 1, 'delivers'),
(6, 1, 1, 'demo'),
(437, 1, 1, 'depth'),
(53, 1, 1, 'design'),
(26, 1, 1, 'design\''),
(7280, 1, 1, 'designed'),
(428, 1, 1, 'desk'),
(9380, 1, 1, 'detox'),
(9384, 1, 1, 'detox-support'),
(9385, 1, 1, 'detoxsupport'),
(7967, 1, 1, 'development'),
(931, 1, 1, 'diameter'),
(7860, 1, 1, 'difference'),
(7861, 1, 1, 'differencemake'),
(7954, 1, 1, 'differencetake'),
(7882, 1, 1, 'digestion'),
(7304, 1, 1, 'dirt'),
(935, 1, 1, 'dishwasher'),
(937, 1, 1, 'dishwasher-proo'),
(938, 1, 1, 'dishwasherproof'),
(7480, 1, 1, 'disintegration,'),
(7351, 1, 1, 'disrupting'),
(2148, 1, 1, 'doted'),
(2142, 1, 1, 'double'),
(1702, 1, 1, 'download'),
(7294, 1, 1, 'dryness'),
(8635, 1, 1, 'ds™'),
(9398, 1, 1, 'dtx'),
(9375, 1, 1, 'dtx™'),
(13507, 1, 1, 'dullness'),
(13414, 1, 1, 'early'),
(9400, 1, 1, 'easiest'),
(7998, 1, 1, 'easy'),
(8007, 1, 1, 'easy-to-eat'),
(8008, 1, 1, 'easytoeat'),
(7999, 1, 1, 'eat'),
(7492, 1, 1, 'effective'),
(7471, 1, 1, 'efficacy,'),
(13467, 1, 1, 'elasticity'),
(13436, 1, 1, 'elasticity,'),
(7434, 1, 1, 'emollient'),
(9419, 1, 1, 'enabling'),
(13480, 1, 1, 'encapsulated'),
(13415, 1, 1, 'encourage'),
(2134, 1, 1, 'endearing'),
(9388, 1, 1, 'endures'),
(7975, 1, 1, 'energy'),
(13405, 1, 1, 'enhance'),
(7332, 1, 1, 'enhanced'),
(7466, 1, 1, 'ensures'),
(13434, 1, 1, 'environmental'),
(9426, 1, 1, 'equally'),
(7353, 1, 1, 'essential'),
(13446, 1, 1, 'even'),
(13498, 1, 1, 'evening'),
(7476, 1, 1, 'every'),
(13439, 1, 1, 'everyday'),
(22, 1, 1, 'evokes'),
(46, 1, 1, 'exceptional'),
(7305, 1, 1, 'excess'),
(7439, 1, 1, 'exfoliant'),
(7309, 1, 1, 'exfoliants'),
(7366, 1, 1, 'exfoliates'),
(7285, 1, 1, 'exfoliating'),
(7268, 1, 1, 'exfoliating,'),
(7378, 1, 1, 'expect'),
(13441, 1, 1, 'exposure'),
(14, 1, 1, 'extra'),
(7427, 1, 1, 'extract'),
(9409, 1, 1, 'extract,'),
(13470, 1, 1, 'extracts'),
(8637, 1, 1, 'eye'),
(8670, 1, 1, 'eye\'s'),
(8641, 1, 1, 'eye-health'),
(8642, 1, 1, 'eyehealth'),
(7384, 1, 1, 'face'),
(7270, 1, 1, 'facial'),
(7460, 1, 1, 'facilities,'),
(8655, 1, 1, 'far'),
(7891, 1, 1, 'fats'),
(7443, 1, 1, 'fatty'),
(29, 1, 1, 'features'),
(7346, 1, 1, 'featuring'),
(2138, 1, 1, 'feel'),
(7884, 1, 1, 'feeling'),
(13483, 1, 1, 'fewer'),
(7885, 1, 1, 'fibre'),
(7889, 1, 1, 'fibre,'),
(1266, 1, 1, 'filling'),
(13485, 1, 1, 'fine'),
(7391, 1, 1, 'fingers'),
(575, 1, 1, 'finish'),
(13502, 1, 1, 'firmer,'),
(13437, 1, 1, 'firming,'),
(8, 1, 1, 'fit,'),
(7894, 1, 1, 'flavours'),
(7261, 1, 1, 'foam'),
(7398, 1, 1, 'focusing'),
(7987, 1, 1, 'folate,'),
(13499, 1, 1, 'follow'),
(7863, 1, 1, 'food'),
(7464, 1, 1, 'for:'),
(7399, 1, 1, 'forehead,'),
(1700, 1, 1, 'format:'),
(13433, 1, 1, 'forming'),
(7393, 1, 1, 'forms'),
(7315, 1, 1, 'formula'),
(7968, 1, 1, 'formulated'),
(7370, 1, 1, 'formulation'),
(1246, 1, 1, 'fox'),
(434, 1, 1, 'frame'),
(412, 1, 1, 'framed'),
(7324, 1, 1, 'free'),
(7410, 1, 1, 'frequently'),
(7322, 1, 1, 'fresh,'),
(7964, 1, 1, 'friendly'),
(7447, 1, 1, 'from:'),
(9415, 1, 1, 'fruit'),
(13525, 1, 1, 'fuciformis'),
(7876, 1, 1, 'fuels'),
(7336, 1, 1, 'full'),
(8002, 1, 1, 'fun'),
(7981, 1, 1, 'function'),
(7974, 1, 1, 'function,'),
(7308, 1, 1, 'gentle'),
(7284, 1, 1, 'gentle,'),
(7365, 1, 1, 'gently'),
(7283, 1, 1, 'get'),
(420, 1, 1, 'give'),
(7350, 1, 1, 'gives'),
(13432, 1, 1, 'giving'),
(7342, 1, 1, 'glow'),
(13422, 1, 1, 'glowing'),
(7431, 1, 1, 'glycerin:'),
(7871, 1, 1, 'goals'),
(746, 1, 1, 'good'),
(443, 1, 1, 'graphic'),
(1699, 1, 1, 'graphic,'),
(1698, 1, 1, 'graphics'),
(427, 1, 1, 'great'),
(9407, 1, 1, 'green'),
(9433, 1, 1, 'green-tea'),
(9434, 1, 1, 'greentea'),
(7980, 1, 1, 'growing'),
(7966, 1, 1, 'growth'),
(2141, 1, 1, 'gsm'),
(50, 1, 1, 'guaranteed'),
(2124, 1, 1, 'hard'),
(9431, 1, 1, 'hard-working'),
(9432, 1, 1, 'hardworking'),
(13515, 1, 1, 'hcl'),
(7961, 1, 1, 'health'),
(8657, 1, 1, 'healthhealth'),
(13453, 1, 1, 'healthier,'),
(7881, 1, 1, 'healthy'),
(13427, 1, 1, 'healthy,'),
(933, 1, 1, 'height'),
(7867, 1, 1, 'help'),
(7440, 1, 1, 'helps'),
(9374, 1, 1, 'hepasil'),
(13514, 1, 1, 'hexapeptide'),
(13546, 1, 1, 'hexapeptide-48'),
(13547, 1, 1, 'hexapeptide48'),
(13492, 1, 1, 'higher'),
(8645, 1, 1, 'hiking,'),
(939, 1, 1, 'home'),
(7433, 1, 1, 'humectant'),
(1, 1, 1, 'hummingbird'),
(9417, 1, 1, 'hybrid'),
(7291, 1, 1, 'hydrate'),
(13403, 1, 1, 'hydrate,'),
(7273, 1, 1, 'hydrated'),
(7278, 1, 1, 'hydrated-lookin'),
(7279, 1, 1, 'hydratedlooking'),
(7435, 1, 1, 'hydrates'),
(7263, 1, 1, 'hydrating'),
(7364, 1, 1, 'hydration'),
(7318, 1, 1, 'hydration,'),
(1267, 1, 1, 'hypoallergenic'),
(2131, 1, 1, 'ideas'),
(7468, 1, 1, 'identity:'),
(1713, 1, 1, 'illustration'),
(7973, 1, 1, 'immune'),
(9427, 1, 1, 'important-nutri'),
(9440, 1, 1, 'importantnutrie'),
(7441, 1, 1, 'improve'),
(7331, 1, 1, 'improved'),
(7325, 1, 1, 'impurities,'),
(9379, 1, 1, 'incelligence'),
(7984, 1, 1, 'includes'),
(9406, 1, 1, 'including'),
(9425, 1, 1, 'incompatible-bu'),
(9439, 1, 1, 'incompatiblebut'),
(13488, 1, 1, 'increases'),
(2130, 1, 1, 'ingenious'),
(7470, 1, 1, 'ingredient\'s'),
(13451, 1, 1, 'ingredients'),
(225, 1, 1, 'inner'),
(34, 1, 1, 'inspired'),
(1261, 1, 1, 'inspires'),
(8669, 1, 1, 'integrity'),
(1250, 1, 1, 'invisible'),
(13494, 1, 1, 'irritating'),
(2644, 1, 1, 'it\'s'),
(36, 1, 1, 'japanese'),
(40, 1, 1, 'jeans'),
(24, 1, 1, 'joy'),
(7883, 1, 1, 'keep'),
(9390, 1, 1, 'keeping'),
(7874, 1, 1, 'key'),
(7963, 1, 1, 'kid'),
(8005, 1, 1, 'kid-friendly'),
(8006, 1, 1, 'kidfriendly'),
(7957, 1, 1, 'kids'),
(7486, 1, 1, 'label'),
(7408, 1, 1, 'lasting'),
(7340, 1, 1, 'lasting,'),
(13487, 1, 1, 'latest'),
(7392, 1, 1, 'lather'),
(7303, 1, 1, 'lathers'),
(7437, 1, 1, 'lauric'),
(9429, 1, 1, 'layer'),
(13473, 1, 1, 'learn'),
(7458, 1, 1, 'leave'),
(8671, 1, 1, 'lens'),
(7429, 1, 1, 'lentil'),
(7418, 1, 1, 'less'),
(7976, 1, 1, 'levels,'),
(8649, 1, 1, 'lifestyle'),
(20, 1, 1, 'lightness'),
(7301, 1, 1, 'lightweight'),
(2139, 1, 1, 'like'),
(8650, 1, 1, 'likely'),
(1719, 1, 1, 'limitation'),
(13486, 1, 1, 'lines'),
(13505, 1, 1, 'lines,'),
(13481, 1, 1, 'liposomal'),
(9378, 1, 1, 'liver'),
(9382, 1, 1, 'liver-support'),
(9383, 1, 1, 'liversupport'),
(7419, 1, 1, 'locked'),
(7510, 1, 1, 'locked-in'),
(7511, 1, 1, 'lockedin'),
(15, 1, 1, 'long'),
(7499, 1, 1, 'long-term'),
(7500, 1, 1, 'longterm'),
(426, 1, 1, 'look'),
(7274, 1, 1, 'looking'),
(8639, 1, 1, 'lutein,'),
(7302, 1, 1, 'luxurious'),
(1263, 1, 1, 'machine'),
(13, 1, 1, 'made'),
(7990, 1, 1, 'magnesium,'),
(8663, 1, 1, 'maintain'),
(2137, 1, 1, 'make'),
(7292, 1, 1, 'makeup'),
(7326, 1, 1, 'makeup,'),
(9420, 1, 1, 'manufacture'),
(2135, 1, 1, 'manufacturing'),
(7386, 1, 1, 'massage'),
(13454, 1, 1, 'matrix'),
(415, 1, 1, 'matt'),
(2646, 1, 1, 'maximum'),
(7850, 1, 1, 'meal'),
(7858, 1, 1, 'meal-replacemen'),
(7859, 1, 1, 'mealreplacement'),
(7281, 1, 1, 'meet'),
(52, 1, 1, 'men'),
(2642, 1, 1, 'message,'),
(9410, 1, 1, 'milk'),
(9435, 1, 1, 'milk-thistle'),
(9436, 1, 1, 'milkthistle'),
(7451, 1, 1, 'mineral'),
(7945, 1, 1, 'mineral,'),
(7971, 1, 1, 'minerals,'),
(7329, 1, 1, 'minimised'),
(13444, 1, 1, 'minimization'),
(1258, 1, 1, 'modern'),
(7333, 1, 1, 'moisture'),
(7420, 1, 1, 'moisture:'),
(7360, 1, 1, 'moisturises'),
(13500, 1, 1, 'moisturizer'),
(1136, 1, 1, 'mood!'),
(2641, 1, 1, 'mood,'),
(1135, 1, 1, 'morning'),
(13497, 1, 1, 'motions'),
(7397, 1, 1, 'motions,'),
(1245, 1, 1, 'mountain'),
(7950, 1, 1, 'mths'),
(921, 1, 1, 'mug'),
(924, 1, 1, 'mug,'),
(7314, 1, 1, 'multi'),
(7495, 1, 1, 'multi-use'),
(7496, 1, 1, 'multiuse'),
(9396, 1, 1, 'natural'),
(7395, 1, 1, 'neck'),
(10, 1, 1, 'neckline,'),
(7959, 1, 1, 'need'),
(7282, 1, 1, 'needs'),
(7369, 1, 1, 'new'),
(7382, 1, 1, 'night)'),
(1705, 1, 1, 'non'),
(1708, 1, 1, 'non-commercial'),
(1709, 1, 1, 'noncommercial'),
(7960, 1, 1, 'normal'),
(7287, 1, 1, 'normal,'),
(7400, 1, 1, 'nose,'),
(2121, 1, 1, 'notebook'),
(7362, 1, 1, 'nourishing'),
(7313, 1, 1, 'nourishing,'),
(7373, 1, 1, 'now'),
(2647, 1, 1, 'number'),
(7958, 1, 1, 'nutrients'),
(7845, 1, 1, 'nutrimeal'),
(7979, 1, 1, 'nutritional'),
(7856, 1, 1, 'nutritionally'),
(7865, 1, 1, 'offers'),
(431, 1, 1, 'office'),
(7327, 1, 1, 'oil'),
(7306, 1, 1, 'oil,'),
(7289, 1, 1, 'oily'),
(7430, 1, 1, 'olive'),
(9437, 1, 1, 'olive-fruit'),
(9438, 1, 1, 'olivefruit'),
(9414, 1, 1, 'olivol'),
(7316, 1, 1, 'olivol24'),
(7349, 1, 1, 'olivol24,'),
(7425, 1, 1, 'olivol24:'),
(9428, 1, 1, 'one'),
(7390, 1, 1, 'onto'),
(429, 1, 1, 'open'),
(438, 1, 1, 'open-space'),
(439, 1, 1, 'openspace'),
(7886, 1, 1, 'optimal'),
(8674, 1, 1, 'optimisers'),
(424, 1, 1, 'optimistic'),
(2128, 1, 1, 'option'),
(9393, 1, 1, 'organ'),
(37, 1, 1, 'origamis'),
(8648, 1, 1, 'outdoor'),
(51, 1, 1, 'overtime'),
(8662, 1, 1, 'oxidation'),
(2069, 1, 1, 'pack'),
(7372, 1, 1, 'packaging'),
(2150, 1, 1, 'pages'),
(432, 1, 1, 'painted'),
(8653, 1, 1, 'pair'),
(7442, 1, 1, 'palmitic'),
(13513, 1, 1, 'palmitoyl'),
(416, 1, 1, 'paper'),
(7450, 1, 1, 'parabens'),
(436, 1, 1, 'partout'),
(435, 1, 1, 'passe'),
(440, 1, 1, 'passe-partout'),
(441, 1, 1, 'passepartout'),
(33, 1, 1, 'patterns,'),
(7387, 1, 1, 'pea'),
(7505, 1, 1, 'pea-sized'),
(7506, 1, 1, 'peasized'),
(13401, 1, 1, 'peptide'),
(13489, 1, 1, 'percentage'),
(7375, 1, 1, 'perfect'),
(1703, 1, 1, 'personal,'),
(7453, 1, 1, 'phenoxyethanol'),
(8661, 1, 1, 'photo'),
(8672, 1, 1, 'photo-oxidation'),
(13472, 1, 1, 'photoaging'),
(13509, 1, 1, 'photodamage,'),
(8673, 1, 1, 'photooxidation'),
(7452, 1, 1, 'phthalates'),
(9405, 1, 1, 'phytochemicals,'),
(8638, 1, 1, 'phytonutrient'),
(17, 1, 1, 'pima'),
(2146, 1, 1, 'plain'),
(7879, 1, 1, 'plant'),
(7897, 1, 1, 'plant-based'),
(7898, 1, 1, 'plantbased'),
(13510, 1, 1, 'plump'),
(7423, 1, 1, 'plumper,'),
(1268, 1, 1, 'polyester'),
(27, 1, 1, 'polyfaune'),
(13443, 1, 1, 'pore'),
(7330, 1, 1, 'pores'),
(7417, 1, 1, 'pores,'),
(928, 1, 1, 'positive'),
(413, 1, 1, 'poster'),
(7484, 1, 1, 'potency'),
(7873, 1, 1, 'power'),
(13400, 1, 1, 'powerful'),
(13448, 1, 1, 'powerful,'),
(7335, 1, 1, 'prepares'),
(7436, 1, 1, 'preps'),
(9424, 1, 1, 'previously'),
(2, 1, 1, 'printed'),
(43, 1, 1, 'printing'),
(1704, 1, 1, 'private'),
(7300, 1, 1, 'problems'),
(44, 1, 1, 'process'),
(9397, 1, 1, 'processes'),
(7489, 1, 1, 'product'),
(31, 1, 1, 'products'),
(1712, 1, 1, 'project?'),
(7367, 1, 1, 'promote'),
(13430, 1, 1, 'promotes'),
(936, 1, 1, 'proof'),
(8658, 1, 1, 'protect'),
(9403, 1, 1, 'protective'),
(7849, 1, 1, 'protein'),
(7890, 1, 1, 'protein,'),
(7483, 1, 1, 'proves'),
(45, 1, 1, 'provides'),
(13495, 1, 1, 'pumps'),
(7357, 1, 1, 'purify,'),
(7465, 1, 1, 'purity:'),
(1715, 1, 1, 'purpose'),
(13479, 1, 1, 'q10,'),
(2136, 1, 1, 'quality'),
(7862, 1, 1, 'quick,'),
(2643, 1, 1, 'quote'),
(13421, 1, 1, 'radiance'),
(7424, 1, 1, 'radiant'),
(13406, 1, 1, 'radiant,'),
(7969, 1, 1, 'range'),
(7887, 1, 1, 'ratio'),
(7868, 1, 1, 'reach'),
(13418, 1, 1, 'rebuilds'),
(7374, 1, 1, 'recyclable'),
(2125, 1, 1, 'recycled'),
(13504, 1, 1, 'reduced'),
(13412, 1, 1, 'reduces'),
(13471, 1, 1, 'reducing'),
(7272, 1, 1, 'refreshed,'),
(7, 1, 1, 'regular'),
(7406, 1, 1, 'regularly,'),
(7870, 1, 1, 'related'),
(1262, 1, 1, 'relaxation'),
(1248, 1, 1, 'removable'),
(48, 1, 1, 'rendering'),
(13463, 1, 1, 'renewal'),
(7851, 1, 1, 'replacement'),
(7358, 1, 1, 'replenish'),
(7411, 1, 1, 'report:'),
(13438, 1, 1, 'resilience'),
(7320, 1, 1, 'resilient'),
(7497, 1, 1, 'resilient-looki'),
(7498, 1, 1, 'resilientlookin'),
(13452, 1, 1, 'restore'),
(13420, 1, 1, 'restores'),
(7422, 1, 1, 'resulting'),
(7334, 1, 1, 'retention'),
(8664, 1, 1, 'retina'),
(8652, 1, 1, 'retinas'),
(13531, 1, 1, 'retinol),'),
(7310, 1, 1, 'reveal'),
(13404, 1, 1, 'revitalize,'),
(927, 1, 1, 'right'),
(414, 1, 1, 'rigid'),
(7403, 1, 1, 'rinse'),
(9, 1, 1, 'round'),
(7337, 1, 1, 'routine'),
(2149, 1, 1, 'ruled'),
(7491, 1, 1, 'safe'),
(9422, 1, 1, 'safely'),
(7481, 1, 1, 'safety'),
(7472, 1, 1, 'safety,'),
(7487, 1, 1, 'safety:'),
(9389, 1, 1, 'sake'),
(7461, 1, 1, 'science'),
(7514, 1, 1, 'science-backed'),
(7515, 1, 1, 'sciencebacked'),
(13521, 1, 1, 'seed'),
(13402, 1, 1, 'serum'),
(13395, 1, 1, 'serum:'),
(7864, 1, 1, 'serving'),
(1035, 1, 1, 'set'),
(7852, 1, 1, 'shake'),
(7866, 1, 1, 'shakes'),
(8004, 1, 1, 'shapes'),
(2123, 1, 1, 'sheets'),
(3, 1, 1, 'shirt'),
(11, 1, 1, 'short'),
(226, 1, 1, 'side'),
(13413, 1, 1, 'signs'),
(13527, 1, 1, 'sinensis'),
(1718, 1, 1, 'size'),
(7388, 1, 1, 'sized'),
(7275, 1, 1, 'skin'),
(7352, 1, 1, 'skin\'s'),
(13503, 1, 1, 'skin:'),
(7299, 1, 1, 'skincare'),
(12, 1, 1, 'sleeves'),
(7416, 1, 1, 'smaller'),
(417, 1, 1, 'smooth'),
(7311, 1, 1, 'smoother'),
(13445, 1, 1, 'smoother,'),
(7493, 1, 1, 'smoother-lookin'),
(7494, 1, 1, 'smootherlooking'),
(7269, 1, 1, 'smoothing'),
(1254, 1, 1, 'sofa,'),
(7421, 1, 1, 'soft'),
(7445, 1, 1, 'softens'),
(13425, 1, 1, 'source-your'),
(13533, 1, 1, 'sourceyour'),
(7847, 1, 1, 'soy'),
(430, 1, 1, 'space'),
(2143, 1, 1, 'spiral'),
(7348, 1, 1, 'squalane'),
(2147, 1, 1, 'squared'),
(8001, 1, 1, 'stamped'),
(7455, 1, 1, 'standards'),
(9399, 1, 1, 'standout'),
(16, 1, 1, 'staple'),
(926, 1, 1, 'start'),
(7459, 1, 1, 'state'),
(7512, 1, 1, 'state-of-the-ar'),
(7513, 1, 1, 'stateoftheart'),
(2145, 1, 1, 'stationery'),
(13466, 1, 1, 'stimulates'),
(7482, 1, 1, 'strength:'),
(13465, 1, 1, 'strengthening'),
(13419, 1, 1, 'strengthens'),
(13435, 1, 1, 'stressors'),
(7993, 1, 1, 'strong'),
(8668, 1, 1, 'structure'),
(13450, 1, 1, 'studied'),
(25, 1, 1, 'studio'),
(41, 1, 1, 'sublimation'),
(7347, 1, 1, 'sugar'),
(13440, 1, 1, 'sun'),
(8654, 1, 1, 'sunglasses'),
(7432, 1, 1, 'super'),
(13476, 1, 1, 'superfood'),
(7454, 1, 1, 'superior'),
(7947, 1, 1, 'supplement'),
(7965, 1, 1, 'supplements'),
(7290, 1, 1, 'support'),
(1716, 1, 1, 'support,'),
(7992, 1, 1, 'supporting'),
(7446, 1, 1, 'supports'),
(418, 1, 1, 'surface'),
(1701, 1, 1, 'svg'),
(221, 1, 1, 'sweater'),
(13496, 1, 1, 'sweeping'),
(8647, 1, 1, 'swimming,'),
(19, 1, 1, 'symbol'),
(13508, 1, 1, 'symptoms'),
(13417, 1, 1, 'synthesis'),
(4, 1, 1, 't-shirt'),
(7508, 1, 1, 't-zone'),
(9430, 1, 1, 'tablet'),
(7293, 1, 1, 'tackle'),
(13423, 1, 1, 'targets'),
(9408, 1, 1, 'tea'),
(9418, 1, 1, 'technology,'),
(7995, 1, 1, 'teeth'),
(7338, 1, 1, 'term'),
(7463, 1, 1, 'tested'),
(2639, 1, 1, 'text'),
(42, 1, 1, 'textile'),
(7296, 1, 1, 'texture'),
(7412, 1, 1, 'texture:'),
(7490, 1, 1, 'that\'s'),
(7996, 1, 1, 'thiamin,'),
(7479, 1, 1, 'thickness,'),
(9411, 1, 1, 'thistle'),
(7414, 1, 1, 'thorough'),
(929, 1, 1, 'thought'),
(7877, 1, 1, 'throughout'),
(8660, 1, 1, 'tissues'),
(745, 1, 1, 'today'),
(7368, 1, 1, 'tone'),
(1134, 1, 1, 'touch'),
(9391, 1, 1, 'toxins'),
(35, 1, 1, 'traditional'),
(7376, 1, 1, 'travel'),
(2133, 1, 1, 'traveling,'),
(13524, 1, 1, 'tremella'),
(13462, 1, 1, 'tripeptide'),
(13539, 1, 1, 'tripeptide-1'),
(13544, 1, 1, 'tripeptide-38'),
(13540, 1, 1, 'tripeptide1'),
(13545, 1, 1, 'tripeptide38'),
(5, 1, 1, 'tshirt'),
(13411, 1, 1, 'turnover'),
(13431, 1, 1, 'turnover,'),
(7379, 1, 1, 'twice'),
(13442, 1, 1, 'types'),
(7509, 1, 1, 'tzone'),
(7295, 1, 1, 'uneven'),
(9421, 1, 1, 'unique'),
(7516, 1, 1, 'usana'),
(8656, 1, 1, 'usana\'s'),
(7962, 1, 1, 'usanimals'),
(7942, 1, 1, 'usanimals™'),
(1707, 1, 1, 'use'),
(1714, 1, 1, 'used'),
(7409, 1, 1, 'users'),
(13468, 1, 1, 'uses'),
(7307, 1, 1, 'using'),
(9416, 1, 1, 'utilises'),
(7893, 1, 1, 'vanilla'),
(1697, 1, 1, 'vector'),
(7488, 1, 1, 'verifies'),
(13428, 1, 1, 'vibrant'),
(7319, 1, 1, 'vibrant,'),
(13535, 1, 1, 'vibrant-looking'),
(13536, 1, 1, 'vibrantlooking'),
(13424, 1, 1, 'visible'),
(7328, 1, 1, 'visibly'),
(8634, 1, 1, 'visionex'),
(13394, 1, 1, 'vitalizing'),
(7991, 1, 1, 'vitamin'),
(7944, 1, 1, 'vitamin,'),
(7982, 1, 1, 'vitamins'),
(7970, 1, 1, 'vitamins,'),
(422, 1, 1, 'voice'),
(7955, 1, 1, 'walk'),
(421, 1, 1, 'walls'),
(7404, 1, 1, 'warm'),
(7264, 1, 1, 'wash'),
(1264, 1, 1, 'washable'),
(7385, 1, 1, 'water'),
(7426, 1, 1, 'watermelon'),
(9401, 1, 1, 'way'),
(38, 1, 1, 'wear'),
(7869, 1, 1, 'weight'),
(7478, 1, 1, 'weight,'),
(7895, 1, 1, 'weight-related'),
(7896, 1, 1, 'weightrelated'),
(13475, 1, 1, 'well'),
(7383, 1, 1, 'wet'),
(8643, 1, 1, 'whether'),
(54, 1, 1, 'white'),
(7956, 1, 1, 'wild'),
(425, 1, 1, 'will'),
(1717, 1, 1, 'without'),
(228, 1, 1, 'women'),
(433, 1, 1, 'wooden'),
(2132, 1, 1, 'work,'),
(9392, 1, 1, 'working'),
(7355, 1, 1, 'works'),
(9386, 1, 1, 'wouldn\'t'),
(13484, 1, 1, 'wrinkles'),
(13506, 1, 1, 'wrinkles,'),
(2129, 1, 1, 'write'),
(2140, 1, 1, 'writing!'),
(7457, 1, 1, 'years'),
(410, 1, 1, 'yet'),
(2645, 1, 1, 'you!'),
(8644, 1, 1, 'you\'re'),
(7341, 1, 1, 'youthful'),
(13407, 1, 1, 'youthful-lookin'),
(13408, 1, 1, 'youthfullooking'),
(7951, 1, 1, 'yrs'),
(8665, 1, 1, 'zeaxanthin,'),
(1259, 1, 1, 'zen'),
(7983, 1, 1, 'zinc'),
(8640, 1, 1, 'zinc,'),
(1251, 1, 1, 'zip'),
(7402, 1, 1, 'zone'),
(5373, 2, 1, '---'),
(3658, 2, 1, '043kg'),
(2946, 2, 1, '100%'),
(4846, 2, 1, '120'),
(4851, 2, 1, '16x22cm'),
(3649, 2, 1, '325ml'),
(3977, 2, 1, '32x32cm'),
(3171, 2, 1, '40x60cm'),
(3169, 2, 1, '60x90cm'),
(3989, 2, 1, '60°'),
(3170, 2, 1, '80x120cm'),
(3654, 2, 1, '82cm'),
(3656, 2, 1, '95cm'),
(3664, 2, 1, 'accessories'),
(3857, 2, 1, 'add'),
(3297, 2, 1, 'adventure'),
(3147, 2, 1, 'aesthethic,'),
(3979, 2, 1, 'armchair'),
(3166, 2, 1, 'art'),
(3984, 2, 1, 'atmosphere'),
(3976, 2, 1, 'back'),
(4122, 2, 1, 'bear'),
(3980, 2, 1, 'bed'),
(3298, 2, 1, 'begins'),
(3133, 2, 1, 'best'),
(4868, 2, 1, 'binding'),
(2779, 2, 1, 'black'),
(4121, 2, 1, 'brown'),
(2948, 2, 1, 'brushed'),
(4850, 2, 1, 'cardboard'),
(3647, 2, 1, 'ceramic'),
(5372, 2, 1, 'characters:'),
(2763, 2, 1, 'chino'),
(5364, 2, 1, 'choice'),
(2754, 2, 1, 'classic'),
(3758, 2, 1, 'coffee'),
(2752, 2, 1, 'collection'),
(2771, 2, 1, 'color'),
(2773, 2, 1, 'color,'),
(2756, 2, 1, 'colorful'),
(3646, 2, 1, 'come'),
(3143, 2, 1, 'come!'),
(3135, 2, 1, 'come\''),
(2951, 2, 1, 'comfort'),
(4430, 2, 1, 'commercial'),
(3760, 2, 1, 'conquer'),
(3168, 2, 1, 'corner'),
(2742, 2, 1, 'cotton'),
(2947, 2, 1, 'cotton,'),
(3973, 2, 1, 'cover'),
(3981, 2, 1, 'create'),
(4435, 2, 1, 'creative'),
(3757, 2, 1, 'cup'),
(2747, 2, 1, 'curiosity'),
(3971, 2, 1, 'cushion'),
(4434, 2, 1, 'custom'),
(5361, 2, 1, 'customizable'),
(5362, 2, 1, 'customize'),
(3471, 2, 1, 'day'),
(3761, 2, 1, 'day!'),
(2745, 2, 1, 'delicacy,'),
(2730, 2, 1, 'demo'),
(3161, 2, 1, 'depth'),
(2777, 2, 1, 'design'),
(2750, 2, 1, 'design\''),
(3152, 2, 1, 'desk'),
(3655, 2, 1, 'diameter'),
(3659, 2, 1, 'dishwasher'),
(3661, 2, 1, 'dishwasher-proo'),
(3662, 2, 1, 'dishwasherproof'),
(4872, 2, 1, 'doted'),
(4866, 2, 1, 'double'),
(4426, 2, 1, 'download'),
(4858, 2, 1, 'endearing'),
(2746, 2, 1, 'evokes'),
(2770, 2, 1, 'exceptional'),
(2738, 2, 1, 'extra'),
(2753, 2, 1, 'features'),
(4862, 2, 1, 'feel'),
(3990, 2, 1, 'filling'),
(3299, 2, 1, 'finish'),
(2732, 2, 1, 'fit,'),
(4424, 2, 1, 'format:'),
(3970, 2, 1, 'fox'),
(3158, 2, 1, 'frame'),
(3136, 2, 1, 'framed'),
(3144, 2, 1, 'give'),
(3470, 2, 1, 'good'),
(3167, 2, 1, 'graphic'),
(4423, 2, 1, 'graphic,'),
(4422, 2, 1, 'graphics'),
(3151, 2, 1, 'great'),
(4865, 2, 1, 'gsm'),
(2774, 2, 1, 'guaranteed'),
(4848, 2, 1, 'hard'),
(3657, 2, 1, 'height'),
(3663, 2, 1, 'home'),
(2725, 2, 1, 'hummingbird'),
(3991, 2, 1, 'hypoallergenic'),
(4855, 2, 1, 'ideas'),
(4437, 2, 1, 'illustration'),
(4854, 2, 1, 'ingenious'),
(2949, 2, 1, 'inner'),
(2758, 2, 1, 'inspired'),
(3985, 2, 1, 'inspires'),
(3974, 2, 1, 'invisible'),
(5368, 2, 1, 'it\'s'),
(2760, 2, 1, 'japanese'),
(2764, 2, 1, 'jeans'),
(2748, 2, 1, 'joy'),
(2744, 2, 1, 'lightness'),
(4863, 2, 1, 'like'),
(4443, 2, 1, 'limitation'),
(2739, 2, 1, 'long'),
(3150, 2, 1, 'look'),
(3987, 2, 1, 'machine'),
(2737, 2, 1, 'made'),
(4861, 2, 1, 'make'),
(4859, 2, 1, 'manufacturing'),
(3139, 2, 1, 'matt'),
(5370, 2, 1, 'maximum'),
(2776, 2, 1, 'men'),
(5366, 2, 1, 'message,'),
(3982, 2, 1, 'modern'),
(3860, 2, 1, 'mood!'),
(5365, 2, 1, 'mood,'),
(3859, 2, 1, 'morning'),
(3969, 2, 1, 'mountain'),
(3645, 2, 1, 'mug'),
(3648, 2, 1, 'mug,'),
(2734, 2, 1, 'neckline,'),
(4429, 2, 1, 'non'),
(4432, 2, 1, 'non-commercial'),
(4433, 2, 1, 'noncommercial'),
(4845, 2, 1, 'notebook'),
(5371, 2, 1, 'number'),
(3155, 2, 1, 'office'),
(3153, 2, 1, 'open'),
(3162, 2, 1, 'open-space'),
(3163, 2, 1, 'openspace'),
(3148, 2, 1, 'optimistic'),
(4852, 2, 1, 'option'),
(2761, 2, 1, 'origamis'),
(2775, 2, 1, 'overtime'),
(4793, 2, 1, 'pack'),
(4874, 2, 1, 'pages'),
(3156, 2, 1, 'painted'),
(3140, 2, 1, 'paper'),
(3160, 2, 1, 'partout'),
(3159, 2, 1, 'passe'),
(3164, 2, 1, 'passe-partout'),
(3165, 2, 1, 'passepartout'),
(2757, 2, 1, 'patterns,'),
(4427, 2, 1, 'personal,'),
(2741, 2, 1, 'pima'),
(4870, 2, 1, 'plain'),
(3992, 2, 1, 'polyester'),
(2751, 2, 1, 'polyfaune'),
(3652, 2, 1, 'positive'),
(3137, 2, 1, 'poster'),
(2726, 2, 1, 'printed'),
(2767, 2, 1, 'printing'),
(4428, 2, 1, 'private'),
(2768, 2, 1, 'process'),
(2755, 2, 1, 'products'),
(4436, 2, 1, 'project?'),
(3660, 2, 1, 'proof'),
(2769, 2, 1, 'provides'),
(4439, 2, 1, 'purpose'),
(4860, 2, 1, 'quality'),
(5367, 2, 1, 'quote'),
(4849, 2, 1, 'recycled'),
(2731, 2, 1, 'regular'),
(3986, 2, 1, 'relaxation'),
(3972, 2, 1, 'removable'),
(2772, 2, 1, 'rendering'),
(3651, 2, 1, 'right'),
(3138, 2, 1, 'rigid'),
(2733, 2, 1, 'round'),
(4873, 2, 1, 'ruled'),
(3759, 2, 1, 'set'),
(4847, 2, 1, 'sheets'),
(2727, 2, 1, 'shirt'),
(2735, 2, 1, 'short'),
(2950, 2, 1, 'side'),
(4442, 2, 1, 'size'),
(2736, 2, 1, 'sleeves'),
(3141, 2, 1, 'smooth'),
(3978, 2, 1, 'sofa,'),
(3154, 2, 1, 'space'),
(4867, 2, 1, 'spiral'),
(4871, 2, 1, 'squared'),
(2740, 2, 1, 'staple'),
(3650, 2, 1, 'start'),
(4869, 2, 1, 'stationery'),
(2749, 2, 1, 'studio'),
(2765, 2, 1, 'sublimation'),
(4440, 2, 1, 'support,'),
(3142, 2, 1, 'surface'),
(4425, 2, 1, 'svg'),
(2945, 2, 1, 'sweater'),
(2743, 2, 1, 'symbol'),
(2728, 2, 1, 't-shirt'),
(5363, 2, 1, 'text'),
(2766, 2, 1, 'textile'),
(3653, 2, 1, 'thought'),
(3469, 2, 1, 'today'),
(3858, 2, 1, 'touch'),
(2759, 2, 1, 'traditional'),
(4857, 2, 1, 'traveling,'),
(2729, 2, 1, 'tshirt'),
(4431, 2, 1, 'use'),
(4438, 2, 1, 'used'),
(4421, 2, 1, 'vector'),
(3146, 2, 1, 'voice'),
(3145, 2, 1, 'walls'),
(3988, 2, 1, 'washable'),
(2762, 2, 1, 'wear'),
(2778, 2, 1, 'white'),
(3149, 2, 1, 'will'),
(4441, 2, 1, 'without'),
(2952, 2, 1, 'women'),
(3157, 2, 1, 'wooden'),
(4856, 2, 1, 'work,'),
(4853, 2, 1, 'write'),
(4864, 2, 1, 'writing!'),
(3134, 2, 1, 'yet'),
(5369, 2, 1, 'you!'),
(3983, 2, 1, 'zen'),
(3975, 2, 1, 'zip'),
(2671, 1, 2, '---'),
(962, 1, 2, '043kg'),
(269, 1, 2, '100%'),
(8022, 1, 2, '105'),
(5660, 1, 2, '1093'),
(5661, 1, 2, '1094'),
(5662, 1, 2, '1095'),
(5663, 1, 2, '1096'),
(8692, 1, 2, '113'),
(2164, 1, 2, '120'),
(9469, 1, 2, '135'),
(2169, 1, 2, '16x22cm'),
(7919, 1, 2, '259'),
(953, 1, 2, '325ml'),
(1291, 1, 2, '32x32cm'),
(7534, 1, 2, '333'),
(14564, 1, 2, '339'),
(488, 1, 2, '40x60cm'),
(486, 1, 2, '60x90cm'),
(1303, 1, 2, '60°'),
(487, 1, 2, '80x120cm'),
(958, 1, 2, '82cm'),
(960, 1, 2, '95cm'),
(968, 1, 2, 'accessories'),
(7912, 1, 2, 'active'),
(1161, 1, 2, 'add'),
(616, 1, 2, 'adventure'),
(464, 1, 2, 'aesthethic,'),
(13681, 1, 2, 'aging'),
(13680, 1, 2, 'anti'),
(13683, 1, 2, 'anti-aging'),
(13684, 1, 2, 'antiaging'),
(1293, 1, 2, 'armchair'),
(483, 1, 2, 'art'),
(1298, 1, 2, 'atmosphere'),
(1290, 1, 2, 'back'),
(1436, 1, 2, 'bear'),
(1294, 1, 2, 'bed'),
(617, 1, 2, 'begins'),
(450, 1, 2, 'best'),
(2186, 1, 2, 'binding'),
(110, 1, 2, 'black'),
(1435, 1, 2, 'brown'),
(271, 1, 2, 'brushed'),
(2168, 1, 2, 'cardboard'),
(7528, 1, 2, 'celavive'),
(951, 1, 2, 'ceramic'),
(2670, 1, 2, 'characters:'),
(94, 1, 2, 'chino'),
(7914, 1, 2, 'chocolate'),
(2662, 1, 2, 'choice'),
(85, 1, 2, 'classic'),
(7531, 1, 2, 'cleanser:'),
(1059, 1, 2, 'coffee'),
(83, 1, 2, 'collection'),
(102, 1, 2, 'color'),
(104, 1, 2, 'color,'),
(87, 1, 2, 'colorful'),
(950, 1, 2, 'come'),
(460, 1, 2, 'come!'),
(452, 1, 2, 'come\''),
(274, 1, 2, 'comfort'),
(1736, 1, 2, 'commercial'),
(1061, 1, 2, 'conquer'),
(485, 1, 2, 'corner'),
(73, 1, 2, 'cotton'),
(270, 1, 2, 'cotton,'),
(1287, 1, 2, 'cover'),
(7529, 1, 2, 'creamy'),
(1295, 1, 2, 'create'),
(1741, 1, 2, 'creative'),
(1058, 1, 2, 'cup'),
(78, 1, 2, 'curiosity'),
(1285, 1, 2, 'cushion'),
(1740, 1, 2, 'custom'),
(2659, 1, 2, 'customizable'),
(2660, 1, 2, 'customize'),
(791, 1, 2, 'day'),
(1062, 1, 2, 'day!'),
(76, 1, 2, 'delicacy,'),
(61, 1, 2, 'demo'),
(478, 1, 2, 'depth'),
(108, 1, 2, 'design'),
(81, 1, 2, 'design\''),
(469, 1, 2, 'desk'),
(9471, 1, 2, 'detox'),
(959, 1, 2, 'diameter'),
(9470, 1, 2, 'digestion'),
(963, 1, 2, 'dishwasher'),
(965, 1, 2, 'dishwasher-proo'),
(966, 1, 2, 'dishwasherproof'),
(2190, 1, 2, 'doted'),
(2184, 1, 2, 'double'),
(1732, 1, 2, 'download'),
(8691, 1, 2, 'ds™'),
(9468, 1, 2, 'dtx™'),
(2176, 1, 2, 'endearing'),
(77, 1, 2, 'evokes'),
(101, 1, 2, 'exceptional'),
(69, 1, 2, 'extra'),
(84, 1, 2, 'features'),
(2180, 1, 2, 'feel'),
(1304, 1, 2, 'filling'),
(618, 1, 2, 'finish'),
(63, 1, 2, 'fit,'),
(7530, 1, 2, 'foam'),
(1730, 1, 2, 'format:'),
(13682, 1, 2, 'formula'),
(1284, 1, 2, 'fox'),
(475, 1, 2, 'frame'),
(453, 1, 2, 'framed'),
(461, 1, 2, 'give'),
(790, 1, 2, 'good'),
(484, 1, 2, 'graphic'),
(1729, 1, 2, 'graphic,'),
(1728, 1, 2, 'graphics'),
(468, 1, 2, 'great'),
(2183, 1, 2, 'gsm'),
(105, 1, 2, 'guaranteed'),
(2166, 1, 2, 'hard'),
(961, 1, 2, 'height'),
(9467, 1, 2, 'hepasil'),
(967, 1, 2, 'home'),
(56, 1, 2, 'hummingbird'),
(7532, 1, 2, 'hydrating'),
(1305, 1, 2, 'hypoallergenic'),
(2173, 1, 2, 'ideas'),
(1743, 1, 2, 'illustration'),
(2172, 1, 2, 'ingenious'),
(272, 1, 2, 'inner'),
(89, 1, 2, 'inspired'),
(1299, 1, 2, 'inspires'),
(1288, 1, 2, 'invisible'),
(2666, 1, 2, 'it\'s'),
(91, 1, 2, 'japanese'),
(95, 1, 2, 'jeans'),
(79, 1, 2, 'joy'),
(75, 1, 2, 'lightness'),
(2181, 1, 2, 'like'),
(1749, 1, 2, 'limitation'),
(70, 1, 2, 'long'),
(467, 1, 2, 'look'),
(1301, 1, 2, 'machine'),
(68, 1, 2, 'made'),
(2179, 1, 2, 'make'),
(2177, 1, 2, 'manufacturing'),
(456, 1, 2, 'matt'),
(2668, 1, 2, 'maximum'),
(7916, 1, 2, 'meal'),
(107, 1, 2, 'men'),
(2664, 1, 2, 'message,'),
(1296, 1, 2, 'modern'),
(1164, 1, 2, 'mood!'),
(2663, 1, 2, 'mood,'),
(1163, 1, 2, 'morning'),
(1283, 1, 2, 'mountain'),
(949, 1, 2, 'mug'),
(952, 1, 2, 'mug,'),
(65, 1, 2, 'neckline,'),
(1735, 1, 2, 'non'),
(1738, 1, 2, 'non-commercial'),
(1739, 1, 2, 'noncommercial'),
(2163, 1, 2, 'notebook'),
(2669, 1, 2, 'number'),
(7911, 1, 2, 'nutrimeal'),
(472, 1, 2, 'office'),
(470, 1, 2, 'open'),
(479, 1, 2, 'open-space'),
(480, 1, 2, 'openspace'),
(8693, 1, 2, 'optimisers'),
(465, 1, 2, 'optimistic'),
(2170, 1, 2, 'option'),
(92, 1, 2, 'origamis'),
(106, 1, 2, 'overtime'),
(2082, 1, 2, 'pack'),
(2192, 1, 2, 'pages'),
(473, 1, 2, 'painted'),
(457, 1, 2, 'paper'),
(477, 1, 2, 'partout'),
(476, 1, 2, 'passe'),
(481, 1, 2, 'passe-partout'),
(482, 1, 2, 'passepartout'),
(88, 1, 2, 'patterns,'),
(1733, 1, 2, 'personal,'),
(72, 1, 2, 'pima'),
(2188, 1, 2, 'plain'),
(1306, 1, 2, 'polyester'),
(82, 1, 2, 'polyfaune'),
(956, 1, 2, 'positive'),
(454, 1, 2, 'poster'),
(57, 1, 2, 'printed'),
(98, 1, 2, 'printing'),
(1734, 1, 2, 'private'),
(99, 1, 2, 'process'),
(86, 1, 2, 'products'),
(1742, 1, 2, 'project?'),
(964, 1, 2, 'proof'),
(7915, 1, 2, 'protein'),
(100, 1, 2, 'provides'),
(1745, 1, 2, 'purpose'),
(2178, 1, 2, 'quality'),
(2665, 1, 2, 'quote'),
(2167, 1, 2, 'recycled'),
(62, 1, 2, 'regular'),
(1300, 1, 2, 'relaxation'),
(1286, 1, 2, 'removable'),
(103, 1, 2, 'rendering'),
(7917, 1, 2, 'replacement'),
(955, 1, 2, 'right'),
(455, 1, 2, 'rigid'),
(64, 1, 2, 'round'),
(2191, 1, 2, 'ruled'),
(13679, 1, 2, 'serum:'),
(1060, 1, 2, 'set'),
(7918, 1, 2, 'shake'),
(2165, 1, 2, 'sheets'),
(58, 1, 2, 'shirt'),
(66, 1, 2, 'short'),
(273, 1, 2, 'side'),
(1748, 1, 2, 'size'),
(67, 1, 2, 'sleeves'),
(458, 1, 2, 'smooth'),
(1292, 1, 2, 'sofa,'),
(7913, 1, 2, 'soy'),
(471, 1, 2, 'space'),
(2185, 1, 2, 'spiral'),
(2189, 1, 2, 'squared'),
(71, 1, 2, 'staple'),
(954, 1, 2, 'start'),
(2187, 1, 2, 'stationery'),
(80, 1, 2, 'studio'),
(96, 1, 2, 'sublimation'),
(1746, 1, 2, 'support,'),
(459, 1, 2, 'surface'),
(1731, 1, 2, 'svg'),
(268, 1, 2, 'sweater'),
(74, 1, 2, 'symbol'),
(59, 1, 2, 't-shirt'),
(2661, 1, 2, 'text'),
(97, 1, 2, 'textile'),
(957, 1, 2, 'thought'),
(789, 1, 2, 'today'),
(1162, 1, 2, 'touch'),
(90, 1, 2, 'traditional'),
(2175, 1, 2, 'traveling,'),
(60, 1, 2, 'tshirt'),
(7535, 1, 2, 'usana'),
(8021, 1, 2, 'usanimals™'),
(1737, 1, 2, 'use'),
(1744, 1, 2, 'used'),
(1727, 1, 2, 'vector'),
(8690, 1, 2, 'visionex'),
(13678, 1, 2, 'vitalizing'),
(463, 1, 2, 'voice'),
(462, 1, 2, 'walls'),
(7533, 1, 2, 'wash'),
(1302, 1, 2, 'washable'),
(93, 1, 2, 'wear'),
(109, 1, 2, 'white'),
(466, 1, 2, 'will'),
(1747, 1, 2, 'without'),
(275, 1, 2, 'women'),
(474, 1, 2, 'wooden'),
(2174, 1, 2, 'work,'),
(2171, 1, 2, 'write'),
(2182, 1, 2, 'writing!'),
(451, 1, 2, 'yet'),
(2667, 1, 2, 'you!'),
(1297, 1, 2, 'zen'),
(1289, 1, 2, 'zip'),
(5395, 2, 2, '---'),
(3686, 2, 2, '043kg'),
(2993, 2, 2, '100%'),
(4888, 2, 2, '120'),
(4893, 2, 2, '16x22cm'),
(3677, 2, 2, '325ml'),
(4015, 2, 2, '32x32cm'),
(3212, 2, 2, '40x60cm'),
(3210, 2, 2, '60x90cm'),
(4027, 2, 2, '60°'),
(3211, 2, 2, '80x120cm'),
(3682, 2, 2, '82cm'),
(3684, 2, 2, '95cm'),
(3692, 2, 2, 'accessories'),
(3885, 2, 2, 'add'),
(3340, 2, 2, 'adventure'),
(3188, 2, 2, 'aesthethic,'),
(4017, 2, 2, 'armchair'),
(3207, 2, 2, 'art'),
(4022, 2, 2, 'atmosphere'),
(4014, 2, 2, 'back'),
(4160, 2, 2, 'bear'),
(4018, 2, 2, 'bed'),
(3341, 2, 2, 'begins'),
(3174, 2, 2, 'best'),
(4910, 2, 2, 'binding'),
(2834, 2, 2, 'black'),
(4159, 2, 2, 'brown'),
(2995, 2, 2, 'brushed'),
(4892, 2, 2, 'cardboard'),
(3675, 2, 2, 'ceramic'),
(5394, 2, 2, 'characters:'),
(2818, 2, 2, 'chino'),
(5386, 2, 2, 'choice'),
(2809, 2, 2, 'classic'),
(3783, 2, 2, 'coffee'),
(2807, 2, 2, 'collection'),
(2826, 2, 2, 'color'),
(2828, 2, 2, 'color,'),
(2811, 2, 2, 'colorful'),
(3674, 2, 2, 'come'),
(3184, 2, 2, 'come!'),
(3176, 2, 2, 'come\''),
(2998, 2, 2, 'comfort'),
(4460, 2, 2, 'commercial'),
(3785, 2, 2, 'conquer'),
(3209, 2, 2, 'corner'),
(2797, 2, 2, 'cotton'),
(2994, 2, 2, 'cotton,'),
(4011, 2, 2, 'cover'),
(4019, 2, 2, 'create'),
(4465, 2, 2, 'creative'),
(3782, 2, 2, 'cup'),
(2802, 2, 2, 'curiosity'),
(4009, 2, 2, 'cushion'),
(4464, 2, 2, 'custom'),
(5383, 2, 2, 'customizable'),
(5384, 2, 2, 'customize'),
(3515, 2, 2, 'day'),
(3786, 2, 2, 'day!'),
(2800, 2, 2, 'delicacy,'),
(2785, 2, 2, 'demo'),
(3202, 2, 2, 'depth'),
(2832, 2, 2, 'design'),
(2805, 2, 2, 'design\''),
(3193, 2, 2, 'desk'),
(3683, 2, 2, 'diameter'),
(3687, 2, 2, 'dishwasher'),
(3689, 2, 2, 'dishwasher-proo'),
(3690, 2, 2, 'dishwasherproof'),
(4914, 2, 2, 'doted'),
(4908, 2, 2, 'double'),
(4456, 2, 2, 'download'),
(4900, 2, 2, 'endearing'),
(2801, 2, 2, 'evokes'),
(2825, 2, 2, 'exceptional'),
(2793, 2, 2, 'extra'),
(2808, 2, 2, 'features'),
(4904, 2, 2, 'feel'),
(4028, 2, 2, 'filling'),
(3342, 2, 2, 'finish'),
(2787, 2, 2, 'fit,'),
(4454, 2, 2, 'format:'),
(4008, 2, 2, 'fox'),
(3199, 2, 2, 'frame'),
(3177, 2, 2, 'framed'),
(3185, 2, 2, 'give'),
(3514, 2, 2, 'good'),
(3208, 2, 2, 'graphic'),
(4453, 2, 2, 'graphic,'),
(4452, 2, 2, 'graphics'),
(3192, 2, 2, 'great'),
(4907, 2, 2, 'gsm'),
(2829, 2, 2, 'guaranteed'),
(4890, 2, 2, 'hard'),
(3685, 2, 2, 'height'),
(3691, 2, 2, 'home'),
(2780, 2, 2, 'hummingbird'),
(4029, 2, 2, 'hypoallergenic'),
(4897, 2, 2, 'ideas'),
(4467, 2, 2, 'illustration'),
(4896, 2, 2, 'ingenious'),
(2996, 2, 2, 'inner'),
(2813, 2, 2, 'inspired'),
(4023, 2, 2, 'inspires'),
(4012, 2, 2, 'invisible'),
(5390, 2, 2, 'it\'s'),
(2815, 2, 2, 'japanese'),
(2819, 2, 2, 'jeans'),
(2803, 2, 2, 'joy'),
(2799, 2, 2, 'lightness'),
(4905, 2, 2, 'like'),
(4473, 2, 2, 'limitation'),
(2794, 2, 2, 'long'),
(3191, 2, 2, 'look'),
(4025, 2, 2, 'machine'),
(2792, 2, 2, 'made'),
(4903, 2, 2, 'make'),
(4901, 2, 2, 'manufacturing'),
(3180, 2, 2, 'matt'),
(5392, 2, 2, 'maximum'),
(2831, 2, 2, 'men'),
(5388, 2, 2, 'message,'),
(4020, 2, 2, 'modern'),
(3888, 2, 2, 'mood!'),
(5387, 2, 2, 'mood,'),
(3887, 2, 2, 'morning'),
(4007, 2, 2, 'mountain'),
(3673, 2, 2, 'mug'),
(3676, 2, 2, 'mug,'),
(2789, 2, 2, 'neckline,'),
(4459, 2, 2, 'non'),
(4462, 2, 2, 'non-commercial'),
(4463, 2, 2, 'noncommercial'),
(4887, 2, 2, 'notebook'),
(5393, 2, 2, 'number'),
(3196, 2, 2, 'office'),
(3194, 2, 2, 'open'),
(3203, 2, 2, 'open-space'),
(3204, 2, 2, 'openspace'),
(3189, 2, 2, 'optimistic'),
(4894, 2, 2, 'option'),
(2816, 2, 2, 'origamis'),
(2830, 2, 2, 'overtime'),
(4806, 2, 2, 'pack'),
(4916, 2, 2, 'pages'),
(3197, 2, 2, 'painted'),
(3181, 2, 2, 'paper'),
(3201, 2, 2, 'partout'),
(3200, 2, 2, 'passe'),
(3205, 2, 2, 'passe-partout'),
(3206, 2, 2, 'passepartout'),
(2812, 2, 2, 'patterns,'),
(4457, 2, 2, 'personal,'),
(2796, 2, 2, 'pima'),
(4912, 2, 2, 'plain'),
(4030, 2, 2, 'polyester'),
(2806, 2, 2, 'polyfaune'),
(3680, 2, 2, 'positive'),
(3178, 2, 2, 'poster'),
(2781, 2, 2, 'printed'),
(2822, 2, 2, 'printing'),
(4458, 2, 2, 'private'),
(2823, 2, 2, 'process'),
(2810, 2, 2, 'products'),
(4466, 2, 2, 'project?'),
(3688, 2, 2, 'proof'),
(2824, 2, 2, 'provides'),
(4469, 2, 2, 'purpose'),
(4902, 2, 2, 'quality'),
(5389, 2, 2, 'quote'),
(4891, 2, 2, 'recycled'),
(2786, 2, 2, 'regular'),
(4024, 2, 2, 'relaxation'),
(4010, 2, 2, 'removable'),
(2827, 2, 2, 'rendering'),
(3679, 2, 2, 'right'),
(3179, 2, 2, 'rigid'),
(2788, 2, 2, 'round'),
(4915, 2, 2, 'ruled'),
(3784, 2, 2, 'set'),
(4889, 2, 2, 'sheets'),
(2782, 2, 2, 'shirt'),
(2790, 2, 2, 'short'),
(2997, 2, 2, 'side'),
(4472, 2, 2, 'size'),
(2791, 2, 2, 'sleeves'),
(3182, 2, 2, 'smooth'),
(4016, 2, 2, 'sofa,'),
(3195, 2, 2, 'space'),
(4909, 2, 2, 'spiral'),
(4913, 2, 2, 'squared'),
(2795, 2, 2, 'staple'),
(3678, 2, 2, 'start'),
(4911, 2, 2, 'stationery'),
(2804, 2, 2, 'studio'),
(2820, 2, 2, 'sublimation'),
(4470, 2, 2, 'support,'),
(3183, 2, 2, 'surface'),
(4455, 2, 2, 'svg'),
(2992, 2, 2, 'sweater'),
(2798, 2, 2, 'symbol'),
(2783, 2, 2, 't-shirt'),
(5385, 2, 2, 'text'),
(2821, 2, 2, 'textile'),
(3681, 2, 2, 'thought'),
(3513, 2, 2, 'today'),
(3886, 2, 2, 'touch'),
(2814, 2, 2, 'traditional'),
(4899, 2, 2, 'traveling,'),
(2784, 2, 2, 'tshirt'),
(4461, 2, 2, 'use'),
(4468, 2, 2, 'used'),
(4451, 2, 2, 'vector'),
(3187, 2, 2, 'voice'),
(3186, 2, 2, 'walls'),
(4026, 2, 2, 'washable'),
(2817, 2, 2, 'wear'),
(2833, 2, 2, 'white'),
(3190, 2, 2, 'will'),
(4471, 2, 2, 'without'),
(2999, 2, 2, 'women'),
(3198, 2, 2, 'wooden'),
(4898, 2, 2, 'work,'),
(4895, 2, 2, 'write'),
(4906, 2, 2, 'writing!'),
(3175, 2, 2, 'yet'),
(5391, 2, 2, 'you!'),
(4021, 2, 2, 'zen'),
(4013, 2, 2, 'zip'),
(2693, 1, 3, '---'),
(990, 1, 3, '043kg'),
(316, 1, 3, '100%'),
(8025, 1, 3, '105'),
(5707, 1, 3, '1093'),
(5708, 1, 3, '1094'),
(5709, 1, 3, '1095'),
(5710, 1, 3, '1096'),
(8696, 1, 3, '113'),
(2206, 1, 3, '120'),
(9475, 1, 3, '135'),
(2211, 1, 3, '16x22cm'),
(7929, 1, 3, '259'),
(981, 1, 3, '325ml'),
(1329, 1, 3, '32x32cm'),
(7542, 1, 3, '333'),
(14574, 1, 3, '339'),
(529, 1, 3, '40x60cm'),
(527, 1, 3, '60x90cm'),
(1341, 1, 3, '60°'),
(528, 1, 3, '80x120cm'),
(986, 1, 3, '82cm'),
(988, 1, 3, '95cm'),
(996, 1, 3, 'accessories'),
(7922, 1, 3, 'active'),
(1189, 1, 3, 'add'),
(659, 1, 3, 'adventure'),
(505, 1, 3, 'aesthethic,'),
(13690, 1, 3, 'aging'),
(13689, 1, 3, 'anti'),
(13692, 1, 3, 'anti-aging'),
(13693, 1, 3, 'antiaging'),
(1331, 1, 3, 'armchair'),
(524, 1, 3, 'art'),
(1336, 1, 3, 'atmosphere'),
(1328, 1, 3, 'back'),
(1474, 1, 3, 'bear'),
(1332, 1, 3, 'bed'),
(660, 1, 3, 'begins'),
(491, 1, 3, 'best'),
(2228, 1, 3, 'binding'),
(165, 1, 3, 'black'),
(1473, 1, 3, 'brown'),
(318, 1, 3, 'brushed'),
(2210, 1, 3, 'cardboard'),
(7536, 1, 3, 'celavive'),
(979, 1, 3, 'ceramic'),
(2692, 1, 3, 'characters:'),
(149, 1, 3, 'chino'),
(7924, 1, 3, 'chocolate'),
(2684, 1, 3, 'choice'),
(140, 1, 3, 'classic'),
(7539, 1, 3, 'cleanser:'),
(1084, 1, 3, 'coffee'),
(138, 1, 3, 'collection'),
(157, 1, 3, 'color'),
(159, 1, 3, 'color,'),
(142, 1, 3, 'colorful'),
(978, 1, 3, 'come'),
(501, 1, 3, 'come!'),
(493, 1, 3, 'come\''),
(321, 1, 3, 'comfort'),
(1766, 1, 3, 'commercial'),
(1086, 1, 3, 'conquer'),
(526, 1, 3, 'corner'),
(128, 1, 3, 'cotton'),
(317, 1, 3, 'cotton,'),
(1325, 1, 3, 'cover'),
(7537, 1, 3, 'creamy'),
(1333, 1, 3, 'create'),
(1771, 1, 3, 'creative'),
(1083, 1, 3, 'cup'),
(133, 1, 3, 'curiosity'),
(1323, 1, 3, 'cushion'),
(1770, 1, 3, 'custom'),
(2681, 1, 3, 'customizable'),
(2682, 1, 3, 'customize'),
(835, 1, 3, 'day'),
(1087, 1, 3, 'day!'),
(131, 1, 3, 'delicacy,'),
(116, 1, 3, 'demo'),
(519, 1, 3, 'depth'),
(163, 1, 3, 'design'),
(136, 1, 3, 'design\''),
(510, 1, 3, 'desk'),
(9477, 1, 3, 'detox'),
(987, 1, 3, 'diameter'),
(9476, 1, 3, 'digestion'),
(991, 1, 3, 'dishwasher'),
(993, 1, 3, 'dishwasher-proo'),
(994, 1, 3, 'dishwasherproof'),
(2232, 1, 3, 'doted'),
(2226, 1, 3, 'double'),
(1762, 1, 3, 'download'),
(8695, 1, 3, 'ds™'),
(9474, 1, 3, 'dtx™'),
(2218, 1, 3, 'endearing'),
(132, 1, 3, 'evokes'),
(156, 1, 3, 'exceptional'),
(124, 1, 3, 'extra'),
(139, 1, 3, 'features'),
(2222, 1, 3, 'feel'),
(1342, 1, 3, 'filling'),
(661, 1, 3, 'finish'),
(118, 1, 3, 'fit,'),
(7538, 1, 3, 'foam'),
(1760, 1, 3, 'format:'),
(13691, 1, 3, 'formula'),
(1322, 1, 3, 'fox'),
(516, 1, 3, 'frame'),
(494, 1, 3, 'framed'),
(502, 1, 3, 'give'),
(834, 1, 3, 'good'),
(525, 1, 3, 'graphic'),
(1759, 1, 3, 'graphic,'),
(1758, 1, 3, 'graphics'),
(509, 1, 3, 'great'),
(2225, 1, 3, 'gsm'),
(160, 1, 3, 'guaranteed'),
(2208, 1, 3, 'hard'),
(989, 1, 3, 'height'),
(9473, 1, 3, 'hepasil'),
(995, 1, 3, 'home'),
(111, 1, 3, 'hummingbird'),
(7540, 1, 3, 'hydrating'),
(1343, 1, 3, 'hypoallergenic'),
(2215, 1, 3, 'ideas'),
(1773, 1, 3, 'illustration'),
(2214, 1, 3, 'ingenious'),
(319, 1, 3, 'inner'),
(144, 1, 3, 'inspired'),
(1337, 1, 3, 'inspires'),
(1326, 1, 3, 'invisible'),
(2688, 1, 3, 'it\'s'),
(146, 1, 3, 'japanese'),
(150, 1, 3, 'jeans'),
(134, 1, 3, 'joy'),
(130, 1, 3, 'lightness'),
(2223, 1, 3, 'like'),
(1779, 1, 3, 'limitation'),
(125, 1, 3, 'long'),
(508, 1, 3, 'look'),
(1339, 1, 3, 'machine'),
(123, 1, 3, 'made'),
(2221, 1, 3, 'make'),
(2219, 1, 3, 'manufacturing'),
(497, 1, 3, 'matt'),
(2690, 1, 3, 'maximum'),
(7926, 1, 3, 'meal'),
(162, 1, 3, 'men'),
(2686, 1, 3, 'message,'),
(1334, 1, 3, 'modern'),
(1192, 1, 3, 'mood!'),
(2685, 1, 3, 'mood,'),
(1191, 1, 3, 'morning'),
(1321, 1, 3, 'mountain'),
(977, 1, 3, 'mug'),
(980, 1, 3, 'mug,'),
(120, 1, 3, 'neckline,'),
(1765, 1, 3, 'non'),
(1768, 1, 3, 'non-commercial'),
(1769, 1, 3, 'noncommercial'),
(2205, 1, 3, 'notebook'),
(2691, 1, 3, 'number'),
(7921, 1, 3, 'nutrimeal'),
(513, 1, 3, 'office'),
(511, 1, 3, 'open'),
(520, 1, 3, 'open-space'),
(521, 1, 3, 'openspace'),
(8697, 1, 3, 'optimisers'),
(506, 1, 3, 'optimistic'),
(2212, 1, 3, 'option'),
(147, 1, 3, 'origamis'),
(161, 1, 3, 'overtime'),
(2095, 1, 3, 'pack'),
(2234, 1, 3, 'pages'),
(514, 1, 3, 'painted'),
(498, 1, 3, 'paper'),
(518, 1, 3, 'partout'),
(517, 1, 3, 'passe'),
(522, 1, 3, 'passe-partout'),
(523, 1, 3, 'passepartout'),
(143, 1, 3, 'patterns,'),
(1763, 1, 3, 'personal,'),
(127, 1, 3, 'pima'),
(2230, 1, 3, 'plain'),
(1344, 1, 3, 'polyester'),
(137, 1, 3, 'polyfaune'),
(984, 1, 3, 'positive'),
(495, 1, 3, 'poster'),
(112, 1, 3, 'printed'),
(153, 1, 3, 'printing'),
(1764, 1, 3, 'private'),
(154, 1, 3, 'process'),
(141, 1, 3, 'products'),
(1772, 1, 3, 'project?'),
(992, 1, 3, 'proof'),
(7925, 1, 3, 'protein'),
(155, 1, 3, 'provides'),
(1775, 1, 3, 'purpose'),
(2220, 1, 3, 'quality'),
(2687, 1, 3, 'quote'),
(2209, 1, 3, 'recycled'),
(117, 1, 3, 'regular'),
(1338, 1, 3, 'relaxation'),
(1324, 1, 3, 'removable'),
(158, 1, 3, 'rendering'),
(7927, 1, 3, 'replacement'),
(983, 1, 3, 'right'),
(496, 1, 3, 'rigid'),
(119, 1, 3, 'round'),
(2233, 1, 3, 'ruled'),
(13688, 1, 3, 'serum:'),
(1085, 1, 3, 'set'),
(7928, 1, 3, 'shake'),
(2207, 1, 3, 'sheets'),
(113, 1, 3, 'shirt'),
(121, 1, 3, 'short'),
(320, 1, 3, 'side'),
(1778, 1, 3, 'size'),
(122, 1, 3, 'sleeves'),
(499, 1, 3, 'smooth'),
(1330, 1, 3, 'sofa,'),
(7923, 1, 3, 'soy'),
(512, 1, 3, 'space'),
(2227, 1, 3, 'spiral'),
(2231, 1, 3, 'squared'),
(126, 1, 3, 'staple'),
(982, 1, 3, 'start'),
(2229, 1, 3, 'stationery'),
(135, 1, 3, 'studio'),
(151, 1, 3, 'sublimation'),
(1776, 1, 3, 'support,'),
(500, 1, 3, 'surface'),
(1761, 1, 3, 'svg'),
(315, 1, 3, 'sweater'),
(129, 1, 3, 'symbol'),
(114, 1, 3, 't-shirt'),
(2683, 1, 3, 'text'),
(152, 1, 3, 'textile'),
(985, 1, 3, 'thought'),
(833, 1, 3, 'today'),
(1190, 1, 3, 'touch'),
(145, 1, 3, 'traditional'),
(2217, 1, 3, 'traveling,'),
(115, 1, 3, 'tshirt'),
(7543, 1, 3, 'usana'),
(8024, 1, 3, 'usanimals™'),
(1767, 1, 3, 'use'),
(1774, 1, 3, 'used'),
(1757, 1, 3, 'vector'),
(8694, 1, 3, 'visionex'),
(13687, 1, 3, 'vitalizing'),
(504, 1, 3, 'voice'),
(503, 1, 3, 'walls'),
(7541, 1, 3, 'wash'),
(1340, 1, 3, 'washable'),
(148, 1, 3, 'wear'),
(164, 1, 3, 'white'),
(507, 1, 3, 'will'),
(1777, 1, 3, 'without'),
(322, 1, 3, 'women'),
(515, 1, 3, 'wooden'),
(2216, 1, 3, 'work,'),
(2213, 1, 3, 'write'),
(2224, 1, 3, 'writing!'),
(492, 1, 3, 'yet'),
(2689, 1, 3, 'you!'),
(1335, 1, 3, 'zen'),
(1327, 1, 3, 'zip'),
(5417, 2, 3, '---'),
(3714, 2, 3, '043kg'),
(3040, 2, 3, '100%'),
(4930, 2, 3, '120'),
(4935, 2, 3, '16x22cm'),
(3705, 2, 3, '325ml'),
(4053, 2, 3, '32x32cm'),
(3253, 2, 3, '40x60cm'),
(3251, 2, 3, '60x90cm'),
(4065, 2, 3, '60°'),
(3252, 2, 3, '80x120cm'),
(3710, 2, 3, '82cm'),
(3712, 2, 3, '95cm'),
(3720, 2, 3, 'accessories'),
(3913, 2, 3, 'add'),
(3383, 2, 3, 'adventure'),
(3229, 2, 3, 'aesthethic,'),
(4055, 2, 3, 'armchair'),
(3248, 2, 3, 'art'),
(4060, 2, 3, 'atmosphere'),
(4052, 2, 3, 'back'),
(4198, 2, 3, 'bear'),
(4056, 2, 3, 'bed'),
(3384, 2, 3, 'begins'),
(3215, 2, 3, 'best'),
(4952, 2, 3, 'binding'),
(2889, 2, 3, 'black'),
(4197, 2, 3, 'brown'),
(3042, 2, 3, 'brushed'),
(4934, 2, 3, 'cardboard'),
(3703, 2, 3, 'ceramic'),
(5416, 2, 3, 'characters:'),
(2873, 2, 3, 'chino'),
(5408, 2, 3, 'choice'),
(2864, 2, 3, 'classic'),
(3808, 2, 3, 'coffee'),
(2862, 2, 3, 'collection'),
(2881, 2, 3, 'color'),
(2883, 2, 3, 'color,'),
(2866, 2, 3, 'colorful'),
(3702, 2, 3, 'come'),
(3225, 2, 3, 'come!'),
(3217, 2, 3, 'come\''),
(3045, 2, 3, 'comfort'),
(4490, 2, 3, 'commercial'),
(3810, 2, 3, 'conquer'),
(3250, 2, 3, 'corner'),
(2852, 2, 3, 'cotton'),
(3041, 2, 3, 'cotton,'),
(4049, 2, 3, 'cover'),
(4057, 2, 3, 'create'),
(4495, 2, 3, 'creative'),
(3807, 2, 3, 'cup'),
(2857, 2, 3, 'curiosity'),
(4047, 2, 3, 'cushion'),
(4494, 2, 3, 'custom'),
(5405, 2, 3, 'customizable'),
(5406, 2, 3, 'customize'),
(3559, 2, 3, 'day'),
(3811, 2, 3, 'day!'),
(2855, 2, 3, 'delicacy,'),
(2840, 2, 3, 'demo'),
(3243, 2, 3, 'depth'),
(2887, 2, 3, 'design'),
(2860, 2, 3, 'design\''),
(3234, 2, 3, 'desk'),
(3711, 2, 3, 'diameter'),
(3715, 2, 3, 'dishwasher'),
(3717, 2, 3, 'dishwasher-proo'),
(3718, 2, 3, 'dishwasherproof'),
(4956, 2, 3, 'doted'),
(4950, 2, 3, 'double'),
(4486, 2, 3, 'download'),
(4942, 2, 3, 'endearing'),
(2856, 2, 3, 'evokes'),
(2880, 2, 3, 'exceptional'),
(2848, 2, 3, 'extra'),
(2863, 2, 3, 'features'),
(4946, 2, 3, 'feel'),
(4066, 2, 3, 'filling'),
(3385, 2, 3, 'finish'),
(2842, 2, 3, 'fit,'),
(4484, 2, 3, 'format:'),
(4046, 2, 3, 'fox'),
(3240, 2, 3, 'frame'),
(3218, 2, 3, 'framed'),
(3226, 2, 3, 'give'),
(3558, 2, 3, 'good'),
(3249, 2, 3, 'graphic'),
(4483, 2, 3, 'graphic,'),
(4482, 2, 3, 'graphics'),
(3233, 2, 3, 'great'),
(4949, 2, 3, 'gsm'),
(2884, 2, 3, 'guaranteed'),
(4932, 2, 3, 'hard'),
(3713, 2, 3, 'height'),
(3719, 2, 3, 'home'),
(2835, 2, 3, 'hummingbird'),
(4067, 2, 3, 'hypoallergenic'),
(4939, 2, 3, 'ideas'),
(4497, 2, 3, 'illustration'),
(4938, 2, 3, 'ingenious'),
(3043, 2, 3, 'inner'),
(2868, 2, 3, 'inspired'),
(4061, 2, 3, 'inspires'),
(4050, 2, 3, 'invisible'),
(5412, 2, 3, 'it\'s'),
(2870, 2, 3, 'japanese'),
(2874, 2, 3, 'jeans'),
(2858, 2, 3, 'joy'),
(2854, 2, 3, 'lightness'),
(4947, 2, 3, 'like'),
(4503, 2, 3, 'limitation'),
(2849, 2, 3, 'long'),
(3232, 2, 3, 'look'),
(4063, 2, 3, 'machine'),
(2847, 2, 3, 'made'),
(4945, 2, 3, 'make'),
(4943, 2, 3, 'manufacturing'),
(3221, 2, 3, 'matt'),
(5414, 2, 3, 'maximum'),
(2886, 2, 3, 'men'),
(5410, 2, 3, 'message,'),
(4058, 2, 3, 'modern'),
(3916, 2, 3, 'mood!'),
(5409, 2, 3, 'mood,'),
(3915, 2, 3, 'morning'),
(4045, 2, 3, 'mountain'),
(3701, 2, 3, 'mug'),
(3704, 2, 3, 'mug,'),
(2844, 2, 3, 'neckline,'),
(4489, 2, 3, 'non'),
(4492, 2, 3, 'non-commercial'),
(4493, 2, 3, 'noncommercial'),
(4929, 2, 3, 'notebook'),
(5415, 2, 3, 'number'),
(3237, 2, 3, 'office'),
(3235, 2, 3, 'open'),
(3244, 2, 3, 'open-space'),
(3245, 2, 3, 'openspace'),
(3230, 2, 3, 'optimistic'),
(4936, 2, 3, 'option'),
(2871, 2, 3, 'origamis'),
(2885, 2, 3, 'overtime'),
(4819, 2, 3, 'pack'),
(4958, 2, 3, 'pages'),
(3238, 2, 3, 'painted'),
(3222, 2, 3, 'paper'),
(3242, 2, 3, 'partout'),
(3241, 2, 3, 'passe'),
(3246, 2, 3, 'passe-partout'),
(3247, 2, 3, 'passepartout'),
(2867, 2, 3, 'patterns,'),
(4487, 2, 3, 'personal,'),
(2851, 2, 3, 'pima'),
(4954, 2, 3, 'plain'),
(4068, 2, 3, 'polyester'),
(2861, 2, 3, 'polyfaune'),
(3708, 2, 3, 'positive'),
(3219, 2, 3, 'poster'),
(2836, 2, 3, 'printed'),
(2877, 2, 3, 'printing'),
(4488, 2, 3, 'private'),
(2878, 2, 3, 'process'),
(2865, 2, 3, 'products'),
(4496, 2, 3, 'project?'),
(3716, 2, 3, 'proof'),
(2879, 2, 3, 'provides'),
(4499, 2, 3, 'purpose'),
(4944, 2, 3, 'quality'),
(5411, 2, 3, 'quote'),
(4933, 2, 3, 'recycled'),
(2841, 2, 3, 'regular'),
(4062, 2, 3, 'relaxation'),
(4048, 2, 3, 'removable'),
(2882, 2, 3, 'rendering'),
(3707, 2, 3, 'right'),
(3220, 2, 3, 'rigid'),
(2843, 2, 3, 'round'),
(4957, 2, 3, 'ruled'),
(3809, 2, 3, 'set'),
(4931, 2, 3, 'sheets'),
(2837, 2, 3, 'shirt'),
(2845, 2, 3, 'short'),
(3044, 2, 3, 'side'),
(4502, 2, 3, 'size'),
(2846, 2, 3, 'sleeves'),
(3223, 2, 3, 'smooth'),
(4054, 2, 3, 'sofa,'),
(3236, 2, 3, 'space'),
(4951, 2, 3, 'spiral'),
(4955, 2, 3, 'squared'),
(2850, 2, 3, 'staple'),
(3706, 2, 3, 'start'),
(4953, 2, 3, 'stationery'),
(2859, 2, 3, 'studio'),
(2875, 2, 3, 'sublimation'),
(4500, 2, 3, 'support,'),
(3224, 2, 3, 'surface'),
(4485, 2, 3, 'svg'),
(3039, 2, 3, 'sweater'),
(2853, 2, 3, 'symbol'),
(2838, 2, 3, 't-shirt'),
(5407, 2, 3, 'text'),
(2876, 2, 3, 'textile'),
(3709, 2, 3, 'thought'),
(3557, 2, 3, 'today'),
(3914, 2, 3, 'touch'),
(2869, 2, 3, 'traditional'),
(4941, 2, 3, 'traveling,'),
(2839, 2, 3, 'tshirt'),
(4491, 2, 3, 'use'),
(4498, 2, 3, 'used'),
(4481, 2, 3, 'vector'),
(3228, 2, 3, 'voice'),
(3227, 2, 3, 'walls'),
(4064, 2, 3, 'washable'),
(2872, 2, 3, 'wear'),
(2888, 2, 3, 'white'),
(3231, 2, 3, 'will'),
(4501, 2, 3, 'without'),
(3046, 2, 3, 'women'),
(3239, 2, 3, 'wooden'),
(4940, 2, 3, 'work,'),
(4937, 2, 3, 'write'),
(4948, 2, 3, 'writing!'),
(3216, 2, 3, 'yet'),
(5413, 2, 3, 'you!'),
(4059, 2, 3, 'zen'),
(4051, 2, 3, 'zip'),
(2715, 1, 4, '---'),
(7941, 1, 4, '/basa'),
(1018, 1, 4, '043kg'),
(363, 1, 4, '100%'),
(8028, 1, 4, '105'),
(5754, 1, 4, '1093'),
(5755, 1, 4, '1094'),
(5756, 1, 4, '1095'),
(5757, 1, 4, '1096'),
(8700, 1, 4, '113'),
(2248, 1, 4, '120'),
(9481, 1, 4, '135'),
(2253, 1, 4, '16x22cm'),
(7939, 1, 4, '259'),
(1009, 1, 4, '325ml'),
(1367, 1, 4, '32x32cm'),
(7550, 1, 4, '333'),
(14584, 1, 4, '339'),
(570, 1, 4, '40x60cm'),
(568, 1, 4, '60x90cm'),
(1379, 1, 4, '60°'),
(569, 1, 4, '80x120cm'),
(1014, 1, 4, '82cm'),
(1016, 1, 4, '95cm'),
(1024, 1, 4, 'accessories'),
(7932, 1, 4, 'active'),
(1217, 1, 4, 'add'),
(702, 1, 4, 'adventure'),
(546, 1, 4, 'aesthethic,'),
(13699, 1, 4, 'aging'),
(13698, 1, 4, 'anti'),
(13701, 1, 4, 'anti-aging'),
(13702, 1, 4, 'antiaging'),
(1369, 1, 4, 'armchair'),
(565, 1, 4, 'art'),
(1374, 1, 4, 'atmosphere'),
(1366, 1, 4, 'back'),
(1512, 1, 4, 'bear'),
(1370, 1, 4, 'bed'),
(703, 1, 4, 'begins'),
(532, 1, 4, 'best'),
(2270, 1, 4, 'binding'),
(220, 1, 4, 'black'),
(1511, 1, 4, 'brown'),
(365, 1, 4, 'brushed'),
(2252, 1, 4, 'cardboard'),
(7544, 1, 4, 'celavive'),
(1007, 1, 4, 'ceramic'),
(2714, 1, 4, 'characters:'),
(204, 1, 4, 'chino'),
(7934, 1, 4, 'chocolate'),
(2706, 1, 4, 'choice'),
(195, 1, 4, 'classic'),
(7547, 1, 4, 'cleanser:'),
(1109, 1, 4, 'coffee'),
(193, 1, 4, 'collection'),
(212, 1, 4, 'color'),
(214, 1, 4, 'color,'),
(197, 1, 4, 'colorful'),
(1006, 1, 4, 'come'),
(542, 1, 4, 'come!'),
(534, 1, 4, 'come\''),
(368, 1, 4, 'comfort'),
(1796, 1, 4, 'commercial'),
(1111, 1, 4, 'conquer'),
(567, 1, 4, 'corner'),
(183, 1, 4, 'cotton'),
(364, 1, 4, 'cotton,'),
(1363, 1, 4, 'cover'),
(7545, 1, 4, 'creamy'),
(1371, 1, 4, 'create'),
(1801, 1, 4, 'creative'),
(1108, 1, 4, 'cup'),
(188, 1, 4, 'curiosity'),
(1361, 1, 4, 'cushion'),
(1800, 1, 4, 'custom'),
(2703, 1, 4, 'customizable'),
(2704, 1, 4, 'customize'),
(879, 1, 4, 'day'),
(1112, 1, 4, 'day!'),
(186, 1, 4, 'delicacy,'),
(171, 1, 4, 'demo'),
(560, 1, 4, 'depth'),
(218, 1, 4, 'design'),
(191, 1, 4, 'design\''),
(551, 1, 4, 'desk'),
(9483, 1, 4, 'detox'),
(1015, 1, 4, 'diameter'),
(9482, 1, 4, 'digestion'),
(1019, 1, 4, 'dishwasher'),
(1021, 1, 4, 'dishwasher-proo');
INSERT INTO `xio8d_search_word` (`id_word`, `id_shop`, `id_lang`, `word`) VALUES
(1022, 1, 4, 'dishwasherproof'),
(2274, 1, 4, 'doted'),
(2268, 1, 4, 'double'),
(1792, 1, 4, 'download'),
(8699, 1, 4, 'ds™'),
(9480, 1, 4, 'dtx™'),
(2260, 1, 4, 'endearing'),
(187, 1, 4, 'evokes'),
(211, 1, 4, 'exceptional'),
(179, 1, 4, 'extra'),
(194, 1, 4, 'features'),
(2264, 1, 4, 'feel'),
(1380, 1, 4, 'filling'),
(704, 1, 4, 'finish'),
(173, 1, 4, 'fit,'),
(7546, 1, 4, 'foam'),
(1790, 1, 4, 'format:'),
(13700, 1, 4, 'formula'),
(1360, 1, 4, 'fox'),
(557, 1, 4, 'frame'),
(535, 1, 4, 'framed'),
(543, 1, 4, 'give'),
(878, 1, 4, 'good'),
(566, 1, 4, 'graphic'),
(1789, 1, 4, 'graphic,'),
(1788, 1, 4, 'graphics'),
(550, 1, 4, 'great'),
(2267, 1, 4, 'gsm'),
(215, 1, 4, 'guaranteed'),
(2250, 1, 4, 'hard'),
(1017, 1, 4, 'height'),
(9479, 1, 4, 'hepasil'),
(7940, 1, 4, 'homa'),
(1023, 1, 4, 'home'),
(166, 1, 4, 'hummingbird'),
(7548, 1, 4, 'hydrating'),
(1381, 1, 4, 'hypoallergenic'),
(2257, 1, 4, 'ideas'),
(1803, 1, 4, 'illustration'),
(2256, 1, 4, 'ingenious'),
(366, 1, 4, 'inner'),
(199, 1, 4, 'inspired'),
(1375, 1, 4, 'inspires'),
(1364, 1, 4, 'invisible'),
(2710, 1, 4, 'it\'s'),
(201, 1, 4, 'japanese'),
(205, 1, 4, 'jeans'),
(189, 1, 4, 'joy'),
(185, 1, 4, 'lightness'),
(2265, 1, 4, 'like'),
(1809, 1, 4, 'limitation'),
(180, 1, 4, 'long'),
(549, 1, 4, 'look'),
(1377, 1, 4, 'machine'),
(178, 1, 4, 'made'),
(2263, 1, 4, 'make'),
(2261, 1, 4, 'manufacturing'),
(538, 1, 4, 'matt'),
(2712, 1, 4, 'maximum'),
(7936, 1, 4, 'meal'),
(217, 1, 4, 'men'),
(2708, 1, 4, 'message,'),
(1372, 1, 4, 'modern'),
(1220, 1, 4, 'mood!'),
(2707, 1, 4, 'mood,'),
(1219, 1, 4, 'morning'),
(1359, 1, 4, 'mountain'),
(1005, 1, 4, 'mug'),
(1008, 1, 4, 'mug,'),
(175, 1, 4, 'neckline,'),
(1795, 1, 4, 'non'),
(1798, 1, 4, 'non-commercial'),
(1799, 1, 4, 'noncommercial'),
(2247, 1, 4, 'notebook'),
(2713, 1, 4, 'number'),
(7931, 1, 4, 'nutrimeal'),
(554, 1, 4, 'office'),
(552, 1, 4, 'open'),
(561, 1, 4, 'open-space'),
(562, 1, 4, 'openspace'),
(8701, 1, 4, 'optimisers'),
(547, 1, 4, 'optimistic'),
(2254, 1, 4, 'option'),
(202, 1, 4, 'origamis'),
(216, 1, 4, 'overtime'),
(2108, 1, 4, 'pack'),
(2276, 1, 4, 'pages'),
(555, 1, 4, 'painted'),
(539, 1, 4, 'paper'),
(559, 1, 4, 'partout'),
(558, 1, 4, 'passe'),
(563, 1, 4, 'passe-partout'),
(564, 1, 4, 'passepartout'),
(198, 1, 4, 'patterns,'),
(1793, 1, 4, 'personal,'),
(182, 1, 4, 'pima'),
(2272, 1, 4, 'plain'),
(1382, 1, 4, 'polyester'),
(192, 1, 4, 'polyfaune'),
(1012, 1, 4, 'positive'),
(536, 1, 4, 'poster'),
(167, 1, 4, 'printed'),
(208, 1, 4, 'printing'),
(1794, 1, 4, 'private'),
(209, 1, 4, 'process'),
(196, 1, 4, 'products'),
(1802, 1, 4, 'project?'),
(1020, 1, 4, 'proof'),
(7935, 1, 4, 'protein'),
(210, 1, 4, 'provides'),
(1805, 1, 4, 'purpose'),
(2262, 1, 4, 'quality'),
(2709, 1, 4, 'quote'),
(2251, 1, 4, 'recycled'),
(172, 1, 4, 'regular'),
(1376, 1, 4, 'relaxation'),
(1362, 1, 4, 'removable'),
(213, 1, 4, 'rendering'),
(7937, 1, 4, 'replacement'),
(1011, 1, 4, 'right'),
(537, 1, 4, 'rigid'),
(174, 1, 4, 'round'),
(2275, 1, 4, 'ruled'),
(13697, 1, 4, 'serum:'),
(1110, 1, 4, 'set'),
(7938, 1, 4, 'shake'),
(2249, 1, 4, 'sheets'),
(168, 1, 4, 'shirt'),
(176, 1, 4, 'short'),
(367, 1, 4, 'side'),
(1808, 1, 4, 'size'),
(177, 1, 4, 'sleeves'),
(540, 1, 4, 'smooth'),
(1368, 1, 4, 'sofa,'),
(7933, 1, 4, 'soy'),
(553, 1, 4, 'space'),
(2269, 1, 4, 'spiral'),
(2273, 1, 4, 'squared'),
(181, 1, 4, 'staple'),
(1010, 1, 4, 'start'),
(2271, 1, 4, 'stationery'),
(190, 1, 4, 'studio'),
(206, 1, 4, 'sublimation'),
(1806, 1, 4, 'support,'),
(541, 1, 4, 'surface'),
(1791, 1, 4, 'svg'),
(362, 1, 4, 'sweater'),
(184, 1, 4, 'symbol'),
(169, 1, 4, 't-shirt'),
(2705, 1, 4, 'text'),
(207, 1, 4, 'textile'),
(1013, 1, 4, 'thought'),
(877, 1, 4, 'today'),
(1218, 1, 4, 'touch'),
(200, 1, 4, 'traditional'),
(2259, 1, 4, 'traveling,'),
(170, 1, 4, 'tshirt'),
(7551, 1, 4, 'usana'),
(8027, 1, 4, 'usanimals™'),
(1797, 1, 4, 'use'),
(1804, 1, 4, 'used'),
(1787, 1, 4, 'vector'),
(8698, 1, 4, 'visionex'),
(13696, 1, 4, 'vitalizing'),
(545, 1, 4, 'voice'),
(544, 1, 4, 'walls'),
(7549, 1, 4, 'wash'),
(1378, 1, 4, 'washable'),
(203, 1, 4, 'wear'),
(219, 1, 4, 'white'),
(548, 1, 4, 'will'),
(1807, 1, 4, 'without'),
(369, 1, 4, 'women'),
(556, 1, 4, 'wooden'),
(2258, 1, 4, 'work,'),
(2255, 1, 4, 'write'),
(2266, 1, 4, 'writing!'),
(533, 1, 4, 'yet'),
(2711, 1, 4, 'you!'),
(1373, 1, 4, 'zen'),
(1365, 1, 4, 'zip'),
(5439, 2, 4, '---'),
(3742, 2, 4, '043kg'),
(3087, 2, 4, '100%'),
(4972, 2, 4, '120'),
(4977, 2, 4, '16x22cm'),
(3733, 2, 4, '325ml'),
(4091, 2, 4, '32x32cm'),
(3294, 2, 4, '40x60cm'),
(3292, 2, 4, '60x90cm'),
(4103, 2, 4, '60°'),
(3293, 2, 4, '80x120cm'),
(3738, 2, 4, '82cm'),
(3740, 2, 4, '95cm'),
(3748, 2, 4, 'accessories'),
(3941, 2, 4, 'add'),
(3426, 2, 4, 'adventure'),
(3270, 2, 4, 'aesthethic,'),
(4093, 2, 4, 'armchair'),
(3289, 2, 4, 'art'),
(4098, 2, 4, 'atmosphere'),
(4090, 2, 4, 'back'),
(4236, 2, 4, 'bear'),
(4094, 2, 4, 'bed'),
(3427, 2, 4, 'begins'),
(3256, 2, 4, 'best'),
(4994, 2, 4, 'binding'),
(2944, 2, 4, 'black'),
(4235, 2, 4, 'brown'),
(3089, 2, 4, 'brushed'),
(4976, 2, 4, 'cardboard'),
(3731, 2, 4, 'ceramic'),
(5438, 2, 4, 'characters:'),
(2928, 2, 4, 'chino'),
(5430, 2, 4, 'choice'),
(2919, 2, 4, 'classic'),
(3833, 2, 4, 'coffee'),
(2917, 2, 4, 'collection'),
(2936, 2, 4, 'color'),
(2938, 2, 4, 'color,'),
(2921, 2, 4, 'colorful'),
(3730, 2, 4, 'come'),
(3266, 2, 4, 'come!'),
(3258, 2, 4, 'come\''),
(3092, 2, 4, 'comfort'),
(4520, 2, 4, 'commercial'),
(3835, 2, 4, 'conquer'),
(3291, 2, 4, 'corner'),
(2907, 2, 4, 'cotton'),
(3088, 2, 4, 'cotton,'),
(4087, 2, 4, 'cover'),
(4095, 2, 4, 'create'),
(4525, 2, 4, 'creative'),
(3832, 2, 4, 'cup'),
(2912, 2, 4, 'curiosity'),
(4085, 2, 4, 'cushion'),
(4524, 2, 4, 'custom'),
(5427, 2, 4, 'customizable'),
(5428, 2, 4, 'customize'),
(3603, 2, 4, 'day'),
(3836, 2, 4, 'day!'),
(2910, 2, 4, 'delicacy,'),
(2895, 2, 4, 'demo'),
(3284, 2, 4, 'depth'),
(2942, 2, 4, 'design'),
(2915, 2, 4, 'design\''),
(3275, 2, 4, 'desk'),
(3739, 2, 4, 'diameter'),
(3743, 2, 4, 'dishwasher'),
(3745, 2, 4, 'dishwasher-proo'),
(3746, 2, 4, 'dishwasherproof'),
(4998, 2, 4, 'doted'),
(4992, 2, 4, 'double'),
(4516, 2, 4, 'download'),
(4984, 2, 4, 'endearing'),
(2911, 2, 4, 'evokes'),
(2935, 2, 4, 'exceptional'),
(2903, 2, 4, 'extra'),
(2918, 2, 4, 'features'),
(4988, 2, 4, 'feel'),
(4104, 2, 4, 'filling'),
(3428, 2, 4, 'finish'),
(2897, 2, 4, 'fit,'),
(4514, 2, 4, 'format:'),
(4084, 2, 4, 'fox'),
(3281, 2, 4, 'frame'),
(3259, 2, 4, 'framed'),
(3267, 2, 4, 'give'),
(3602, 2, 4, 'good'),
(3290, 2, 4, 'graphic'),
(4513, 2, 4, 'graphic,'),
(4512, 2, 4, 'graphics'),
(3274, 2, 4, 'great'),
(4991, 2, 4, 'gsm'),
(2939, 2, 4, 'guaranteed'),
(4974, 2, 4, 'hard'),
(3741, 2, 4, 'height'),
(3747, 2, 4, 'home'),
(2890, 2, 4, 'hummingbird'),
(4105, 2, 4, 'hypoallergenic'),
(4981, 2, 4, 'ideas'),
(4527, 2, 4, 'illustration'),
(4980, 2, 4, 'ingenious'),
(3090, 2, 4, 'inner'),
(2923, 2, 4, 'inspired'),
(4099, 2, 4, 'inspires'),
(4088, 2, 4, 'invisible'),
(5434, 2, 4, 'it\'s'),
(2925, 2, 4, 'japanese'),
(2929, 2, 4, 'jeans'),
(2913, 2, 4, 'joy'),
(2909, 2, 4, 'lightness'),
(4989, 2, 4, 'like'),
(4533, 2, 4, 'limitation'),
(2904, 2, 4, 'long'),
(3273, 2, 4, 'look'),
(4101, 2, 4, 'machine'),
(2902, 2, 4, 'made'),
(4987, 2, 4, 'make'),
(4985, 2, 4, 'manufacturing'),
(3262, 2, 4, 'matt'),
(5436, 2, 4, 'maximum'),
(2941, 2, 4, 'men'),
(5432, 2, 4, 'message,'),
(4096, 2, 4, 'modern'),
(3944, 2, 4, 'mood!'),
(5431, 2, 4, 'mood,'),
(3943, 2, 4, 'morning'),
(4083, 2, 4, 'mountain'),
(3729, 2, 4, 'mug'),
(3732, 2, 4, 'mug,'),
(2899, 2, 4, 'neckline,'),
(4519, 2, 4, 'non'),
(4522, 2, 4, 'non-commercial'),
(4523, 2, 4, 'noncommercial'),
(4971, 2, 4, 'notebook'),
(5437, 2, 4, 'number'),
(3278, 2, 4, 'office'),
(3276, 2, 4, 'open'),
(3285, 2, 4, 'open-space'),
(3286, 2, 4, 'openspace'),
(3271, 2, 4, 'optimistic'),
(4978, 2, 4, 'option'),
(2926, 2, 4, 'origamis'),
(2940, 2, 4, 'overtime'),
(4832, 2, 4, 'pack'),
(5000, 2, 4, 'pages'),
(3279, 2, 4, 'painted'),
(3263, 2, 4, 'paper'),
(3283, 2, 4, 'partout'),
(3282, 2, 4, 'passe'),
(3287, 2, 4, 'passe-partout'),
(3288, 2, 4, 'passepartout'),
(2922, 2, 4, 'patterns,'),
(4517, 2, 4, 'personal,'),
(2906, 2, 4, 'pima'),
(4996, 2, 4, 'plain'),
(4106, 2, 4, 'polyester'),
(2916, 2, 4, 'polyfaune'),
(3736, 2, 4, 'positive'),
(3260, 2, 4, 'poster'),
(2891, 2, 4, 'printed'),
(2932, 2, 4, 'printing'),
(4518, 2, 4, 'private'),
(2933, 2, 4, 'process'),
(2920, 2, 4, 'products'),
(4526, 2, 4, 'project?'),
(3744, 2, 4, 'proof'),
(2934, 2, 4, 'provides'),
(4529, 2, 4, 'purpose'),
(4986, 2, 4, 'quality'),
(5433, 2, 4, 'quote'),
(4975, 2, 4, 'recycled'),
(2896, 2, 4, 'regular'),
(4100, 2, 4, 'relaxation'),
(4086, 2, 4, 'removable'),
(2937, 2, 4, 'rendering'),
(3735, 2, 4, 'right'),
(3261, 2, 4, 'rigid'),
(2898, 2, 4, 'round'),
(4999, 2, 4, 'ruled'),
(3834, 2, 4, 'set'),
(4973, 2, 4, 'sheets'),
(2892, 2, 4, 'shirt'),
(2900, 2, 4, 'short'),
(3091, 2, 4, 'side'),
(4532, 2, 4, 'size'),
(2901, 2, 4, 'sleeves'),
(3264, 2, 4, 'smooth'),
(4092, 2, 4, 'sofa,'),
(3277, 2, 4, 'space'),
(4993, 2, 4, 'spiral'),
(4997, 2, 4, 'squared'),
(2905, 2, 4, 'staple'),
(3734, 2, 4, 'start'),
(4995, 2, 4, 'stationery'),
(2914, 2, 4, 'studio'),
(2930, 2, 4, 'sublimation'),
(4530, 2, 4, 'support,'),
(3265, 2, 4, 'surface'),
(4515, 2, 4, 'svg'),
(3086, 2, 4, 'sweater'),
(2908, 2, 4, 'symbol'),
(2893, 2, 4, 't-shirt'),
(5429, 2, 4, 'text'),
(2931, 2, 4, 'textile'),
(3737, 2, 4, 'thought'),
(3601, 2, 4, 'today'),
(3942, 2, 4, 'touch'),
(2924, 2, 4, 'traditional'),
(4983, 2, 4, 'traveling,'),
(2894, 2, 4, 'tshirt'),
(4521, 2, 4, 'use'),
(4528, 2, 4, 'used'),
(4511, 2, 4, 'vector'),
(3269, 2, 4, 'voice'),
(3268, 2, 4, 'walls'),
(4102, 2, 4, 'washable'),
(2927, 2, 4, 'wear'),
(2943, 2, 4, 'white'),
(3272, 2, 4, 'will'),
(4531, 2, 4, 'without'),
(3093, 2, 4, 'women'),
(3280, 2, 4, 'wooden'),
(4982, 2, 4, 'work,'),
(4979, 2, 4, 'write'),
(4990, 2, 4, 'writing!'),
(3257, 2, 4, 'yet'),
(5435, 2, 4, 'you!'),
(4097, 2, 4, 'zen'),
(4089, 2, 4, 'zip'),
(13887, 1, 5, '(adaptogen'),
(13872, 1, 5, '(anti'),
(13953, 1, 5, '(anti-aging'),
(13954, 1, 5, '(antiaging'),
(13895, 1, 5, '(bio'),
(13959, 1, 5, '(bio-retinol),'),
(13960, 1, 5, '(bioretinol),'),
(13881, 1, 5, '(coffee)'),
(8042, 1, 5, '-12'),
(13794, 1, 5, '02%'),
(8032, 1, 5, '105'),
(8704, 1, 5, '113'),
(8043, 1, 5, '12'),
(13831, 1, 5, '13%-a'),
(13952, 1, 5, '13%a'),
(9487, 1, 5, '135'),
(13812, 1, 5, '2025,'),
(11122, 1, 5, '259'),
(13907, 1, 5, '30+'),
(14594, 1, 5, '339'),
(13878, 1, 5, 'abrotanum'),
(13726, 1, 5, 'activate'),
(11115, 1, 5, 'active'),
(9522, 1, 5, 'actively'),
(13830, 1, 5, 'actives'),
(13793, 1, 5, 'additional'),
(13778, 1, 5, 'advanced'),
(8719, 1, 5, 'affecting'),
(8039, 1, 5, 'ages'),
(13709, 1, 5, 'aging'),
(13792, 1, 5, 'aging,'),
(13893, 1, 5, 'also'),
(8103, 1, 5, 'animal'),
(13708, 1, 5, 'anti'),
(13710, 1, 5, 'anti-aging'),
(13711, 1, 5, 'antiaging'),
(8036, 1, 5, 'antioxidant'),
(8068, 1, 5, 'antioxidants'),
(13885, 1, 5, 'apple'),
(13839, 1, 5, 'apply'),
(13880, 1, 5, 'arabica'),
(9525, 1, 5, 'array'),
(13911, 1, 5, 'art'),
(13877, 1, 5, 'artemisia'),
(13898, 1, 5, 'artificial'),
(8097, 1, 5, 'b12'),
(8086, 1, 5, 'b12,'),
(8085, 1, 5, 'b6,'),
(13754, 1, 5, 'backed'),
(13894, 1, 5, 'bakuchiol'),
(13822, 1, 5, 'bakuchiol,'),
(9511, 1, 5, 'balance'),
(11126, 1, 5, 'balanced'),
(13738, 1, 5, 'barrier'),
(11152, 1, 5, 'based'),
(13928, 1, 5, 'batch'),
(13808, 1, 5, 'behind'),
(9500, 1, 5, 'believe'),
(8076, 1, 5, 'benefits'),
(11147, 1, 5, 'benefits:'),
(13751, 1, 5, 'beyond'),
(9563, 1, 5, 'bi-layer'),
(9564, 1, 5, 'bilayer'),
(8739, 1, 5, 'bilberry'),
(13788, 1, 5, 'biopeptide'),
(13948, 1, 5, 'biopeptide-cs'),
(13949, 1, 5, 'biopeptidecs'),
(9521, 1, 5, 'blend'),
(13888, 1, 5, 'blend):'),
(13779, 1, 5, 'blends'),
(9512, 1, 5, 'body\'s'),
(8073, 1, 5, 'bone'),
(8094, 1, 5, 'bones'),
(13833, 1, 5, 'boosts'),
(13803, 1, 5, 'botanical'),
(8075, 1, 5, 'brain'),
(9533, 1, 5, 'broccoli'),
(8089, 1, 5, 'calcium,'),
(11159, 1, 5, 'carbs,'),
(13705, 1, 5, 'celavive'),
(13727, 1, 5, 'cell'),
(13746, 1, 5, 'cells-using'),
(13943, 1, 5, 'cellsusing'),
(13747, 1, 5, 'cellular'),
(8100, 1, 5, 'chewables'),
(8038, 1, 5, 'children'),
(11117, 1, 5, 'chocolate'),
(11134, 1, 5, 'choice'),
(8088, 1, 5, 'choline'),
(13935, 1, 5, 'claimed'),
(13781, 1, 5, 'clinically'),
(13818, 1, 5, 'coenzyme'),
(13879, 1, 5, 'coffea'),
(13734, 1, 5, 'collagen'),
(13899, 1, 5, 'colors'),
(13790, 1, 5, 'combine'),
(9545, 1, 5, 'combining'),
(11150, 1, 5, 'complete,'),
(9494, 1, 5, 'complex'),
(13873, 1, 5, 'complex):'),
(13817, 1, 5, 'complex,'),
(13742, 1, 5, 'complexion'),
(13924, 1, 5, 'composition:'),
(9488, 1, 5, 'comprehensive'),
(9534, 1, 5, 'concentrate,'),
(13920, 1, 5, 'confirms'),
(8741, 1, 5, 'contains'),
(13918, 1, 5, 'contaminants'),
(11124, 1, 5, 'convenient'),
(13789, 1, 5, 'copper'),
(13891, 1, 5, 'cordyceps'),
(13791, 1, 5, 'counter'),
(13850, 1, 5, 'cream'),
(13925, 1, 5, 'critical'),
(8714, 1, 5, 'cycling,'),
(8033, 1, 5, 'daily'),
(13798, 1, 5, 'damage'),
(13926, 1, 5, 'data'),
(11145, 1, 5, 'day'),
(8731, 1, 5, 'delicate'),
(11163, 1, 5, 'delicious'),
(11123, 1, 5, 'deliciously'),
(13853, 1, 5, 'deliver'),
(9524, 1, 5, 'delivers'),
(8727, 1, 5, 'designed'),
(9493, 1, 5, 'detox'),
(9497, 1, 5, 'detox-support'),
(9498, 1, 5, 'detoxsupport'),
(8062, 1, 5, 'development'),
(11129, 1, 5, 'difference'),
(11130, 1, 5, 'differencemake'),
(8045, 1, 5, 'differencetake'),
(9565, 1, 5, 'digestion'),
(13931, 1, 5, 'disintegration,'),
(8703, 1, 5, 'ds™'),
(9515, 1, 5, 'dtx'),
(9486, 1, 5, 'dtx™'),
(13863, 1, 5, 'dullness'),
(13732, 1, 5, 'early'),
(9517, 1, 5, 'easiest'),
(8098, 1, 5, 'easy'),
(8107, 1, 5, 'easy-to-eat'),
(8108, 1, 5, 'easytoeat'),
(8099, 1, 5, 'eat'),
(9520, 1, 5, 'effective'),
(13922, 1, 5, 'efficacy,'),
(13801, 1, 5, 'elasticity'),
(13763, 1, 5, 'elasticity,'),
(9541, 1, 5, 'enabling'),
(13820, 1, 5, 'encapsulated'),
(13733, 1, 5, 'encourage'),
(9501, 1, 5, 'endures'),
(8071, 1, 5, 'energy'),
(13717, 1, 5, 'enhance'),
(13762, 1, 5, 'enhanced'),
(13917, 1, 5, 'ensures'),
(13760, 1, 5, 'environmental'),
(9548, 1, 5, 'equally'),
(8065, 1, 5, 'essential'),
(13777, 1, 5, 'even'),
(13847, 1, 5, 'evening'),
(13927, 1, 5, 'every'),
(13769, 1, 5, 'everyday'),
(13838, 1, 5, 'expect'),
(13771, 1, 5, 'exposure'),
(9509, 1, 5, 'extra'),
(8740, 1, 5, 'extract'),
(9530, 1, 5, 'extract,'),
(13804, 1, 5, 'extracts'),
(8705, 1, 5, 'eye'),
(8744, 1, 5, 'eye\'s'),
(8709, 1, 5, 'eye-health'),
(8710, 1, 5, 'eyehealth'),
(13841, 1, 5, 'face'),
(13912, 1, 5, 'facilities,'),
(8724, 1, 5, 'far'),
(11162, 1, 5, 'fats'),
(9491, 1, 5, 'featuring'),
(11154, 1, 5, 'feeling'),
(13823, 1, 5, 'fewer'),
(11156, 1, 5, 'fibre'),
(11160, 1, 5, 'fibre,'),
(13825, 1, 5, 'fine'),
(13858, 1, 5, 'firmer,'),
(13764, 1, 5, 'firming,'),
(11165, 1, 5, 'flavours'),
(8087, 1, 5, 'folate,'),
(13848, 1, 5, 'follow'),
(11133, 1, 5, 'food'),
(13915, 1, 5, 'for:'),
(13759, 1, 5, 'forming'),
(9490, 1, 5, 'formula'),
(8063, 1, 5, 'formulated'),
(13811, 1, 5, 'formulation'),
(9504, 1, 5, 'free'),
(13856, 1, 5, 'frequently'),
(8058, 1, 5, 'friendly'),
(13897, 1, 5, 'from:'),
(9537, 1, 5, 'fruit'),
(13890, 1, 5, 'fuciformis'),
(11148, 1, 5, 'fuels'),
(11155, 1, 5, 'full'),
(8102, 1, 5, 'fun'),
(8081, 1, 5, 'function'),
(8070, 1, 5, 'function,'),
(13772, 1, 5, 'gentle'),
(13843, 1, 5, 'gentle,'),
(13725, 1, 5, 'gently'),
(9519, 1, 5, 'get'),
(8049, 1, 5, 'give'),
(13757, 1, 5, 'giving'),
(13741, 1, 5, 'glowing'),
(11143, 1, 5, 'goals'),
(8721, 1, 5, 'good'),
(9528, 1, 5, 'green'),
(9555, 1, 5, 'green-tea'),
(9556, 1, 5, 'greentea'),
(8079, 1, 5, 'growing'),
(8061, 1, 5, 'growth'),
(9506, 1, 5, 'hard'),
(9553, 1, 5, 'hard-working'),
(9554, 1, 5, 'hardworking'),
(13876, 1, 5, 'hcl'),
(8055, 1, 5, 'health'),
(8728, 1, 5, 'healthhealth'),
(13785, 1, 5, 'healthier,'),
(8060, 1, 5, 'healthy'),
(13749, 1, 5, 'healthy,'),
(8729, 1, 5, 'help'),
(8735, 1, 5, 'helps'),
(9485, 1, 5, 'hepasil'),
(13875, 1, 5, 'hexapeptide'),
(13957, 1, 5, 'hexapeptide-48'),
(13958, 1, 5, 'hexapeptide48'),
(13832, 1, 5, 'higher'),
(8713, 1, 5, 'hiking,'),
(9539, 1, 5, 'hybrid'),
(13715, 1, 5, 'hydrate,'),
(13870, 1, 5, 'hydrated'),
(13752, 1, 5, 'hydration,'),
(13919, 1, 5, 'identity:'),
(8069, 1, 5, 'immune'),
(9549, 1, 5, 'important-nutri'),
(9562, 1, 5, 'importantnutrie'),
(13810, 1, 5, 'improved'),
(9492, 1, 5, 'incelligence'),
(8084, 1, 5, 'includes'),
(9527, 1, 5, 'including'),
(9547, 1, 5, 'incompatible-bu'),
(9561, 1, 5, 'incompatiblebut'),
(13828, 1, 5, 'increases'),
(13921, 1, 5, 'ingredient\'s'),
(13783, 1, 5, 'ingredients'),
(8743, 1, 5, 'integrity'),
(13836, 1, 5, 'irritating'),
(11153, 1, 5, 'keep'),
(9503, 1, 5, 'keeping'),
(11146, 1, 5, 'key'),
(8057, 1, 5, 'kid'),
(8105, 1, 5, 'kid-friendly'),
(8106, 1, 5, 'kidfriendly'),
(8050, 1, 5, 'kids'),
(13936, 1, 5, 'label'),
(8109, 1, 5, 'laman'),
(13854, 1, 5, 'lasting'),
(13827, 1, 5, 'latest'),
(9551, 1, 5, 'layer'),
(13807, 1, 5, 'learn'),
(13909, 1, 5, 'leave'),
(8745, 1, 5, 'lens'),
(13886, 1, 5, 'lentil'),
(11137, 1, 5, 'less'),
(8072, 1, 5, 'levels,'),
(8717, 1, 5, 'lifestyle'),
(13866, 1, 5, 'like'),
(8718, 1, 5, 'likely'),
(13826, 1, 5, 'lines'),
(13861, 1, 5, 'lines,'),
(13821, 1, 5, 'liposomal'),
(9489, 1, 5, 'liver'),
(9495, 1, 5, 'liver-support'),
(9496, 1, 5, 'liversupport'),
(13758, 1, 5, 'look'),
(13720, 1, 5, 'looking'),
(8707, 1, 5, 'lutein,'),
(8090, 1, 5, 'magnesium,'),
(8736, 1, 5, 'maintain'),
(9542, 1, 5, 'manufacture'),
(13787, 1, 5, 'matrix'),
(11119, 1, 5, 'meal'),
(11127, 1, 5, 'meal-replacemen'),
(11128, 1, 5, 'mealreplacement'),
(13724, 1, 5, 'meet'),
(9531, 1, 5, 'milk'),
(9557, 1, 5, 'milk-thistle'),
(9558, 1, 5, 'milkthistle'),
(13901, 1, 5, 'mineral'),
(8035, 1, 5, 'mineral,'),
(8067, 1, 5, 'minerals,'),
(13775, 1, 5, 'minimization'),
(13765, 1, 5, 'moisture'),
(13849, 1, 5, 'moisturizer'),
(13846, 1, 5, 'morning'),
(13845, 1, 5, 'motions'),
(8040, 1, 5, 'mths'),
(9513, 1, 5, 'natural'),
(13842, 1, 5, 'neck'),
(8052, 1, 5, 'need'),
(9510, 1, 5, 'needs'),
(13809, 1, 5, 'new'),
(8054, 1, 5, 'normal'),
(13813, 1, 5, 'now'),
(8051, 1, 5, 'nutrients'),
(11114, 1, 5, 'nutrimeal'),
(8078, 1, 5, 'nutritional'),
(11125, 1, 5, 'nutritionally'),
(11136, 1, 5, 'offers'),
(13902, 1, 5, 'oil'),
(9536, 1, 5, 'olive'),
(9559, 1, 5, 'olive-fruit'),
(9560, 1, 5, 'olivefruit'),
(9535, 1, 5, 'olivol'),
(13814, 1, 5, 'olivol24,'),
(13883, 1, 5, 'olivol24:'),
(9550, 1, 5, 'one'),
(11157, 1, 5, 'optimal'),
(8748, 1, 5, 'optimisers'),
(9508, 1, 5, 'organ'),
(8716, 1, 5, 'outdoor'),
(8734, 1, 5, 'oxidation'),
(8722, 1, 5, 'pair'),
(13874, 1, 5, 'palmitoyl'),
(13900, 1, 5, 'parabens'),
(13713, 1, 5, 'peptide'),
(13829, 1, 5, 'percentage'),
(13904, 1, 5, 'phenoxyethanol'),
(8733, 1, 5, 'photo'),
(8746, 1, 5, 'photo-oxidation'),
(13806, 1, 5, 'photoaging'),
(13865, 1, 5, 'photodamage,'),
(8747, 1, 5, 'photooxidation'),
(13903, 1, 5, 'phthalates'),
(9526, 1, 5, 'phytochemicals,'),
(8706, 1, 5, 'phytonutrient'),
(11151, 1, 5, 'plant'),
(11168, 1, 5, 'plant-based'),
(11169, 1, 5, 'plantbased'),
(13871, 1, 5, 'plump'),
(13774, 1, 5, 'pore'),
(13834, 1, 5, 'potency'),
(11144, 1, 5, 'power'),
(13712, 1, 5, 'powerful'),
(13780, 1, 5, 'powerful,'),
(9546, 1, 5, 'previously'),
(9514, 1, 5, 'processes'),
(13939, 1, 5, 'product'),
(13913, 1, 5, 'products'),
(13796, 1, 5, 'promote'),
(13755, 1, 5, 'promotes'),
(8730, 1, 5, 'protect'),
(9523, 1, 5, 'protective'),
(11118, 1, 5, 'protein'),
(11161, 1, 5, 'protein,'),
(13934, 1, 5, 'proves'),
(8077, 1, 5, 'provides'),
(13840, 1, 5, 'pumps'),
(13916, 1, 5, 'purity:'),
(13819, 1, 5, 'q10,'),
(11132, 1, 5, 'quality'),
(11131, 1, 5, 'quick,'),
(13740, 1, 5, 'radiance'),
(13718, 1, 5, 'radiant,'),
(8064, 1, 5, 'range'),
(11158, 1, 5, 'ratio'),
(8725, 1, 5, 'reach'),
(13736, 1, 5, 'rebuilds'),
(13860, 1, 5, 'reduced'),
(13730, 1, 5, 'reduces'),
(13805, 1, 5, 'reducing'),
(13852, 1, 5, 'regularly,'),
(11142, 1, 5, 'related'),
(13797, 1, 5, 'renewal'),
(11120, 1, 5, 'replacement'),
(13857, 1, 5, 'report:'),
(13768, 1, 5, 'resilience'),
(13786, 1, 5, 'resilient'),
(13784, 1, 5, 'restore'),
(13739, 1, 5, 'restores'),
(13766, 1, 5, 'retention'),
(8737, 1, 5, 'retina'),
(8720, 1, 5, 'retinas'),
(13896, 1, 5, 'retinol),'),
(13716, 1, 5, 'revitalize,'),
(13941, 1, 5, 'safe'),
(9544, 1, 5, 'safely'),
(13932, 1, 5, 'safety'),
(13923, 1, 5, 'safety,'),
(13937, 1, 5, 'safety:'),
(9502, 1, 5, 'sake'),
(13753, 1, 5, 'science'),
(13946, 1, 5, 'science-backed'),
(13947, 1, 5, 'sciencebacked'),
(13882, 1, 5, 'seed'),
(13714, 1, 5, 'serum'),
(13707, 1, 5, 'serum:'),
(11135, 1, 5, 'serving'),
(11121, 1, 5, 'shake'),
(11140, 1, 5, 'shakes'),
(8104, 1, 5, 'shapes'),
(8048, 1, 5, 'side'),
(13731, 1, 5, 'signs'),
(13892, 1, 5, 'sinensis'),
(13721, 1, 5, 'skin'),
(13767, 1, 5, 'skin\'s'),
(13859, 1, 5, 'skin:'),
(13748, 1, 5, 'skincare'),
(13776, 1, 5, 'smoother,'),
(13745, 1, 5, 'source-your'),
(13942, 1, 5, 'sourceyour'),
(11116, 1, 5, 'soy'),
(8101, 1, 5, 'stamped'),
(13906, 1, 5, 'standards'),
(9516, 1, 5, 'standout'),
(13910, 1, 5, 'state'),
(13961, 1, 5, 'state-of-the-ar'),
(13962, 1, 5, 'stateoftheart'),
(13800, 1, 5, 'stimulates'),
(13933, 1, 5, 'strength:'),
(13799, 1, 5, 'strengthening'),
(13737, 1, 5, 'strengthens'),
(13761, 1, 5, 'stressors'),
(8093, 1, 5, 'strong'),
(8742, 1, 5, 'structure'),
(13782, 1, 5, 'studied'),
(11138, 1, 5, 'sugar'),
(13770, 1, 5, 'sun'),
(8723, 1, 5, 'sunglasses'),
(13816, 1, 5, 'superfood'),
(13905, 1, 5, 'superior'),
(8037, 1, 5, 'supplement'),
(8059, 1, 5, 'supplements'),
(8053, 1, 5, 'support'),
(8074, 1, 5, 'support,'),
(8092, 1, 5, 'supporting'),
(8080, 1, 5, 'supports'),
(13844, 1, 5, 'sweeping'),
(8715, 1, 5, 'swimming,'),
(13864, 1, 5, 'symptoms'),
(13735, 1, 5, 'synthesis'),
(9552, 1, 5, 'tablet'),
(13743, 1, 5, 'targets'),
(9529, 1, 5, 'tea'),
(9540, 1, 5, 'technology,'),
(8095, 1, 5, 'teeth'),
(13914, 1, 5, 'tested'),
(13869, 1, 5, 'texture'),
(13940, 1, 5, 'that\'s'),
(8096, 1, 5, 'thiamin,'),
(13930, 1, 5, 'thickness,'),
(9532, 1, 5, 'thistle'),
(11149, 1, 5, 'throughout'),
(8732, 1, 5, 'tissues'),
(13868, 1, 5, 'tone'),
(9505, 1, 5, 'toxins'),
(11139, 1, 5, 'traditional'),
(13889, 1, 5, 'tremella'),
(13795, 1, 5, 'tripeptide'),
(13950, 1, 5, 'tripeptide-1'),
(13955, 1, 5, 'tripeptide-38'),
(13951, 1, 5, 'tripeptide1'),
(13956, 1, 5, 'tripeptide38'),
(13728, 1, 5, 'turnover'),
(13756, 1, 5, 'turnover,'),
(13773, 1, 5, 'types'),
(13867, 1, 5, 'uneven'),
(9543, 1, 5, 'unique'),
(8044, 1, 5, 'usana'),
(8726, 1, 5, 'usana\'s'),
(8056, 1, 5, 'usanimals'),
(8031, 1, 5, 'usanimals™'),
(13837, 1, 5, 'use'),
(13851, 1, 5, 'used'),
(13855, 1, 5, 'users'),
(13802, 1, 5, 'uses'),
(8110, 1, 5, 'utama'),
(9538, 1, 5, 'utilises'),
(11164, 1, 5, 'vanilla'),
(13938, 1, 5, 'verifies'),
(13750, 1, 5, 'vibrant'),
(13944, 1, 5, 'vibrant-looking'),
(13945, 1, 5, 'vibrantlooking'),
(13744, 1, 5, 'visible'),
(13729, 1, 5, 'visibly'),
(8702, 1, 5, 'visionex'),
(13706, 1, 5, 'vitalizing'),
(8091, 1, 5, 'vitamin'),
(8034, 1, 5, 'vitamin,'),
(8082, 1, 5, 'vitamins'),
(8066, 1, 5, 'vitamins,'),
(8046, 1, 5, 'walk'),
(13884, 1, 5, 'watermelon'),
(9518, 1, 5, 'way'),
(11141, 1, 5, 'weight'),
(13929, 1, 5, 'weight,'),
(11166, 1, 5, 'weight-related'),
(11167, 1, 5, 'weightrelated'),
(13815, 1, 5, 'well'),
(8711, 1, 5, 'whether'),
(8047, 1, 5, 'wild'),
(13835, 1, 5, 'without'),
(9507, 1, 5, 'working'),
(9499, 1, 5, 'wouldn\'t'),
(13824, 1, 5, 'wrinkles'),
(13862, 1, 5, 'wrinkles,'),
(13908, 1, 5, 'years'),
(8712, 1, 5, 'you\'re'),
(13719, 1, 5, 'youthful'),
(13722, 1, 5, 'youthful-lookin'),
(13723, 1, 5, 'youthfullooking'),
(8041, 1, 5, 'yrs'),
(8738, 1, 5, 'zeaxanthin,'),
(8083, 1, 5, 'zinc'),
(8708, 1, 5, 'zinc,'),
(14176, 1, 6, '(adaptogen'),
(14159, 1, 6, '(anti'),
(14242, 1, 6, '(anti-aging'),
(14243, 1, 6, '(antiaging'),
(14184, 1, 6, '(bio'),
(14248, 1, 6, '(bio-retinol),'),
(14249, 1, 6, '(bioretinol),'),
(14170, 1, 6, '(coffee)'),
(8131, 1, 6, '-12'),
(14079, 1, 6, '02%'),
(14081, 1, 6, '1'),
(8119, 1, 6, '105'),
(8759, 1, 6, '113'),
(8129, 1, 6, '12'),
(14118, 1, 6, '13%-a'),
(14241, 1, 6, '13%a'),
(9581, 1, 6, '135'),
(14098, 1, 6, '2025,'),
(8127, 1, 6, '24'),
(11189, 1, 6, '259'),
(14117, 1, 6, '3%'),
(14196, 1, 6, '30+'),
(14879, 1, 6, '339'),
(14162, 1, 6, '38'),
(14164, 1, 6, '48'),
(11223, 1, 6, '8'),
(8113, 1, 6, 'a'),
(8171, 1, 6, 'a,'),
(14167, 1, 6, 'abrotanum'),
(14010, 1, 6, 'activate'),
(11182, 1, 6, 'active'),
(9616, 1, 6, 'actively'),
(14116, 1, 6, 'actives'),
(14078, 1, 6, 'additional'),
(14062, 1, 6, 'advanced'),
(8774, 1, 6, 'affecting'),
(8126, 1, 6, 'ages'),
(13993, 1, 6, 'aging'),
(14077, 1, 6, 'aging,'),
(14182, 1, 6, 'also'),
(8195, 1, 6, 'animal'),
(13992, 1, 6, 'anti'),
(13994, 1, 6, 'anti-aging'),
(13995, 1, 6, 'antiaging'),
(8123, 1, 6, 'antioxidant'),
(8156, 1, 6, 'antioxidants'),
(14174, 1, 6, 'apple'),
(14126, 1, 6, 'apply'),
(14169, 1, 6, 'arabica'),
(9619, 1, 6, 'array'),
(14200, 1, 6, 'art'),
(14166, 1, 6, 'artemisia'),
(14187, 1, 6, 'artificial'),
(8189, 1, 6, 'b12'),
(8177, 1, 6, 'b12,'),
(8176, 1, 6, 'b6,'),
(14038, 1, 6, 'backed'),
(14183, 1, 6, 'bakuchiol'),
(14108, 1, 6, 'bakuchiol,'),
(9605, 1, 6, 'balance'),
(11193, 1, 6, 'balanced'),
(14022, 1, 6, 'barrier'),
(11219, 1, 6, 'based'),
(14217, 1, 6, 'batch'),
(14094, 1, 6, 'behind'),
(9594, 1, 6, 'believe'),
(8164, 1, 6, 'benefits'),
(11214, 1, 6, 'benefits:'),
(14035, 1, 6, 'beyond'),
(9645, 1, 6, 'bi'),
(9658, 1, 6, 'bi-layer'),
(9659, 1, 6, 'bilayer'),
(8795, 1, 6, 'bilberry'),
(14072, 1, 6, 'biopeptide'),
(14237, 1, 6, 'biopeptide-cs'),
(14238, 1, 6, 'biopeptidecs'),
(9615, 1, 6, 'blend'),
(14177, 1, 6, 'blend):'),
(14063, 1, 6, 'blends'),
(9606, 1, 6, 'body\'s'),
(8161, 1, 6, 'bone'),
(8186, 1, 6, 'bones'),
(14120, 1, 6, 'boosts'),
(14089, 1, 6, 'botanical'),
(8163, 1, 6, 'brain'),
(9627, 1, 6, 'broccoli'),
(8798, 1, 6, 'c'),
(8172, 1, 6, 'c,'),
(8180, 1, 6, 'calcium,'),
(11228, 1, 6, 'carbs,'),
(13989, 1, 6, 'celavive'),
(14011, 1, 6, 'cell'),
(14030, 1, 6, 'cells-using'),
(14232, 1, 6, 'cellsusing'),
(14031, 1, 6, 'cellular'),
(8192, 1, 6, 'chewables'),
(8125, 1, 6, 'children'),
(11184, 1, 6, 'chocolate'),
(11201, 1, 6, 'choice'),
(8179, 1, 6, 'choline'),
(14224, 1, 6, 'claimed'),
(14065, 1, 6, 'clinically'),
(14104, 1, 6, 'coenzyme'),
(14168, 1, 6, 'coffea'),
(14018, 1, 6, 'collagen'),
(14188, 1, 6, 'colors'),
(14075, 1, 6, 'combine'),
(9639, 1, 6, 'combining'),
(11217, 1, 6, 'complete,'),
(9588, 1, 6, 'complex'),
(14160, 1, 6, 'complex):'),
(14103, 1, 6, 'complex,'),
(14026, 1, 6, 'complexion'),
(14213, 1, 6, 'composition:'),
(9582, 1, 6, 'comprehensive'),
(9628, 1, 6, 'concentrate,'),
(14209, 1, 6, 'confirms'),
(8797, 1, 6, 'contains'),
(14207, 1, 6, 'contaminants'),
(11191, 1, 6, 'convenient'),
(14074, 1, 6, 'copper'),
(14180, 1, 6, 'cordyceps'),
(14076, 1, 6, 'counter'),
(14137, 1, 6, 'cream'),
(14214, 1, 6, 'critical'),
(14073, 1, 6, 'cs'),
(8769, 1, 6, 'cycling,'),
(8183, 1, 6, 'd'),
(8120, 1, 6, 'daily'),
(14084, 1, 6, 'damage'),
(14215, 1, 6, 'data'),
(11212, 1, 6, 'day'),
(8787, 1, 6, 'delicate'),
(11232, 1, 6, 'delicious'),
(11190, 1, 6, 'deliciously'),
(14140, 1, 6, 'deliver'),
(9618, 1, 6, 'delivers'),
(8783, 1, 6, 'designed'),
(9587, 1, 6, 'detox'),
(9591, 1, 6, 'detox-support'),
(9592, 1, 6, 'detoxsupport'),
(8150, 1, 6, 'development'),
(11196, 1, 6, 'difference'),
(11197, 1, 6, 'differencemake'),
(8133, 1, 6, 'differencetake'),
(9660, 1, 6, 'digestion'),
(14220, 1, 6, 'disintegration,'),
(9609, 1, 6, 'dtx'),
(14150, 1, 6, 'dullness'),
(8173, 1, 6, 'e,'),
(14016, 1, 6, 'early'),
(9611, 1, 6, 'easiest'),
(8190, 1, 6, 'easy'),
(8199, 1, 6, 'easy-to-eat'),
(8200, 1, 6, 'easytoeat'),
(8191, 1, 6, 'eat'),
(9614, 1, 6, 'effective'),
(14211, 1, 6, 'efficacy,'),
(14087, 1, 6, 'elasticity'),
(14047, 1, 6, 'elasticity,'),
(9635, 1, 6, 'enabling'),
(14106, 1, 6, 'encapsulated'),
(14017, 1, 6, 'encourage'),
(9595, 1, 6, 'endures'),
(8159, 1, 6, 'energy'),
(14001, 1, 6, 'enhance'),
(14046, 1, 6, 'enhanced'),
(14206, 1, 6, 'ensures'),
(14044, 1, 6, 'environmental'),
(9642, 1, 6, 'equally'),
(8153, 1, 6, 'essential'),
(14061, 1, 6, 'even'),
(14134, 1, 6, 'evening'),
(14216, 1, 6, 'every'),
(14053, 1, 6, 'everyday'),
(14125, 1, 6, 'expect'),
(14055, 1, 6, 'exposure'),
(9603, 1, 6, 'extra'),
(8796, 1, 6, 'extract'),
(9624, 1, 6, 'extract,'),
(14090, 1, 6, 'extracts'),
(8760, 1, 6, 'eye'),
(8801, 1, 6, 'eye\'s'),
(8764, 1, 6, 'eye-health'),
(8765, 1, 6, 'eyehealth'),
(14128, 1, 6, 'face'),
(14201, 1, 6, 'facilities,'),
(8780, 1, 6, 'far'),
(11231, 1, 6, 'fats'),
(9585, 1, 6, 'featuring'),
(11221, 1, 6, 'feeling'),
(14109, 1, 6, 'fewer'),
(11225, 1, 6, 'fibre'),
(11229, 1, 6, 'fibre,'),
(14111, 1, 6, 'fine'),
(14145, 1, 6, 'firmer,'),
(14048, 1, 6, 'firming,'),
(11234, 1, 6, 'flavours'),
(8178, 1, 6, 'folate,'),
(14135, 1, 6, 'follow'),
(11200, 1, 6, 'food'),
(14204, 1, 6, 'for:'),
(14043, 1, 6, 'forming'),
(9584, 1, 6, 'formula'),
(8151, 1, 6, 'formulated'),
(14097, 1, 6, 'formulation'),
(9598, 1, 6, 'free'),
(14143, 1, 6, 'frequently'),
(8146, 1, 6, 'friendly'),
(14186, 1, 6, 'from:'),
(9631, 1, 6, 'fruit'),
(14179, 1, 6, 'fuciformis'),
(11215, 1, 6, 'fuels'),
(11222, 1, 6, 'full'),
(8194, 1, 6, 'fun'),
(8169, 1, 6, 'function'),
(8158, 1, 6, 'function,'),
(11224, 1, 6, 'g'),
(14056, 1, 6, 'gentle'),
(14130, 1, 6, 'gentle,'),
(14009, 1, 6, 'gently'),
(9613, 1, 6, 'get'),
(8137, 1, 6, 'give'),
(14041, 1, 6, 'giving'),
(14025, 1, 6, 'glowing'),
(8779, 1, 6, 'go'),
(11210, 1, 6, 'goals'),
(8776, 1, 6, 'good'),
(9622, 1, 6, 'green'),
(9650, 1, 6, 'green-tea'),
(9651, 1, 6, 'greentea'),
(8167, 1, 6, 'growing'),
(8149, 1, 6, 'growth'),
(9600, 1, 6, 'hard'),
(9648, 1, 6, 'hard-working'),
(9649, 1, 6, 'hardworking'),
(14165, 1, 6, 'hcl'),
(8143, 1, 6, 'health'),
(8784, 1, 6, 'healthhealth'),
(14069, 1, 6, 'healthier,'),
(8148, 1, 6, 'healthy'),
(14033, 1, 6, 'healthy,'),
(8785, 1, 6, 'help'),
(8791, 1, 6, 'helps'),
(9578, 1, 6, 'hepasil'),
(14163, 1, 6, 'hexapeptide'),
(14246, 1, 6, 'hexapeptide-48'),
(14247, 1, 6, 'hexapeptide48'),
(14119, 1, 6, 'higher'),
(8768, 1, 6, 'hiking,'),
(9633, 1, 6, 'hybrid'),
(13999, 1, 6, 'hydrate,'),
(14157, 1, 6, 'hydrated'),
(14036, 1, 6, 'hydration,'),
(8115, 1, 6, 'i'),
(14208, 1, 6, 'identity:'),
(8157, 1, 6, 'immune'),
(9643, 1, 6, 'important-nutri'),
(9657, 1, 6, 'importantnutrie'),
(14096, 1, 6, 'improved'),
(9586, 1, 6, 'incelligence'),
(8175, 1, 6, 'includes'),
(9621, 1, 6, 'including'),
(9641, 1, 6, 'incompatible-bu'),
(9656, 1, 6, 'incompatiblebut'),
(14114, 1, 6, 'increases'),
(14210, 1, 6, 'ingredient\'s'),
(14067, 1, 6, 'ingredients'),
(8800, 1, 6, 'integrity'),
(14123, 1, 6, 'irritating'),
(11220, 1, 6, 'keep'),
(9597, 1, 6, 'keeping'),
(11213, 1, 6, 'key'),
(8145, 1, 6, 'kid'),
(8197, 1, 6, 'kid-friendly'),
(8198, 1, 6, 'kidfriendly'),
(8138, 1, 6, 'kids'),
(8117, 1, 6, 'l'),
(14225, 1, 6, 'label'),
(14141, 1, 6, 'lasting'),
(14113, 1, 6, 'latest'),
(9646, 1, 6, 'layer'),
(14093, 1, 6, 'learn'),
(14198, 1, 6, 'leave'),
(8802, 1, 6, 'lens'),
(14175, 1, 6, 'lentil'),
(11204, 1, 6, 'less'),
(8160, 1, 6, 'levels,'),
(8772, 1, 6, 'lifestyle'),
(14153, 1, 6, 'like'),
(8773, 1, 6, 'likely'),
(14112, 1, 6, 'lines'),
(14148, 1, 6, 'lines,'),
(14107, 1, 6, 'liposomal'),
(9583, 1, 6, 'liver'),
(9589, 1, 6, 'liver-support'),
(9590, 1, 6, 'liversupport'),
(14042, 1, 6, 'look'),
(14004, 1, 6, 'looking'),
(8762, 1, 6, 'lutein,'),
(8116, 1, 6, 'm'),
(8181, 1, 6, 'magnesium,'),
(8792, 1, 6, 'maintain'),
(9636, 1, 6, 'manufacture'),
(14071, 1, 6, 'matrix'),
(11186, 1, 6, 'meal'),
(11194, 1, 6, 'meal-replacemen'),
(11195, 1, 6, 'mealreplacement'),
(14008, 1, 6, 'meet'),
(9625, 1, 6, 'milk'),
(9652, 1, 6, 'milk-thistle'),
(9653, 1, 6, 'milkthistle'),
(14190, 1, 6, 'mineral'),
(8122, 1, 6, 'mineral,'),
(8155, 1, 6, 'minerals,'),
(14059, 1, 6, 'minimization'),
(14049, 1, 6, 'moisture'),
(14136, 1, 6, 'moisturizer'),
(14133, 1, 6, 'morning'),
(14132, 1, 6, 'motions'),
(8128, 1, 6, 'mths'),
(8114, 1, 6, 'n'),
(9607, 1, 6, 'natural'),
(14129, 1, 6, 'neck'),
(8140, 1, 6, 'need'),
(9604, 1, 6, 'needs'),
(14095, 1, 6, 'new'),
(8142, 1, 6, 'normal'),
(14099, 1, 6, 'now'),
(8139, 1, 6, 'nutrients'),
(11181, 1, 6, 'nutrimeal'),
(8166, 1, 6, 'nutritional'),
(11192, 1, 6, 'nutritionally'),
(11203, 1, 6, 'offers'),
(14191, 1, 6, 'oil'),
(9630, 1, 6, 'olive'),
(9654, 1, 6, 'olive-fruit'),
(9655, 1, 6, 'olivefruit'),
(9629, 1, 6, 'olivol'),
(14100, 1, 6, 'olivol24,'),
(14172, 1, 6, 'olivol24:'),
(9644, 1, 6, 'one'),
(11226, 1, 6, 'optimal'),
(8805, 1, 6, 'optimisers'),
(9602, 1, 6, 'organ'),
(8771, 1, 6, 'outdoor'),
(8790, 1, 6, 'oxidation'),
(8777, 1, 6, 'pair'),
(14161, 1, 6, 'palmitoyl'),
(14189, 1, 6, 'parabens'),
(13997, 1, 6, 'peptide'),
(14115, 1, 6, 'percentage'),
(14193, 1, 6, 'phenoxyethanol'),
(8789, 1, 6, 'photo'),
(8803, 1, 6, 'photo-oxidation'),
(14092, 1, 6, 'photoaging'),
(14152, 1, 6, 'photodamage,'),
(8804, 1, 6, 'photooxidation'),
(14192, 1, 6, 'phthalates'),
(9620, 1, 6, 'phytochemicals,'),
(8761, 1, 6, 'phytonutrient'),
(11218, 1, 6, 'plant'),
(11237, 1, 6, 'plant-based'),
(11238, 1, 6, 'plantbased'),
(14158, 1, 6, 'plump'),
(14058, 1, 6, 'pore'),
(14121, 1, 6, 'potency'),
(11211, 1, 6, 'power'),
(13996, 1, 6, 'powerful'),
(14064, 1, 6, 'powerful,'),
(9640, 1, 6, 'previously'),
(9608, 1, 6, 'processes'),
(14228, 1, 6, 'product'),
(14202, 1, 6, 'products'),
(14082, 1, 6, 'promote'),
(14039, 1, 6, 'promotes'),
(8786, 1, 6, 'protect'),
(9617, 1, 6, 'protective'),
(11185, 1, 6, 'protein'),
(11230, 1, 6, 'protein,'),
(14223, 1, 6, 'proves'),
(8165, 1, 6, 'provides'),
(14127, 1, 6, 'pumps'),
(14205, 1, 6, 'purity:'),
(14105, 1, 6, 'q10,'),
(11199, 1, 6, 'quality'),
(11198, 1, 6, 'quick,'),
(14024, 1, 6, 'radiance'),
(14002, 1, 6, 'radiant,'),
(8152, 1, 6, 'range'),
(11227, 1, 6, 'ratio'),
(8781, 1, 6, 'reach'),
(14020, 1, 6, 'rebuilds'),
(14147, 1, 6, 'reduced'),
(14014, 1, 6, 'reduces'),
(14091, 1, 6, 'reducing'),
(14139, 1, 6, 'regularly,'),
(11209, 1, 6, 'related'),
(14083, 1, 6, 'renewal'),
(11187, 1, 6, 'replacement'),
(14144, 1, 6, 'report:'),
(14052, 1, 6, 'resilience'),
(14070, 1, 6, 'resilient'),
(14068, 1, 6, 'restore'),
(14023, 1, 6, 'restores'),
(14050, 1, 6, 'retention'),
(8793, 1, 6, 'retina'),
(8775, 1, 6, 'retinas'),
(14185, 1, 6, 'retinol),'),
(14000, 1, 6, 'revitalize,'),
(8112, 1, 6, 's'),
(14230, 1, 6, 'safe'),
(9638, 1, 6, 'safely'),
(14221, 1, 6, 'safety'),
(14212, 1, 6, 'safety,'),
(14226, 1, 6, 'safety:'),
(9596, 1, 6, 'sake'),
(14037, 1, 6, 'science'),
(14235, 1, 6, 'science-backed'),
(14236, 1, 6, 'sciencebacked'),
(14171, 1, 6, 'seed'),
(13998, 1, 6, 'serum'),
(13991, 1, 6, 'serum:'),
(11202, 1, 6, 'serving'),
(11188, 1, 6, 'shake'),
(11207, 1, 6, 'shakes'),
(8196, 1, 6, 'shapes'),
(8136, 1, 6, 'side'),
(14015, 1, 6, 'signs'),
(14181, 1, 6, 'sinensis'),
(14005, 1, 6, 'skin'),
(14051, 1, 6, 'skin\'s'),
(14146, 1, 6, 'skin:'),
(14032, 1, 6, 'skincare'),
(14060, 1, 6, 'smoother,'),
(14029, 1, 6, 'source-your'),
(14231, 1, 6, 'sourceyour'),
(11183, 1, 6, 'soy'),
(8193, 1, 6, 'stamped'),
(14195, 1, 6, 'standards'),
(9610, 1, 6, 'standout'),
(14199, 1, 6, 'state'),
(14250, 1, 6, 'state-of-the-ar'),
(14251, 1, 6, 'stateoftheart'),
(14086, 1, 6, 'stimulates'),
(14222, 1, 6, 'strength:'),
(14085, 1, 6, 'strengthening'),
(14021, 1, 6, 'strengthens'),
(14045, 1, 6, 'stressors'),
(8185, 1, 6, 'strong'),
(8799, 1, 6, 'structure'),
(14066, 1, 6, 'studied'),
(11205, 1, 6, 'sugar'),
(14054, 1, 6, 'sun'),
(8778, 1, 6, 'sunglasses'),
(14102, 1, 6, 'superfood'),
(14194, 1, 6, 'superior'),
(8124, 1, 6, 'supplement'),
(8147, 1, 6, 'supplements'),
(8141, 1, 6, 'support'),
(8162, 1, 6, 'support,'),
(8184, 1, 6, 'supporting'),
(8168, 1, 6, 'supports'),
(14131, 1, 6, 'sweeping'),
(8770, 1, 6, 'swimming,'),
(14151, 1, 6, 'symptoms'),
(14019, 1, 6, 'synthesis'),
(9579, 1, 6, 't'),
(9647, 1, 6, 'tablet'),
(14027, 1, 6, 'targets'),
(9623, 1, 6, 'tea'),
(9634, 1, 6, 'technology,'),
(8187, 1, 6, 'teeth'),
(14203, 1, 6, 'tested'),
(14156, 1, 6, 'texture'),
(14229, 1, 6, 'that\'s'),
(8188, 1, 6, 'thiamin,'),
(14219, 1, 6, 'thickness,'),
(9626, 1, 6, 'thistle'),
(11216, 1, 6, 'throughout'),
(8788, 1, 6, 'tissues'),
(14155, 1, 6, 'tone'),
(9599, 1, 6, 'toxins'),
(11206, 1, 6, 'traditional'),
(14178, 1, 6, 'tremella'),
(14080, 1, 6, 'tripeptide'),
(14239, 1, 6, 'tripeptide-1'),
(14244, 1, 6, 'tripeptide-38'),
(14240, 1, 6, 'tripeptide1'),
(14245, 1, 6, 'tripeptide38'),
(14012, 1, 6, 'turnover'),
(14040, 1, 6, 'turnover,'),
(14057, 1, 6, 'types'),
(8111, 1, 6, 'u'),
(14154, 1, 6, 'uneven'),
(9637, 1, 6, 'unique'),
(8132, 1, 6, 'usana'),
(8782, 1, 6, 'usana\'s'),
(8144, 1, 6, 'usanimals'),
(14124, 1, 6, 'use'),
(14138, 1, 6, 'used'),
(14142, 1, 6, 'users'),
(14088, 1, 6, 'uses'),
(9632, 1, 6, 'utilises'),
(11233, 1, 6, 'vanilla'),
(14227, 1, 6, 'verifies'),
(14034, 1, 6, 'vibrant'),
(14233, 1, 6, 'vibrant-looking'),
(14234, 1, 6, 'vibrantlooking'),
(14028, 1, 6, 'visible'),
(14013, 1, 6, 'visibly'),
(8758, 1, 6, 'visionex'),
(13990, 1, 6, 'vitalizing'),
(8182, 1, 6, 'vitamin'),
(8121, 1, 6, 'vitamin,'),
(8170, 1, 6, 'vitamins'),
(8154, 1, 6, 'vitamins,'),
(8134, 1, 6, 'walk'),
(14173, 1, 6, 'watermelon'),
(9612, 1, 6, 'way'),
(11208, 1, 6, 'weight'),
(14218, 1, 6, 'weight,'),
(11235, 1, 6, 'weight-related'),
(11236, 1, 6, 'weightrelated'),
(14101, 1, 6, 'well'),
(8766, 1, 6, 'whether'),
(8135, 1, 6, 'wild'),
(14122, 1, 6, 'without'),
(9601, 1, 6, 'working'),
(9593, 1, 6, 'wouldn\'t'),
(14110, 1, 6, 'wrinkles'),
(14149, 1, 6, 'wrinkles,'),
(9580, 1, 6, 'x'),
(8202, 1, 6, 'ye'),
(14197, 1, 6, 'years'),
(8767, 1, 6, 'you\'re'),
(14003, 1, 6, 'youthful'),
(14006, 1, 6, 'youthful-lookin'),
(14007, 1, 6, 'youthfullooking'),
(8130, 1, 6, 'yrs'),
(8794, 1, 6, 'zeaxanthin,'),
(8201, 1, 6, 'zhu'),
(8174, 1, 6, 'zinc'),
(8763, 1, 6, 'zinc,'),
(8118, 1, 6, '™');

-- --------------------------------------------------------

--
-- Table structure for table `xio8d_shipment`
--

CREATE TABLE `xio8d_shipment` (
  `id_shipment` int(10) NOT NULL,
  `id_order` int(10) NOT NULL,
  `id_carrier` int(10) NOT NULL,
  `id_delivery_address` int(10) DEFAULT NULL,
  `shipping_cost_tax_excl` decimal(20,6) DEFAULT 0.000000,
  `shipping_cost_tax_incl` decimal(20,6) DEFAULT 0.000000,
  `packed_at` datetime DEFAULT NULL,
  `shipped_at` datetime DEFAULT NULL,
  `delivered_at` datetime DEFAULT NULL,
  `cancelled_at` datetime DEFAULT NULL,
  `tracking_number` varchar(255) DEFAULT NULL,
  `date_add` datetime NOT NULL,
  `date_upd` datetime NOT NULL
) ENGINE=InnoDB DEFAULT CHARSET=utf8mb4 COLLATE=utf8mb4_general_ci;

-- --------------------------------------------------------

--
-- Table structure for table `xio8d_shipment_product`
--

CREATE TABLE `xio8d_shipment_product` (
  `id_shipment_product` int(11) NOT NULL,
  `id_shipment` int(10) NOT NULL,
  `id_order_detail` int(10) NOT NULL,
  `quantity` int(10) DEFAULT NULL
) ENGINE=InnoDB DEFAULT CHARSET=utf8mb4 COLLATE=utf8mb4_general_ci;

-- --------------------------------------------------------

--
-- Table structure for table `xio8d_shop`
--

CREATE TABLE `xio8d_shop` (
  `id_shop` int(11) NOT NULL,
  `id_shop_group` int(11) NOT NULL,
  `name` varchar(64) NOT NULL,
  `color` varchar(50) NOT NULL,
  `id_category` int(11) NOT NULL,
  `theme_name` varchar(255) NOT NULL,
  `active` tinyint(1) NOT NULL,
  `deleted` tinyint(1) NOT NULL
) ENGINE=InnoDB DEFAULT CHARSET=utf8mb4 COLLATE=utf8mb4_general_ci;

--
-- Dumping data for table `xio8d_shop`
--

INSERT INTO `xio8d_shop` (`id_shop`, `id_shop_group`, `name`, `color`, `id_category`, `theme_name`, `active`, `deleted`) VALUES
(1, 1, ' Nutritional', '', 2, 'alysumchild', 1, 0),
(2, 1, 'ukbuynutritionals', '', 2, 'alysumchild', 1, 0);

-- --------------------------------------------------------

--
-- Table structure for table `xio8d_shop_group`
--

CREATE TABLE `xio8d_shop_group` (
  `id_shop_group` int(11) NOT NULL,
  `name` varchar(64) NOT NULL,
  `color` varchar(50) NOT NULL,
  `share_customer` tinyint(1) NOT NULL,
  `share_order` tinyint(1) NOT NULL,
  `share_stock` tinyint(1) NOT NULL,
  `active` tinyint(1) NOT NULL,
  `deleted` tinyint(1) NOT NULL
) ENGINE=InnoDB DEFAULT CHARSET=utf8mb4 COLLATE=utf8mb4_general_ci;

--
-- Dumping data for table `xio8d_shop_group`
--

INSERT INTO `xio8d_shop_group` (`id_shop_group`, `name`, `color`, `share_customer`, `share_order`, `share_stock`, `active`, `deleted`) VALUES
(1, 'Default', '', 0, 0, 0, 1, 0);

-- --------------------------------------------------------

--
-- Table structure for table `xio8d_shop_url`
--

CREATE TABLE `xio8d_shop_url` (
  `id_shop_url` int(11) UNSIGNED NOT NULL,
  `id_shop` int(11) UNSIGNED NOT NULL,
  `domain` varchar(255) NOT NULL,
  `domain_ssl` varchar(255) NOT NULL,
  `physical_uri` varchar(64) NOT NULL,
  `virtual_uri` varchar(64) NOT NULL,
  `main` tinyint(1) NOT NULL,
  `active` tinyint(1) NOT NULL
) ENGINE=InnoDB DEFAULT CHARSET=utf8mb4 COLLATE=utf8mb4_general_ci;

--
-- Dumping data for table `xio8d_shop_url`
--

INSERT INTO `xio8d_shop_url` (`id_shop_url`, `id_shop`, `domain`, `domain_ssl`, `physical_uri`, `virtual_uri`, `main`, `active`) VALUES
(1, 1, 'localhost', 'localhost', '/prestashop.sg/', '', 1, 1),
(2, 2, 'localhost', 'localhost', '/prestashop.co.uk/', '', 1, 1);

-- --------------------------------------------------------

--
-- Table structure for table `xio8d_simpleblog_author`
--

CREATE TABLE `xio8d_simpleblog_author` (
  `id_simpleblog_author` int(11) UNSIGNED NOT NULL,
  `firstname` varchar(60) NOT NULL,
  `lastname` varchar(60) NOT NULL,
  `photo` text NOT NULL,
  `email` varchar(130) NOT NULL,
  `facebook` text NOT NULL,
  `google` text NOT NULL,
  `linkedin` text NOT NULL,
  `twitter` text NOT NULL,
  `instagram` text NOT NULL,
  `phone` text NOT NULL,
  `www` varchar(255) NOT NULL,
  `link_rewrite` varchar(128) NOT NULL,
  `active` tinyint(1) UNSIGNED NOT NULL
) ENGINE=InnoDB DEFAULT CHARSET=utf8 COLLATE=utf8_general_ci;

-- --------------------------------------------------------

--
-- Table structure for table `xio8d_simpleblog_author_lang`
--

CREATE TABLE `xio8d_simpleblog_author_lang` (
  `id_simpleblog_author` int(10) UNSIGNED NOT NULL,
  `id_lang` int(11) UNSIGNED NOT NULL,
  `bio` text NOT NULL,
  `additional_info` text NOT NULL
) ENGINE=InnoDB DEFAULT CHARSET=utf8 COLLATE=utf8_general_ci;

-- --------------------------------------------------------

--
-- Table structure for table `xio8d_simpleblog_category`
--

CREATE TABLE `xio8d_simpleblog_category` (
  `id_simpleblog_category` int(11) UNSIGNED NOT NULL,
  `cover` varchar(5) NOT NULL,
  `position` int(10) UNSIGNED NOT NULL DEFAULT 0,
  `id_parent` int(10) UNSIGNED NOT NULL DEFAULT 0,
  `active` tinyint(1) UNSIGNED NOT NULL DEFAULT 0,
  `date_add` datetime NOT NULL,
  `date_upd` datetime NOT NULL
) ENGINE=InnoDB DEFAULT CHARSET=utf8 COLLATE=utf8_general_ci;

--
-- Dumping data for table `xio8d_simpleblog_category`
--

INSERT INTO `xio8d_simpleblog_category` (`id_simpleblog_category`, `cover`, `position`, `id_parent`, `active`, `date_add`, `date_upd`) VALUES
(1, '', 1, 0, 1, '2026-06-22 01:29:46', '2026-06-22 01:29:46');

-- --------------------------------------------------------

--
-- Table structure for table `xio8d_simpleblog_category_lang`
--

CREATE TABLE `xio8d_simpleblog_category_lang` (
  `id_simpleblog_category` int(10) UNSIGNED NOT NULL,
  `id_lang` int(10) UNSIGNED NOT NULL,
  `name` varchar(128) NOT NULL,
  `description` text DEFAULT NULL,
  `link_rewrite` varchar(128) NOT NULL,
  `meta_title` varchar(128) NOT NULL,
  `meta_keywords` varchar(255) NOT NULL,
  `canonical` text NOT NULL,
  `meta_description` varchar(255) NOT NULL
) ENGINE=InnoDB DEFAULT CHARSET=utf8 COLLATE=utf8_general_ci;

--
-- Dumping data for table `xio8d_simpleblog_category_lang`
--

INSERT INTO `xio8d_simpleblog_category_lang` (`id_simpleblog_category`, `id_lang`, `name`, `description`, `link_rewrite`, `meta_title`, `meta_keywords`, `canonical`, `meta_description`) VALUES
(1, 1, 'News', '', 'news', '', '', '', ''),
(1, 2, 'News', '', 'news', '', '', '', ''),
(1, 3, 'News', '', 'news', '', '', '', ''),
(1, 4, 'News', '', 'news', '', '', '', ''),
(1, 5, 'News', '', 'news', '', '', '', ''),
(1, 6, 'News', '', 'news', '', '', '', '');

-- --------------------------------------------------------

--
-- Table structure for table `xio8d_simpleblog_category_shop`
--

CREATE TABLE `xio8d_simpleblog_category_shop` (
  `id_simpleblog_category` int(11) UNSIGNED NOT NULL,
  `id_shop` int(11) UNSIGNED NOT NULL
) ENGINE=InnoDB DEFAULT CHARSET=utf8 COLLATE=utf8_general_ci;

--
-- Dumping data for table `xio8d_simpleblog_category_shop`
--

INSERT INTO `xio8d_simpleblog_category_shop` (`id_simpleblog_category`, `id_shop`) VALUES
(1, 1),
(1, 2);

-- --------------------------------------------------------

--
-- Table structure for table `xio8d_simpleblog_comment`
--

CREATE TABLE `xio8d_simpleblog_comment` (
  `id_simpleblog_comment` int(11) UNSIGNED NOT NULL,
  `id_simpleblog_post` int(11) DEFAULT NULL,
  `id_parent` int(11) DEFAULT NULL,
  `id_customer` int(11) DEFAULT NULL,
  `id_guest` int(11) DEFAULT NULL,
  `name` varchar(255) NOT NULL,
  `email` varchar(255) NOT NULL,
  `comment` text NOT NULL,
  `active` tinyint(1) UNSIGNED NOT NULL,
  `ip` varchar(255) NOT NULL,
  `date_add` datetime NOT NULL,
  `date_upd` datetime NOT NULL
) ENGINE=InnoDB DEFAULT CHARSET=utf8 COLLATE=utf8_general_ci;

-- --------------------------------------------------------

--
-- Table structure for table `xio8d_simpleblog_post`
--

CREATE TABLE `xio8d_simpleblog_post` (
  `id_simpleblog_post` int(11) UNSIGNED NOT NULL,
  `id_simpleblog_category` int(11) UNSIGNED NOT NULL,
  `id_simpleblog_post_type` int(11) UNSIGNED NOT NULL,
  `id_simpleblog_author` int(11) UNSIGNED NOT NULL DEFAULT 0,
  `author` varchar(60) NOT NULL,
  `likes` int(11) UNSIGNED NOT NULL DEFAULT 0,
  `views` int(11) UNSIGNED NOT NULL DEFAULT 0,
  `allow_comments` tinyint(1) UNSIGNED NOT NULL DEFAULT 3,
  `is_featured` tinyint(1) UNSIGNED NOT NULL DEFAULT 0,
  `access` text NOT NULL,
  `cover` text NOT NULL,
  `featured` text NOT NULL,
  `id_product` text NOT NULL,
  `gallery_style` varchar(32) DEFAULT NULL,
  `active` tinyint(1) UNSIGNED NOT NULL DEFAULT 0,
  `date_add` datetime NOT NULL,
  `date_upd` datetime NOT NULL
) ENGINE=InnoDB DEFAULT CHARSET=utf8 COLLATE=utf8_general_ci;

--
-- Dumping data for table `xio8d_simpleblog_post`
--

INSERT INTO `xio8d_simpleblog_post` (`id_simpleblog_post`, `id_simpleblog_category`, `id_simpleblog_post_type`, `id_simpleblog_author`, `author`, `likes`, `views`, `allow_comments`, `is_featured`, `access`, `cover`, `featured`, `id_product`, `gallery_style`, `active`, `date_add`, `date_upd`) VALUES
(1, 1, 1, 0, '', 0, 1, 3, 1, 'a:3:{i:1;b:1;i:2;b:1;i:3;b:1;}', 'jpg', 'jpg', '', NULL, 1, '2022-02-14 13:14:02', '2022-02-15 17:10:41'),
(2, 1, 1, 0, '', 0, 2, 3, 1, 'a:3:{i:1;b:1;i:2;b:1;i:3;b:1;}', 'jpg', 'jpg', '', NULL, 1, '2022-02-14 13:15:24', '2022-02-15 17:10:14'),
(3, 1, 1, 0, '', 0, 1, 3, 0, 'a:3:{i:1;b:1;i:2;b:1;i:3;b:1;}', 'jpg', 'jpg', '', NULL, 1, '2022-02-15 17:01:08', '2022-02-15 17:26:24'),
(4, 1, 1, 0, '', 0, 6, 3, 1, 'a:3:{i:1;b:1;i:2;b:1;i:3;b:1;}', 'jpg', 'jpg', '', NULL, 1, '2022-02-15 17:05:13', '2022-02-15 17:23:30'),
(5, 1, 1, 0, '', 0, 4, 3, 0, 'a:3:{i:1;b:1;i:2;b:1;i:3;b:1;}', 'jpg', 'jpg', '', NULL, 1, '2022-02-15 17:23:36', '2022-01-01 00:00:00'),
(6, 1, 1, 0, '', 0, 8, 3, 1, 'a:3:{i:1;b:1;i:2;b:1;i:3;b:1;}', 'jpg', 'jpg', '', NULL, 1, '2022-02-15 17:24:38', '2022-02-16 12:01:06'),
(7, 1, 1, 0, '', 0, 1, 3, 1, 'a:3:{i:1;b:1;i:2;b:1;i:3;b:1;}', 'jpg', 'jpg', '', NULL, 1, '2022-02-15 17:24:38', '2022-02-16 12:01:06'),
(8, 1, 1, 0, '', 0, 3, 3, 1, 'a:3:{i:1;b:1;i:2;b:1;i:3;b:1;}', 'jpg', 'jpg', '', NULL, 1, '2022-02-15 17:24:38', '2022-02-16 12:01:06');

-- --------------------------------------------------------

--
-- Table structure for table `xio8d_simpleblog_post_image`
--

CREATE TABLE `xio8d_simpleblog_post_image` (
  `id_simpleblog_post_image` int(11) UNSIGNED NOT NULL,
  `id_simpleblog_post` int(11) UNSIGNED NOT NULL,
  `position` int(10) UNSIGNED NOT NULL,
  `image` varchar(255) NOT NULL
) ENGINE=InnoDB DEFAULT CHARSET=utf8 COLLATE=utf8_general_ci;

-- --------------------------------------------------------

--
-- Table structure for table `xio8d_simpleblog_post_lang`
--

CREATE TABLE `xio8d_simpleblog_post_lang` (
  `id_simpleblog_post` int(10) UNSIGNED NOT NULL,
  `id_lang` int(10) UNSIGNED NOT NULL,
  `title` varchar(255) NOT NULL,
  `meta_title` varchar(255) NOT NULL,
  `meta_description` varchar(255) NOT NULL,
  `meta_keywords` varchar(255) NOT NULL,
  `canonical` text NOT NULL,
  `short_content` longtext DEFAULT NULL,
  `content` longtext DEFAULT NULL,
  `video_code` text DEFAULT NULL,
  `external_url` text DEFAULT NULL,
  `link_rewrite` varchar(255) NOT NULL
) ENGINE=InnoDB DEFAULT CHARSET=utf8 COLLATE=utf8_general_ci;

--
-- Dumping data for table `xio8d_simpleblog_post_lang`
--

INSERT INTO `xio8d_simpleblog_post_lang` (`id_simpleblog_post`, `id_lang`, `title`, `meta_title`, `meta_description`, `meta_keywords`, `canonical`, `short_content`, `content`, `video_code`, `external_url`, `link_rewrite`) VALUES
(1, 1, 'Risus pretium urna tortor metus fringilla', '', '', '', '', 'Odio ut pretium ligula quam Vestibulum consequat convallis fringilla Vestibulum nulla. Accumsan morbi tristique auctor. At risus pretium urna tortor metus fringilla interdum mauris tempor congue', '<p>Odio ut pretium ligula quam Vestibulum consequat convallis fringilla Vestibulum nulla. Accumsan morbi tristique auctor. At risus pretium urna tortor metus fringilla interdum mauris tempor congue Odio ut pretium ligula quam Vestibulum consequat convallis fringilla Vestibulum nulla. Accumsan morbi tristique auctor. At risus pretium urna tortor metus fringilla interdum mauris tempor congue Odio ut pretium ligula quam Vestibulum consequat convallis fringilla Vestibulum nulla. Accumsan morbi tristique auctor. At risus pretium urna tortor metus fringilla interdum mauris tempor congue</p><p>Odio ut pretium ligula quam Vestibulum consequat convallis fringilla Vestibulum nulla. Accumsan morbi tristique auctor. At risus pretium urna tortor metus fringilla interdum mauris tempor congue</p><p>Odio ut pretium ligula quam Vestibulum consequat convallis fringilla Vestibulum nulla. Accumsan morbi tristique auctor. At risus pretium urna tortor metus fringilla interdum mauris tempor congue Odio ut pretium ligula quam Vestibulum consequat convallis fringilla Vestibulum nulla. Accumsan morbi tristique auctor. At risus pretium urna tortor metus fringilla interdum mauris tempor congue</p><p>Odio ut pretium ligula quam Vestibulum consequat convallis fringilla Vestibulum nulla. Accumsan morbi tristique auctor. At risus pretium urna tortor metus fringilla interdum mauris tempor congue Odio ut pretium ligula quam Vestibulum consequat convallis fringilla Vestibulum nulla. Accumsan morbi tristique auctor. At risus pretium urna tortor metus fringilla interdum mauris tempor congue</p>', '', '', 'post-1'),
(1, 2, 'Risus pretium urna tortor metus fringilla', '', '', '', '', 'Odio ut pretium ligula quam Vestibulum consequat convallis fringilla Vestibulum nulla. Accumsan morbi tristique auctor. At risus pretium urna tortor metus fringilla interdum mauris tempor congue', '<p>Odio ut pretium ligula quam Vestibulum consequat convallis fringilla Vestibulum nulla. Accumsan morbi tristique auctor. At risus pretium urna tortor metus fringilla interdum mauris tempor congue Odio ut pretium ligula quam Vestibulum consequat convallis fringilla Vestibulum nulla. Accumsan morbi tristique auctor. At risus pretium urna tortor metus fringilla interdum mauris tempor congue Odio ut pretium ligula quam Vestibulum consequat convallis fringilla Vestibulum nulla. Accumsan morbi tristique auctor. At risus pretium urna tortor metus fringilla interdum mauris tempor congue</p><p>Odio ut pretium ligula quam Vestibulum consequat convallis fringilla Vestibulum nulla. Accumsan morbi tristique auctor. At risus pretium urna tortor metus fringilla interdum mauris tempor congue</p><p>Odio ut pretium ligula quam Vestibulum consequat convallis fringilla Vestibulum nulla. Accumsan morbi tristique auctor. At risus pretium urna tortor metus fringilla interdum mauris tempor congue Odio ut pretium ligula quam Vestibulum consequat convallis fringilla Vestibulum nulla. Accumsan morbi tristique auctor. At risus pretium urna tortor metus fringilla interdum mauris tempor congue</p><p>Odio ut pretium ligula quam Vestibulum consequat convallis fringilla Vestibulum nulla. Accumsan morbi tristique auctor. At risus pretium urna tortor metus fringilla interdum mauris tempor congue Odio ut pretium ligula quam Vestibulum consequat convallis fringilla Vestibulum nulla. Accumsan morbi tristique auctor. At risus pretium urna tortor metus fringilla interdum mauris tempor congue</p>', '', '', 'post-1'),
(1, 3, 'Risus pretium urna tortor metus fringilla', '', '', '', '', 'Odio ut pretium ligula quam Vestibulum consequat convallis fringilla Vestibulum nulla. Accumsan morbi tristique auctor. At risus pretium urna tortor metus fringilla interdum mauris tempor congue', '<p>Odio ut pretium ligula quam Vestibulum consequat convallis fringilla Vestibulum nulla. Accumsan morbi tristique auctor. At risus pretium urna tortor metus fringilla interdum mauris tempor congue Odio ut pretium ligula quam Vestibulum consequat convallis fringilla Vestibulum nulla. Accumsan morbi tristique auctor. At risus pretium urna tortor metus fringilla interdum mauris tempor congue Odio ut pretium ligula quam Vestibulum consequat convallis fringilla Vestibulum nulla. Accumsan morbi tristique auctor. At risus pretium urna tortor metus fringilla interdum mauris tempor congue</p><p>Odio ut pretium ligula quam Vestibulum consequat convallis fringilla Vestibulum nulla. Accumsan morbi tristique auctor. At risus pretium urna tortor metus fringilla interdum mauris tempor congue</p><p>Odio ut pretium ligula quam Vestibulum consequat convallis fringilla Vestibulum nulla. Accumsan morbi tristique auctor. At risus pretium urna tortor metus fringilla interdum mauris tempor congue Odio ut pretium ligula quam Vestibulum consequat convallis fringilla Vestibulum nulla. Accumsan morbi tristique auctor. At risus pretium urna tortor metus fringilla interdum mauris tempor congue</p><p>Odio ut pretium ligula quam Vestibulum consequat convallis fringilla Vestibulum nulla. Accumsan morbi tristique auctor. At risus pretium urna tortor metus fringilla interdum mauris tempor congue Odio ut pretium ligula quam Vestibulum consequat convallis fringilla Vestibulum nulla. Accumsan morbi tristique auctor. At risus pretium urna tortor metus fringilla interdum mauris tempor congue</p>', '', '', 'post-1'),
(1, 4, 'Risus pretium urna tortor metus fringilla', '', '', '', '', 'Odio ut pretium ligula quam Vestibulum consequat convallis fringilla Vestibulum nulla. Accumsan morbi tristique auctor. At risus pretium urna tortor metus fringilla interdum mauris tempor congue', '<p>Odio ut pretium ligula quam Vestibulum consequat convallis fringilla Vestibulum nulla. Accumsan morbi tristique auctor. At risus pretium urna tortor metus fringilla interdum mauris tempor congue Odio ut pretium ligula quam Vestibulum consequat convallis fringilla Vestibulum nulla. Accumsan morbi tristique auctor. At risus pretium urna tortor metus fringilla interdum mauris tempor congue Odio ut pretium ligula quam Vestibulum consequat convallis fringilla Vestibulum nulla. Accumsan morbi tristique auctor. At risus pretium urna tortor metus fringilla interdum mauris tempor congue</p><p>Odio ut pretium ligula quam Vestibulum consequat convallis fringilla Vestibulum nulla. Accumsan morbi tristique auctor. At risus pretium urna tortor metus fringilla interdum mauris tempor congue</p><p>Odio ut pretium ligula quam Vestibulum consequat convallis fringilla Vestibulum nulla. Accumsan morbi tristique auctor. At risus pretium urna tortor metus fringilla interdum mauris tempor congue Odio ut pretium ligula quam Vestibulum consequat convallis fringilla Vestibulum nulla. Accumsan morbi tristique auctor. At risus pretium urna tortor metus fringilla interdum mauris tempor congue</p><p>Odio ut pretium ligula quam Vestibulum consequat convallis fringilla Vestibulum nulla. Accumsan morbi tristique auctor. At risus pretium urna tortor metus fringilla interdum mauris tempor congue Odio ut pretium ligula quam Vestibulum consequat convallis fringilla Vestibulum nulla. Accumsan morbi tristique auctor. At risus pretium urna tortor metus fringilla interdum mauris tempor congue</p>', '', '', 'post-1'),
(1, 5, 'Risus pretium urna tortor metus fringilla', '', '', '', '', 'Odio ut pretium ligula quam Vestibulum consequat convallis fringilla Vestibulum nulla. Accumsan morbi tristique auctor. At risus pretium urna tortor metus fringilla interdum mauris tempor congue', '<p>Odio ut pretium ligula quam Vestibulum consequat convallis fringilla Vestibulum nulla. Accumsan morbi tristique auctor. At risus pretium urna tortor metus fringilla interdum mauris tempor congue Odio ut pretium ligula quam Vestibulum consequat convallis fringilla Vestibulum nulla. Accumsan morbi tristique auctor. At risus pretium urna tortor metus fringilla interdum mauris tempor congue Odio ut pretium ligula quam Vestibulum consequat convallis fringilla Vestibulum nulla. Accumsan morbi tristique auctor. At risus pretium urna tortor metus fringilla interdum mauris tempor congue</p><p>Odio ut pretium ligula quam Vestibulum consequat convallis fringilla Vestibulum nulla. Accumsan morbi tristique auctor. At risus pretium urna tortor metus fringilla interdum mauris tempor congue</p><p>Odio ut pretium ligula quam Vestibulum consequat convallis fringilla Vestibulum nulla. Accumsan morbi tristique auctor. At risus pretium urna tortor metus fringilla interdum mauris tempor congue Odio ut pretium ligula quam Vestibulum consequat convallis fringilla Vestibulum nulla. Accumsan morbi tristique auctor. At risus pretium urna tortor metus fringilla interdum mauris tempor congue</p><p>Odio ut pretium ligula quam Vestibulum consequat convallis fringilla Vestibulum nulla. Accumsan morbi tristique auctor. At risus pretium urna tortor metus fringilla interdum mauris tempor congue Odio ut pretium ligula quam Vestibulum consequat convallis fringilla Vestibulum nulla. Accumsan morbi tristique auctor. At risus pretium urna tortor metus fringilla interdum mauris tempor congue</p>', '', '', 'post-1'),
(1, 6, 'Risus pretium urna tortor metus fringilla', '', '', '', '', 'Odio ut pretium ligula quam Vestibulum consequat convallis fringilla Vestibulum nulla. Accumsan morbi tristique auctor. At risus pretium urna tortor metus fringilla interdum mauris tempor congue', '<p>Odio ut pretium ligula quam Vestibulum consequat convallis fringilla Vestibulum nulla. Accumsan morbi tristique auctor. At risus pretium urna tortor metus fringilla interdum mauris tempor congue Odio ut pretium ligula quam Vestibulum consequat convallis fringilla Vestibulum nulla. Accumsan morbi tristique auctor. At risus pretium urna tortor metus fringilla interdum mauris tempor congue Odio ut pretium ligula quam Vestibulum consequat convallis fringilla Vestibulum nulla. Accumsan morbi tristique auctor. At risus pretium urna tortor metus fringilla interdum mauris tempor congue</p><p>Odio ut pretium ligula quam Vestibulum consequat convallis fringilla Vestibulum nulla. Accumsan morbi tristique auctor. At risus pretium urna tortor metus fringilla interdum mauris tempor congue</p><p>Odio ut pretium ligula quam Vestibulum consequat convallis fringilla Vestibulum nulla. Accumsan morbi tristique auctor. At risus pretium urna tortor metus fringilla interdum mauris tempor congue Odio ut pretium ligula quam Vestibulum consequat convallis fringilla Vestibulum nulla. Accumsan morbi tristique auctor. At risus pretium urna tortor metus fringilla interdum mauris tempor congue</p><p>Odio ut pretium ligula quam Vestibulum consequat convallis fringilla Vestibulum nulla. Accumsan morbi tristique auctor. At risus pretium urna tortor metus fringilla interdum mauris tempor congue Odio ut pretium ligula quam Vestibulum consequat convallis fringilla Vestibulum nulla. Accumsan morbi tristique auctor. At risus pretium urna tortor metus fringilla interdum mauris tempor congue</p>', '', '', 'post-1'),
(2, 1, 'At risus pretium urna tortor metus fringilla', '', '', '', '', 'Odio ut pretium ligula quam Vestibulum consequat convallis fringilla Vestibulum nulla. Accumsan morbi tristique auctor. At risus pretium urna tortor metus fringilla interdum mauris tempor congue', '<p>Odio ut pretium ligula quam Vestibulum consequat convallis fringilla Vestibulum nulla. Accumsan morbi tristique auctor. At risus pretium urna tortor metus fringilla interdum mauris tempor congue Odio ut pretium ligula quam Vestibulum consequat convallis fringilla Vestibulum nulla. Accumsan morbi tristique auctor. At risus pretium urna tortor metus fringilla interdum mauris tempor congue Odio ut pretium ligula quam Vestibulum consequat convallis fringilla Vestibulum nulla. Accumsan morbi tristique auctor. At risus pretium urna tortor metus fringilla interdum mauris tempor congue</p><p>Odio ut pretium ligula quam Vestibulum consequat convallis fringilla Vestibulum nulla. Accumsan morbi tristique auctor. At risus pretium urna tortor metus fringilla interdum mauris tempor congue</p><p>Odio ut pretium ligula quam Vestibulum consequat convallis fringilla Vestibulum nulla. Accumsan morbi tristique auctor. At risus pretium urna tortor metus fringilla interdum mauris tempor congue Odio ut pretium ligula quam Vestibulum consequat convallis fringilla Vestibulum nulla. Accumsan morbi tristique auctor. At risus pretium urna tortor metus fringilla interdum mauris tempor congue</p><p>Odio ut pretium ligula quam Vestibulum consequat convallis fringilla Vestibulum nulla. Accumsan morbi tristique auctor. At risus pretium urna tortor metus fringilla interdum mauris tempor congue Odio ut pretium ligula quam Vestibulum consequat convallis fringilla Vestibulum nulla. Accumsan morbi tristique auctor. At risus pretium urna tortor metus fringilla interdum mauris tempor congue</p>', '', '', 'post-2'),
(2, 2, 'At risus pretium urna tortor metus fringilla', '', '', '', '', 'Odio ut pretium ligula quam Vestibulum consequat convallis fringilla Vestibulum nulla. Accumsan morbi tristique auctor. At risus pretium urna tortor metus fringilla interdum mauris tempor congue', '<p>Odio ut pretium ligula quam Vestibulum consequat convallis fringilla Vestibulum nulla. Accumsan morbi tristique auctor. At risus pretium urna tortor metus fringilla interdum mauris tempor congue Odio ut pretium ligula quam Vestibulum consequat convallis fringilla Vestibulum nulla. Accumsan morbi tristique auctor. At risus pretium urna tortor metus fringilla interdum mauris tempor congue Odio ut pretium ligula quam Vestibulum consequat convallis fringilla Vestibulum nulla. Accumsan morbi tristique auctor. At risus pretium urna tortor metus fringilla interdum mauris tempor congue</p><p>Odio ut pretium ligula quam Vestibulum consequat convallis fringilla Vestibulum nulla. Accumsan morbi tristique auctor. At risus pretium urna tortor metus fringilla interdum mauris tempor congue</p><p>Odio ut pretium ligula quam Vestibulum consequat convallis fringilla Vestibulum nulla. Accumsan morbi tristique auctor. At risus pretium urna tortor metus fringilla interdum mauris tempor congue Odio ut pretium ligula quam Vestibulum consequat convallis fringilla Vestibulum nulla. Accumsan morbi tristique auctor. At risus pretium urna tortor metus fringilla interdum mauris tempor congue</p><p>Odio ut pretium ligula quam Vestibulum consequat convallis fringilla Vestibulum nulla. Accumsan morbi tristique auctor. At risus pretium urna tortor metus fringilla interdum mauris tempor congue Odio ut pretium ligula quam Vestibulum consequat convallis fringilla Vestibulum nulla. Accumsan morbi tristique auctor. At risus pretium urna tortor metus fringilla interdum mauris tempor congue</p>', '', '', 'post-2'),
(2, 3, 'At risus pretium urna tortor metus fringilla', '', '', '', '', 'Odio ut pretium ligula quam Vestibulum consequat convallis fringilla Vestibulum nulla. Accumsan morbi tristique auctor. At risus pretium urna tortor metus fringilla interdum mauris tempor congue', '<p>Odio ut pretium ligula quam Vestibulum consequat convallis fringilla Vestibulum nulla. Accumsan morbi tristique auctor. At risus pretium urna tortor metus fringilla interdum mauris tempor congue Odio ut pretium ligula quam Vestibulum consequat convallis fringilla Vestibulum nulla. Accumsan morbi tristique auctor. At risus pretium urna tortor metus fringilla interdum mauris tempor congue Odio ut pretium ligula quam Vestibulum consequat convallis fringilla Vestibulum nulla. Accumsan morbi tristique auctor. At risus pretium urna tortor metus fringilla interdum mauris tempor congue</p><p>Odio ut pretium ligula quam Vestibulum consequat convallis fringilla Vestibulum nulla. Accumsan morbi tristique auctor. At risus pretium urna tortor metus fringilla interdum mauris tempor congue</p><p>Odio ut pretium ligula quam Vestibulum consequat convallis fringilla Vestibulum nulla. Accumsan morbi tristique auctor. At risus pretium urna tortor metus fringilla interdum mauris tempor congue Odio ut pretium ligula quam Vestibulum consequat convallis fringilla Vestibulum nulla. Accumsan morbi tristique auctor. At risus pretium urna tortor metus fringilla interdum mauris tempor congue</p><p>Odio ut pretium ligula quam Vestibulum consequat convallis fringilla Vestibulum nulla. Accumsan morbi tristique auctor. At risus pretium urna tortor metus fringilla interdum mauris tempor congue Odio ut pretium ligula quam Vestibulum consequat convallis fringilla Vestibulum nulla. Accumsan morbi tristique auctor. At risus pretium urna tortor metus fringilla interdum mauris tempor congue</p>', '', '', 'post-2'),
(2, 4, 'At risus pretium urna tortor metus fringilla', '', '', '', '', 'Odio ut pretium ligula quam Vestibulum consequat convallis fringilla Vestibulum nulla. Accumsan morbi tristique auctor. At risus pretium urna tortor metus fringilla interdum mauris tempor congue', '<p>Odio ut pretium ligula quam Vestibulum consequat convallis fringilla Vestibulum nulla. Accumsan morbi tristique auctor. At risus pretium urna tortor metus fringilla interdum mauris tempor congue Odio ut pretium ligula quam Vestibulum consequat convallis fringilla Vestibulum nulla. Accumsan morbi tristique auctor. At risus pretium urna tortor metus fringilla interdum mauris tempor congue Odio ut pretium ligula quam Vestibulum consequat convallis fringilla Vestibulum nulla. Accumsan morbi tristique auctor. At risus pretium urna tortor metus fringilla interdum mauris tempor congue</p><p>Odio ut pretium ligula quam Vestibulum consequat convallis fringilla Vestibulum nulla. Accumsan morbi tristique auctor. At risus pretium urna tortor metus fringilla interdum mauris tempor congue</p><p>Odio ut pretium ligula quam Vestibulum consequat convallis fringilla Vestibulum nulla. Accumsan morbi tristique auctor. At risus pretium urna tortor metus fringilla interdum mauris tempor congue Odio ut pretium ligula quam Vestibulum consequat convallis fringilla Vestibulum nulla. Accumsan morbi tristique auctor. At risus pretium urna tortor metus fringilla interdum mauris tempor congue</p><p>Odio ut pretium ligula quam Vestibulum consequat convallis fringilla Vestibulum nulla. Accumsan morbi tristique auctor. At risus pretium urna tortor metus fringilla interdum mauris tempor congue Odio ut pretium ligula quam Vestibulum consequat convallis fringilla Vestibulum nulla. Accumsan morbi tristique auctor. At risus pretium urna tortor metus fringilla interdum mauris tempor congue</p>', '', '', 'post-2'),
(2, 5, 'At risus pretium urna tortor metus fringilla', '', '', '', '', 'Odio ut pretium ligula quam Vestibulum consequat convallis fringilla Vestibulum nulla. Accumsan morbi tristique auctor. At risus pretium urna tortor metus fringilla interdum mauris tempor congue', '<p>Odio ut pretium ligula quam Vestibulum consequat convallis fringilla Vestibulum nulla. Accumsan morbi tristique auctor. At risus pretium urna tortor metus fringilla interdum mauris tempor congue Odio ut pretium ligula quam Vestibulum consequat convallis fringilla Vestibulum nulla. Accumsan morbi tristique auctor. At risus pretium urna tortor metus fringilla interdum mauris tempor congue Odio ut pretium ligula quam Vestibulum consequat convallis fringilla Vestibulum nulla. Accumsan morbi tristique auctor. At risus pretium urna tortor metus fringilla interdum mauris tempor congue</p><p>Odio ut pretium ligula quam Vestibulum consequat convallis fringilla Vestibulum nulla. Accumsan morbi tristique auctor. At risus pretium urna tortor metus fringilla interdum mauris tempor congue</p><p>Odio ut pretium ligula quam Vestibulum consequat convallis fringilla Vestibulum nulla. Accumsan morbi tristique auctor. At risus pretium urna tortor metus fringilla interdum mauris tempor congue Odio ut pretium ligula quam Vestibulum consequat convallis fringilla Vestibulum nulla. Accumsan morbi tristique auctor. At risus pretium urna tortor metus fringilla interdum mauris tempor congue</p><p>Odio ut pretium ligula quam Vestibulum consequat convallis fringilla Vestibulum nulla. Accumsan morbi tristique auctor. At risus pretium urna tortor metus fringilla interdum mauris tempor congue Odio ut pretium ligula quam Vestibulum consequat convallis fringilla Vestibulum nulla. Accumsan morbi tristique auctor. At risus pretium urna tortor metus fringilla interdum mauris tempor congue</p>', '', '', 'post-2'),
(2, 6, 'At risus pretium urna tortor metus fringilla', '', '', '', '', 'Odio ut pretium ligula quam Vestibulum consequat convallis fringilla Vestibulum nulla. Accumsan morbi tristique auctor. At risus pretium urna tortor metus fringilla interdum mauris tempor congue', '<p>Odio ut pretium ligula quam Vestibulum consequat convallis fringilla Vestibulum nulla. Accumsan morbi tristique auctor. At risus pretium urna tortor metus fringilla interdum mauris tempor congue Odio ut pretium ligula quam Vestibulum consequat convallis fringilla Vestibulum nulla. Accumsan morbi tristique auctor. At risus pretium urna tortor metus fringilla interdum mauris tempor congue Odio ut pretium ligula quam Vestibulum consequat convallis fringilla Vestibulum nulla. Accumsan morbi tristique auctor. At risus pretium urna tortor metus fringilla interdum mauris tempor congue</p><p>Odio ut pretium ligula quam Vestibulum consequat convallis fringilla Vestibulum nulla. Accumsan morbi tristique auctor. At risus pretium urna tortor metus fringilla interdum mauris tempor congue</p><p>Odio ut pretium ligula quam Vestibulum consequat convallis fringilla Vestibulum nulla. Accumsan morbi tristique auctor. At risus pretium urna tortor metus fringilla interdum mauris tempor congue Odio ut pretium ligula quam Vestibulum consequat convallis fringilla Vestibulum nulla. Accumsan morbi tristique auctor. At risus pretium urna tortor metus fringilla interdum mauris tempor congue</p><p>Odio ut pretium ligula quam Vestibulum consequat convallis fringilla Vestibulum nulla. Accumsan morbi tristique auctor. At risus pretium urna tortor metus fringilla interdum mauris tempor congue Odio ut pretium ligula quam Vestibulum consequat convallis fringilla Vestibulum nulla. Accumsan morbi tristique auctor. At risus pretium urna tortor metus fringilla interdum mauris tempor congue</p>', '', '', 'post-2'),
(3, 1, 'Pretium urna tortor metus at risus fringilla', '', '', '', '', 'Odio ut pretium ligula quam Vestibulum consequat convallis fringilla Vestibulum nulla. Accumsan morbi tristique auctor. At risus pretium urna tortor metus fringilla interdum mauris tempor congue', '<p>Odio ut pretium ligula quam Vestibulum consequat convallis fringilla Vestibulum nulla. Accumsan morbi tristique auctor. At risus pretium urna tortor metus fringilla interdum mauris tempor congue Odio ut pretium ligula quam Vestibulum consequat convallis fringilla Vestibulum nulla. Accumsan morbi tristique auctor. At risus pretium urna tortor metus fringilla interdum mauris tempor congue Odio ut pretium ligula quam Vestibulum consequat convallis fringilla Vestibulum nulla. Accumsan morbi tristique auctor. At risus pretium urna tortor metus fringilla interdum mauris tempor congue</p><p>Odio ut pretium ligula quam Vestibulum consequat convallis fringilla Vestibulum nulla. Accumsan morbi tristique auctor. At risus pretium urna tortor metus fringilla interdum mauris tempor congue</p><p>Odio ut pretium ligula quam Vestibulum consequat convallis fringilla Vestibulum nulla. Accumsan morbi tristique auctor. At risus pretium urna tortor metus fringilla interdum mauris tempor congue Odio ut pretium ligula quam Vestibulum consequat convallis fringilla Vestibulum nulla. Accumsan morbi tristique auctor. At risus pretium urna tortor metus fringilla interdum mauris tempor congue</p><p>Odio ut pretium ligula quam Vestibulum consequat convallis fringilla Vestibulum nulla. Accumsan morbi tristique auctor. At risus pretium urna tortor metus fringilla interdum mauris tempor congue Odio ut pretium ligula quam Vestibulum consequat convallis fringilla Vestibulum nulla. Accumsan morbi tristique auctor. At risus pretium urna tortor metus fringilla interdum mauris tempor congue</p>', '', '', 'post-3'),
(3, 2, 'Pretium urna tortor metus at risus fringilla', '', '', '', '', 'Odio ut pretium ligula quam Vestibulum consequat convallis fringilla Vestibulum nulla. Accumsan morbi tristique auctor. At risus pretium urna tortor metus fringilla interdum mauris tempor congue', '<p>Odio ut pretium ligula quam Vestibulum consequat convallis fringilla Vestibulum nulla. Accumsan morbi tristique auctor. At risus pretium urna tortor metus fringilla interdum mauris tempor congue Odio ut pretium ligula quam Vestibulum consequat convallis fringilla Vestibulum nulla. Accumsan morbi tristique auctor. At risus pretium urna tortor metus fringilla interdum mauris tempor congue Odio ut pretium ligula quam Vestibulum consequat convallis fringilla Vestibulum nulla. Accumsan morbi tristique auctor. At risus pretium urna tortor metus fringilla interdum mauris tempor congue</p><p>Odio ut pretium ligula quam Vestibulum consequat convallis fringilla Vestibulum nulla. Accumsan morbi tristique auctor. At risus pretium urna tortor metus fringilla interdum mauris tempor congue</p><p>Odio ut pretium ligula quam Vestibulum consequat convallis fringilla Vestibulum nulla. Accumsan morbi tristique auctor. At risus pretium urna tortor metus fringilla interdum mauris tempor congue Odio ut pretium ligula quam Vestibulum consequat convallis fringilla Vestibulum nulla. Accumsan morbi tristique auctor. At risus pretium urna tortor metus fringilla interdum mauris tempor congue</p><p>Odio ut pretium ligula quam Vestibulum consequat convallis fringilla Vestibulum nulla. Accumsan morbi tristique auctor. At risus pretium urna tortor metus fringilla interdum mauris tempor congue Odio ut pretium ligula quam Vestibulum consequat convallis fringilla Vestibulum nulla. Accumsan morbi tristique auctor. At risus pretium urna tortor metus fringilla interdum mauris tempor congue</p>', '', '', 'post-3'),
(3, 3, 'Pretium urna tortor metus at risus fringilla', '', '', '', '', 'Odio ut pretium ligula quam Vestibulum consequat convallis fringilla Vestibulum nulla. Accumsan morbi tristique auctor. At risus pretium urna tortor metus fringilla interdum mauris tempor congue', '<p>Odio ut pretium ligula quam Vestibulum consequat convallis fringilla Vestibulum nulla. Accumsan morbi tristique auctor. At risus pretium urna tortor metus fringilla interdum mauris tempor congue Odio ut pretium ligula quam Vestibulum consequat convallis fringilla Vestibulum nulla. Accumsan morbi tristique auctor. At risus pretium urna tortor metus fringilla interdum mauris tempor congue Odio ut pretium ligula quam Vestibulum consequat convallis fringilla Vestibulum nulla. Accumsan morbi tristique auctor. At risus pretium urna tortor metus fringilla interdum mauris tempor congue</p><p>Odio ut pretium ligula quam Vestibulum consequat convallis fringilla Vestibulum nulla. Accumsan morbi tristique auctor. At risus pretium urna tortor metus fringilla interdum mauris tempor congue</p><p>Odio ut pretium ligula quam Vestibulum consequat convallis fringilla Vestibulum nulla. Accumsan morbi tristique auctor. At risus pretium urna tortor metus fringilla interdum mauris tempor congue Odio ut pretium ligula quam Vestibulum consequat convallis fringilla Vestibulum nulla. Accumsan morbi tristique auctor. At risus pretium urna tortor metus fringilla interdum mauris tempor congue</p><p>Odio ut pretium ligula quam Vestibulum consequat convallis fringilla Vestibulum nulla. Accumsan morbi tristique auctor. At risus pretium urna tortor metus fringilla interdum mauris tempor congue Odio ut pretium ligula quam Vestibulum consequat convallis fringilla Vestibulum nulla. Accumsan morbi tristique auctor. At risus pretium urna tortor metus fringilla interdum mauris tempor congue</p>', '', '', 'post-3'),
(3, 4, 'Pretium urna tortor metus at risus fringilla', '', '', '', '', 'Odio ut pretium ligula quam Vestibulum consequat convallis fringilla Vestibulum nulla. Accumsan morbi tristique auctor. At risus pretium urna tortor metus fringilla interdum mauris tempor congue', '<p>Odio ut pretium ligula quam Vestibulum consequat convallis fringilla Vestibulum nulla. Accumsan morbi tristique auctor. At risus pretium urna tortor metus fringilla interdum mauris tempor congue Odio ut pretium ligula quam Vestibulum consequat convallis fringilla Vestibulum nulla. Accumsan morbi tristique auctor. At risus pretium urna tortor metus fringilla interdum mauris tempor congue Odio ut pretium ligula quam Vestibulum consequat convallis fringilla Vestibulum nulla. Accumsan morbi tristique auctor. At risus pretium urna tortor metus fringilla interdum mauris tempor congue</p><p>Odio ut pretium ligula quam Vestibulum consequat convallis fringilla Vestibulum nulla. Accumsan morbi tristique auctor. At risus pretium urna tortor metus fringilla interdum mauris tempor congue</p><p>Odio ut pretium ligula quam Vestibulum consequat convallis fringilla Vestibulum nulla. Accumsan morbi tristique auctor. At risus pretium urna tortor metus fringilla interdum mauris tempor congue Odio ut pretium ligula quam Vestibulum consequat convallis fringilla Vestibulum nulla. Accumsan morbi tristique auctor. At risus pretium urna tortor metus fringilla interdum mauris tempor congue</p><p>Odio ut pretium ligula quam Vestibulum consequat convallis fringilla Vestibulum nulla. Accumsan morbi tristique auctor. At risus pretium urna tortor metus fringilla interdum mauris tempor congue Odio ut pretium ligula quam Vestibulum consequat convallis fringilla Vestibulum nulla. Accumsan morbi tristique auctor. At risus pretium urna tortor metus fringilla interdum mauris tempor congue</p>', '', '', 'post-3'),
(3, 5, 'Pretium urna tortor metus at risus fringilla', '', '', '', '', 'Odio ut pretium ligula quam Vestibulum consequat convallis fringilla Vestibulum nulla. Accumsan morbi tristique auctor. At risus pretium urna tortor metus fringilla interdum mauris tempor congue', '<p>Odio ut pretium ligula quam Vestibulum consequat convallis fringilla Vestibulum nulla. Accumsan morbi tristique auctor. At risus pretium urna tortor metus fringilla interdum mauris tempor congue Odio ut pretium ligula quam Vestibulum consequat convallis fringilla Vestibulum nulla. Accumsan morbi tristique auctor. At risus pretium urna tortor metus fringilla interdum mauris tempor congue Odio ut pretium ligula quam Vestibulum consequat convallis fringilla Vestibulum nulla. Accumsan morbi tristique auctor. At risus pretium urna tortor metus fringilla interdum mauris tempor congue</p><p>Odio ut pretium ligula quam Vestibulum consequat convallis fringilla Vestibulum nulla. Accumsan morbi tristique auctor. At risus pretium urna tortor metus fringilla interdum mauris tempor congue</p><p>Odio ut pretium ligula quam Vestibulum consequat convallis fringilla Vestibulum nulla. Accumsan morbi tristique auctor. At risus pretium urna tortor metus fringilla interdum mauris tempor congue Odio ut pretium ligula quam Vestibulum consequat convallis fringilla Vestibulum nulla. Accumsan morbi tristique auctor. At risus pretium urna tortor metus fringilla interdum mauris tempor congue</p><p>Odio ut pretium ligula quam Vestibulum consequat convallis fringilla Vestibulum nulla. Accumsan morbi tristique auctor. At risus pretium urna tortor metus fringilla interdum mauris tempor congue Odio ut pretium ligula quam Vestibulum consequat convallis fringilla Vestibulum nulla. Accumsan morbi tristique auctor. At risus pretium urna tortor metus fringilla interdum mauris tempor congue</p>', '', '', 'post-3'),
(3, 6, 'Pretium urna tortor metus at risus fringilla', '', '', '', '', 'Odio ut pretium ligula quam Vestibulum consequat convallis fringilla Vestibulum nulla. Accumsan morbi tristique auctor. At risus pretium urna tortor metus fringilla interdum mauris tempor congue', '<p>Odio ut pretium ligula quam Vestibulum consequat convallis fringilla Vestibulum nulla. Accumsan morbi tristique auctor. At risus pretium urna tortor metus fringilla interdum mauris tempor congue Odio ut pretium ligula quam Vestibulum consequat convallis fringilla Vestibulum nulla. Accumsan morbi tristique auctor. At risus pretium urna tortor metus fringilla interdum mauris tempor congue Odio ut pretium ligula quam Vestibulum consequat convallis fringilla Vestibulum nulla. Accumsan morbi tristique auctor. At risus pretium urna tortor metus fringilla interdum mauris tempor congue</p><p>Odio ut pretium ligula quam Vestibulum consequat convallis fringilla Vestibulum nulla. Accumsan morbi tristique auctor. At risus pretium urna tortor metus fringilla interdum mauris tempor congue</p><p>Odio ut pretium ligula quam Vestibulum consequat convallis fringilla Vestibulum nulla. Accumsan morbi tristique auctor. At risus pretium urna tortor metus fringilla interdum mauris tempor congue Odio ut pretium ligula quam Vestibulum consequat convallis fringilla Vestibulum nulla. Accumsan morbi tristique auctor. At risus pretium urna tortor metus fringilla interdum mauris tempor congue</p><p>Odio ut pretium ligula quam Vestibulum consequat convallis fringilla Vestibulum nulla. Accumsan morbi tristique auctor. At risus pretium urna tortor metus fringilla interdum mauris tempor congue Odio ut pretium ligula quam Vestibulum consequat convallis fringilla Vestibulum nulla. Accumsan morbi tristique auctor. At risus pretium urna tortor metus fringilla interdum mauris tempor congue</p>', '', '', 'post-3'),
(4, 1, 'Urna tortor metus at risus pretium fringilla', '', '', '', '', 'Odio ut pretium ligula quam Vestibulum consequat convallis fringilla Vestibulum nulla. Accumsan morbi tristique auctor. At risus pretium urna tortor metus fringilla interdum mauris tempor congue', '<p>Odio ut pretium ligula quam Vestibulum consequat convallis fringilla Vestibulum nulla. Accumsan morbi tristique auctor. At risus pretium urna tortor metus fringilla interdum mauris tempor congue Odio ut pretium ligula quam Vestibulum consequat convallis fringilla Vestibulum nulla. Accumsan morbi tristique auctor. At risus pretium urna tortor metus fringilla interdum mauris tempor congue Odio ut pretium ligula quam Vestibulum consequat convallis fringilla Vestibulum nulla. Accumsan morbi tristique auctor. At risus pretium urna tortor metus fringilla interdum mauris tempor congue</p><p>Odio ut pretium ligula quam Vestibulum consequat convallis fringilla Vestibulum nulla. Accumsan morbi tristique auctor. At risus pretium urna tortor metus fringilla interdum mauris tempor congue</p><p>Odio ut pretium ligula quam Vestibulum consequat convallis fringilla Vestibulum nulla. Accumsan morbi tristique auctor. At risus pretium urna tortor metus fringilla interdum mauris tempor congue Odio ut pretium ligula quam Vestibulum consequat convallis fringilla Vestibulum nulla. Accumsan morbi tristique auctor. At risus pretium urna tortor metus fringilla interdum mauris tempor congue</p><p>Odio ut pretium ligula quam Vestibulum consequat convallis fringilla Vestibulum nulla. Accumsan morbi tristique auctor. At risus pretium urna tortor metus fringilla interdum mauris tempor congue Odio ut pretium ligula quam Vestibulum consequat convallis fringilla Vestibulum nulla. Accumsan morbi tristique auctor. At risus pretium urna tortor metus fringilla interdum mauris tempor congue</p>', '', '', 'post-4'),
(4, 2, 'Urna tortor metus at risus pretium fringilla', '', '', '', '', 'Odio ut pretium ligula quam Vestibulum consequat convallis fringilla Vestibulum nulla. Accumsan morbi tristique auctor. At risus pretium urna tortor metus fringilla interdum mauris tempor congue', '<p>Odio ut pretium ligula quam Vestibulum consequat convallis fringilla Vestibulum nulla. Accumsan morbi tristique auctor. At risus pretium urna tortor metus fringilla interdum mauris tempor congue Odio ut pretium ligula quam Vestibulum consequat convallis fringilla Vestibulum nulla. Accumsan morbi tristique auctor. At risus pretium urna tortor metus fringilla interdum mauris tempor congue Odio ut pretium ligula quam Vestibulum consequat convallis fringilla Vestibulum nulla. Accumsan morbi tristique auctor. At risus pretium urna tortor metus fringilla interdum mauris tempor congue</p><p>Odio ut pretium ligula quam Vestibulum consequat convallis fringilla Vestibulum nulla. Accumsan morbi tristique auctor. At risus pretium urna tortor metus fringilla interdum mauris tempor congue</p><p>Odio ut pretium ligula quam Vestibulum consequat convallis fringilla Vestibulum nulla. Accumsan morbi tristique auctor. At risus pretium urna tortor metus fringilla interdum mauris tempor congue Odio ut pretium ligula quam Vestibulum consequat convallis fringilla Vestibulum nulla. Accumsan morbi tristique auctor. At risus pretium urna tortor metus fringilla interdum mauris tempor congue</p><p>Odio ut pretium ligula quam Vestibulum consequat convallis fringilla Vestibulum nulla. Accumsan morbi tristique auctor. At risus pretium urna tortor metus fringilla interdum mauris tempor congue Odio ut pretium ligula quam Vestibulum consequat convallis fringilla Vestibulum nulla. Accumsan morbi tristique auctor. At risus pretium urna tortor metus fringilla interdum mauris tempor congue</p>', '', '', 'post-4'),
(4, 3, 'Urna tortor metus at risus pretium fringilla', '', '', '', '', 'Odio ut pretium ligula quam Vestibulum consequat convallis fringilla Vestibulum nulla. Accumsan morbi tristique auctor. At risus pretium urna tortor metus fringilla interdum mauris tempor congue', '<p>Odio ut pretium ligula quam Vestibulum consequat convallis fringilla Vestibulum nulla. Accumsan morbi tristique auctor. At risus pretium urna tortor metus fringilla interdum mauris tempor congue Odio ut pretium ligula quam Vestibulum consequat convallis fringilla Vestibulum nulla. Accumsan morbi tristique auctor. At risus pretium urna tortor metus fringilla interdum mauris tempor congue Odio ut pretium ligula quam Vestibulum consequat convallis fringilla Vestibulum nulla. Accumsan morbi tristique auctor. At risus pretium urna tortor metus fringilla interdum mauris tempor congue</p><p>Odio ut pretium ligula quam Vestibulum consequat convallis fringilla Vestibulum nulla. Accumsan morbi tristique auctor. At risus pretium urna tortor metus fringilla interdum mauris tempor congue</p><p>Odio ut pretium ligula quam Vestibulum consequat convallis fringilla Vestibulum nulla. Accumsan morbi tristique auctor. At risus pretium urna tortor metus fringilla interdum mauris tempor congue Odio ut pretium ligula quam Vestibulum consequat convallis fringilla Vestibulum nulla. Accumsan morbi tristique auctor. At risus pretium urna tortor metus fringilla interdum mauris tempor congue</p><p>Odio ut pretium ligula quam Vestibulum consequat convallis fringilla Vestibulum nulla. Accumsan morbi tristique auctor. At risus pretium urna tortor metus fringilla interdum mauris tempor congue Odio ut pretium ligula quam Vestibulum consequat convallis fringilla Vestibulum nulla. Accumsan morbi tristique auctor. At risus pretium urna tortor metus fringilla interdum mauris tempor congue</p>', '', '', 'post-4'),
(4, 4, 'Urna tortor metus at risus pretium fringilla', '', '', '', '', 'Odio ut pretium ligula quam Vestibulum consequat convallis fringilla Vestibulum nulla. Accumsan morbi tristique auctor. At risus pretium urna tortor metus fringilla interdum mauris tempor congue', '<p>Odio ut pretium ligula quam Vestibulum consequat convallis fringilla Vestibulum nulla. Accumsan morbi tristique auctor. At risus pretium urna tortor metus fringilla interdum mauris tempor congue Odio ut pretium ligula quam Vestibulum consequat convallis fringilla Vestibulum nulla. Accumsan morbi tristique auctor. At risus pretium urna tortor metus fringilla interdum mauris tempor congue Odio ut pretium ligula quam Vestibulum consequat convallis fringilla Vestibulum nulla. Accumsan morbi tristique auctor. At risus pretium urna tortor metus fringilla interdum mauris tempor congue</p><p>Odio ut pretium ligula quam Vestibulum consequat convallis fringilla Vestibulum nulla. Accumsan morbi tristique auctor. At risus pretium urna tortor metus fringilla interdum mauris tempor congue</p><p>Odio ut pretium ligula quam Vestibulum consequat convallis fringilla Vestibulum nulla. Accumsan morbi tristique auctor. At risus pretium urna tortor metus fringilla interdum mauris tempor congue Odio ut pretium ligula quam Vestibulum consequat convallis fringilla Vestibulum nulla. Accumsan morbi tristique auctor. At risus pretium urna tortor metus fringilla interdum mauris tempor congue</p><p>Odio ut pretium ligula quam Vestibulum consequat convallis fringilla Vestibulum nulla. Accumsan morbi tristique auctor. At risus pretium urna tortor metus fringilla interdum mauris tempor congue Odio ut pretium ligula quam Vestibulum consequat convallis fringilla Vestibulum nulla. Accumsan morbi tristique auctor. At risus pretium urna tortor metus fringilla interdum mauris tempor congue</p>', '', '', 'post-4'),
(4, 5, 'Urna tortor metus at risus pretium fringilla', '', '', '', '', 'Odio ut pretium ligula quam Vestibulum consequat convallis fringilla Vestibulum nulla. Accumsan morbi tristique auctor. At risus pretium urna tortor metus fringilla interdum mauris tempor congue', '<p>Odio ut pretium ligula quam Vestibulum consequat convallis fringilla Vestibulum nulla. Accumsan morbi tristique auctor. At risus pretium urna tortor metus fringilla interdum mauris tempor congue Odio ut pretium ligula quam Vestibulum consequat convallis fringilla Vestibulum nulla. Accumsan morbi tristique auctor. At risus pretium urna tortor metus fringilla interdum mauris tempor congue Odio ut pretium ligula quam Vestibulum consequat convallis fringilla Vestibulum nulla. Accumsan morbi tristique auctor. At risus pretium urna tortor metus fringilla interdum mauris tempor congue</p><p>Odio ut pretium ligula quam Vestibulum consequat convallis fringilla Vestibulum nulla. Accumsan morbi tristique auctor. At risus pretium urna tortor metus fringilla interdum mauris tempor congue</p><p>Odio ut pretium ligula quam Vestibulum consequat convallis fringilla Vestibulum nulla. Accumsan morbi tristique auctor. At risus pretium urna tortor metus fringilla interdum mauris tempor congue Odio ut pretium ligula quam Vestibulum consequat convallis fringilla Vestibulum nulla. Accumsan morbi tristique auctor. At risus pretium urna tortor metus fringilla interdum mauris tempor congue</p><p>Odio ut pretium ligula quam Vestibulum consequat convallis fringilla Vestibulum nulla. Accumsan morbi tristique auctor. At risus pretium urna tortor metus fringilla interdum mauris tempor congue Odio ut pretium ligula quam Vestibulum consequat convallis fringilla Vestibulum nulla. Accumsan morbi tristique auctor. At risus pretium urna tortor metus fringilla interdum mauris tempor congue</p>', '', '', 'post-4'),
(4, 6, 'Urna tortor metus at risus pretium fringilla', '', '', '', '', 'Odio ut pretium ligula quam Vestibulum consequat convallis fringilla Vestibulum nulla. Accumsan morbi tristique auctor. At risus pretium urna tortor metus fringilla interdum mauris tempor congue', '<p>Odio ut pretium ligula quam Vestibulum consequat convallis fringilla Vestibulum nulla. Accumsan morbi tristique auctor. At risus pretium urna tortor metus fringilla interdum mauris tempor congue Odio ut pretium ligula quam Vestibulum consequat convallis fringilla Vestibulum nulla. Accumsan morbi tristique auctor. At risus pretium urna tortor metus fringilla interdum mauris tempor congue Odio ut pretium ligula quam Vestibulum consequat convallis fringilla Vestibulum nulla. Accumsan morbi tristique auctor. At risus pretium urna tortor metus fringilla interdum mauris tempor congue</p><p>Odio ut pretium ligula quam Vestibulum consequat convallis fringilla Vestibulum nulla. Accumsan morbi tristique auctor. At risus pretium urna tortor metus fringilla interdum mauris tempor congue</p><p>Odio ut pretium ligula quam Vestibulum consequat convallis fringilla Vestibulum nulla. Accumsan morbi tristique auctor. At risus pretium urna tortor metus fringilla interdum mauris tempor congue Odio ut pretium ligula quam Vestibulum consequat convallis fringilla Vestibulum nulla. Accumsan morbi tristique auctor. At risus pretium urna tortor metus fringilla interdum mauris tempor congue</p><p>Odio ut pretium ligula quam Vestibulum consequat convallis fringilla Vestibulum nulla. Accumsan morbi tristique auctor. At risus pretium urna tortor metus fringilla interdum mauris tempor congue Odio ut pretium ligula quam Vestibulum consequat convallis fringilla Vestibulum nulla. Accumsan morbi tristique auctor. At risus pretium urna tortor metus fringilla interdum mauris tempor congue</p>', '', '', 'post-4'),
(5, 1, 'Metus fringilla At risus pretium urna tortor', '', '', '', '', 'Odio ut pretium ligula quam Vestibulum consequat convallis fringilla Vestibulum nulla. Accumsan morbi tristique auctor. At risus pretium urna tortor metus fringilla interdum mauris tempor congue', '<p>Odio ut pretium ligula quam Vestibulum consequat convallis fringilla Vestibulum nulla. Accumsan morbi tristique auctor. At risus pretium urna tortor metus fringilla interdum mauris tempor congue Odio ut pretium ligula quam Vestibulum consequat convallis fringilla Vestibulum nulla. Accumsan morbi tristique auctor. At risus pretium urna tortor metus fringilla interdum mauris tempor congue Odio ut pretium ligula quam Vestibulum consequat convallis fringilla Vestibulum nulla. Accumsan morbi tristique auctor. At risus pretium urna tortor metus fringilla interdum mauris tempor congue</p><p>Odio ut pretium ligula quam Vestibulum consequat convallis fringilla Vestibulum nulla. Accumsan morbi tristique auctor. At risus pretium urna tortor metus fringilla interdum mauris tempor congue</p><p>Odio ut pretium ligula quam Vestibulum consequat convallis fringilla Vestibulum nulla. Accumsan morbi tristique auctor. At risus pretium urna tortor metus fringilla interdum mauris tempor congue Odio ut pretium ligula quam Vestibulum consequat convallis fringilla Vestibulum nulla. Accumsan morbi tristique auctor. At risus pretium urna tortor metus fringilla interdum mauris tempor congue</p><p>Odio ut pretium ligula quam Vestibulum consequat convallis fringilla Vestibulum nulla. Accumsan morbi tristique auctor. At risus pretium urna tortor metus fringilla interdum mauris tempor congue Odio ut pretium ligula quam Vestibulum consequat convallis fringilla Vestibulum nulla. Accumsan morbi tristique auctor. At risus pretium urna tortor metus fringilla interdum mauris tempor congue</p>', '', '', 'post-5'),
(5, 2, 'Metus fringilla At risus pretium urna tortor', '', '', '', '', 'Odio ut pretium ligula quam Vestibulum consequat convallis fringilla Vestibulum nulla. Accumsan morbi tristique auctor. At risus pretium urna tortor metus fringilla interdum mauris tempor congue', '<p>Odio ut pretium ligula quam Vestibulum consequat convallis fringilla Vestibulum nulla. Accumsan morbi tristique auctor. At risus pretium urna tortor metus fringilla interdum mauris tempor congue Odio ut pretium ligula quam Vestibulum consequat convallis fringilla Vestibulum nulla. Accumsan morbi tristique auctor. At risus pretium urna tortor metus fringilla interdum mauris tempor congue Odio ut pretium ligula quam Vestibulum consequat convallis fringilla Vestibulum nulla. Accumsan morbi tristique auctor. At risus pretium urna tortor metus fringilla interdum mauris tempor congue</p><p>Odio ut pretium ligula quam Vestibulum consequat convallis fringilla Vestibulum nulla. Accumsan morbi tristique auctor. At risus pretium urna tortor metus fringilla interdum mauris tempor congue</p><p>Odio ut pretium ligula quam Vestibulum consequat convallis fringilla Vestibulum nulla. Accumsan morbi tristique auctor. At risus pretium urna tortor metus fringilla interdum mauris tempor congue Odio ut pretium ligula quam Vestibulum consequat convallis fringilla Vestibulum nulla. Accumsan morbi tristique auctor. At risus pretium urna tortor metus fringilla interdum mauris tempor congue</p><p>Odio ut pretium ligula quam Vestibulum consequat convallis fringilla Vestibulum nulla. Accumsan morbi tristique auctor. At risus pretium urna tortor metus fringilla interdum mauris tempor congue Odio ut pretium ligula quam Vestibulum consequat convallis fringilla Vestibulum nulla. Accumsan morbi tristique auctor. At risus pretium urna tortor metus fringilla interdum mauris tempor congue</p>', '', '', 'post-5');
INSERT INTO `xio8d_simpleblog_post_lang` (`id_simpleblog_post`, `id_lang`, `title`, `meta_title`, `meta_description`, `meta_keywords`, `canonical`, `short_content`, `content`, `video_code`, `external_url`, `link_rewrite`) VALUES
(5, 3, 'Metus fringilla At risus pretium urna tortor', '', '', '', '', 'Odio ut pretium ligula quam Vestibulum consequat convallis fringilla Vestibulum nulla. Accumsan morbi tristique auctor. At risus pretium urna tortor metus fringilla interdum mauris tempor congue', '<p>Odio ut pretium ligula quam Vestibulum consequat convallis fringilla Vestibulum nulla. Accumsan morbi tristique auctor. At risus pretium urna tortor metus fringilla interdum mauris tempor congue Odio ut pretium ligula quam Vestibulum consequat convallis fringilla Vestibulum nulla. Accumsan morbi tristique auctor. At risus pretium urna tortor metus fringilla interdum mauris tempor congue Odio ut pretium ligula quam Vestibulum consequat convallis fringilla Vestibulum nulla. Accumsan morbi tristique auctor. At risus pretium urna tortor metus fringilla interdum mauris tempor congue</p><p>Odio ut pretium ligula quam Vestibulum consequat convallis fringilla Vestibulum nulla. Accumsan morbi tristique auctor. At risus pretium urna tortor metus fringilla interdum mauris tempor congue</p><p>Odio ut pretium ligula quam Vestibulum consequat convallis fringilla Vestibulum nulla. Accumsan morbi tristique auctor. At risus pretium urna tortor metus fringilla interdum mauris tempor congue Odio ut pretium ligula quam Vestibulum consequat convallis fringilla Vestibulum nulla. Accumsan morbi tristique auctor. At risus pretium urna tortor metus fringilla interdum mauris tempor congue</p><p>Odio ut pretium ligula quam Vestibulum consequat convallis fringilla Vestibulum nulla. Accumsan morbi tristique auctor. At risus pretium urna tortor metus fringilla interdum mauris tempor congue Odio ut pretium ligula quam Vestibulum consequat convallis fringilla Vestibulum nulla. Accumsan morbi tristique auctor. At risus pretium urna tortor metus fringilla interdum mauris tempor congue</p>', '', '', 'post-5'),
(5, 4, 'Metus fringilla At risus pretium urna tortor', '', '', '', '', 'Odio ut pretium ligula quam Vestibulum consequat convallis fringilla Vestibulum nulla. Accumsan morbi tristique auctor. At risus pretium urna tortor metus fringilla interdum mauris tempor congue', '<p>Odio ut pretium ligula quam Vestibulum consequat convallis fringilla Vestibulum nulla. Accumsan morbi tristique auctor. At risus pretium urna tortor metus fringilla interdum mauris tempor congue Odio ut pretium ligula quam Vestibulum consequat convallis fringilla Vestibulum nulla. Accumsan morbi tristique auctor. At risus pretium urna tortor metus fringilla interdum mauris tempor congue Odio ut pretium ligula quam Vestibulum consequat convallis fringilla Vestibulum nulla. Accumsan morbi tristique auctor. At risus pretium urna tortor metus fringilla interdum mauris tempor congue</p><p>Odio ut pretium ligula quam Vestibulum consequat convallis fringilla Vestibulum nulla. Accumsan morbi tristique auctor. At risus pretium urna tortor metus fringilla interdum mauris tempor congue</p><p>Odio ut pretium ligula quam Vestibulum consequat convallis fringilla Vestibulum nulla. Accumsan morbi tristique auctor. At risus pretium urna tortor metus fringilla interdum mauris tempor congue Odio ut pretium ligula quam Vestibulum consequat convallis fringilla Vestibulum nulla. Accumsan morbi tristique auctor. At risus pretium urna tortor metus fringilla interdum mauris tempor congue</p><p>Odio ut pretium ligula quam Vestibulum consequat convallis fringilla Vestibulum nulla. Accumsan morbi tristique auctor. At risus pretium urna tortor metus fringilla interdum mauris tempor congue Odio ut pretium ligula quam Vestibulum consequat convallis fringilla Vestibulum nulla. Accumsan morbi tristique auctor. At risus pretium urna tortor metus fringilla interdum mauris tempor congue</p>', '', '', 'post-5'),
(5, 5, 'Metus fringilla At risus pretium urna tortor', '', '', '', '', 'Odio ut pretium ligula quam Vestibulum consequat convallis fringilla Vestibulum nulla. Accumsan morbi tristique auctor. At risus pretium urna tortor metus fringilla interdum mauris tempor congue', '<p>Odio ut pretium ligula quam Vestibulum consequat convallis fringilla Vestibulum nulla. Accumsan morbi tristique auctor. At risus pretium urna tortor metus fringilla interdum mauris tempor congue Odio ut pretium ligula quam Vestibulum consequat convallis fringilla Vestibulum nulla. Accumsan morbi tristique auctor. At risus pretium urna tortor metus fringilla interdum mauris tempor congue Odio ut pretium ligula quam Vestibulum consequat convallis fringilla Vestibulum nulla. Accumsan morbi tristique auctor. At risus pretium urna tortor metus fringilla interdum mauris tempor congue</p><p>Odio ut pretium ligula quam Vestibulum consequat convallis fringilla Vestibulum nulla. Accumsan morbi tristique auctor. At risus pretium urna tortor metus fringilla interdum mauris tempor congue</p><p>Odio ut pretium ligula quam Vestibulum consequat convallis fringilla Vestibulum nulla. Accumsan morbi tristique auctor. At risus pretium urna tortor metus fringilla interdum mauris tempor congue Odio ut pretium ligula quam Vestibulum consequat convallis fringilla Vestibulum nulla. Accumsan morbi tristique auctor. At risus pretium urna tortor metus fringilla interdum mauris tempor congue</p><p>Odio ut pretium ligula quam Vestibulum consequat convallis fringilla Vestibulum nulla. Accumsan morbi tristique auctor. At risus pretium urna tortor metus fringilla interdum mauris tempor congue Odio ut pretium ligula quam Vestibulum consequat convallis fringilla Vestibulum nulla. Accumsan morbi tristique auctor. At risus pretium urna tortor metus fringilla interdum mauris tempor congue</p>', '', '', 'post-5'),
(5, 6, 'Metus fringilla At risus pretium urna tortor', '', '', '', '', 'Odio ut pretium ligula quam Vestibulum consequat convallis fringilla Vestibulum nulla. Accumsan morbi tristique auctor. At risus pretium urna tortor metus fringilla interdum mauris tempor congue', '<p>Odio ut pretium ligula quam Vestibulum consequat convallis fringilla Vestibulum nulla. Accumsan morbi tristique auctor. At risus pretium urna tortor metus fringilla interdum mauris tempor congue Odio ut pretium ligula quam Vestibulum consequat convallis fringilla Vestibulum nulla. Accumsan morbi tristique auctor. At risus pretium urna tortor metus fringilla interdum mauris tempor congue Odio ut pretium ligula quam Vestibulum consequat convallis fringilla Vestibulum nulla. Accumsan morbi tristique auctor. At risus pretium urna tortor metus fringilla interdum mauris tempor congue</p><p>Odio ut pretium ligula quam Vestibulum consequat convallis fringilla Vestibulum nulla. Accumsan morbi tristique auctor. At risus pretium urna tortor metus fringilla interdum mauris tempor congue</p><p>Odio ut pretium ligula quam Vestibulum consequat convallis fringilla Vestibulum nulla. Accumsan morbi tristique auctor. At risus pretium urna tortor metus fringilla interdum mauris tempor congue Odio ut pretium ligula quam Vestibulum consequat convallis fringilla Vestibulum nulla. Accumsan morbi tristique auctor. At risus pretium urna tortor metus fringilla interdum mauris tempor congue</p><p>Odio ut pretium ligula quam Vestibulum consequat convallis fringilla Vestibulum nulla. Accumsan morbi tristique auctor. At risus pretium urna tortor metus fringilla interdum mauris tempor congue Odio ut pretium ligula quam Vestibulum consequat convallis fringilla Vestibulum nulla. Accumsan morbi tristique auctor. At risus pretium urna tortor metus fringilla interdum mauris tempor congue</p>', '', '', 'post-5'),
(6, 1, 'Fringilla risus pretium urna tortor metus ', '', '', '', '', 'Odio ut pretium ligula quam Vestibulum consequat convallis fringilla Vestibulum nulla. Accumsan morbi tristique auctor. At risus pretium urna tortor metus fringilla interdum mauris tempor congue', '<p>Odio ut pretium ligula quam Vestibulum consequat convallis fringilla Vestibulum nulla. Accumsan morbi tristique auctor. At risus pretium urna tortor metus fringilla interdum mauris tempor congue Odio ut pretium ligula quam Vestibulum consequat convallis fringilla Vestibulum nulla. Accumsan morbi tristique auctor. At risus pretium urna tortor metus fringilla interdum mauris tempor congue Odio ut pretium ligula quam Vestibulum consequat convallis fringilla Vestibulum nulla. Accumsan morbi tristique auctor. At risus pretium urna tortor metus fringilla interdum mauris tempor congue</p><p>Odio ut pretium ligula quam Vestibulum consequat convallis fringilla Vestibulum nulla. Accumsan morbi tristique auctor. At risus pretium urna tortor metus fringilla interdum mauris tempor congue</p><p>Odio ut pretium ligula quam Vestibulum consequat convallis fringilla Vestibulum nulla. Accumsan morbi tristique auctor. At risus pretium urna tortor metus fringilla interdum mauris tempor congue Odio ut pretium ligula quam Vestibulum consequat convallis fringilla Vestibulum nulla. Accumsan morbi tristique auctor. At risus pretium urna tortor metus fringilla interdum mauris tempor congue</p><p>Odio ut pretium ligula quam Vestibulum consequat convallis fringilla Vestibulum nulla. Accumsan morbi tristique auctor. At risus pretium urna tortor metus fringilla interdum mauris tempor congue Odio ut pretium ligula quam Vestibulum consequat convallis fringilla Vestibulum nulla. Accumsan morbi tristique auctor. At risus pretium urna tortor metus fringilla interdum mauris tempor congue</p>', '', '', 'post-6'),
(6, 2, 'Fringilla risus pretium urna tortor metus ', '', '', '', '', 'Odio ut pretium ligula quam Vestibulum consequat convallis fringilla Vestibulum nulla. Accumsan morbi tristique auctor. At risus pretium urna tortor metus fringilla interdum mauris tempor congue', '<p>Odio ut pretium ligula quam Vestibulum consequat convallis fringilla Vestibulum nulla. Accumsan morbi tristique auctor. At risus pretium urna tortor metus fringilla interdum mauris tempor congue Odio ut pretium ligula quam Vestibulum consequat convallis fringilla Vestibulum nulla. Accumsan morbi tristique auctor. At risus pretium urna tortor metus fringilla interdum mauris tempor congue Odio ut pretium ligula quam Vestibulum consequat convallis fringilla Vestibulum nulla. Accumsan morbi tristique auctor. At risus pretium urna tortor metus fringilla interdum mauris tempor congue</p><p>Odio ut pretium ligula quam Vestibulum consequat convallis fringilla Vestibulum nulla. Accumsan morbi tristique auctor. At risus pretium urna tortor metus fringilla interdum mauris tempor congue</p><p>Odio ut pretium ligula quam Vestibulum consequat convallis fringilla Vestibulum nulla. Accumsan morbi tristique auctor. At risus pretium urna tortor metus fringilla interdum mauris tempor congue Odio ut pretium ligula quam Vestibulum consequat convallis fringilla Vestibulum nulla. Accumsan morbi tristique auctor. At risus pretium urna tortor metus fringilla interdum mauris tempor congue</p><p>Odio ut pretium ligula quam Vestibulum consequat convallis fringilla Vestibulum nulla. Accumsan morbi tristique auctor. At risus pretium urna tortor metus fringilla interdum mauris tempor congue Odio ut pretium ligula quam Vestibulum consequat convallis fringilla Vestibulum nulla. Accumsan morbi tristique auctor. At risus pretium urna tortor metus fringilla interdum mauris tempor congue</p>', '', '', 'post-6'),
(6, 3, 'Fringilla risus pretium urna tortor metus ', '', '', '', '', 'Odio ut pretium ligula quam Vestibulum consequat convallis fringilla Vestibulum nulla. Accumsan morbi tristique auctor. At risus pretium urna tortor metus fringilla interdum mauris tempor congue', '<p>Odio ut pretium ligula quam Vestibulum consequat convallis fringilla Vestibulum nulla. Accumsan morbi tristique auctor. At risus pretium urna tortor metus fringilla interdum mauris tempor congue Odio ut pretium ligula quam Vestibulum consequat convallis fringilla Vestibulum nulla. Accumsan morbi tristique auctor. At risus pretium urna tortor metus fringilla interdum mauris tempor congue Odio ut pretium ligula quam Vestibulum consequat convallis fringilla Vestibulum nulla. Accumsan morbi tristique auctor. At risus pretium urna tortor metus fringilla interdum mauris tempor congue</p><p>Odio ut pretium ligula quam Vestibulum consequat convallis fringilla Vestibulum nulla. Accumsan morbi tristique auctor. At risus pretium urna tortor metus fringilla interdum mauris tempor congue</p><p>Odio ut pretium ligula quam Vestibulum consequat convallis fringilla Vestibulum nulla. Accumsan morbi tristique auctor. At risus pretium urna tortor metus fringilla interdum mauris tempor congue Odio ut pretium ligula quam Vestibulum consequat convallis fringilla Vestibulum nulla. Accumsan morbi tristique auctor. At risus pretium urna tortor metus fringilla interdum mauris tempor congue</p><p>Odio ut pretium ligula quam Vestibulum consequat convallis fringilla Vestibulum nulla. Accumsan morbi tristique auctor. At risus pretium urna tortor metus fringilla interdum mauris tempor congue Odio ut pretium ligula quam Vestibulum consequat convallis fringilla Vestibulum nulla. Accumsan morbi tristique auctor. At risus pretium urna tortor metus fringilla interdum mauris tempor congue</p>', '', '', 'post-6'),
(6, 4, 'Fringilla risus pretium urna tortor metus ', '', '', '', '', 'Odio ut pretium ligula quam Vestibulum consequat convallis fringilla Vestibulum nulla. Accumsan morbi tristique auctor. At risus pretium urna tortor metus fringilla interdum mauris tempor congue', '<p>Odio ut pretium ligula quam Vestibulum consequat convallis fringilla Vestibulum nulla. Accumsan morbi tristique auctor. At risus pretium urna tortor metus fringilla interdum mauris tempor congue Odio ut pretium ligula quam Vestibulum consequat convallis fringilla Vestibulum nulla. Accumsan morbi tristique auctor. At risus pretium urna tortor metus fringilla interdum mauris tempor congue Odio ut pretium ligula quam Vestibulum consequat convallis fringilla Vestibulum nulla. Accumsan morbi tristique auctor. At risus pretium urna tortor metus fringilla interdum mauris tempor congue</p><p>Odio ut pretium ligula quam Vestibulum consequat convallis fringilla Vestibulum nulla. Accumsan morbi tristique auctor. At risus pretium urna tortor metus fringilla interdum mauris tempor congue</p><p>Odio ut pretium ligula quam Vestibulum consequat convallis fringilla Vestibulum nulla. Accumsan morbi tristique auctor. At risus pretium urna tortor metus fringilla interdum mauris tempor congue Odio ut pretium ligula quam Vestibulum consequat convallis fringilla Vestibulum nulla. Accumsan morbi tristique auctor. At risus pretium urna tortor metus fringilla interdum mauris tempor congue</p><p>Odio ut pretium ligula quam Vestibulum consequat convallis fringilla Vestibulum nulla. Accumsan morbi tristique auctor. At risus pretium urna tortor metus fringilla interdum mauris tempor congue Odio ut pretium ligula quam Vestibulum consequat convallis fringilla Vestibulum nulla. Accumsan morbi tristique auctor. At risus pretium urna tortor metus fringilla interdum mauris tempor congue</p>', '', '', 'post-6'),
(6, 5, 'Fringilla risus pretium urna tortor metus ', '', '', '', '', 'Odio ut pretium ligula quam Vestibulum consequat convallis fringilla Vestibulum nulla. Accumsan morbi tristique auctor. At risus pretium urna tortor metus fringilla interdum mauris tempor congue', '<p>Odio ut pretium ligula quam Vestibulum consequat convallis fringilla Vestibulum nulla. Accumsan morbi tristique auctor. At risus pretium urna tortor metus fringilla interdum mauris tempor congue Odio ut pretium ligula quam Vestibulum consequat convallis fringilla Vestibulum nulla. Accumsan morbi tristique auctor. At risus pretium urna tortor metus fringilla interdum mauris tempor congue Odio ut pretium ligula quam Vestibulum consequat convallis fringilla Vestibulum nulla. Accumsan morbi tristique auctor. At risus pretium urna tortor metus fringilla interdum mauris tempor congue</p><p>Odio ut pretium ligula quam Vestibulum consequat convallis fringilla Vestibulum nulla. Accumsan morbi tristique auctor. At risus pretium urna tortor metus fringilla interdum mauris tempor congue</p><p>Odio ut pretium ligula quam Vestibulum consequat convallis fringilla Vestibulum nulla. Accumsan morbi tristique auctor. At risus pretium urna tortor metus fringilla interdum mauris tempor congue Odio ut pretium ligula quam Vestibulum consequat convallis fringilla Vestibulum nulla. Accumsan morbi tristique auctor. At risus pretium urna tortor metus fringilla interdum mauris tempor congue</p><p>Odio ut pretium ligula quam Vestibulum consequat convallis fringilla Vestibulum nulla. Accumsan morbi tristique auctor. At risus pretium urna tortor metus fringilla interdum mauris tempor congue Odio ut pretium ligula quam Vestibulum consequat convallis fringilla Vestibulum nulla. Accumsan morbi tristique auctor. At risus pretium urna tortor metus fringilla interdum mauris tempor congue</p>', '', '', 'post-6'),
(6, 6, 'Fringilla risus pretium urna tortor metus ', '', '', '', '', 'Odio ut pretium ligula quam Vestibulum consequat convallis fringilla Vestibulum nulla. Accumsan morbi tristique auctor. At risus pretium urna tortor metus fringilla interdum mauris tempor congue', '<p>Odio ut pretium ligula quam Vestibulum consequat convallis fringilla Vestibulum nulla. Accumsan morbi tristique auctor. At risus pretium urna tortor metus fringilla interdum mauris tempor congue Odio ut pretium ligula quam Vestibulum consequat convallis fringilla Vestibulum nulla. Accumsan morbi tristique auctor. At risus pretium urna tortor metus fringilla interdum mauris tempor congue Odio ut pretium ligula quam Vestibulum consequat convallis fringilla Vestibulum nulla. Accumsan morbi tristique auctor. At risus pretium urna tortor metus fringilla interdum mauris tempor congue</p><p>Odio ut pretium ligula quam Vestibulum consequat convallis fringilla Vestibulum nulla. Accumsan morbi tristique auctor. At risus pretium urna tortor metus fringilla interdum mauris tempor congue</p><p>Odio ut pretium ligula quam Vestibulum consequat convallis fringilla Vestibulum nulla. Accumsan morbi tristique auctor. At risus pretium urna tortor metus fringilla interdum mauris tempor congue Odio ut pretium ligula quam Vestibulum consequat convallis fringilla Vestibulum nulla. Accumsan morbi tristique auctor. At risus pretium urna tortor metus fringilla interdum mauris tempor congue</p><p>Odio ut pretium ligula quam Vestibulum consequat convallis fringilla Vestibulum nulla. Accumsan morbi tristique auctor. At risus pretium urna tortor metus fringilla interdum mauris tempor congue Odio ut pretium ligula quam Vestibulum consequat convallis fringilla Vestibulum nulla. Accumsan morbi tristique auctor. At risus pretium urna tortor metus fringilla interdum mauris tempor congue</p>', '', '', 'post-6'),
(7, 1, 'Fat pretium urna tortor metus fringilla', '', '', '', '', 'Odio ut pretium ligula quam Vestibulum consequat convallis fringilla Vestibulum nulla. Accumsan morbi tristique auctor. At risus pretium urna tortor metus fringilla interdum mauris tempor congue', '<p>Odio ut pretium ligula quam Vestibulum consequat convallis fringilla Vestibulum nulla. Accumsan morbi tristique auctor. At risus pretium urna tortor metus fringilla interdum mauris tempor congue Odio ut pretium ligula quam Vestibulum consequat convallis fringilla Vestibulum nulla. Accumsan morbi tristique auctor. At risus pretium urna tortor metus fringilla interdum mauris tempor congue Odio ut pretium ligula quam Vestibulum consequat convallis fringilla Vestibulum nulla. Accumsan morbi tristique auctor. At risus pretium urna tortor metus fringilla interdum mauris tempor congue</p><p>Odio ut pretium ligula quam Vestibulum consequat convallis fringilla Vestibulum nulla. Accumsan morbi tristique auctor. At risus pretium urna tortor metus fringilla interdum mauris tempor congue</p><p>Odio ut pretium ligula quam Vestibulum consequat convallis fringilla Vestibulum nulla. Accumsan morbi tristique auctor. At risus pretium urna tortor metus fringilla interdum mauris tempor congue Odio ut pretium ligula quam Vestibulum consequat convallis fringilla Vestibulum nulla. Accumsan morbi tristique auctor. At risus pretium urna tortor metus fringilla interdum mauris tempor congue</p><p>Odio ut pretium ligula quam Vestibulum consequat convallis fringilla Vestibulum nulla. Accumsan morbi tristique auctor. At risus pretium urna tortor metus fringilla interdum mauris tempor congue Odio ut pretium ligula quam Vestibulum consequat convallis fringilla Vestibulum nulla. Accumsan morbi tristique auctor. At risus pretium urna tortor metus fringilla interdum mauris tempor congue</p>', '', '', 'post-7'),
(7, 2, 'Fat pretium urna tortor metus fringilla', '', '', '', '', 'Odio ut pretium ligula quam Vestibulum consequat convallis fringilla Vestibulum nulla. Accumsan morbi tristique auctor. At risus pretium urna tortor metus fringilla interdum mauris tempor congue', '<p>Odio ut pretium ligula quam Vestibulum consequat convallis fringilla Vestibulum nulla. Accumsan morbi tristique auctor. At risus pretium urna tortor metus fringilla interdum mauris tempor congue Odio ut pretium ligula quam Vestibulum consequat convallis fringilla Vestibulum nulla. Accumsan morbi tristique auctor. At risus pretium urna tortor metus fringilla interdum mauris tempor congue Odio ut pretium ligula quam Vestibulum consequat convallis fringilla Vestibulum nulla. Accumsan morbi tristique auctor. At risus pretium urna tortor metus fringilla interdum mauris tempor congue</p><p>Odio ut pretium ligula quam Vestibulum consequat convallis fringilla Vestibulum nulla. Accumsan morbi tristique auctor. At risus pretium urna tortor metus fringilla interdum mauris tempor congue</p><p>Odio ut pretium ligula quam Vestibulum consequat convallis fringilla Vestibulum nulla. Accumsan morbi tristique auctor. At risus pretium urna tortor metus fringilla interdum mauris tempor congue Odio ut pretium ligula quam Vestibulum consequat convallis fringilla Vestibulum nulla. Accumsan morbi tristique auctor. At risus pretium urna tortor metus fringilla interdum mauris tempor congue</p><p>Odio ut pretium ligula quam Vestibulum consequat convallis fringilla Vestibulum nulla. Accumsan morbi tristique auctor. At risus pretium urna tortor metus fringilla interdum mauris tempor congue Odio ut pretium ligula quam Vestibulum consequat convallis fringilla Vestibulum nulla. Accumsan morbi tristique auctor. At risus pretium urna tortor metus fringilla interdum mauris tempor congue</p>', '', '', 'post-7'),
(7, 3, 'Fat pretium urna tortor metus fringilla', '', '', '', '', 'Odio ut pretium ligula quam Vestibulum consequat convallis fringilla Vestibulum nulla. Accumsan morbi tristique auctor. At risus pretium urna tortor metus fringilla interdum mauris tempor congue', '<p>Odio ut pretium ligula quam Vestibulum consequat convallis fringilla Vestibulum nulla. Accumsan morbi tristique auctor. At risus pretium urna tortor metus fringilla interdum mauris tempor congue Odio ut pretium ligula quam Vestibulum consequat convallis fringilla Vestibulum nulla. Accumsan morbi tristique auctor. At risus pretium urna tortor metus fringilla interdum mauris tempor congue Odio ut pretium ligula quam Vestibulum consequat convallis fringilla Vestibulum nulla. Accumsan morbi tristique auctor. At risus pretium urna tortor metus fringilla interdum mauris tempor congue</p><p>Odio ut pretium ligula quam Vestibulum consequat convallis fringilla Vestibulum nulla. Accumsan morbi tristique auctor. At risus pretium urna tortor metus fringilla interdum mauris tempor congue</p><p>Odio ut pretium ligula quam Vestibulum consequat convallis fringilla Vestibulum nulla. Accumsan morbi tristique auctor. At risus pretium urna tortor metus fringilla interdum mauris tempor congue Odio ut pretium ligula quam Vestibulum consequat convallis fringilla Vestibulum nulla. Accumsan morbi tristique auctor. At risus pretium urna tortor metus fringilla interdum mauris tempor congue</p><p>Odio ut pretium ligula quam Vestibulum consequat convallis fringilla Vestibulum nulla. Accumsan morbi tristique auctor. At risus pretium urna tortor metus fringilla interdum mauris tempor congue Odio ut pretium ligula quam Vestibulum consequat convallis fringilla Vestibulum nulla. Accumsan morbi tristique auctor. At risus pretium urna tortor metus fringilla interdum mauris tempor congue</p>', '', '', 'post-7'),
(7, 4, 'Fat pretium urna tortor metus fringilla', '', '', '', '', 'Odio ut pretium ligula quam Vestibulum consequat convallis fringilla Vestibulum nulla. Accumsan morbi tristique auctor. At risus pretium urna tortor metus fringilla interdum mauris tempor congue', '<p>Odio ut pretium ligula quam Vestibulum consequat convallis fringilla Vestibulum nulla. Accumsan morbi tristique auctor. At risus pretium urna tortor metus fringilla interdum mauris tempor congue Odio ut pretium ligula quam Vestibulum consequat convallis fringilla Vestibulum nulla. Accumsan morbi tristique auctor. At risus pretium urna tortor metus fringilla interdum mauris tempor congue Odio ut pretium ligula quam Vestibulum consequat convallis fringilla Vestibulum nulla. Accumsan morbi tristique auctor. At risus pretium urna tortor metus fringilla interdum mauris tempor congue</p><p>Odio ut pretium ligula quam Vestibulum consequat convallis fringilla Vestibulum nulla. Accumsan morbi tristique auctor. At risus pretium urna tortor metus fringilla interdum mauris tempor congue</p><p>Odio ut pretium ligula quam Vestibulum consequat convallis fringilla Vestibulum nulla. Accumsan morbi tristique auctor. At risus pretium urna tortor metus fringilla interdum mauris tempor congue Odio ut pretium ligula quam Vestibulum consequat convallis fringilla Vestibulum nulla. Accumsan morbi tristique auctor. At risus pretium urna tortor metus fringilla interdum mauris tempor congue</p><p>Odio ut pretium ligula quam Vestibulum consequat convallis fringilla Vestibulum nulla. Accumsan morbi tristique auctor. At risus pretium urna tortor metus fringilla interdum mauris tempor congue Odio ut pretium ligula quam Vestibulum consequat convallis fringilla Vestibulum nulla. Accumsan morbi tristique auctor. At risus pretium urna tortor metus fringilla interdum mauris tempor congue</p>', '', '', 'post-7'),
(7, 5, 'Fat pretium urna tortor metus fringilla', '', '', '', '', 'Odio ut pretium ligula quam Vestibulum consequat convallis fringilla Vestibulum nulla. Accumsan morbi tristique auctor. At risus pretium urna tortor metus fringilla interdum mauris tempor congue', '<p>Odio ut pretium ligula quam Vestibulum consequat convallis fringilla Vestibulum nulla. Accumsan morbi tristique auctor. At risus pretium urna tortor metus fringilla interdum mauris tempor congue Odio ut pretium ligula quam Vestibulum consequat convallis fringilla Vestibulum nulla. Accumsan morbi tristique auctor. At risus pretium urna tortor metus fringilla interdum mauris tempor congue Odio ut pretium ligula quam Vestibulum consequat convallis fringilla Vestibulum nulla. Accumsan morbi tristique auctor. At risus pretium urna tortor metus fringilla interdum mauris tempor congue</p><p>Odio ut pretium ligula quam Vestibulum consequat convallis fringilla Vestibulum nulla. Accumsan morbi tristique auctor. At risus pretium urna tortor metus fringilla interdum mauris tempor congue</p><p>Odio ut pretium ligula quam Vestibulum consequat convallis fringilla Vestibulum nulla. Accumsan morbi tristique auctor. At risus pretium urna tortor metus fringilla interdum mauris tempor congue Odio ut pretium ligula quam Vestibulum consequat convallis fringilla Vestibulum nulla. Accumsan morbi tristique auctor. At risus pretium urna tortor metus fringilla interdum mauris tempor congue</p><p>Odio ut pretium ligula quam Vestibulum consequat convallis fringilla Vestibulum nulla. Accumsan morbi tristique auctor. At risus pretium urna tortor metus fringilla interdum mauris tempor congue Odio ut pretium ligula quam Vestibulum consequat convallis fringilla Vestibulum nulla. Accumsan morbi tristique auctor. At risus pretium urna tortor metus fringilla interdum mauris tempor congue</p>', '', '', 'post-7'),
(7, 6, 'Fat pretium urna tortor metus fringilla', '', '', '', '', 'Odio ut pretium ligula quam Vestibulum consequat convallis fringilla Vestibulum nulla. Accumsan morbi tristique auctor. At risus pretium urna tortor metus fringilla interdum mauris tempor congue', '<p>Odio ut pretium ligula quam Vestibulum consequat convallis fringilla Vestibulum nulla. Accumsan morbi tristique auctor. At risus pretium urna tortor metus fringilla interdum mauris tempor congue Odio ut pretium ligula quam Vestibulum consequat convallis fringilla Vestibulum nulla. Accumsan morbi tristique auctor. At risus pretium urna tortor metus fringilla interdum mauris tempor congue Odio ut pretium ligula quam Vestibulum consequat convallis fringilla Vestibulum nulla. Accumsan morbi tristique auctor. At risus pretium urna tortor metus fringilla interdum mauris tempor congue</p><p>Odio ut pretium ligula quam Vestibulum consequat convallis fringilla Vestibulum nulla. Accumsan morbi tristique auctor. At risus pretium urna tortor metus fringilla interdum mauris tempor congue</p><p>Odio ut pretium ligula quam Vestibulum consequat convallis fringilla Vestibulum nulla. Accumsan morbi tristique auctor. At risus pretium urna tortor metus fringilla interdum mauris tempor congue Odio ut pretium ligula quam Vestibulum consequat convallis fringilla Vestibulum nulla. Accumsan morbi tristique auctor. At risus pretium urna tortor metus fringilla interdum mauris tempor congue</p><p>Odio ut pretium ligula quam Vestibulum consequat convallis fringilla Vestibulum nulla. Accumsan morbi tristique auctor. At risus pretium urna tortor metus fringilla interdum mauris tempor congue Odio ut pretium ligula quam Vestibulum consequat convallis fringilla Vestibulum nulla. Accumsan morbi tristique auctor. At risus pretium urna tortor metus fringilla interdum mauris tempor congue</p>', '', '', 'post-7'),
(8, 1, 'Asus pretium urna tortor metus fringilla', '', '', '', '', 'Odio ut pretium ligula quam Vestibulum consequat convallis fringilla Vestibulum nulla. Accumsan morbi tristique auctor. At risus pretium urna tortor metus fringilla interdum mauris tempor congue', '<p>Odio ut pretium ligula quam Vestibulum consequat convallis fringilla Vestibulum nulla. Accumsan morbi tristique auctor. At risus pretium urna tortor metus fringilla interdum mauris tempor congue Odio ut pretium ligula quam Vestibulum consequat convallis fringilla Vestibulum nulla. Accumsan morbi tristique auctor. At risus pretium urna tortor metus fringilla interdum mauris tempor congue Odio ut pretium ligula quam Vestibulum consequat convallis fringilla Vestibulum nulla. Accumsan morbi tristique auctor. At risus pretium urna tortor metus fringilla interdum mauris tempor congue</p><p>Odio ut pretium ligula quam Vestibulum consequat convallis fringilla Vestibulum nulla. Accumsan morbi tristique auctor. At risus pretium urna tortor metus fringilla interdum mauris tempor congue</p><p>Odio ut pretium ligula quam Vestibulum consequat convallis fringilla Vestibulum nulla. Accumsan morbi tristique auctor. At risus pretium urna tortor metus fringilla interdum mauris tempor congue Odio ut pretium ligula quam Vestibulum consequat convallis fringilla Vestibulum nulla. Accumsan morbi tristique auctor. At risus pretium urna tortor metus fringilla interdum mauris tempor congue</p><p>Odio ut pretium ligula quam Vestibulum consequat convallis fringilla Vestibulum nulla. Accumsan morbi tristique auctor. At risus pretium urna tortor metus fringilla interdum mauris tempor congue Odio ut pretium ligula quam Vestibulum consequat convallis fringilla Vestibulum nulla. Accumsan morbi tristique auctor. At risus pretium urna tortor metus fringilla interdum mauris tempor congue</p>', '', '', 'post-8'),
(8, 2, 'Asus pretium urna tortor metus fringilla', '', '', '', '', 'Odio ut pretium ligula quam Vestibulum consequat convallis fringilla Vestibulum nulla. Accumsan morbi tristique auctor. At risus pretium urna tortor metus fringilla interdum mauris tempor congue', '<p>Odio ut pretium ligula quam Vestibulum consequat convallis fringilla Vestibulum nulla. Accumsan morbi tristique auctor. At risus pretium urna tortor metus fringilla interdum mauris tempor congue Odio ut pretium ligula quam Vestibulum consequat convallis fringilla Vestibulum nulla. Accumsan morbi tristique auctor. At risus pretium urna tortor metus fringilla interdum mauris tempor congue Odio ut pretium ligula quam Vestibulum consequat convallis fringilla Vestibulum nulla. Accumsan morbi tristique auctor. At risus pretium urna tortor metus fringilla interdum mauris tempor congue</p><p>Odio ut pretium ligula quam Vestibulum consequat convallis fringilla Vestibulum nulla. Accumsan morbi tristique auctor. At risus pretium urna tortor metus fringilla interdum mauris tempor congue</p><p>Odio ut pretium ligula quam Vestibulum consequat convallis fringilla Vestibulum nulla. Accumsan morbi tristique auctor. At risus pretium urna tortor metus fringilla interdum mauris tempor congue Odio ut pretium ligula quam Vestibulum consequat convallis fringilla Vestibulum nulla. Accumsan morbi tristique auctor. At risus pretium urna tortor metus fringilla interdum mauris tempor congue</p><p>Odio ut pretium ligula quam Vestibulum consequat convallis fringilla Vestibulum nulla. Accumsan morbi tristique auctor. At risus pretium urna tortor metus fringilla interdum mauris tempor congue Odio ut pretium ligula quam Vestibulum consequat convallis fringilla Vestibulum nulla. Accumsan morbi tristique auctor. At risus pretium urna tortor metus fringilla interdum mauris tempor congue</p>', '', '', 'post-8'),
(8, 3, 'Asus pretium urna tortor metus fringilla', '', '', '', '', 'Odio ut pretium ligula quam Vestibulum consequat convallis fringilla Vestibulum nulla. Accumsan morbi tristique auctor. At risus pretium urna tortor metus fringilla interdum mauris tempor congue', '<p>Odio ut pretium ligula quam Vestibulum consequat convallis fringilla Vestibulum nulla. Accumsan morbi tristique auctor. At risus pretium urna tortor metus fringilla interdum mauris tempor congue Odio ut pretium ligula quam Vestibulum consequat convallis fringilla Vestibulum nulla. Accumsan morbi tristique auctor. At risus pretium urna tortor metus fringilla interdum mauris tempor congue Odio ut pretium ligula quam Vestibulum consequat convallis fringilla Vestibulum nulla. Accumsan morbi tristique auctor. At risus pretium urna tortor metus fringilla interdum mauris tempor congue</p><p>Odio ut pretium ligula quam Vestibulum consequat convallis fringilla Vestibulum nulla. Accumsan morbi tristique auctor. At risus pretium urna tortor metus fringilla interdum mauris tempor congue</p><p>Odio ut pretium ligula quam Vestibulum consequat convallis fringilla Vestibulum nulla. Accumsan morbi tristique auctor. At risus pretium urna tortor metus fringilla interdum mauris tempor congue Odio ut pretium ligula quam Vestibulum consequat convallis fringilla Vestibulum nulla. Accumsan morbi tristique auctor. At risus pretium urna tortor metus fringilla interdum mauris tempor congue</p><p>Odio ut pretium ligula quam Vestibulum consequat convallis fringilla Vestibulum nulla. Accumsan morbi tristique auctor. At risus pretium urna tortor metus fringilla interdum mauris tempor congue Odio ut pretium ligula quam Vestibulum consequat convallis fringilla Vestibulum nulla. Accumsan morbi tristique auctor. At risus pretium urna tortor metus fringilla interdum mauris tempor congue</p>', '', '', 'post-8'),
(8, 4, 'Asus pretium urna tortor metus fringilla', '', '', '', '', 'Odio ut pretium ligula quam Vestibulum consequat convallis fringilla Vestibulum nulla. Accumsan morbi tristique auctor. At risus pretium urna tortor metus fringilla interdum mauris tempor congue', '<p>Odio ut pretium ligula quam Vestibulum consequat convallis fringilla Vestibulum nulla. Accumsan morbi tristique auctor. At risus pretium urna tortor metus fringilla interdum mauris tempor congue Odio ut pretium ligula quam Vestibulum consequat convallis fringilla Vestibulum nulla. Accumsan morbi tristique auctor. At risus pretium urna tortor metus fringilla interdum mauris tempor congue Odio ut pretium ligula quam Vestibulum consequat convallis fringilla Vestibulum nulla. Accumsan morbi tristique auctor. At risus pretium urna tortor metus fringilla interdum mauris tempor congue</p><p>Odio ut pretium ligula quam Vestibulum consequat convallis fringilla Vestibulum nulla. Accumsan morbi tristique auctor. At risus pretium urna tortor metus fringilla interdum mauris tempor congue</p><p>Odio ut pretium ligula quam Vestibulum consequat convallis fringilla Vestibulum nulla. Accumsan morbi tristique auctor. At risus pretium urna tortor metus fringilla interdum mauris tempor congue Odio ut pretium ligula quam Vestibulum consequat convallis fringilla Vestibulum nulla. Accumsan morbi tristique auctor. At risus pretium urna tortor metus fringilla interdum mauris tempor congue</p><p>Odio ut pretium ligula quam Vestibulum consequat convallis fringilla Vestibulum nulla. Accumsan morbi tristique auctor. At risus pretium urna tortor metus fringilla interdum mauris tempor congue Odio ut pretium ligula quam Vestibulum consequat convallis fringilla Vestibulum nulla. Accumsan morbi tristique auctor. At risus pretium urna tortor metus fringilla interdum mauris tempor congue</p>', '', '', 'post-8'),
(8, 5, 'Asus pretium urna tortor metus fringilla', '', '', '', '', 'Odio ut pretium ligula quam Vestibulum consequat convallis fringilla Vestibulum nulla. Accumsan morbi tristique auctor. At risus pretium urna tortor metus fringilla interdum mauris tempor congue', '<p>Odio ut pretium ligula quam Vestibulum consequat convallis fringilla Vestibulum nulla. Accumsan morbi tristique auctor. At risus pretium urna tortor metus fringilla interdum mauris tempor congue Odio ut pretium ligula quam Vestibulum consequat convallis fringilla Vestibulum nulla. Accumsan morbi tristique auctor. At risus pretium urna tortor metus fringilla interdum mauris tempor congue Odio ut pretium ligula quam Vestibulum consequat convallis fringilla Vestibulum nulla. Accumsan morbi tristique auctor. At risus pretium urna tortor metus fringilla interdum mauris tempor congue</p><p>Odio ut pretium ligula quam Vestibulum consequat convallis fringilla Vestibulum nulla. Accumsan morbi tristique auctor. At risus pretium urna tortor metus fringilla interdum mauris tempor congue</p><p>Odio ut pretium ligula quam Vestibulum consequat convallis fringilla Vestibulum nulla. Accumsan morbi tristique auctor. At risus pretium urna tortor metus fringilla interdum mauris tempor congue Odio ut pretium ligula quam Vestibulum consequat convallis fringilla Vestibulum nulla. Accumsan morbi tristique auctor. At risus pretium urna tortor metus fringilla interdum mauris tempor congue</p><p>Odio ut pretium ligula quam Vestibulum consequat convallis fringilla Vestibulum nulla. Accumsan morbi tristique auctor. At risus pretium urna tortor metus fringilla interdum mauris tempor congue Odio ut pretium ligula quam Vestibulum consequat convallis fringilla Vestibulum nulla. Accumsan morbi tristique auctor. At risus pretium urna tortor metus fringilla interdum mauris tempor congue</p>', '', '', 'post-8'),
(8, 6, 'Asus pretium urna tortor metus fringilla', '', '', '', '', 'Odio ut pretium ligula quam Vestibulum consequat convallis fringilla Vestibulum nulla. Accumsan morbi tristique auctor. At risus pretium urna tortor metus fringilla interdum mauris tempor congue', '<p>Odio ut pretium ligula quam Vestibulum consequat convallis fringilla Vestibulum nulla. Accumsan morbi tristique auctor. At risus pretium urna tortor metus fringilla interdum mauris tempor congue Odio ut pretium ligula quam Vestibulum consequat convallis fringilla Vestibulum nulla. Accumsan morbi tristique auctor. At risus pretium urna tortor metus fringilla interdum mauris tempor congue Odio ut pretium ligula quam Vestibulum consequat convallis fringilla Vestibulum nulla. Accumsan morbi tristique auctor. At risus pretium urna tortor metus fringilla interdum mauris tempor congue</p><p>Odio ut pretium ligula quam Vestibulum consequat convallis fringilla Vestibulum nulla. Accumsan morbi tristique auctor. At risus pretium urna tortor metus fringilla interdum mauris tempor congue</p><p>Odio ut pretium ligula quam Vestibulum consequat convallis fringilla Vestibulum nulla. Accumsan morbi tristique auctor. At risus pretium urna tortor metus fringilla interdum mauris tempor congue Odio ut pretium ligula quam Vestibulum consequat convallis fringilla Vestibulum nulla. Accumsan morbi tristique auctor. At risus pretium urna tortor metus fringilla interdum mauris tempor congue</p><p>Odio ut pretium ligula quam Vestibulum consequat convallis fringilla Vestibulum nulla. Accumsan morbi tristique auctor. At risus pretium urna tortor metus fringilla interdum mauris tempor congue Odio ut pretium ligula quam Vestibulum consequat convallis fringilla Vestibulum nulla. Accumsan morbi tristique auctor. At risus pretium urna tortor metus fringilla interdum mauris tempor congue</p>', '', '', 'post-8');

-- --------------------------------------------------------

--
